INSERT INTO `pre3303_guest` VALUES (102341,0,0,0,0,0,0,0,0,0,0,0,0,0,'en',0),(102342,0,0,0,0,0,0,0,0,0,0,0,0,0,'en',0),(102343,0,0,0,0,0,0,0,0,0,0,0,0,0,'en',0),(102344,0,0,0,0,0,0,0,0,0,0,0,0,0,'en',0),(102345,0,0,0,0,0,0,0,0,0,0,0,0,0,'en',0),(102346,0,0,0,0,0,0,0,0,0,0,0,0,0,'en',0),(102347,0,0,0,0,0,0,0,0,0,0,0,0,0,'en',0),(102348,0,0,0,0,0,0,0,0,0,0,0,0,0,'en',0),(102349,0,0,0,0,0,0,0,0,0,0,0,0,0,'en',0),(102350,0,0,0,0,0,0,0,0,0,0,0,0,0,'en',0),(102351,0,0,0,0,0,0,0,0,0,0,0,0,0,'en',0),(102352,0,0,0,0,0,0,0,0,0,0,0,0,0,'en',0),(102353,0,0,0,0,0,0,0,0,0,0,0,0,0,'en',0),(102354,0,0,0,0,0,0,0,0,0,0,0,0,0,'en',0),(102355,0,0,0,0,0,0,0,0,0,0,0,0,0,'en',0),(102356,0,0,0,0,0,0,0,0,0,0,0,0,0,'en',0),(102357,0,0,0,0,0,0,0,0,0,0,0,0,0,'en',0),(102358,0,0,0,0,0,0,0,0,0,0,0,0,0,'en',0),(102359,0,0,0,0,0,0,0,0,0,0,0,0,0,'en',0),(102360,0,0,0,0,0,0,0,0,0,0,0,0,0,'en',0),(102361,0,0,0,0,0,0,0,0,0,0,0,0,0,'en',0),(102362,0,0,0,0,0,0,0,0,0,0,0,0,0,'en',0),(102363,0,0,0,0,0,0,0,0,0,0,0,0,0,'en',0),(102364,0,0,0,0,0,0,0,0,0,0,0,0,0,'en',0),(102365,0,0,0,0,0,0,0,0,0,0,0,0,0,'en',0),(102366,0,0,0,0,0,0,0,0,0,0,0,0,0,'en',0),(102367,0,0,0,0,0,0,0,0,0,0,0,0,0,'en',0),(102368,0,0,0,0,0,0,0,0,0,0,0,0,0,'en',0),(102369,0,0,0,0,0,0,0,0,0,0,0,0,0,'en',0),(102370,0,0,0,0,0,0,0,0,0,0,0,0,0,'en',0),(102371,0,0,0,0,0,0,0,0,0,0,0,0,0,'en',0),(102372,0,0,0,0,0,0,0,0,0,0,0,0,0,'en',0),(102373,0,0,0,0,0,0,0,0,0,0,0,0,0,'en',0),(102374,0,0,0,0,0,0,0,0,0,0,0,0,0,'en',0),(102375,0,0,0,0,0,0,0,0,0,0,0,0,0,'en',0),(102376,0,0,0,0,0,0,0,0,0,0,0,0,0,'en',0),(102377,0,0,0,0,0,0,0,0,0,0,0,0,0,'en',0),(102378,0,0,0,0,0,0,0,0,0,0,0,0,0,'en',0),(102379,0,0,0,0,0,0,0,0,0,0,0,0,0,'en',0),(102380,0,0,0,0,0,0,0,0,0,0,0,0,0,'en',0),(102381,0,0,0,0,0,0,0,0,0,0,0,0,0,'en',0),(102382,0,0,0,0,0,0,0,0,0,0,0,0,0,'en',0),(102383,0,0,0,0,0,0,0,0,0,0,0,0,0,'en',0),(102384,0,0,0,0,0,0,0,0,0,0,0,0,0,'en',0),(102385,0,0,0,0,0,0,0,0,0,0,0,0,0,'en',0),(102386,0,0,0,0,0,0,0,0,0,0,0,0,0,'en',0),(102387,0,0,0,0,0,0,0,0,0,0,0,0,0,'en',0),(102388,0,0,0,0,0,0,0,0,0,0,0,0,0,'en',0),(102389,0,0,0,0,0,0,0,0,0,0,0,0,0,'en',0),(102390,0,0,0,0,0,0,0,0,0,0,0,0,0,'en',0),(102391,0,0,0,0,0,0,0,0,0,0,0,0,0,'en',0),(102392,0,0,0,0,0,0,0,0,0,0,0,0,0,'en',0),(102393,0,0,0,0,0,0,0,0,0,0,0,0,0,'en',0),(102394,0,0,0,0,0,0,0,0,0,0,0,0,0,'en',0),(102395,0,0,0,0,0,0,0,0,0,0,0,0,0,'en',0),(102396,0,0,0,0,0,0,0,0,0,0,0,0,0,'en',0),(102397,0,0,0,0,0,0,0,0,0,0,0,0,0,'en',0),(102398,0,0,0,0,0,0,0,0,0,0,0,0,0,'en',0),(102399,0,0,0,0,0,0,0,0,0,0,0,0,0,'en',0),(102400,0,0,0,0,0,0,0,0,0,0,0,0,0,'en',0),(102401,0,0,0,0,0,0,0,0,0,0,0,0,0,'en',0),(102402,0,0,0,0,0,0,0,0,0,0,0,0,0,'en',0),(102403,0,0,0,0,0,0,0,0,0,0,0,0,0,'en',0),(102404,0,0,0,0,0,0,0,0,0,0,0,0,0,'en',0),(102405,0,0,0,0,0,0,0,0,0,0,0,0,0,'en',0),(102406,0,0,0,0,0,0,0,0,0,0,0,0,0,'en',0),(102407,0,0,0,0,0,0,0,0,0,0,0,0,0,'en',0),(102408,0,0,0,0,0,0,0,0,0,0,0,0,0,'en',0),(102409,0,0,0,0,0,0,0,0,0,0,0,0,0,'en',0),(102410,0,0,0,0,0,0,0,0,0,0,0,0,0,'en',0),(102411,0,0,0,0,0,0,0,0,0,0,0,0,0,'en',0),(102412,0,0,0,0,0,0,0,0,0,0,0,0,0,'en',0),(102413,0,0,0,0,0,0,0,0,0,0,0,0,0,'en',0),(102414,0,0,0,0,0,0,0,0,0,0,0,0,0,'en',0),(102415,0,0,0,0,0,0,0,0,0,0,0,0,0,'en',0),(102416,0,0,0,0,0,0,0,0,0,0,0,0,0,'en',0),(102417,0,0,0,0,0,0,0,0,0,0,0,0,0,'en',0),(102418,0,0,0,0,0,0,0,0,0,0,0,0,0,'en',0),(102419,0,0,0,0,0,0,0,0,0,0,0,0,0,'en',0),(102420,0,0,0,0,0,0,0,0,0,0,0,0,0,'en',0),(102421,0,0,0,0,0,0,0,0,0,0,0,0,0,'en',0),(102422,0,0,0,0,0,0,0,0,0,0,0,0,0,'en',0),(102423,0,0,0,0,0,0,0,0,0,0,0,0,0,'en',0),(102424,0,0,0,0,0,0,0,0,0,0,0,0,0,'en',0),(102425,0,0,0,0,0,0,0,0,0,0,0,0,0,'en',0),(102426,0,0,0,0,0,0,0,0,0,0,0,0,0,'en',0),(102427,0,0,0,0,0,0,0,0,0,0,0,0,0,'en',0),(102428,0,0,0,0,0,0,0,0,0,0,0,0,0,'en',0),(102429,0,0,0,0,0,0,0,0,0,0,0,0,0,'en',0),(102430,0,0,0,0,0,0,0,0,0,0,0,0,0,'en',0),(102431,0,0,0,0,0,0,0,0,0,0,0,0,0,'en',0),(102432,0,0,0,0,0,0,0,0,0,0,0,0,0,'en',0),(102433,0,0,0,0,0,0,0,0,0,0,0,0,0,'en',0),(102434,0,0,0,0,0,0,0,0,0,0,0,0,0,'en',0),(102435,0,0,0,0,0,0,0,0,0,0,0,0,0,'en',0),(102436,0,0,0,0,0,0,0,0,0,0,0,0,0,'en',0),(102437,0,0,0,0,0,0,0,0,0,0,0,0,0,'en',0),(102438,0,0,0,0,0,0,0,0,0,0,0,0,0,'en',0),(102439,0,0,0,0,0,0,0,0,0,0,0,0,0,'en',0),(102440,0,0,0,0,0,0,0,0,0,0,0,0,0,'en',0),(102441,0,0,0,0,0,0,0,0,0,0,0,0,0,'en',0),(102442,0,0,0,0,0,0,0,0,0,0,0,0,0,'en',0),(102443,0,0,0,0,0,0,0,0,0,0,0,0,0,'en',0),(102444,0,0,0,0,0,0,0,0,0,0,0,0,0,'en',0),(102445,0,0,0,0,0,0,0,0,0,0,0,0,0,'en',0),(102446,0,0,0,0,0,0,0,0,0,0,0,0,0,'en',0),(102447,0,0,0,0,0,0,0,0,0,0,0,0,0,'en',0),(102448,0,0,0,0,0,0,0,0,0,0,0,0,0,'en',0),(102449,0,0,0,0,0,0,0,0,0,0,0,0,0,'en',0),(102450,0,0,0,0,0,0,0,0,0,0,0,0,0,'en',0),(102451,0,0,0,0,0,0,0,0,0,0,0,0,0,'en',0),(102452,0,0,0,0,0,0,0,0,0,0,0,0,0,'en',0),(102453,0,0,0,0,0,0,0,0,0,0,0,0,0,'en',0),(102454,0,0,0,0,0,0,0,0,0,0,0,0,0,'en',0),(102455,0,0,0,0,0,0,0,0,0,0,0,0,0,'en',0),(102456,0,0,0,0,0,0,0,0,0,0,0,0,0,'en',0),(102457,0,0,0,0,0,0,0,0,0,0,0,0,0,'en',0),(102458,0,0,0,0,0,0,0,0,0,0,0,0,0,'en',0),(102459,0,0,0,0,0,0,0,0,0,0,0,0,0,'en',0),(102460,0,0,0,0,0,0,0,0,0,0,0,0,0,'en',0),(102461,0,0,0,0,0,0,0,0,0,0,0,0,0,'en',0),(102462,0,0,0,0,0,0,0,0,0,0,0,0,0,'en',0),(102463,0,0,0,0,0,0,0,0,0,0,0,0,0,'en',0),(102464,0,0,0,0,0,0,0,0,0,0,0,0,0,'en',0),(102465,0,0,0,0,0,0,0,0,0,0,0,0,0,'en',0),(102466,0,0,0,0,0,0,0,0,0,0,0,0,0,'en',0),(102467,0,0,0,0,0,0,0,0,0,0,0,0,0,'en',0),(102468,0,0,0,0,0,0,0,0,0,0,0,0,0,'en',0),(102469,0,0,0,0,0,0,0,0,0,0,0,0,0,'en',0),(102470,0,0,0,0,0,0,0,0,0,0,0,0,0,'en',0),(102471,0,0,0,0,0,0,0,0,0,0,0,0,0,'en',0),(102472,0,0,0,0,0,0,0,0,0,0,0,0,0,'en',0),(102473,0,0,0,0,0,0,0,0,0,0,0,0,0,'en',0),(102474,0,0,0,0,0,0,0,0,0,0,0,0,0,'en',0),(102475,0,0,0,0,0,0,0,0,0,0,0,0,0,'en',0),(102476,0,0,0,0,0,0,0,0,0,0,0,0,0,'en',0),(102477,0,0,0,0,0,0,0,0,0,0,0,0,0,'en',0),(102478,0,0,0,0,0,0,0,0,0,0,0,0,0,'en',0),(102479,0,0,0,0,0,0,0,0,0,0,0,0,0,'en',0),(102480,0,0,0,0,0,0,0,0,0,0,0,0,0,'en',0),(102481,0,0,0,0,0,0,0,0,0,0,0,0,0,'en',0),(102482,0,0,0,0,0,0,0,0,0,0,0,0,0,'en',0),(102483,0,0,0,0,0,0,0,0,0,0,0,0,0,'en',0),(102484,0,0,0,0,0,0,0,0,0,0,0,0,0,'en',0),(102485,0,0,0,0,0,0,0,0,0,0,0,0,0,'en',0),(102486,9,11,0,0,0,0,0,0,0,0,0,0,0,'',0),(102487,0,0,0,0,0,0,0,0,0,0,0,0,0,'en',0),(102488,0,0,0,0,0,0,0,0,0,0,0,0,0,'en',0),(102489,0,0,0,0,0,0,0,0,0,0,0,0,0,'en',0),(102490,0,0,0,0,0,0,0,0,0,0,0,0,0,'en',0),(102491,0,0,0,0,0,0,0,0,0,0,0,0,0,'en',0),(102492,0,0,0,0,0,0,0,0,0,0,0,0,0,'en',0),(102493,0,0,0,0,0,0,0,0,0,0,0,0,0,'en',0),(102494,0,0,0,0,0,0,0,0,0,0,0,0,0,'en',0),(102495,0,0,0,0,0,0,0,0,0,0,0,0,0,'en',0),(102496,0,0,0,0,0,0,0,0,0,0,0,0,0,'en',0),(102497,0,0,0,0,0,0,0,0,0,0,0,0,0,'en',0),(102498,0,0,0,0,0,0,0,0,0,0,0,0,0,'en',0),(102499,0,0,0,0,0,0,0,0,0,0,0,0,0,'en',0),(102500,0,0,0,0,0,0,0,0,0,0,0,0,0,'en',0),(102501,0,0,0,0,0,0,0,0,0,0,0,0,0,'en',0),(102502,0,0,0,0,0,0,0,0,0,0,0,0,0,'en',0),(102503,0,0,0,0,0,0,0,0,0,0,0,0,0,'en',0),(102504,0,0,0,0,0,0,0,0,0,0,0,0,0,'en',0),(102505,0,0,0,0,0,0,0,0,0,0,0,0,0,'en',0),(102506,0,0,0,0,0,0,0,0,0,0,0,0,0,'en',0),(102507,0,0,0,0,0,0,0,0,0,0,0,0,0,'en',0),(102508,0,0,0,0,0,0,0,0,0,0,0,0,0,'en',0),(102509,0,0,0,0,0,0,0,0,0,0,0,0,0,'en',0),(102510,0,0,0,0,0,0,0,0,0,0,0,0,0,'en',0),(102511,0,0,0,0,0,0,0,0,0,0,0,0,0,'en',0),(102512,0,0,0,0,0,0,0,0,0,0,0,0,0,'en',0),(102513,0,0,0,0,0,0,0,0,0,0,0,0,0,'en',0),(102514,0,0,0,0,0,0,0,0,0,0,0,0,0,'en',0),(102515,0,0,0,0,0,0,0,0,0,0,0,0,0,'en',0),(102516,0,0,0,0,0,0,0,0,0,0,0,0,0,'en',0),(102517,0,0,0,0,0,0,0,0,0,0,0,0,0,'en',0),(102518,0,0,0,0,0,0,0,0,0,0,0,0,0,'en',0),(102519,0,0,0,0,0,0,0,0,0,0,0,0,0,'en',0),(102520,0,0,0,0,0,0,0,0,0,0,0,0,0,'en',0),(102521,0,0,0,0,0,0,0,0,0,0,0,0,0,'en',0),(102522,0,0,0,0,0,0,0,0,0,0,0,0,0,'en',0),(102523,0,0,0,0,0,0,0,0,0,0,0,0,0,'en',0),(102524,0,0,0,0,0,0,0,0,0,0,0,0,0,'en',0),(102525,0,0,0,0,0,0,0,0,0,0,0,0,0,'en',0),(102526,0,0,0,0,0,0,0,0,0,0,0,0,0,'en',0),(102527,0,0,0,0,0,0,0,0,0,0,0,0,0,'en',0),(102528,0,0,0,0,0,0,0,0,0,0,0,0,0,'en',0),(102529,0,0,0,0,0,0,0,0,0,0,0,0,0,'en',0),(102530,0,0,0,0,0,0,0,0,0,0,0,0,0,'en',0),(102531,0,0,0,0,0,0,0,0,0,0,0,0,0,'en',0),(102532,0,0,0,0,0,0,0,0,0,0,0,0,0,'en',0),(102533,0,0,0,0,0,0,0,0,0,0,0,0,0,'en',0),(102534,0,0,0,0,0,0,0,0,0,0,0,0,0,'en',0),(102535,0,0,0,0,0,0,0,0,0,0,0,0,0,'en',0),(102536,0,0,0,0,0,0,0,0,0,0,0,0,0,'en',0),(102537,0,0,0,0,0,0,0,0,0,0,0,0,0,'en',0),(102538,0,0,0,0,0,0,0,0,0,0,0,0,0,'en',0),(102539,0,0,0,0,0,0,0,0,0,0,0,0,0,'en',0),(102540,0,0,0,0,0,0,0,0,0,0,0,0,0,'en',0),(102541,0,0,0,0,0,0,0,0,0,0,0,0,0,'en',0),(102542,0,0,0,0,0,0,0,0,0,0,0,0,0,'en',0),(102543,0,0,0,0,0,0,0,0,0,0,0,0,0,'en',0),(102544,0,0,0,0,0,0,0,0,0,0,0,0,0,'en',0),(102545,0,0,0,0,0,0,0,0,0,0,0,0,0,'',0),(102546,5,3,0,0,0,0,0,0,0,0,0,0,0,'ru',0),(102547,5,3,0,0,0,0,0,0,0,0,0,0,0,'ru',0),(102548,5,3,0,0,0,0,0,0,0,0,0,0,0,'ru',0),(102549,9,11,0,0,0,0,0,0,0,0,0,0,0,'',0),(102550,9,11,0,0,0,0,0,0,0,0,0,0,0,'',0),(102551,0,0,0,0,0,0,0,0,0,0,0,0,0,'',0),(102552,9,11,0,0,0,0,0,0,0,0,0,0,0,'',0),(102553,7,11,0,0,0,0,0,0,0,0,0,0,0,'',0),(102554,0,0,0,0,0,0,0,0,0,0,0,0,0,'en',0),(102555,0,0,0,0,0,0,0,0,0,0,0,0,0,'en',0),(102556,0,0,0,0,0,0,0,0,0,0,0,0,0,'en',0),(102557,0,0,0,0,0,0,0,0,0,0,0,0,0,'en',0),(102558,0,0,0,0,0,0,0,0,0,0,0,0,0,'en',0),(102559,0,0,0,0,0,0,0,0,0,0,0,0,0,'en',0),(102560,0,0,0,0,0,0,0,0,0,0,0,0,0,'en',0),(102561,0,0,0,0,0,0,0,0,0,0,0,0,0,'en',0),(102562,0,0,0,0,0,0,0,0,0,0,0,0,0,'en',0),(102563,0,0,0,0,0,0,0,0,0,0,0,0,0,'en',0),(102564,0,0,0,0,0,0,0,0,0,0,0,0,0,'en',0),(102565,0,0,0,0,0,0,0,0,0,0,0,0,0,'en',0),(102566,0,0,0,0,0,0,0,0,0,0,0,0,0,'en',0),(102567,0,0,0,0,0,0,0,0,0,0,0,0,0,'en',0),(102568,0,0,0,0,0,0,0,0,0,0,0,0,0,'en',0),(102569,0,0,0,0,0,0,0,0,0,0,0,0,0,'en',0),(102570,0,0,0,0,0,0,0,0,0,0,0,0,0,'en',0),(102571,0,0,0,0,0,0,0,0,0,0,0,0,0,'en',0),(102572,0,0,0,0,0,0,0,0,0,0,0,0,0,'en',0),(102573,0,0,0,0,0,0,0,0,0,0,0,0,0,'en',0),(102574,0,0,0,0,0,0,0,0,0,0,0,0,0,'en',0),(102575,0,0,0,0,0,0,0,0,0,0,0,0,0,'en',0),(102576,0,0,0,0,0,0,0,0,0,0,0,0,0,'en',0),(102577,0,0,0,0,0,0,0,0,0,0,0,0,0,'en',0),(102578,0,0,0,0,0,0,0,0,0,0,0,0,0,'en',0),(102579,0,0,0,0,0,0,0,0,0,0,0,0,0,'en',0),(102580,0,0,0,0,0,0,0,0,0,0,0,0,0,'en',0),(102581,0,0,0,0,0,0,0,0,0,0,0,0,0,'en',0),(102582,0,0,0,0,0,0,0,0,0,0,0,0,0,'en',0),(102583,0,0,0,0,0,0,0,0,0,0,0,0,0,'en',0),(102584,0,0,0,0,0,0,0,0,0,0,0,0,0,'en',0),(102585,0,0,0,0,0,0,0,0,0,0,0,0,0,'en',0),(102586,0,0,0,0,0,0,0,0,0,0,0,0,0,'en',0),(102587,0,0,0,0,0,0,0,0,0,0,0,0,0,'en',0),(102588,0,0,0,0,0,0,0,0,0,0,0,0,0,'en',0),(102589,0,0,0,0,0,0,0,0,0,0,0,0,0,'en',0),(102590,0,0,0,0,0,0,0,0,0,0,0,0,0,'en',0),(102591,0,0,0,0,0,0,0,0,0,0,0,0,0,'en',0),(102592,0,0,0,0,0,0,0,0,0,0,0,0,0,'en',0),(102593,0,0,0,0,0,0,0,0,0,0,0,0,0,'en',0),(102594,0,0,0,0,0,0,0,0,0,0,0,0,0,'en',0),(102595,0,0,0,0,0,0,0,0,0,0,0,0,0,'en',0),(102596,0,0,0,0,0,0,0,0,0,0,0,0,0,'en',0),(102597,0,0,0,0,0,0,0,0,0,0,0,0,0,'en',0),(102598,0,0,0,0,0,0,0,0,0,0,0,0,0,'en',0),(102599,0,0,0,0,0,0,0,0,0,0,0,0,0,'en',0),(102600,0,0,0,0,0,0,0,0,0,0,0,0,0,'en',0),(102601,0,0,0,0,0,0,0,0,0,0,0,0,0,'en',0),(102602,0,0,0,0,0,0,0,0,0,0,0,0,0,'en',0),(102603,0,0,0,0,0,0,0,0,0,0,0,0,0,'en',0),(102604,0,0,0,0,0,0,0,0,0,0,0,0,0,'en',0),(102605,0,0,0,0,0,0,0,0,0,0,0,0,0,'en',0),(102606,0,0,0,0,0,0,0,0,0,0,0,0,0,'en',0),(102607,0,0,0,0,0,0,0,0,0,0,0,0,0,'en',0),(102608,0,0,0,0,0,0,0,0,0,0,0,0,0,'en',0),(102609,0,0,0,0,0,0,0,0,0,0,0,0,0,'en',0),(102610,0,0,0,0,0,0,0,0,0,0,0,0,0,'en',0),(102611,0,0,0,0,0,0,0,0,0,0,0,0,0,'en',0),(102612,0,0,0,0,0,0,0,0,0,0,0,0,0,'en',0),(102613,0,0,0,0,0,0,0,0,0,0,0,0,0,'en',0),(102614,0,0,0,0,0,0,0,0,0,0,0,0,0,'en',0),(102615,0,0,0,0,0,0,0,0,0,0,0,0,0,'en',0),(102616,0,0,0,0,0,0,0,0,0,0,0,0,0,'en',0),(102617,0,0,0,0,0,0,0,0,0,0,0,0,0,'en',0),(102618,0,0,0,0,0,0,0,0,0,0,0,0,0,'en',0),(102619,0,0,0,0,0,0,0,0,0,0,0,0,0,'en',0),(102620,0,0,0,0,0,0,0,0,0,0,0,0,0,'en',0),(102621,0,0,0,0,0,0,0,0,0,0,0,0,0,'en',0),(102622,0,0,0,0,0,0,0,0,0,0,0,0,0,'en',0),(102623,0,0,0,0,0,0,0,0,0,0,0,0,0,'en',0),(102624,0,0,0,0,0,0,0,0,0,0,0,0,0,'en',0),(102625,0,0,0,0,0,0,0,0,0,0,0,0,0,'en',0),(102626,0,0,0,0,0,0,0,0,0,0,0,0,0,'en',0),(102627,0,0,0,0,0,0,0,0,0,0,0,0,0,'en',0),(102628,0,0,0,0,0,0,0,0,0,0,0,0,0,'en',0),(102629,9,11,0,0,0,0,0,0,0,0,0,0,0,'',0),(102630,0,0,0,0,0,0,0,0,0,0,0,0,0,'en',0),(102631,0,0,0,0,0,0,0,0,0,0,0,0,0,'',0),(102632,0,0,0,0,0,0,0,0,0,0,0,0,0,'en',0),(102633,0,0,0,0,0,0,0,0,0,0,0,0,0,'',0),(102634,0,0,0,0,0,0,0,0,0,0,0,0,0,'en',0),(102635,0,0,0,0,0,0,0,0,0,0,0,0,0,'en',0),(102636,0,0,0,0,0,0,0,0,0,0,0,0,0,'en',0),(102637,0,0,0,0,0,0,0,0,0,0,0,0,0,'en',0),(102638,0,0,0,0,0,0,0,0,0,0,0,0,0,'en',0),(102639,0,0,0,0,0,0,0,0,0,0,0,0,0,'en',0),(102640,0,0,0,0,0,0,0,0,0,0,0,0,0,'en',0),(102641,0,0,0,0,0,0,0,0,0,0,0,0,0,'en',0),(102642,0,0,0,0,0,0,0,0,0,0,0,0,0,'en',0),(102643,0,0,0,0,0,0,0,0,0,0,0,0,0,'en',0),(102644,0,0,0,0,0,0,0,0,0,0,0,0,0,'en',0),(102645,0,0,0,0,0,0,0,0,0,0,0,0,0,'en',0),(102646,0,0,0,0,0,0,0,0,0,0,0,0,0,'en',0),(102647,0,0,0,0,0,0,0,0,0,0,0,0,0,'en',0),(102648,0,0,0,0,0,0,0,0,0,0,0,0,0,'en',0),(102649,0,0,0,0,0,0,0,0,0,0,0,0,0,'en',0),(102650,0,0,0,0,0,0,0,0,0,0,0,0,0,'en',0),(102651,0,0,0,0,0,0,0,0,0,0,0,0,0,'en',0),(102652,0,0,0,0,0,0,0,0,0,0,0,0,0,'en',0),(102653,0,0,0,0,0,0,0,0,0,0,0,0,0,'en',0),(102654,0,0,0,0,0,0,0,0,0,0,0,0,0,'en',0),(102655,0,0,0,0,0,0,0,0,0,0,0,0,0,'en',0),(102656,0,0,0,0,0,0,0,0,0,0,0,0,0,'en',0),(102657,0,0,0,0,0,0,0,0,0,0,0,0,0,'en',0),(102658,0,0,0,0,0,0,0,0,0,0,0,0,0,'en',0),(102659,9,11,0,0,0,0,0,0,0,0,0,0,0,'',0),(102660,0,0,0,0,0,0,0,0,0,0,0,0,0,'en',0),(102661,0,0,0,0,0,0,0,0,0,0,0,0,0,'',0),(102662,0,0,0,0,0,0,0,0,0,0,0,0,0,'en',0),(102663,0,0,0,0,0,0,0,0,0,0,0,0,0,'en',0),(102664,0,0,0,0,0,0,0,0,0,0,0,0,0,'en',0),(102665,9,11,0,0,0,0,0,0,0,0,0,0,0,'',0),(102666,0,0,0,0,0,0,0,0,0,0,0,0,0,'en',0),(102667,0,0,0,0,0,0,0,0,0,0,0,0,0,'en',0),(102668,0,0,0,0,0,0,0,0,0,0,0,0,0,'en',0),(102669,0,0,0,0,0,0,0,0,0,0,0,0,0,'en',0),(102670,0,0,0,0,0,0,0,0,0,0,0,0,0,'en',0),(102671,0,0,0,0,0,0,0,0,0,0,0,0,0,'en',0),(102672,0,0,0,0,0,0,0,0,0,0,0,0,0,'en',0),(102673,0,0,0,0,0,0,0,0,0,0,0,0,0,'en',0),(102674,0,0,0,0,0,0,0,0,0,0,0,0,0,'en',0),(102675,0,0,0,0,0,0,0,0,0,0,0,0,0,'en',0),(102676,0,0,0,0,0,0,0,0,0,0,0,0,0,'en',0),(102677,0,0,0,0,0,0,0,0,0,0,0,0,0,'en',0),(102678,0,0,0,0,0,0,0,0,0,0,0,0,0,'en',0),(102679,0,0,0,0,0,0,0,0,0,0,0,0,0,'en',0),(102680,0,0,0,0,0,0,0,0,0,0,0,0,0,'en',0),(102681,0,0,0,0,0,0,0,0,0,0,0,0,0,'en',0),(102682,0,0,0,0,0,0,0,0,0,0,0,0,0,'en',0),(102683,0,0,0,0,0,0,0,0,0,0,0,0,0,'en',0),(102684,9,11,0,0,0,0,0,0,0,0,0,0,0,'',0),(102685,0,0,0,0,0,0,0,0,0,0,0,0,0,'en',0),(102686,0,0,0,0,0,0,0,0,0,0,0,0,0,'en',0),(102687,0,0,0,0,0,0,0,0,0,0,0,0,0,'en',0),(102688,0,0,0,0,0,0,0,0,0,0,0,0,0,'en',0),(102689,0,0,0,0,0,0,0,0,0,0,0,0,0,'en',0),(102690,0,0,0,0,0,0,0,0,0,0,0,0,0,'en',0),(102691,0,0,0,0,0,0,0,0,0,0,0,0,0,'en',0),(102692,0,0,0,0,0,0,0,0,0,0,0,0,0,'en',0),(102693,0,0,0,0,0,0,0,0,0,0,0,0,0,'en',0),(102694,0,0,0,0,0,0,0,0,0,0,0,0,0,'en',0),(102695,0,0,0,0,0,0,0,0,0,0,0,0,0,'en',0),(102696,0,0,0,0,0,0,0,0,0,0,0,0,0,'en',0),(102697,0,0,0,0,0,0,0,0,0,0,0,0,0,'en',0),(102698,0,0,0,0,0,0,0,0,0,0,0,0,0,'en',0),(102699,0,0,0,0,0,0,0,0,0,0,0,0,0,'en',0),(102700,0,0,0,0,0,0,0,0,0,0,0,0,0,'en',0),(102701,0,0,0,0,0,0,0,0,0,0,0,0,0,'en',0),(102702,0,0,0,0,0,0,0,0,0,0,0,0,0,'en',0),(102703,0,0,0,0,0,0,0,0,0,0,0,0,0,'en',0),(102704,0,0,0,0,0,0,0,0,0,0,0,0,0,'en',0),(102705,0,0,0,0,0,0,0,0,0,0,0,0,0,'en',0),(102706,0,0,0,0,0,0,0,0,0,0,0,0,0,'en',0),(102707,0,0,0,0,0,0,0,0,0,0,0,0,0,'en',0),(102708,0,0,0,0,0,0,0,0,0,0,0,0,0,'en',0),(102709,0,0,0,0,0,0,0,0,0,0,0,0,0,'en',0),(102710,0,0,0,0,0,0,0,0,0,0,0,0,0,'en',0),(102711,0,0,0,0,0,0,0,0,0,0,0,0,0,'en',0),(102712,0,0,0,0,0,0,0,0,0,0,0,0,0,'en',0),(102713,0,0,0,0,0,0,0,0,0,0,0,0,0,'en',0),(102714,0,0,0,0,0,0,0,0,0,0,0,0,0,'en',0),(102715,0,0,0,0,0,0,0,0,0,0,0,0,0,'en',0),(102716,0,0,0,0,0,0,0,0,0,0,0,0,0,'en',0),(102717,0,0,0,0,0,0,0,0,0,0,0,0,0,'en',0),(102718,0,0,0,0,0,0,0,0,0,0,0,0,0,'en',0),(102719,0,0,0,0,0,0,0,0,0,0,0,0,0,'en',0),(102720,0,0,0,0,0,0,0,0,0,0,0,0,0,'en',0),(102721,0,0,0,0,0,0,0,0,0,0,0,0,0,'en',0),(102722,0,0,0,0,0,0,0,0,0,0,0,0,0,'en',0),(102723,0,0,0,0,0,0,0,0,0,0,0,0,0,'en',0),(102724,0,0,0,0,0,0,0,0,0,0,0,0,0,'en',0),(102725,0,0,0,0,0,0,0,0,0,0,0,0,0,'en',0),(102726,0,0,0,0,0,0,0,0,0,0,0,0,0,'en',0),(102727,0,0,0,0,0,0,0,0,0,0,0,0,0,'en',0),(102728,0,0,0,0,0,0,0,0,0,0,0,0,0,'en',0),(102729,0,0,0,0,0,0,0,0,0,0,0,0,0,'en',0),(102730,0,0,0,0,0,0,0,0,0,0,0,0,0,'en',0),(102731,0,0,0,0,0,0,0,0,0,0,0,0,0,'en',0),(102732,0,0,0,0,0,0,0,0,0,0,0,0,0,'en',0),(102733,0,0,0,0,0,0,0,0,0,0,0,0,0,'en',0),(102734,0,0,0,0,0,0,0,0,0,0,0,0,0,'en',0),(102735,0,0,0,0,0,0,0,0,0,0,0,0,0,'en',0),(102736,0,0,0,0,0,0,0,0,0,0,0,0,0,'en',0),(102737,0,0,0,0,0,0,0,0,0,0,0,0,0,'en',0),(102738,0,0,0,0,0,0,0,0,0,0,0,0,0,'en',0),(102739,0,0,0,0,0,0,0,0,0,0,0,0,0,'en',0),(102740,0,0,0,0,0,0,0,0,0,0,0,0,0,'en',0),(102741,0,0,0,0,0,0,0,0,0,0,0,0,0,'en',0),(102742,0,0,0,0,0,0,0,0,0,0,0,0,0,'en',0),(102743,0,0,0,0,0,0,0,0,0,0,0,0,0,'en',0),(102744,0,0,0,0,0,0,0,0,0,0,0,0,0,'en',0),(102745,0,0,0,0,0,0,0,0,0,0,0,0,0,'en',0),(102746,0,0,0,0,0,0,0,0,0,0,0,0,0,'en',0),(102747,0,0,0,0,0,0,0,0,0,0,0,0,0,'en',0),(102748,0,0,0,0,0,0,0,0,0,0,0,0,0,'en',0),(102749,0,0,0,0,0,0,0,0,0,0,0,0,0,'en',0),(102750,0,0,0,0,0,0,0,0,0,0,0,0,0,'en',0),(102751,0,0,0,0,0,0,0,0,0,0,0,0,0,'en',0),(102752,0,0,0,0,0,0,0,0,0,0,0,0,0,'en',0),(102753,0,0,0,0,0,0,0,0,0,0,0,0,0,'en',0),(102754,0,0,0,0,0,0,0,0,0,0,0,0,0,'en',0),(102755,0,0,0,0,0,0,0,0,0,0,0,0,0,'en',0),(102756,0,0,0,0,0,0,0,0,0,0,0,0,0,'en',0),(102757,0,0,0,0,0,0,0,0,0,0,0,0,0,'en',0),(102758,0,0,0,0,0,0,0,0,0,0,0,0,0,'en',0),(102759,0,0,0,0,0,0,0,0,0,0,0,0,0,'en',0),(102760,0,0,0,0,0,0,0,0,0,0,0,0,0,'en',0),(102761,0,0,0,0,0,0,0,0,0,0,0,0,0,'en',0),(102762,0,0,0,0,0,0,0,0,0,0,0,0,0,'en',0),(102763,0,0,0,0,0,0,0,0,0,0,0,0,0,'en',0),(102764,0,0,0,0,0,0,0,0,0,0,0,0,0,'en',0),(102765,0,0,0,0,0,0,0,0,0,0,0,0,0,'en',0),(102766,0,0,0,0,0,0,0,0,0,0,0,0,0,'en',0),(102767,0,0,0,0,0,0,0,0,0,0,0,0,0,'en',0),(102768,0,0,0,0,0,0,0,0,0,0,0,0,0,'en',0),(102769,0,0,0,0,0,0,0,0,0,0,0,0,0,'en',0),(102770,0,0,0,0,0,0,0,0,0,0,0,0,0,'en',0),(102771,0,0,0,0,0,0,0,0,0,0,0,0,0,'en',0),(102772,0,0,0,0,0,0,0,0,0,0,0,0,0,'en',0),(102773,0,0,0,0,0,0,0,0,0,0,0,0,0,'en',0),(102774,0,0,0,0,0,0,0,0,0,0,0,0,0,'en',0),(102775,0,0,0,0,0,0,0,0,0,0,0,0,0,'en',0),(102776,0,0,0,0,0,0,0,0,0,0,0,0,0,'en',0),(102777,0,0,0,0,0,0,0,0,0,0,0,0,0,'en',0),(102778,0,0,0,0,0,0,0,0,0,0,0,0,0,'en',0),(102779,0,0,0,0,0,0,0,0,0,0,0,0,0,'en',0),(102780,0,0,0,0,0,0,0,0,0,0,0,0,0,'en',0),(102781,0,0,0,0,0,0,0,0,0,0,0,0,0,'en',0),(102782,0,0,0,0,0,0,0,0,0,0,0,0,0,'en',0),(102783,0,0,0,0,0,0,0,0,0,0,0,0,0,'en',0),(102784,9,11,0,0,0,0,0,0,0,0,0,0,0,'',0),(102785,0,0,0,0,0,0,0,0,0,0,0,0,0,'',0),(102786,9,11,0,0,0,0,0,0,0,0,0,0,0,'',0),(102787,0,0,0,0,0,0,0,0,0,0,0,0,0,'',0),(102788,9,11,0,0,0,0,0,0,0,0,0,0,0,'',0),(102789,0,0,0,0,0,0,0,0,0,0,0,0,0,'',0),(102790,0,0,0,0,0,0,0,0,0,0,0,0,0,'',0),(102791,3,11,0,0,0,0,0,0,0,0,0,0,0,'',0),(102792,0,0,0,0,0,0,0,0,0,0,0,0,0,'en',0),(102793,0,0,0,0,0,0,0,0,0,0,0,0,0,'en',0),(102794,0,0,0,0,0,0,0,0,0,0,0,0,0,'en',0),(102795,0,0,0,0,0,0,0,0,0,0,0,0,0,'en',0),(102796,0,0,0,0,0,0,0,0,0,0,0,0,0,'en',0),(102797,0,0,0,0,0,0,0,0,0,0,0,0,0,'',0),(102798,0,0,0,0,0,0,0,0,0,0,0,0,0,'en',0),(102799,0,0,0,0,0,0,0,0,0,0,0,0,0,'en',0),(102800,0,0,0,0,0,0,0,0,0,0,0,0,0,'en',0),(102801,0,0,0,0,0,0,0,0,0,0,0,0,0,'en',0),(102802,0,0,0,0,0,0,0,0,0,0,0,0,0,'en',0),(102803,0,0,0,0,0,0,0,0,0,0,0,0,0,'en',0),(102804,0,0,0,0,0,0,0,0,0,0,0,0,0,'en',0),(102805,9,11,0,0,0,0,0,0,0,0,0,0,0,'',0),(102806,0,0,0,0,0,0,0,0,0,0,0,0,0,'en',0),(102807,0,0,0,0,0,0,0,0,0,0,0,0,0,'en',0),(102808,0,0,0,0,0,0,0,0,0,0,0,0,0,'en',0),(102809,0,0,0,0,0,0,0,0,0,0,0,0,0,'en',0),(102810,0,0,0,0,0,0,0,0,0,0,0,0,0,'en',0),(102811,0,0,0,0,0,0,0,0,0,0,0,0,0,'en',0),(102812,0,0,0,0,0,0,0,0,0,0,0,0,0,'en',0),(102813,0,0,0,0,0,0,0,0,0,0,0,0,0,'en',0),(102814,0,0,0,0,0,0,0,0,0,0,0,0,0,'en',0),(102815,0,0,0,0,0,0,0,0,0,0,0,0,0,'',0),(102816,9,11,0,0,0,0,0,0,0,0,0,0,0,'',0),(102817,0,0,0,0,0,0,0,0,0,0,0,0,0,'en',0),(102818,0,0,0,0,0,0,0,0,0,0,0,0,0,'en',0),(102819,0,0,0,0,0,0,0,0,0,0,0,0,0,'en',0),(102820,0,0,0,0,0,0,0,0,0,0,0,0,0,'en',0),(102821,0,0,0,0,0,0,0,0,0,0,0,0,0,'en',0),(102822,0,0,0,0,0,0,0,0,0,0,0,0,0,'en',0),(102823,0,0,0,0,0,0,0,0,0,0,0,0,0,'en',0),(102824,0,0,0,0,0,0,0,0,0,0,0,0,0,'en',0),(102825,0,0,0,0,0,0,0,0,0,0,0,0,0,'en',0),(102826,0,0,0,0,0,0,0,0,0,0,0,0,0,'en',0),(102827,0,0,0,0,0,0,0,0,0,0,0,0,0,'en',0),(102828,0,0,0,0,0,0,0,0,0,0,0,0,0,'en',0),(102829,0,0,0,0,0,0,0,0,0,0,0,0,0,'en',0),(102830,0,0,0,0,0,0,0,0,0,0,0,0,0,'en',0),(102831,0,0,0,0,0,0,0,0,0,0,0,0,0,'en',0),(102832,0,0,0,0,0,0,0,0,0,0,0,0,0,'en',0),(102833,0,0,0,0,0,0,0,0,0,0,0,0,0,'en',0),(102834,0,0,0,0,0,0,0,0,0,0,0,0,0,'en',0),(102835,0,0,0,0,0,0,0,0,0,0,0,0,0,'en',0),(102836,0,0,0,0,0,0,0,0,0,0,0,0,0,'en',0),(102837,9,11,0,0,0,0,0,0,0,0,0,0,0,'',0),(102838,0,0,0,0,0,0,0,0,0,0,0,0,0,'',0),(102839,0,0,0,0,0,0,0,0,0,0,0,0,0,'en',0),(102840,0,0,0,0,0,0,0,0,0,0,0,0,0,'en',0),(102841,0,0,0,0,0,0,0,0,0,0,0,0,0,'',0),(102842,0,0,0,0,0,0,0,0,0,0,0,0,0,'en',0),(102843,0,0,0,0,0,0,0,0,0,0,0,0,0,'en',0),(102844,0,0,0,0,0,0,0,0,0,0,0,0,0,'en',0),(102845,0,0,0,0,0,0,0,0,0,0,0,0,0,'en',0),(102846,0,0,0,0,0,0,0,0,0,0,0,0,0,'en',0),(102847,0,0,0,0,0,0,0,0,0,0,0,0,0,'en',0),(102848,0,0,0,0,0,0,0,0,0,0,0,0,0,'en',0),(102849,0,0,0,0,0,0,0,0,0,0,0,0,0,'en',0),(102850,0,0,0,0,0,0,0,0,0,0,0,0,0,'en',0),(102851,0,0,0,0,0,0,0,0,0,0,0,0,0,'en',0),(102852,0,0,0,0,0,0,0,0,0,0,0,0,0,'en',0),(102853,0,0,0,0,0,0,0,0,0,0,0,0,0,'en',0),(102854,0,0,0,0,0,0,0,0,0,0,0,0,0,'en',0),(102855,0,0,0,0,0,0,0,0,0,0,0,0,0,'ru',0),(102856,0,0,0,0,0,0,0,0,0,0,0,0,0,'en',0),(102857,0,0,0,0,0,0,0,0,0,0,0,0,0,'en',0),(102858,0,0,0,0,0,0,0,0,0,0,0,0,0,'en',0),(102859,0,0,0,0,0,0,0,0,0,0,0,0,0,'en',0),(102860,9,11,0,0,0,0,0,0,0,0,0,0,0,'',0),(102861,9,11,0,0,0,0,0,0,0,0,0,0,0,'',0),(102862,0,0,0,0,0,0,0,0,0,0,0,0,0,'en',0),(102863,0,0,0,0,0,0,0,0,0,0,0,0,0,'en',0),(102864,0,0,0,0,0,0,0,0,0,0,0,0,0,'en',0),(102865,0,0,0,0,0,0,0,0,0,0,0,0,0,'',0),(102866,0,0,0,0,0,0,0,0,0,0,0,0,0,'en',0),(102867,0,0,0,0,0,0,0,0,0,0,0,0,0,'en',0),(102868,0,0,0,0,0,0,0,0,0,0,0,0,0,'en',0),(102869,0,0,0,0,0,0,0,0,0,0,0,0,0,'en',0),(102870,0,0,0,0,0,0,0,0,0,0,0,0,0,'en',0),(102871,0,0,0,0,0,0,0,0,0,0,0,0,0,'en',0),(102872,0,0,0,0,0,0,0,0,0,0,0,0,0,'en',0),(102873,0,0,0,0,0,0,0,0,0,0,0,0,0,'en',0),(102874,7,3,0,0,0,0,0,0,0,0,0,0,0,'fr',0),(102875,8,3,0,0,0,0,0,0,0,0,0,0,0,'',0),(102876,9,11,0,0,0,0,0,0,0,0,0,0,0,'',0),(102877,9,11,0,0,0,0,0,0,0,0,0,0,0,'',0),(102878,9,11,0,0,0,0,0,0,0,0,0,0,0,'',0),(102879,0,0,0,0,0,0,0,0,0,0,0,0,0,'',0),(102880,9,11,0,0,0,0,0,0,0,0,0,0,0,'',0),(102881,9,11,0,0,0,0,0,0,0,0,0,0,0,'',0),(102882,0,0,0,0,0,0,0,0,0,0,0,0,0,'',0),(102883,0,0,0,0,0,0,0,0,0,0,0,0,0,'',0),(102884,0,0,0,0,0,0,0,0,0,0,0,0,0,'',0),(102885,0,0,0,0,0,0,0,0,0,0,0,0,0,'',0),(102886,9,11,0,0,0,0,0,0,0,0,0,0,0,'',0),(102887,9,11,0,0,0,0,0,0,0,0,0,0,0,'',0),(102888,0,0,0,0,0,0,0,0,0,0,0,0,0,'',0),(102889,0,0,0,0,0,0,0,0,0,0,0,0,0,'',0),(102890,9,11,0,0,0,0,0,0,0,0,0,0,0,'',0),(102891,0,0,0,0,0,0,0,0,0,0,0,0,0,'',0),(102892,0,0,0,0,0,0,0,0,0,0,0,0,0,'',0),(102893,9,11,0,0,0,0,0,0,0,0,0,0,0,'',0),(102894,0,0,0,0,0,0,0,0,0,0,0,0,0,'',0),(102895,0,0,0,0,0,0,0,0,0,0,0,0,0,'',0),(102896,0,0,0,0,0,0,0,0,0,0,0,0,0,'',0),(102897,9,11,0,0,0,0,0,0,0,0,0,0,0,'',0),(102898,9,11,0,0,0,0,0,0,0,0,0,0,0,'',0),(102899,0,0,0,0,0,0,0,0,0,0,0,0,0,'',0),(102900,9,11,0,0,0,0,0,0,0,0,0,0,0,'',0),(102901,9,11,0,0,0,0,0,0,0,0,0,0,0,'',0),(102902,0,0,0,0,0,0,0,0,0,0,0,0,0,'',0),(102903,9,11,0,0,0,0,0,0,0,0,0,0,0,'',0),(102904,0,0,0,0,0,0,0,0,0,0,0,0,0,'',0),(102905,7,11,0,0,0,0,0,0,0,0,0,0,0,'fr',0),(102906,0,0,0,0,0,0,0,0,0,0,0,0,0,'',0),(102907,9,11,0,0,0,0,0,0,0,0,0,0,0,'',0),(102908,9,11,0,0,0,0,0,0,0,0,0,0,0,'',0),(102909,9,11,0,0,0,0,0,0,0,0,0,0,0,'',0),(102910,9,11,0,0,0,0,0,0,0,0,0,0,0,'',0),(102911,0,0,0,0,0,0,0,0,0,0,0,0,0,'',0),(102912,0,0,0,0,0,0,0,0,0,0,0,0,0,'',0),(102913,0,0,0,0,0,0,0,0,0,0,0,0,0,'',0),(102914,9,11,0,0,0,0,0,0,0,0,0,0,0,'',0),(102915,0,0,0,0,0,0,0,0,0,0,0,0,0,'',0),(102916,0,0,0,0,0,0,0,0,0,0,0,0,0,'',0),(102917,9,11,0,0,0,0,0,0,0,0,0,0,0,'',0),(102918,0,0,0,0,0,0,0,0,0,0,0,0,0,'',0),(102919,9,11,0,0,0,0,0,0,0,0,0,0,0,'',0),(102920,9,11,0,0,0,0,0,0,0,0,0,0,0,'',0),(102921,0,0,0,0,0,0,0,0,0,0,0,0,0,'',0),(102922,9,11,0,0,0,0,0,0,0,0,0,0,0,'',0),(102923,0,0,0,0,0,0,0,0,0,0,0,0,0,'',0),(102924,0,0,0,0,0,0,0,0,0,0,0,0,0,'',0),(102925,7,1,0,0,0,0,0,0,0,0,0,0,0,'fr',0),(102926,9,11,0,0,0,0,0,0,0,0,0,0,0,'',0),(102927,0,0,0,0,0,0,0,0,0,0,0,0,0,'',0),(102928,0,0,0,0,0,0,0,0,0,0,0,0,0,'',0),(102929,0,0,0,0,0,0,0,0,0,0,0,0,0,'',0),(102930,3,11,0,0,0,0,0,0,0,0,0,0,0,'',0),(102931,9,11,0,0,0,0,0,0,0,0,0,0,0,'',0),(102932,0,0,0,0,0,0,0,0,0,0,0,0,0,'',0),(102933,7,11,0,0,0,0,0,0,0,0,0,0,0,'en',0),(102934,7,1,0,0,0,0,0,0,0,0,0,0,0,'fr-fr',0),(102935,9,11,0,0,0,0,0,0,0,0,0,0,0,'fr',0),(102936,0,0,0,0,0,0,0,0,0,0,0,0,0,'',0),(102937,0,0,0,0,0,0,0,0,0,0,0,0,0,'',0),(102938,0,0,0,0,0,0,0,0,0,0,0,0,0,'',0),(102939,0,0,0,0,0,0,0,0,0,0,0,0,0,'',0),(102940,0,0,0,0,0,0,0,0,0,0,0,0,0,'',0),(102941,0,0,0,0,0,0,0,0,0,0,0,0,0,'',0),(102942,0,0,0,0,0,0,0,0,0,0,0,0,0,'',0),(102943,0,0,0,0,0,0,0,0,0,0,0,0,0,'',0),(102944,0,0,0,0,0,0,0,0,0,0,0,0,0,'',0),(102945,9,11,0,0,0,0,0,0,0,0,0,0,0,'',0),(102946,0,0,0,0,0,0,0,0,0,0,0,0,0,'',0),(102947,0,0,0,0,0,0,0,0,0,0,0,0,0,'en',0),(102948,9,11,0,0,0,0,0,0,0,0,0,0,0,'',0),(102949,9,11,0,0,0,0,0,0,0,0,0,0,0,'',0),(102950,9,11,0,0,0,0,0,0,0,0,0,0,0,'',0),(102951,7,11,0,0,0,0,0,0,0,0,0,0,0,'',0),(102952,0,0,0,0,0,0,0,0,0,0,0,0,0,'',0),(102953,9,11,0,0,0,0,0,0,0,0,0,0,0,'',0),(102954,9,11,0,0,0,0,0,0,0,0,0,0,0,'',0),(102955,0,0,0,0,0,0,0,0,0,0,0,0,0,'',0),(102956,0,0,0,0,0,0,0,0,0,0,0,0,0,'',0),(102957,9,11,0,0,0,0,0,0,0,0,0,0,0,'',0),(102958,3,3,0,0,0,0,0,0,0,0,0,0,0,'fr',0),(102959,0,0,0,0,0,0,0,0,0,0,0,0,0,'',0),(102960,9,11,0,0,0,0,0,0,0,0,0,0,0,'',0),(102961,9,11,0,0,0,0,0,0,0,0,0,0,0,'',0),(102962,9,11,0,0,0,0,0,0,0,0,0,0,0,'',0),(102963,9,11,0,0,0,0,0,0,0,0,0,0,0,'',0),(102964,9,11,0,0,0,0,0,0,0,0,0,0,0,'',0),(102965,9,11,0,0,0,0,0,0,0,0,0,0,0,'',0),(102966,9,11,0,0,0,0,0,0,0,0,0,0,0,'',0),(102967,0,0,0,0,0,0,0,0,0,0,0,0,0,'',0),(102968,0,0,0,0,0,0,0,0,0,0,0,0,0,'',0),(102969,9,11,0,0,0,0,0,0,0,0,0,0,0,'',0),(102970,9,11,0,0,0,0,0,0,0,0,0,0,0,'',0),(102971,0,0,0,0,0,0,0,0,0,0,0,0,0,'',0),(102972,0,0,0,0,0,0,0,0,0,0,0,0,0,'',0),(102973,0,0,0,0,0,0,0,0,0,0,0,0,0,'',0),(102974,0,0,0,0,0,0,0,0,0,0,0,0,0,'',0),(102975,0,0,0,0,0,0,0,0,0,0,0,0,0,'',0),(102976,0,0,0,0,0,0,0,0,0,0,0,0,0,'',0),(102977,0,0,0,0,0,0,0,0,0,0,0,0,0,'',0),(102978,0,0,0,0,0,0,0,0,0,0,0,0,0,'',0),(102979,0,0,0,0,0,0,0,0,0,0,0,0,0,'',0),(102980,0,0,0,0,0,0,0,0,0,0,0,0,0,'',0),(102981,0,0,0,0,0,0,0,0,0,0,0,0,0,'',0),(102982,0,0,0,0,0,0,0,0,0,0,0,0,0,'',0),(102983,0,0,0,0,0,0,0,0,0,0,0,0,0,'',0),(102984,0,0,0,0,0,0,0,0,0,0,0,0,0,'',0),(102985,0,0,0,0,0,0,0,0,0,0,0,0,0,'',0),(102986,0,0,0,0,0,0,0,0,0,0,0,0,0,'',0),(102987,0,0,0,0,0,0,0,0,0,0,0,0,0,'',0),(102988,0,0,0,0,0,0,0,0,0,0,0,0,0,'',0),(102989,0,0,0,0,0,0,0,0,0,0,0,0,0,'',0),(102990,0,0,0,0,0,0,0,0,0,0,0,0,0,'',0),(102991,0,0,0,0,0,0,0,0,0,0,0,0,0,'',0),(102992,9,11,0,0,0,0,0,0,0,0,0,0,0,'fr',0),(102993,9,11,0,0,0,0,0,0,0,0,0,0,0,'',0),(102994,0,0,0,0,0,0,0,0,0,0,0,0,0,'',0),(102995,9,11,0,0,0,0,0,0,0,0,0,0,0,'',0),(102996,0,0,0,0,0,0,0,0,0,0,0,0,0,'',0),(102997,9,11,0,0,0,0,0,0,0,0,0,0,0,'',0),(102998,0,0,0,0,0,0,0,0,0,0,0,0,0,'',0),(102999,9,11,0,0,0,0,0,0,0,0,0,0,0,'',0),(103000,0,0,0,0,0,0,0,0,0,0,0,0,0,'',0),(103001,0,0,0,0,0,0,0,0,0,0,0,0,0,'',0),(103002,9,11,0,0,0,0,0,0,0,0,0,0,0,'',0),(103003,0,0,0,0,0,0,0,0,0,0,0,0,0,'',0),(103004,0,0,0,0,0,0,0,0,0,0,0,0,0,'',0),(103005,0,0,0,0,0,0,0,0,0,0,0,0,0,'',0),(103006,5,11,0,0,0,0,0,0,0,0,0,0,0,'',0),(103007,0,0,0,0,0,0,0,0,0,0,0,0,0,'',0),(103008,9,11,0,0,0,0,0,0,0,0,0,0,0,'',0),(103009,0,0,0,0,0,0,0,0,0,0,0,0,0,'',0),(103010,0,0,0,0,0,0,0,0,0,0,0,0,0,'ru',0),(103011,0,0,0,0,0,0,0,0,0,0,0,0,0,'',0),(103012,0,0,0,0,0,0,0,0,0,0,0,0,0,'',0),(103013,9,11,0,0,0,0,0,0,0,0,0,0,0,'',0),(103014,0,0,0,0,0,0,0,0,0,0,0,0,0,'',0),(103015,0,0,0,0,0,0,0,0,0,0,0,0,0,'',0),(103016,0,0,0,0,0,0,0,0,0,0,0,0,0,'',0),(103017,0,0,0,0,0,0,0,0,0,0,0,0,0,'',0),(103018,0,0,0,0,0,0,0,0,0,0,0,0,0,'',0),(103019,0,0,0,0,0,0,0,0,0,0,0,0,0,'',0),(103020,0,0,0,0,0,0,0,0,0,0,0,0,0,'',0),(103021,0,0,0,0,0,0,0,0,0,0,0,0,0,'',0),(103022,9,11,0,0,0,0,0,0,0,0,0,0,0,'',0),(103023,0,0,0,0,0,0,0,0,0,0,0,0,0,'',0),(103024,0,0,0,0,0,0,0,0,0,0,0,0,0,'',0),(103025,0,0,0,0,0,0,0,0,0,0,0,0,0,'',0),(103026,0,0,0,0,0,0,0,0,0,0,0,0,0,'',0),(103027,0,0,0,0,0,0,0,0,0,0,0,0,0,'',0),(103028,9,11,0,0,0,0,0,0,0,0,0,0,0,'',0),(103029,9,11,0,0,0,0,0,0,0,0,0,0,0,'',0),(103030,7,0,0,0,0,0,0,0,0,0,0,0,0,'fr-fr',0),(103031,0,1,0,0,0,0,0,0,0,0,0,0,0,'fr-fr',0),(103032,0,1,0,0,0,0,0,0,0,0,0,0,0,'fr-fr',0),(103033,7,1,0,0,0,0,0,0,0,0,0,0,0,'fr-fr',0),(103034,0,1,0,0,0,0,0,0,0,0,0,0,0,'fr-fr',0),(103035,0,1,0,0,0,0,0,0,0,0,0,0,0,'fr-fr',0),(103036,9,11,0,0,0,0,0,0,0,0,0,0,0,'',0),(103037,0,0,0,0,0,0,0,0,0,0,0,0,0,'',0),(103038,9,11,0,0,0,0,0,0,0,0,0,0,0,'',0),(103039,9,11,0,0,0,0,0,0,0,0,0,0,0,'',0),(103040,0,0,0,0,0,0,0,0,0,0,0,0,0,'',0),(103041,9,11,0,0,0,0,0,0,0,0,0,0,0,'',0),(103042,9,11,0,0,0,0,0,0,0,0,0,0,0,'',0),(103043,0,0,0,0,0,0,0,0,0,0,0,0,0,'',0),(103044,0,0,0,0,0,0,0,0,0,0,0,0,0,'',0),(103045,0,0,0,0,0,0,0,0,0,0,0,0,0,'',0),(103046,0,0,0,0,0,0,0,0,0,0,0,0,0,'',0),(103047,9,11,0,0,0,0,0,0,0,0,0,0,0,'',0),(103048,0,0,0,0,0,0,0,0,0,0,0,0,0,'',0),(103049,9,11,0,0,0,0,0,0,0,0,0,0,0,'',0),(103050,0,0,0,0,0,0,0,0,0,0,0,0,0,'',0),(103051,9,11,0,0,0,0,0,0,0,0,0,0,0,'',0),(103052,0,0,0,0,0,0,0,0,0,0,0,0,0,'en',0),(103053,9,11,0,0,0,0,0,0,0,0,0,0,0,'',0),(103054,0,0,0,0,0,0,0,0,0,0,0,0,0,'',0),(103055,9,11,0,0,0,0,0,0,0,0,0,0,0,'',0),(103056,9,11,0,0,0,0,0,0,0,0,0,0,0,'',0),(103057,0,0,0,0,0,0,0,0,0,0,0,0,0,'',0),(103058,0,0,0,0,0,0,0,0,0,0,0,0,0,'',0),(103059,9,11,0,0,0,0,0,0,0,0,0,0,0,'',0),(103060,9,11,0,0,0,0,0,0,0,0,0,0,0,'',0),(103061,0,0,0,0,0,0,0,0,0,0,0,0,0,'',0),(103062,9,11,0,0,0,0,0,0,0,0,0,0,0,'',0),(103063,0,0,0,0,0,0,0,0,0,0,0,0,0,'',0),(103064,9,11,0,0,0,0,0,0,0,0,0,0,0,'',0),(103065,7,1,0,0,0,0,0,0,0,0,0,0,0,'fr-fr',0),(103066,0,1,0,0,0,0,0,0,0,0,0,0,0,'fr-fr',0),(103067,0,1,0,0,0,0,0,0,0,0,0,0,0,'fr-fr',0),(103068,0,1,0,0,0,0,0,0,0,0,0,0,0,'fr-fr',0),(103069,0,1,0,0,0,0,0,0,0,0,0,0,0,'fr-fr',0),(103070,0,0,0,0,0,0,0,0,0,0,0,0,0,'',0),(103071,9,11,0,0,0,0,0,0,0,0,0,0,0,'',0),(103072,0,0,0,0,0,0,0,0,0,0,0,0,0,'',0),(103073,8,3,0,0,0,0,0,0,0,0,0,0,0,'',0),(103074,9,11,0,0,0,0,0,0,0,0,0,0,0,'',0),(103075,9,11,0,0,0,0,0,0,0,0,0,0,0,'',0),(103076,9,11,0,0,0,0,0,0,0,0,0,0,0,'',0),(103077,9,11,0,0,0,0,0,0,0,0,0,0,0,'',0),(103078,7,1,0,0,0,0,0,0,0,0,0,0,0,'fr-fr',0),(103079,9,11,0,0,0,0,0,0,0,0,0,0,0,'',0),(103080,0,0,0,0,0,0,0,0,0,0,0,0,0,'',0),(103081,0,0,0,0,0,0,0,0,0,0,0,0,0,'',0),(103082,0,0,0,0,0,0,0,0,0,0,0,0,0,'',0),(103083,0,0,0,0,0,0,0,0,0,0,0,0,0,'',0),(103084,9,11,0,0,0,0,0,0,0,0,0,0,0,'',0),(103085,9,11,0,0,0,0,0,0,0,0,0,0,0,'',0),(103086,0,0,0,0,0,0,0,0,0,0,0,0,0,'',0),(103087,0,0,0,0,0,0,0,0,0,0,0,0,0,'',0),(103088,7,3,0,0,0,0,0,0,0,0,0,0,0,'fr',0),(103089,9,11,0,0,0,0,0,0,0,0,0,0,0,'',0),(103090,0,0,0,0,0,0,0,0,0,0,0,0,0,'',0),(103091,7,3,0,0,0,0,0,0,0,0,0,0,0,'fr',0),(103092,7,3,0,0,0,0,0,0,0,0,0,0,0,'fr',0),(103093,7,3,0,0,0,0,0,0,0,0,0,0,0,'fr',0),(103094,7,3,0,0,0,0,0,0,0,0,0,0,0,'fr',0),(103095,7,3,0,0,0,0,0,0,0,0,0,0,0,'fr',0),(103096,7,3,0,0,0,0,0,0,0,0,0,0,0,'fr',0),(103097,7,3,0,0,0,0,0,0,0,0,0,0,0,'fr',0),(103098,7,3,0,0,0,0,0,0,0,0,0,0,0,'fr',0),(103099,7,3,0,0,0,0,0,0,0,0,0,0,0,'fr',0),(103100,7,3,0,0,0,0,0,0,0,0,0,0,0,'fr',0),(103101,7,3,0,0,0,0,0,0,0,0,0,0,0,'fr',0),(103102,8,3,0,0,0,0,0,0,0,0,0,0,0,'',0),(103103,3,11,0,0,0,0,0,0,0,0,0,0,0,'',0),(103104,9,11,0,0,0,0,0,0,0,0,0,0,0,'pt',0),(103105,9,11,0,0,0,0,0,0,0,0,0,0,0,'',0),(103106,9,11,0,0,0,0,0,0,0,0,0,0,0,'',0),(103107,9,11,0,0,0,0,0,0,0,0,0,0,0,'',0),(103108,9,11,0,0,0,0,0,0,0,0,0,0,0,'',0),(103109,9,11,0,0,0,0,0,0,0,0,0,0,0,'',0),(103110,0,0,0,0,0,0,0,0,0,0,0,0,0,'',0),(103111,0,0,0,0,0,0,0,0,0,0,0,0,0,'',0),(103112,9,11,0,0,0,0,0,0,0,0,0,0,0,'fr',0),(103113,0,0,0,0,0,0,0,0,0,0,0,0,0,'',0),(103114,9,11,0,0,0,0,0,0,0,0,0,0,0,'',0),(103115,9,11,0,0,0,0,0,0,0,0,0,0,0,'',0),(103116,0,0,0,0,0,0,0,0,0,0,0,0,0,'',0),(103117,9,11,0,0,0,0,0,0,0,0,0,0,0,'',0),(103118,0,0,0,0,0,0,0,0,0,0,0,0,0,'',0),(103119,9,11,0,0,0,0,0,0,0,0,0,0,0,'',0),(103120,7,1,0,0,0,0,0,0,0,0,0,0,0,'fr-fr',0),(103121,0,0,0,0,0,0,0,0,0,0,0,0,0,'',0),(103122,0,0,0,0,0,0,0,0,0,0,0,0,0,'',0),(103123,9,11,0,0,0,0,0,0,0,0,0,0,0,'',0),(103124,9,11,0,0,0,0,0,0,0,0,0,0,0,'',0),(103125,9,11,0,0,0,0,0,0,0,0,0,0,0,'',0),(103126,0,0,0,0,0,0,0,0,0,0,0,0,0,'',0),(103127,0,0,0,0,0,0,0,0,0,0,0,0,0,'',0),(103128,0,0,0,0,0,0,0,0,0,0,0,0,0,'',0),(103129,0,0,0,0,0,0,0,0,0,0,0,0,0,'',0),(103130,0,0,0,0,0,0,0,0,0,0,0,0,0,'',0),(103131,9,11,0,0,0,0,0,0,0,0,0,0,0,'',0),(103132,4,11,0,0,0,0,0,0,0,0,0,0,0,'',0),(103133,4,11,0,0,0,0,0,0,0,0,0,0,0,'',0),(103134,0,0,0,0,0,0,0,0,0,0,0,0,0,'',0),(103135,7,11,0,0,0,0,0,0,0,0,0,0,0,'',0),(103136,0,0,0,0,0,0,0,0,0,0,0,0,0,'',0),(103137,7,3,0,0,0,0,0,0,0,0,0,0,0,'fr',0),(103138,7,3,0,0,0,0,0,0,0,0,0,0,0,'fr',0),(103139,7,3,0,0,0,0,0,0,0,0,0,0,0,'fr',0),(103140,7,3,0,0,0,0,0,0,0,0,0,0,0,'fr',0),(103141,7,3,0,0,0,0,0,0,0,0,0,0,0,'fr',0),(103142,7,3,0,0,0,0,0,0,0,0,0,0,0,'fr',0),(103143,7,3,0,0,0,0,0,0,0,0,0,0,0,'fr',0),(103144,7,3,0,0,0,0,0,0,0,0,0,0,0,'fr',0),(103145,7,3,0,0,0,0,0,0,0,0,0,0,0,'fr',0),(103146,7,3,0,0,0,0,0,0,0,0,0,0,0,'fr',0),(103147,7,3,0,0,0,0,0,0,0,0,0,0,0,'fr',0),(103148,9,11,0,0,0,0,0,0,0,0,0,0,0,'',0),(103149,9,11,0,0,0,0,0,0,0,0,0,0,0,'',0),(103150,0,0,0,0,0,0,0,0,0,0,0,0,0,'',0),(103151,0,0,0,0,0,0,0,0,0,0,0,0,0,'',0),(103152,0,0,0,0,0,0,0,0,0,0,0,0,0,'',0),(103153,0,0,0,0,0,0,0,0,0,0,0,0,0,'',0),(103154,0,0,0,0,0,0,0,0,0,0,0,0,0,'',0),(103155,7,1,0,0,0,0,0,0,0,0,0,0,0,'fr-fr',0),(103156,0,0,0,0,0,0,0,0,0,0,0,0,0,'',0),(103157,0,0,0,0,0,0,0,0,0,0,0,0,0,'',0),(103158,0,0,0,0,0,0,0,0,0,0,0,0,0,'',0),(103159,9,11,0,0,0,0,0,0,0,0,0,0,0,'',0),(103160,2,11,0,0,0,0,0,0,0,0,0,0,0,'en',0),(103161,0,0,0,0,0,0,0,0,0,0,0,0,0,'',0),(103162,0,0,0,0,0,0,0,0,0,0,0,0,0,'en',0),(103163,0,0,0,0,0,0,0,0,0,0,0,0,0,'',0),(103164,0,0,0,0,0,0,0,0,0,0,0,0,0,'',0),(103165,0,0,0,0,0,0,0,0,0,0,0,0,0,'',0),(103166,0,0,0,0,0,0,0,0,0,0,0,0,0,'',0),(103167,0,0,0,0,0,0,0,0,0,0,0,0,0,'',0),(103168,0,0,0,0,0,0,0,0,0,0,0,0,0,'',0),(103169,9,11,0,0,0,0,0,0,0,0,0,0,0,'',0),(103170,9,11,0,0,0,0,0,0,0,0,0,0,0,'',0),(103171,3,11,0,0,0,0,0,0,0,0,0,0,0,'',0),(103172,9,11,0,0,0,0,0,0,0,0,0,0,0,'',0),(103173,0,0,0,0,0,0,0,0,0,0,0,0,0,'',0),(103174,0,0,0,0,0,0,0,0,0,0,0,0,0,'',0),(103175,0,0,0,0,0,0,0,0,0,0,0,0,0,'',0),(103176,0,0,0,0,0,0,0,0,0,0,0,0,0,'',0),(103177,0,0,0,0,0,0,0,0,0,0,0,0,0,'',0),(103178,0,0,0,0,0,0,0,0,0,0,0,0,0,'',0),(103179,0,0,0,0,0,0,0,0,0,0,0,0,0,'',0),(103180,0,0,0,0,0,0,0,0,0,0,0,0,0,'',0),(103181,7,1,0,0,0,0,0,0,0,0,0,0,0,'fr-fr',0),(103182,0,0,0,0,0,0,0,0,0,0,0,0,0,'',0),(103183,0,0,0,0,0,0,0,0,0,0,0,0,0,'',0),(103184,0,0,0,0,0,0,0,0,0,0,0,0,0,'',0),(103185,0,0,0,0,0,0,0,0,0,0,0,0,0,'',0),(103186,0,0,0,0,0,0,0,0,0,0,0,0,0,'',0),(103187,0,0,0,0,0,0,0,0,0,0,0,0,0,'',0),(103188,0,0,0,0,0,0,0,0,0,0,0,0,0,'',0),(103189,0,0,0,0,0,0,0,0,0,0,0,0,0,'',0),(103190,0,0,0,0,0,0,0,0,0,0,0,0,0,'',0),(103191,0,0,0,0,0,0,0,0,0,0,0,0,0,'',0),(103192,0,0,0,0,0,0,0,0,0,0,0,0,0,'',0),(103193,0,0,0,0,0,0,0,0,0,0,0,0,0,'',0),(103194,0,0,0,0,0,0,0,0,0,0,0,0,0,'',0),(103195,9,11,0,0,0,0,0,0,0,0,0,0,0,'',0),(103196,7,11,0,0,0,0,0,0,0,0,0,0,0,'',0),(103197,9,11,0,0,0,0,0,0,0,0,0,0,0,'it',0),(103198,0,0,0,0,0,0,0,0,0,0,0,0,0,'',0),(103199,9,11,0,0,0,0,0,0,0,0,0,0,0,'',0),(103200,3,11,0,0,0,0,0,0,0,0,0,0,0,'en',0),(103201,0,0,0,0,0,0,0,0,0,0,0,0,0,'',0),(103202,9,11,0,0,0,0,0,0,0,0,0,0,0,'',0),(103203,0,0,0,0,0,0,0,0,0,0,0,0,0,'',0),(103204,0,0,0,0,0,0,0,0,0,0,0,0,0,'',0),(103205,9,11,0,0,0,0,0,0,0,0,0,0,0,'',0),(103206,9,11,0,0,0,0,0,0,0,0,0,0,0,'',0),(103207,6,3,0,0,0,0,0,0,0,0,0,0,0,'fr',0),(103208,6,3,0,0,0,0,0,0,0,0,0,0,0,'fr',0),(103209,6,3,0,0,0,0,0,0,0,0,0,0,0,'fr',0),(103210,6,3,0,0,0,0,0,0,0,0,0,0,0,'fr',0),(103211,6,3,0,0,0,0,0,0,0,0,0,0,0,'fr',0),(103212,6,3,0,0,0,0,0,0,0,0,0,0,0,'fr',0),(103213,6,3,0,0,0,0,0,0,0,0,0,0,0,'fr',0),(103214,6,3,0,0,0,0,0,0,0,0,0,0,0,'fr',0),(103215,6,3,0,0,0,0,0,0,0,0,0,0,0,'fr',0),(103216,6,3,0,0,0,0,0,0,0,0,0,0,0,'fr',0),(103217,6,3,0,0,0,0,0,0,0,0,0,0,0,'fr',0),(103218,9,11,0,0,0,0,0,0,0,0,0,0,0,'en',0),(103219,0,0,0,0,0,0,0,0,0,0,0,0,0,'',0),(103220,0,0,0,0,0,0,0,0,0,0,0,0,0,'',0),(103221,7,0,0,0,0,0,0,0,0,0,0,0,0,'fr-fr',0),(103222,7,1,0,0,0,0,0,0,0,0,0,0,0,'fr-fr',0),(103223,0,0,0,0,0,0,0,0,0,0,0,0,0,'',0),(103224,0,0,0,0,0,0,0,0,0,0,0,0,0,'',0),(103225,0,0,0,0,0,0,0,0,0,0,0,0,0,'',0),(103226,0,0,0,0,0,0,0,0,0,0,0,0,0,'',0),(103227,9,11,0,0,0,0,0,0,0,0,0,0,0,'',0),(103228,0,0,0,0,0,0,0,0,0,0,0,0,0,'',0),(103229,0,0,0,0,0,0,0,0,0,0,0,0,0,'en',0),(103230,0,0,0,0,0,0,0,0,0,0,0,0,0,'',0),(103231,0,0,0,0,0,0,0,0,0,0,0,0,0,'',0),(103232,0,0,0,0,0,0,0,0,0,0,0,0,0,'',0),(103233,0,0,0,0,0,0,0,0,0,0,0,0,0,'',0),(103234,0,0,0,0,0,0,0,0,0,0,0,0,0,'',0),(103235,0,0,0,0,0,0,0,0,0,0,0,0,0,'',0),(103236,9,11,0,0,0,0,0,0,0,0,0,0,0,'',0),(103237,3,11,0,0,0,0,0,0,0,0,0,0,0,'en',0),(103238,9,11,0,0,0,0,0,0,0,0,0,0,0,'',0),(103239,3,11,0,0,0,0,0,0,0,0,0,0,0,'en',0),(103240,0,0,0,0,0,0,0,0,0,0,0,0,0,'',0),(103241,3,11,0,0,0,0,0,0,0,0,0,0,0,'',0),(103242,0,0,0,0,0,0,0,0,0,0,0,0,0,'',0),(103243,8,3,0,0,0,0,0,0,0,0,0,0,0,'',0),(103244,7,1,0,0,0,0,0,0,0,0,0,0,0,'fr-fr',0),(103245,7,1,0,0,0,0,0,0,0,0,0,0,0,'fr-fr',0),(103246,7,1,0,0,0,0,0,0,0,0,0,0,0,'fr-fr',0),(103247,7,1,0,0,0,0,0,0,0,0,0,0,0,'fr-fr',0),(103248,7,1,0,0,0,0,0,0,0,0,0,0,0,'fr-fr',0),(103249,7,1,0,0,0,0,0,0,0,0,0,0,0,'fr-fr',0),(103250,7,1,0,0,0,0,0,0,0,0,0,0,0,'fr-fr',0),(103251,9,11,0,0,0,0,0,0,0,0,0,0,0,'',0),(103252,0,0,0,0,0,0,0,0,0,0,0,0,0,'',0),(103253,9,11,0,0,0,0,0,0,0,0,0,0,0,'',0),(103254,9,11,0,0,0,0,0,0,0,0,0,0,0,'',0),(103255,9,11,0,0,0,0,0,0,0,0,0,0,0,'',0),(103256,9,11,0,0,0,0,0,0,0,0,0,0,0,'',0),(103257,9,11,0,0,0,0,0,0,0,0,0,0,0,'',0),(103258,9,11,0,0,0,0,0,0,0,0,0,0,0,'',0),(103259,9,11,0,0,0,0,0,0,0,0,0,0,0,'',0),(103260,0,0,0,0,0,0,0,0,0,0,0,0,0,'',0),(103261,9,11,0,0,0,0,0,0,0,0,0,0,0,'',0),(103262,0,0,0,0,0,0,0,0,0,0,0,0,0,'',0),(103263,0,0,0,0,0,0,0,0,0,0,0,0,0,'',0),(103264,0,0,0,0,0,0,0,0,0,0,0,0,0,'',0),(103265,0,0,0,0,0,0,0,0,0,0,0,0,0,'',0),(103266,7,1,0,0,0,0,0,0,0,0,0,0,0,'fr-fr',0),(103267,9,11,0,0,0,0,0,0,0,0,0,0,0,'',0),(103268,9,11,0,0,0,0,0,0,0,0,0,0,0,'',0),(103269,0,0,0,0,0,0,0,0,0,0,0,0,0,'en',0),(103270,9,11,0,0,0,0,0,0,0,0,0,0,0,'',0),(103271,0,0,0,0,0,0,0,0,0,0,0,0,0,'',0),(103272,9,11,0,0,0,0,0,0,0,0,0,0,0,'',0),(103273,0,0,0,0,0,0,0,0,0,0,0,0,0,'',0),(103274,0,0,0,0,0,0,0,0,0,0,0,0,0,'',0),(103275,0,0,0,0,0,0,0,0,0,0,0,0,0,'',0),(103276,0,0,0,0,0,0,0,0,0,0,0,0,0,'',0),(103277,9,11,0,0,0,0,0,0,0,0,0,0,0,'',0),(103278,7,1,0,0,0,0,0,0,0,0,0,0,0,'fr-fr',0),(103279,0,1,0,0,0,0,0,0,0,0,0,0,0,'fr-fr',0),(103280,0,1,0,0,0,0,0,0,0,0,0,0,0,'fr-fr',0),(103281,9,11,0,0,0,0,0,0,0,0,0,0,0,'',0),(103282,0,0,0,0,0,0,0,0,0,0,0,0,0,'',0),(103283,0,0,0,0,0,0,0,0,0,0,0,0,0,'ru',0),(103284,9,11,0,0,0,0,0,0,0,0,0,0,0,'',0),(103285,0,0,0,0,0,0,0,0,0,0,0,0,0,'',0),(103286,0,0,0,0,0,0,0,0,0,0,0,0,0,'',0),(103287,9,11,0,0,0,0,0,0,0,0,0,0,0,'',0),(103288,0,0,0,0,0,0,0,0,0,0,0,0,0,'',0),(103289,0,0,0,0,0,0,0,0,0,0,0,0,0,'',0),(103290,9,11,0,0,0,0,0,0,0,0,0,0,0,'',0),(103291,0,0,0,0,0,0,0,0,0,0,0,0,0,'',0),(103292,0,0,0,0,0,0,0,0,0,0,0,0,0,'',0),(103293,0,0,0,0,0,0,0,0,0,0,0,0,0,'',0),(103294,9,11,0,0,0,0,0,0,0,0,0,0,0,'',0),(103295,9,11,0,0,0,0,0,0,0,0,0,0,0,'',0),(103296,0,0,0,0,0,0,0,0,0,0,0,0,0,'',0),(103297,9,11,0,0,0,0,0,0,0,0,0,0,0,'',0),(103298,0,0,0,0,0,0,0,0,0,0,0,0,0,'',0),(103299,8,3,0,0,0,0,0,0,0,0,0,0,0,'',0),(103300,9,11,0,0,0,0,0,0,0,0,0,0,0,'',0),(103301,0,0,0,0,0,0,0,0,0,0,0,0,0,'',0),(103302,9,11,0,0,0,0,0,0,0,0,0,0,0,'',0),(103303,9,11,0,0,0,0,0,0,0,0,0,0,0,'',0),(103304,9,11,0,0,0,0,0,0,0,0,0,0,0,'',0),(103305,9,11,0,0,0,0,0,0,0,0,0,0,0,'',0),(103306,9,11,0,0,0,0,0,0,0,0,0,0,0,'',0),(103307,3,11,0,0,0,0,0,0,0,0,0,0,0,'',0),(103308,0,0,0,0,0,0,0,0,0,0,0,0,0,'',0),(103309,9,11,0,0,0,0,0,0,0,0,0,0,0,'',0),(103310,3,11,0,0,0,0,0,0,0,0,0,0,0,'',0),(103311,0,0,0,0,0,0,0,0,0,0,0,0,0,'',0),(103312,0,0,0,0,0,0,0,0,0,0,0,0,0,'',0),(103313,3,3,0,0,0,0,0,0,0,0,0,0,0,'en',0),(103314,7,11,0,0,0,0,0,0,0,0,0,0,0,'',0),(103315,7,11,0,0,0,0,0,0,0,0,0,0,0,'',0),(103316,0,0,0,0,0,0,0,0,0,0,0,0,0,'',0),(103317,0,0,0,0,0,0,0,0,0,0,0,0,0,'',0),(103318,0,0,0,0,0,0,0,0,0,0,0,0,0,'',0),(103319,9,11,0,0,0,0,0,0,0,0,0,0,0,'',0),(103320,0,0,0,0,0,0,0,0,0,0,0,0,0,'',0),(103321,0,0,0,0,0,0,0,0,0,0,0,0,0,'',0),(103322,0,0,0,0,0,0,0,0,0,0,0,0,0,'',0),(103323,9,11,0,0,0,0,0,0,0,0,0,0,0,'',0),(103324,0,0,0,0,0,0,0,0,0,0,0,0,0,'',0),(103325,9,11,0,0,0,0,0,0,0,0,0,0,0,'',0),(103326,9,11,0,0,0,0,0,0,0,0,0,0,0,'',0),(103327,0,0,0,0,0,0,0,0,0,0,0,0,0,'',0),(103328,9,11,0,0,0,0,0,0,0,0,0,0,0,'',0),(103329,9,11,0,0,0,0,0,0,0,0,0,0,0,'',0),(103330,0,0,0,0,0,0,0,0,0,0,0,0,0,'',0),(103331,8,3,0,0,0,0,0,0,0,0,0,0,0,'',0),(103332,0,0,0,0,0,0,0,0,0,0,0,0,0,'',0),(103333,3,11,0,0,0,0,0,0,0,0,0,0,0,'',0),(103334,0,0,0,0,0,0,0,0,0,0,0,0,0,'',0),(103335,0,0,0,0,0,0,0,0,0,0,0,0,0,'',0),(103336,9,11,0,0,0,0,0,0,0,0,0,0,0,'',0),(103337,0,0,0,0,0,0,0,0,0,0,0,0,0,'',0),(103338,9,11,0,0,0,0,0,0,0,0,0,0,0,'',0),(103339,9,11,0,0,0,0,0,0,0,0,0,0,0,'',0),(103340,9,11,0,0,0,0,0,0,0,0,0,0,0,'',0),(103341,0,0,0,0,0,0,0,0,0,0,0,0,0,'',0),(103342,0,0,0,0,0,0,0,0,0,0,0,0,0,'',0),(103343,0,0,0,0,0,0,0,0,0,0,0,0,0,'',0),(103344,9,11,0,0,0,0,0,0,0,0,0,0,0,'',0),(103345,0,0,0,0,0,0,0,0,0,0,0,0,0,'',0),(103346,0,0,0,0,0,0,0,0,0,0,0,0,0,'',0),(103347,0,0,0,0,0,0,0,0,0,0,0,0,0,'',0),(103348,9,11,0,0,0,0,0,0,0,0,0,0,0,'',0),(103349,9,11,0,0,0,0,0,0,0,0,0,0,0,'',0),(103350,9,11,0,0,0,0,0,0,0,0,0,0,0,'',0),(103351,0,0,0,0,0,0,0,0,0,0,0,0,0,'',0),(103352,0,0,0,0,0,0,0,0,0,0,0,0,0,'',0),(103353,0,0,0,0,0,0,0,0,0,0,0,0,0,'',0),(103354,9,11,0,0,0,0,0,0,0,0,0,0,0,'',0),(103355,0,0,0,0,0,0,0,0,0,0,0,0,0,'',0),(103356,9,11,0,0,0,0,0,0,0,0,0,0,0,'',0),(103357,0,0,0,0,0,0,0,0,0,0,0,0,0,'',0),(103358,0,0,0,0,0,0,0,0,0,0,0,0,0,'',0),(103359,9,11,0,0,0,0,0,0,0,0,0,0,0,'',0),(103360,0,0,0,0,0,0,0,0,0,0,0,0,0,'',0),(103361,0,0,0,0,0,0,0,0,0,0,0,0,0,'',0),(103362,0,0,0,0,0,0,0,0,0,0,0,0,0,'',0),(103363,0,0,0,0,0,0,0,0,0,0,0,0,0,'',0),(103364,0,0,0,0,0,0,0,0,0,0,0,0,0,'',0),(103365,9,11,0,0,0,0,0,0,0,0,0,0,0,'',0),(103366,0,0,0,0,0,0,0,0,0,0,0,0,0,'',0),(103367,0,0,0,0,0,0,0,0,0,0,0,0,0,'',0),(103368,0,0,0,0,0,0,0,0,0,0,0,0,0,'',0),(103369,0,0,0,0,0,0,0,0,0,0,0,0,0,'',0),(103370,0,0,0,0,0,0,0,0,0,0,0,0,0,'',0),(103371,7,11,0,0,0,0,0,0,0,0,0,0,0,'',0),(103372,0,0,0,0,0,0,0,0,0,0,0,0,0,'',0),(103373,0,0,0,0,0,0,0,0,0,0,0,0,0,'',0),(103374,0,0,0,0,0,0,0,0,0,0,0,0,0,'',0),(103375,0,0,0,0,0,0,0,0,0,0,0,0,0,'',0),(103376,9,11,0,0,0,0,0,0,0,0,0,0,0,'',0),(103377,0,0,0,0,0,0,0,0,0,0,0,0,0,'',0),(103378,7,3,0,0,0,0,0,0,0,0,0,0,0,'fr',0),(103379,0,0,0,0,0,0,0,0,0,0,0,0,0,'',0),(103380,0,0,0,0,0,0,0,0,0,0,0,0,0,'',0),(103381,9,11,0,0,0,0,0,0,0,0,0,0,0,'',0),(103382,0,0,0,0,0,0,0,0,0,0,0,0,0,'',0),(103383,0,0,0,0,0,0,0,0,0,0,0,0,0,'',0),(103384,0,0,0,0,0,0,0,0,0,0,0,0,0,'',0),(103385,0,0,0,0,0,0,0,0,0,0,0,0,0,'',0),(103386,0,0,0,0,0,0,0,0,0,0,0,0,0,'',0),(103387,0,0,0,0,0,0,0,0,0,0,0,0,0,'',0),(103388,9,11,0,0,0,0,0,0,0,0,0,0,0,'',0),(103389,0,0,0,0,0,0,0,0,0,0,0,0,0,'',0),(103390,9,11,0,0,0,0,0,0,0,0,0,0,0,'',0),(103391,0,0,0,0,0,0,0,0,0,0,0,0,0,'',0),(103392,9,11,0,0,0,0,0,0,0,0,0,0,0,'',0),(103393,8,3,0,0,0,0,0,0,0,0,0,0,0,'',0),(103394,0,0,0,0,0,0,0,0,0,0,0,0,0,'',0),(103395,9,11,0,0,0,0,0,0,0,0,0,0,0,'',0),(103396,9,11,0,0,0,0,0,0,0,0,0,0,0,'',0),(103397,0,0,0,0,0,0,0,0,0,0,0,0,0,'',0),(103398,0,0,0,0,0,0,0,0,0,0,0,0,0,'',0),(103399,9,11,0,0,0,0,0,0,0,0,0,0,0,'',0),(103400,0,0,0,0,0,0,0,0,0,0,0,0,0,'',0),(103401,0,0,0,0,0,0,0,0,0,0,0,0,0,'',0),(103402,9,11,0,0,0,0,0,0,0,0,0,0,0,'',0),(103403,0,0,0,0,0,0,0,0,0,0,0,0,0,'',0),(103404,0,0,0,0,0,0,0,0,0,0,0,0,0,'',0),(103405,0,0,0,0,0,0,0,0,0,0,0,0,0,'',0),(103406,9,11,0,0,0,0,0,0,0,0,0,0,0,'',0),(103407,0,0,0,0,0,0,0,0,0,0,0,0,0,'',0),(103408,0,0,0,0,0,0,0,0,0,0,0,0,0,'',0),(103409,9,11,0,0,0,0,0,0,0,0,0,0,0,'',0),(103410,0,0,0,0,0,0,0,0,0,0,0,0,0,'',0),(103411,3,11,0,0,0,0,0,0,0,0,0,0,0,'',0),(103412,0,0,0,0,0,0,0,0,0,0,0,0,0,'',0),(103413,0,0,0,0,0,0,0,0,0,0,0,0,0,'',0),(103414,0,0,0,0,0,0,0,0,0,0,0,0,0,'',0),(103415,0,0,0,0,0,0,0,0,0,0,0,0,0,'',0),(103416,9,11,0,0,0,0,0,0,0,0,0,0,0,'',0),(103417,0,0,0,0,0,0,0,0,0,0,0,0,0,'',0),(103418,7,1,0,0,0,0,0,0,0,0,0,0,0,'',0),(103419,0,0,0,0,0,0,0,0,0,0,0,0,0,'',0),(103420,0,0,0,0,0,0,0,0,0,0,0,0,0,'',0),(103421,9,11,0,0,0,0,0,0,0,0,0,0,0,'',0),(103422,0,0,0,0,0,0,0,0,0,0,0,0,0,'',0),(103423,9,11,0,0,0,0,0,0,0,0,0,0,0,'',0),(103424,0,0,0,0,0,0,0,0,0,0,0,0,0,'',0),(103425,9,11,0,0,0,0,0,0,0,0,0,0,0,'',0),(103426,9,11,0,0,0,0,0,0,0,0,0,0,0,'',0),(103427,0,0,0,0,0,0,0,0,0,0,0,0,0,'',0),(103428,9,11,0,0,0,0,0,0,0,0,0,0,0,'',0),(103429,0,0,0,0,0,0,0,0,0,0,0,0,0,'',0),(103430,9,11,0,0,0,0,0,0,0,0,0,0,0,'',0),(103431,9,11,0,0,0,0,0,0,0,0,0,0,0,'',0),(103432,9,11,0,0,0,0,0,0,0,0,0,0,0,'',0),(103433,0,0,0,0,0,0,0,0,0,0,0,0,0,'',0),(103434,9,11,0,0,0,0,0,0,0,0,0,0,0,'',0),(103435,0,0,0,0,0,0,0,0,0,0,0,0,0,'',0),(103436,0,0,0,0,0,0,0,0,0,0,0,0,0,'',0),(103437,0,0,0,0,0,0,0,0,0,0,0,0,0,'',0),(103438,0,0,0,0,0,0,0,0,0,0,0,0,0,'',0),(103439,0,0,0,0,0,0,0,0,0,0,0,0,0,'',0),(103440,0,0,0,0,0,0,0,0,0,0,0,0,0,'',0),(103441,0,0,0,0,0,0,0,0,0,0,0,0,0,'',0),(103442,0,0,0,0,0,0,0,0,0,0,0,0,0,'',0),(103443,0,0,0,0,0,0,0,0,0,0,0,0,0,'',0),(103444,9,11,0,0,0,0,0,0,0,0,0,0,0,'',0),(103445,9,11,0,0,0,0,0,0,0,0,0,0,0,'',0),(103446,9,11,0,0,0,0,0,0,0,0,0,0,0,'',0),(103447,0,0,0,0,0,0,0,0,0,0,0,0,0,'',0),(103448,9,11,0,0,0,0,0,0,0,0,0,0,0,'',0),(103449,0,0,0,0,0,0,0,0,0,0,0,0,0,'',0),(103450,9,11,0,0,0,0,0,0,0,0,0,0,0,'',0),(103451,9,11,0,0,0,0,0,0,0,0,0,0,0,'',0),(103452,0,0,0,0,0,0,0,0,0,0,0,0,0,'',0),(103453,9,11,0,0,0,0,0,0,0,0,0,0,0,'',0),(103454,9,11,0,0,0,0,0,0,0,0,0,0,0,'',0),(103455,0,0,0,0,0,0,0,0,0,0,0,0,0,'',0),(103456,9,11,0,0,0,0,0,0,0,0,0,0,0,'',0),(103457,0,0,0,0,0,0,0,0,0,0,0,0,0,'',0),(103458,9,11,0,0,0,0,0,0,0,0,0,0,0,'',0),(103459,0,0,0,0,0,0,0,0,0,0,0,0,0,'',0),(103460,9,11,0,0,0,0,0,0,0,0,0,0,0,'',0),(103461,0,0,0,0,0,0,0,0,0,0,0,0,0,'',0),(103462,9,11,0,0,0,0,0,0,0,0,0,0,0,'',0),(103463,0,0,0,0,0,0,0,0,0,0,0,0,0,'',0),(103464,9,11,0,0,0,0,0,0,0,0,0,0,0,'',0),(103465,0,0,0,0,0,0,0,0,0,0,0,0,0,'',0),(103466,0,0,0,0,0,0,0,0,0,0,0,0,0,'',0),(103467,7,1,0,0,0,0,0,0,0,0,0,0,0,'fr',0),(103468,0,0,0,0,0,0,0,0,0,0,0,0,0,'',0),(103469,9,11,0,0,0,0,0,0,0,0,0,0,0,'',0),(103470,0,0,0,0,0,0,0,0,0,0,0,0,0,'',0),(103471,0,0,0,0,0,0,0,0,0,0,0,0,0,'',0),(103472,9,11,0,0,0,0,0,0,0,0,0,0,0,'',0),(103473,0,0,0,0,0,0,0,0,0,0,0,0,0,'',0),(103474,9,11,0,0,0,0,0,0,0,0,0,0,0,'',0),(103475,0,0,0,0,0,0,0,0,0,0,0,0,0,'',0),(103476,9,11,0,0,0,0,0,0,0,0,0,0,0,'',0),(103477,0,0,0,0,0,0,0,0,0,0,0,0,0,'',0),(103478,9,11,0,0,0,0,0,0,0,0,0,0,0,'',0),(103479,9,11,0,0,0,0,0,0,0,0,0,0,0,'',0),(103480,9,11,0,0,0,0,0,0,0,0,0,0,0,'',0),(103481,0,0,0,0,0,0,0,0,0,0,0,0,0,'',0),(103482,0,0,0,0,0,0,0,0,0,0,0,0,0,'',0),(103483,9,11,0,0,0,0,0,0,0,0,0,0,0,'',0),(103484,3,3,0,0,0,0,0,0,0,0,0,0,0,'',0),(103485,3,3,0,0,0,0,0,0,0,0,0,0,0,'',0),(103486,0,0,0,0,0,0,0,0,0,0,0,0,0,'',0),(103487,9,11,0,0,0,0,0,0,0,0,0,0,0,'',0),(103488,9,11,0,0,0,0,0,0,0,0,0,0,0,'',0),(103489,0,0,0,0,0,0,0,0,0,0,0,0,0,'',0),(103490,9,11,0,0,0,0,0,0,0,0,0,0,0,'',0),(103491,0,0,0,0,0,0,0,0,0,0,0,0,0,'',0),(103492,9,11,0,0,0,0,0,0,0,0,0,0,0,'',0),(103493,9,11,0,0,0,0,0,0,0,0,0,0,0,'',0),(103494,9,11,0,0,0,0,0,0,0,0,0,0,0,'',0),(103495,0,0,0,0,0,0,0,0,0,0,0,0,0,'',0),(103496,9,11,0,0,0,0,0,0,0,0,0,0,0,'',0),(103497,9,11,0,0,0,0,0,0,0,0,0,0,0,'',0),(103498,9,11,0,0,0,0,0,0,0,0,0,0,0,'',0),(103499,3,3,0,0,0,0,0,0,0,0,0,0,0,'en',0),(103500,0,0,0,0,0,0,0,0,0,0,0,0,0,'',0),(103501,9,11,0,0,0,0,0,0,0,0,0,0,0,'',0),(103502,0,0,0,0,0,0,0,0,0,0,0,0,0,'',0),(103503,3,3,0,0,0,0,0,0,0,0,0,0,0,'fr',0),(103504,9,11,0,0,0,0,0,0,0,0,0,0,0,'',0),(103505,0,0,0,0,0,0,0,0,0,0,0,0,0,'',0),(103506,9,11,0,0,0,0,0,0,0,0,0,0,0,'',0),(103507,0,0,0,0,0,0,0,0,0,0,0,0,0,'',0),(103508,9,11,0,0,0,0,0,0,0,0,0,0,0,'',0),(103509,9,11,0,0,0,0,0,0,0,0,0,0,0,'',0),(103510,0,0,0,0,0,0,0,0,0,0,0,0,0,'',0),(103511,9,11,0,0,0,0,0,0,0,0,0,0,0,'',0),(103512,0,0,0,0,0,0,0,0,0,0,0,0,0,'',0),(103513,0,0,0,0,0,0,0,0,0,0,0,0,0,'',0),(103514,0,0,0,0,0,0,0,0,0,0,0,0,0,'',0),(103515,9,11,0,0,0,0,0,0,0,0,0,0,0,'',0),(103516,0,0,0,0,0,0,0,0,0,0,0,0,0,'en',0),(103517,8,3,0,0,0,0,0,0,0,0,0,0,0,'',0),(103518,9,11,0,0,0,0,0,0,0,0,0,0,0,'',0),(103519,0,0,0,0,0,0,0,0,0,0,0,0,0,'',0),(103520,0,0,0,0,0,0,0,0,0,0,0,0,0,'',0),(103521,0,0,0,0,0,0,0,0,0,0,0,0,0,'',0),(103522,0,0,0,0,0,0,0,0,0,0,0,0,0,'',0),(103523,9,11,0,0,0,0,0,0,0,0,0,0,0,'',0),(103524,0,0,0,0,0,0,0,0,0,0,0,0,0,'',0),(103525,0,0,0,0,0,0,0,0,0,0,0,0,0,'',0),(103526,0,0,0,0,0,0,0,0,0,0,0,0,0,'',0),(103527,9,11,0,0,0,0,0,0,0,0,0,0,0,'',0),(103528,9,11,0,0,0,0,0,0,0,0,0,0,0,'',0),(103529,9,11,0,0,0,0,0,0,0,0,0,0,0,'',0),(103530,0,0,0,0,0,0,0,0,0,0,0,0,0,'en',0),(103531,0,0,0,0,0,0,0,0,0,0,0,0,0,'',0),(103532,9,11,0,0,0,0,0,0,0,0,0,0,0,'',0),(103533,7,3,0,0,0,0,0,0,0,0,0,0,0,'fr',0),(103534,0,0,0,0,0,0,0,0,0,0,0,0,0,'',0),(103535,0,0,0,0,0,0,0,0,0,0,0,0,0,'',0),(103536,0,0,0,0,0,0,0,0,0,0,0,0,0,'',0),(103537,9,11,0,0,0,0,0,0,0,0,0,0,0,'',0),(103538,0,0,0,0,0,0,0,0,0,0,0,0,0,'en',0),(103539,0,0,0,0,0,0,0,0,0,0,0,0,0,'',0),(103540,9,11,0,0,0,0,0,0,0,0,0,0,0,'',0),(103541,9,11,0,0,0,0,0,0,0,0,0,0,0,'',0),(103542,6,11,0,0,0,0,0,0,0,0,0,0,0,'fr',0),(103543,0,0,0,0,0,0,0,0,0,0,0,0,0,'',0),(103544,9,11,0,0,0,0,0,0,0,0,0,0,0,'',0),(103545,0,0,0,0,0,0,0,0,0,0,0,0,0,'',0),(103546,0,0,0,0,0,0,0,0,0,0,0,0,0,'',0),(103547,0,0,0,0,0,0,0,0,0,0,0,0,0,'',0),(103548,0,0,0,0,0,0,0,0,0,0,0,0,0,'',0),(103549,0,0,0,0,0,0,0,0,0,0,0,0,0,'',0),(103550,0,0,0,0,0,0,0,0,0,0,0,0,0,'',0),(103551,0,0,0,0,0,0,0,0,0,0,0,0,0,'',0),(103552,0,0,0,0,0,0,0,0,0,0,0,0,0,'',0),(103553,0,0,0,0,0,0,0,0,0,0,0,0,0,'',0),(103554,0,0,0,0,0,0,0,0,0,0,0,0,0,'',0),(103555,0,0,0,0,0,0,0,0,0,0,0,0,0,'',0),(103556,0,0,0,0,0,0,0,0,0,0,0,0,0,'',0),(103557,0,0,0,0,0,0,0,0,0,0,0,0,0,'',0),(103558,0,0,0,0,0,0,0,0,0,0,0,0,0,'',0),(103559,0,0,0,0,0,0,0,0,0,0,0,0,0,'',0),(103560,0,0,0,0,0,0,0,0,0,0,0,0,0,'',0),(103561,0,0,0,0,0,0,0,0,0,0,0,0,0,'',0),(103562,0,0,0,0,0,0,0,0,0,0,0,0,0,'',0),(103563,0,0,0,0,0,0,0,0,0,0,0,0,0,'',0),(103564,0,0,0,0,0,0,0,0,0,0,0,0,0,'',0),(103565,0,0,0,0,0,0,0,0,0,0,0,0,0,'',0),(103566,0,0,0,0,0,0,0,0,0,0,0,0,0,'',0),(103567,0,0,0,0,0,0,0,0,0,0,0,0,0,'',0),(103568,0,0,0,0,0,0,0,0,0,0,0,0,0,'',0),(103569,0,0,0,0,0,0,0,0,0,0,0,0,0,'',0),(103570,0,0,0,0,0,0,0,0,0,0,0,0,0,'',0),(103571,0,0,0,0,0,0,0,0,0,0,0,0,0,'',0),(103572,0,0,0,0,0,0,0,0,0,0,0,0,0,'',0),(103573,0,0,0,0,0,0,0,0,0,0,0,0,0,'',0),(103574,7,11,0,0,0,0,0,0,0,0,0,0,0,'',0),(103575,0,0,0,0,0,0,0,0,0,0,0,0,0,'',0),(103576,0,0,0,0,0,0,0,0,0,0,0,0,0,'',0),(103577,9,11,0,0,0,0,0,0,0,0,0,0,0,'',0),(103578,9,11,0,0,0,0,0,0,0,0,0,0,0,'',0),(103579,9,11,0,0,0,0,0,0,0,0,0,0,0,'',0),(103580,9,11,0,0,0,0,0,0,0,0,0,0,0,'',0),(103581,0,0,0,0,0,0,0,0,0,0,0,0,0,'',0),(103582,0,0,0,0,0,0,0,0,0,0,0,0,0,'',0),(103583,0,0,0,0,0,0,0,0,0,0,0,0,0,'',0),(103584,0,0,0,0,0,0,0,0,0,0,0,0,0,'',0),(103585,7,11,0,0,0,0,0,0,0,0,0,0,0,'',0),(103586,0,0,0,0,0,0,0,0,0,0,0,0,0,'',0),(103587,9,11,0,0,0,0,0,0,0,0,0,0,0,'',0),(103588,0,0,0,0,0,0,0,0,0,0,0,0,0,'',0),(103589,9,11,0,0,0,0,0,0,0,0,0,0,0,'',0),(103590,9,11,0,0,0,0,0,0,0,0,0,0,0,'',0),(103591,3,11,0,0,0,0,0,0,0,0,0,0,0,'',0),(103592,0,0,0,0,0,0,0,0,0,0,0,0,0,'',0),(103593,9,11,0,0,0,0,0,0,0,0,0,0,0,'',0),(103594,0,0,0,0,0,0,0,0,0,0,0,0,0,'',0),(103595,9,11,0,0,0,0,0,0,0,0,0,0,0,'',0),(103596,0,0,0,0,0,0,0,0,0,0,0,0,0,'',0),(103597,0,0,0,0,0,0,0,0,0,0,0,0,0,'',0),(103598,0,0,0,0,0,0,0,0,0,0,0,0,0,'',0),(103599,9,11,0,0,0,0,0,0,0,0,0,0,0,'',0),(103600,0,0,0,0,0,0,0,0,0,0,0,0,0,'',0),(103601,9,11,0,0,0,0,0,0,0,0,0,0,0,'',0),(103602,3,11,0,0,0,0,0,0,0,0,0,0,0,'en',0),(103603,9,11,0,0,0,0,0,0,0,0,0,0,0,'',0),(103604,0,0,0,0,0,0,0,0,0,0,0,0,0,'',0),(103605,9,11,0,0,0,0,0,0,0,0,0,0,0,'',0),(103606,0,0,0,0,0,0,0,0,0,0,0,0,0,'',0),(103607,6,11,0,0,0,0,0,0,0,0,0,0,0,'en',0),(103608,0,0,0,0,0,0,0,0,0,0,0,0,0,'',0),(103609,0,0,0,0,0,0,0,0,0,0,0,0,0,'',0),(103610,0,0,0,0,0,0,0,0,0,0,0,0,0,'',0),(103611,9,11,0,0,0,0,0,0,0,0,0,0,0,'it',0),(103612,9,11,0,0,0,0,0,0,0,0,0,0,0,'',0),(103613,9,11,0,0,0,0,0,0,0,0,0,0,0,'',0),(103614,9,11,0,0,0,0,0,0,0,0,0,0,0,'',0),(103615,9,11,0,0,0,0,0,0,0,0,0,0,0,'',0),(103616,9,11,0,0,0,0,0,0,0,0,0,0,0,'',0),(103617,0,0,0,0,0,0,0,0,0,0,0,0,0,'',0),(103618,9,11,0,0,0,0,0,0,0,0,0,0,0,'',0),(103619,9,11,0,0,0,0,0,0,0,0,0,0,0,'',0),(103620,0,0,0,0,0,0,0,0,0,0,0,0,0,'',0),(103621,7,11,0,0,0,0,0,0,0,0,0,0,0,'',0),(103622,0,0,0,0,0,0,0,0,0,0,0,0,0,'',0),(103623,0,0,0,0,0,0,0,0,0,0,0,0,0,'',0),(103624,0,0,0,0,0,0,0,0,0,0,0,0,0,'',0),(103625,9,11,0,0,0,0,0,0,0,0,0,0,0,'',0),(103626,6,11,0,0,0,0,0,0,0,0,0,0,0,'',0),(103627,9,11,0,0,0,0,0,0,0,0,0,0,0,'',0),(103628,6,11,0,0,0,0,0,0,0,0,0,0,0,'',0),(103629,0,0,0,0,0,0,0,0,0,0,0,0,0,'',0),(103630,0,0,0,0,0,0,0,0,0,0,0,0,0,'',0),(103631,0,0,0,0,0,0,0,0,0,0,0,0,0,'',0),(103632,0,0,0,0,0,0,0,0,0,0,0,0,0,'',0),(103633,0,0,0,0,0,0,0,0,0,0,0,0,0,'',0),(103634,0,0,0,0,0,0,0,0,0,0,0,0,0,'',0),(103635,0,0,0,0,0,0,0,0,0,0,0,0,0,'',0),(103636,0,0,0,0,0,0,0,0,0,0,0,0,0,'',0),(103637,0,0,0,0,0,0,0,0,0,0,0,0,0,'',0),(103638,0,0,0,0,0,0,0,0,0,0,0,0,0,'',0),(103639,0,0,0,0,0,0,0,0,0,0,0,0,0,'',0),(103640,0,0,0,0,0,0,0,0,0,0,0,0,0,'',0),(103641,0,0,0,0,0,0,0,0,0,0,0,0,0,'',0),(103642,9,11,0,0,0,0,0,0,0,0,0,0,0,'',0),(103643,9,11,0,0,0,0,0,0,0,0,0,0,0,'',0),(103644,0,0,0,0,0,0,0,0,0,0,0,0,0,'',0),(103645,0,1,0,0,0,0,0,0,0,0,0,0,0,'fr-fr',0),(103646,0,1,0,0,0,0,0,0,0,0,0,0,0,'fr-fr',0),(103647,0,1,0,0,0,0,0,0,0,0,0,0,0,'fr-fr',0),(103648,0,1,0,0,0,0,0,0,0,0,0,0,0,'fr-fr',0),(103649,9,11,0,0,0,0,0,0,0,0,0,0,0,'',0),(103650,9,11,0,0,0,0,0,0,0,0,0,0,0,'',0),(103651,0,0,0,0,0,0,0,0,0,0,0,0,0,'',0),(103652,9,11,0,0,0,0,0,0,0,0,0,0,0,'',0),(103653,7,1,0,0,0,0,0,0,0,0,0,0,0,'fr-fr',0),(103654,0,0,0,0,0,0,0,0,0,0,0,0,0,'',0),(103655,0,0,0,0,0,0,0,0,0,0,0,0,0,'',0),(103656,0,0,0,0,0,0,0,0,0,0,0,0,0,'',0),(103657,0,0,0,0,0,0,0,0,0,0,0,0,0,'',0),(103658,9,11,0,0,0,0,0,0,0,0,0,0,0,'',0),(103659,0,0,0,0,0,0,0,0,0,0,0,0,0,'',0),(103660,9,11,0,0,0,0,0,0,0,0,0,0,0,'',0),(103661,0,0,0,0,0,0,0,0,0,0,0,0,0,'',0),(103662,9,11,0,0,0,0,0,0,0,0,0,0,0,'',0),(103663,9,11,0,0,0,0,0,0,0,0,0,0,0,'',0),(103664,0,0,0,0,0,0,0,0,0,0,0,0,0,'',0),(103665,0,0,0,0,0,0,0,0,0,0,0,0,0,'',0),(103666,0,0,0,0,0,0,0,0,0,0,0,0,0,'',0),(103667,9,11,0,0,0,0,0,0,0,0,0,0,0,'',0),(103668,0,0,0,0,0,0,0,0,0,0,0,0,0,'',0),(103669,0,0,0,0,0,0,0,0,0,0,0,0,0,'',0),(103670,0,0,0,0,0,0,0,0,0,0,0,0,0,'',0),(103671,0,0,0,0,0,0,0,0,0,0,0,0,0,'',0),(103672,9,11,0,0,0,0,0,0,0,0,0,0,0,'',0),(103673,3,11,0,0,0,0,0,0,0,0,0,0,0,'en',0),(103674,0,0,0,0,0,0,0,0,0,0,0,0,0,'',0),(103675,0,0,0,0,0,0,0,0,0,0,0,0,0,'',0),(103676,3,11,0,0,0,0,0,0,0,0,0,0,0,'',0),(103677,9,11,0,0,0,0,0,0,0,0,0,0,0,'',0),(103678,9,11,0,0,0,0,0,0,0,0,0,0,0,'',0),(103679,0,0,0,0,0,0,0,0,0,0,0,0,0,'',0),(103680,9,11,0,0,0,0,0,0,0,0,0,0,0,'',0),(103681,9,11,0,0,0,0,0,0,0,0,0,0,0,'',0),(103682,0,0,0,0,0,0,0,0,0,0,0,0,0,'',0),(103683,0,0,0,0,0,0,0,0,0,0,0,0,0,'',0),(103684,0,0,0,0,0,0,0,0,0,0,0,0,0,'',0),(103685,0,0,0,0,0,0,0,0,0,0,0,0,0,'',0),(103686,0,0,0,0,0,0,0,0,0,0,0,0,0,'',0),(103687,0,0,0,0,0,0,0,0,0,0,0,0,0,'',0),(103688,3,11,0,0,0,0,0,0,0,0,0,0,0,'',0),(103689,9,11,0,0,0,0,0,0,0,0,0,0,0,'',0),(103690,0,0,0,0,0,0,0,0,0,0,0,0,0,'',0),(103691,0,0,0,0,0,0,0,0,0,0,0,0,0,'',0),(103692,0,0,0,0,0,0,0,0,0,0,0,0,0,'',0),(103693,0,0,0,0,0,0,0,0,0,0,0,0,0,'',0),(103694,0,0,0,0,0,0,0,0,0,0,0,0,0,'',0),(103695,0,0,0,0,0,0,0,0,0,0,0,0,0,'',0),(103696,0,0,0,0,0,0,0,0,0,0,0,0,0,'',0),(103697,0,0,0,0,0,0,0,0,0,0,0,0,0,'',0),(103698,0,0,0,0,0,0,0,0,0,0,0,0,0,'',0),(103699,0,0,0,0,0,0,0,0,0,0,0,0,0,'',0),(103700,3,0,0,0,0,0,0,0,0,0,0,0,0,'',0),(103701,3,0,0,0,0,0,0,0,0,0,0,0,0,'',0),(103702,9,11,0,0,0,0,0,0,0,0,0,0,0,'',0),(103703,9,11,0,0,0,0,0,0,0,0,0,0,0,'',0),(103704,0,0,0,0,0,0,0,0,0,0,0,0,0,'',0),(103705,0,0,0,0,0,0,0,0,0,0,0,0,0,'',0),(103706,0,0,0,0,0,0,0,0,0,0,0,0,0,'',0),(103707,9,11,0,0,0,0,0,0,0,0,0,0,0,'',0),(103708,9,11,0,0,0,0,0,0,0,0,0,0,0,'',0),(103709,0,0,0,0,0,0,0,0,0,0,0,0,0,'',0),(103710,0,0,0,0,0,0,0,0,0,0,0,0,0,'',0),(103711,9,11,0,0,0,0,0,0,0,0,0,0,0,'',0),(103712,9,11,0,0,0,0,0,0,0,0,0,0,0,'',0),(103713,0,0,0,0,0,0,0,0,0,0,0,0,0,'',0),(103714,9,11,0,0,0,0,0,0,0,0,0,0,0,'',0),(103715,0,0,0,0,0,0,0,0,0,0,0,0,0,'',0),(103716,0,0,0,0,0,0,0,0,0,0,0,0,0,'',0),(103717,0,0,0,0,0,0,0,0,0,0,0,0,0,'',0),(103718,5,11,0,0,0,0,0,0,0,0,0,0,0,'fr',0),(103719,0,0,0,0,0,0,0,0,0,0,0,0,0,'',0),(103720,0,0,0,0,0,0,0,0,0,0,0,0,0,'',0),(103721,0,0,0,0,0,0,0,0,0,0,0,0,0,'',0),(103722,9,11,0,0,0,0,0,0,0,0,0,0,0,'',0),(103723,9,11,0,0,0,0,0,0,0,0,0,0,0,'',0),(103724,9,11,0,0,0,0,0,0,0,0,0,0,0,'',0),(103725,0,0,0,0,0,0,0,0,0,0,0,0,0,'',0),(103726,9,11,0,0,0,0,0,0,0,0,0,0,0,'',0),(103727,9,11,0,0,0,0,0,0,0,0,0,0,0,'fr',0),(103728,7,11,0,0,0,0,0,0,0,0,0,0,0,'',0),(103729,0,0,0,0,0,0,0,0,0,0,0,0,0,'',0),(103730,0,0,0,0,0,0,0,0,0,0,0,0,0,'',0),(103731,0,0,0,0,0,0,0,0,0,0,0,0,0,'',0),(103732,9,11,0,0,0,0,0,0,0,0,0,0,0,'',0),(103733,7,1,0,0,0,0,0,0,0,0,0,0,0,'fr-fr',0),(103734,0,0,0,0,0,0,0,0,0,0,0,0,0,'',0),(103735,9,11,0,0,0,0,0,0,0,0,0,0,0,'',0),(103736,9,11,0,0,0,0,0,0,0,0,0,0,0,'',0),(103737,9,11,0,0,0,0,0,0,0,0,0,0,0,'',0),(103738,9,11,0,0,0,0,0,0,0,0,0,0,0,'',0),(103739,9,11,0,0,0,0,0,0,0,0,0,0,0,'',0),(103740,0,0,0,0,0,0,0,0,0,0,0,0,0,'',0),(103741,0,0,0,0,0,0,0,0,0,0,0,0,0,'',0),(103742,0,0,0,0,0,0,0,0,0,0,0,0,0,'',0),(103743,5,11,0,0,0,0,0,0,0,0,0,0,0,'fr',0),(103744,7,1,0,0,0,0,0,0,0,0,0,0,0,'en',0),(103745,0,0,0,0,0,0,0,0,0,0,0,0,0,'',0),(103746,0,0,0,0,0,0,0,0,0,0,0,0,0,'',0),(103747,9,11,0,0,0,0,0,0,0,0,0,0,0,'',0),(103748,0,0,0,0,0,0,0,0,0,0,0,0,0,'',0),(103749,0,0,0,0,0,0,0,0,0,0,0,0,0,'',0),(103750,9,11,0,0,0,0,0,0,0,0,0,0,0,'',0),(103751,0,0,0,0,0,0,0,0,0,0,0,0,0,'',0),(103752,9,11,0,0,0,0,0,0,0,0,0,0,0,'',0),(103753,0,0,0,0,0,0,0,0,0,0,0,0,0,'',0),(103754,0,0,0,0,0,0,0,0,0,0,0,0,0,'',0),(103755,0,0,0,0,0,0,0,0,0,0,0,0,0,'',0),(103756,0,0,0,0,0,0,0,0,0,0,0,0,0,'',0),(103757,9,11,0,0,0,0,0,0,0,0,0,0,0,'',0),(103758,9,11,0,0,0,0,0,0,0,0,0,0,0,'',0),(103759,9,11,0,0,0,0,0,0,0,0,0,0,0,'',0),(103760,9,11,0,0,0,0,0,0,0,0,0,0,0,'',0),(103761,0,0,0,0,0,0,0,0,0,0,0,0,0,'',0),(103762,9,11,0,0,0,0,0,0,0,0,0,0,0,'',0),(103763,7,1,0,0,0,0,0,0,0,0,0,0,0,'fr-fr',0),(103764,9,11,0,0,0,0,0,0,0,0,0,0,0,'',0),(103765,9,11,0,0,0,0,0,0,0,0,0,0,0,'',0),(103766,0,0,0,0,0,0,0,0,0,0,0,0,0,'',0),(103767,9,11,0,0,0,0,0,0,0,0,0,0,0,'',0),(103768,0,0,0,0,0,0,0,0,0,0,0,0,0,'',0),(103769,9,11,0,0,0,0,0,0,0,0,0,0,0,'',0),(103770,9,11,0,0,0,0,0,0,0,0,0,0,0,'',0),(103771,7,11,0,0,0,0,0,0,0,0,0,0,0,'fr',0),(103772,9,11,0,0,0,0,0,0,0,0,0,0,0,'',0),(103773,9,11,0,0,0,0,0,0,0,0,0,0,0,'',0),(103774,0,0,0,0,0,0,0,0,0,0,0,0,0,'',0),(103775,9,11,0,0,0,0,0,0,0,0,0,0,0,'',0),(103776,9,11,0,0,0,0,0,0,0,0,0,0,0,'',0),(103777,9,11,0,0,0,0,0,0,0,0,0,0,0,'',0),(103778,0,0,0,0,0,0,0,0,0,0,0,0,0,'',0),(103779,9,11,0,0,0,0,0,0,0,0,0,0,0,'',0),(103780,0,0,0,0,0,0,0,0,0,0,0,0,0,'',0),(103781,9,11,0,0,0,0,0,0,0,0,0,0,0,'',0),(103782,0,0,0,0,0,0,0,0,0,0,0,0,0,'',0),(103783,7,1,0,0,0,0,0,0,0,0,0,0,0,'fr-fr',0),(103784,0,0,0,0,0,0,0,0,0,0,0,0,0,'',0),(103785,0,0,0,0,0,0,0,0,0,0,0,0,0,'',0),(103786,9,11,0,0,0,0,0,0,0,0,0,0,0,'',0),(103787,6,3,0,0,0,0,0,0,0,0,0,0,0,'fr',0),(103788,6,3,0,0,0,0,0,0,0,0,0,0,0,'fr',0),(103789,6,3,0,0,0,0,0,0,0,0,0,0,0,'fr',0),(103790,6,3,0,0,0,0,0,0,0,0,0,0,0,'fr',0),(103791,6,3,0,0,0,0,0,0,0,0,0,0,0,'fr',0),(103792,6,3,0,0,0,0,0,0,0,0,0,0,0,'fr',0),(103793,6,3,0,0,0,0,0,0,0,0,0,0,0,'fr',0),(103794,6,3,0,0,0,0,0,0,0,0,0,0,0,'fr',0),(103795,6,3,0,0,0,0,0,0,0,0,0,0,0,'fr',0),(103796,6,3,0,0,0,0,0,0,0,0,0,0,0,'fr',0),(103797,9,11,0,0,0,0,0,0,0,0,0,0,0,'',0),(103798,0,0,0,0,0,0,0,0,0,0,0,0,0,'',0),(103799,6,11,0,0,0,0,0,0,0,0,0,0,0,'fr',0),(103800,0,0,0,0,0,0,0,0,0,0,0,0,0,'',0),(103801,0,0,0,0,0,0,0,0,0,0,0,0,0,'',0),(103802,7,3,0,0,0,0,0,0,0,0,0,0,0,'fr',0),(103803,7,3,0,0,0,0,0,0,0,0,0,0,0,'fr',0),(103804,7,3,0,0,0,0,0,0,0,0,0,0,0,'fr',0),(103805,7,3,0,0,0,0,0,0,0,0,0,0,0,'fr',0),(103806,7,3,0,0,0,0,0,0,0,0,0,0,0,'fr',0),(103807,7,3,0,0,0,0,0,0,0,0,0,0,0,'fr',0),(103808,7,3,0,0,0,0,0,0,0,0,0,0,0,'fr',0),(103809,7,3,0,0,0,0,0,0,0,0,0,0,0,'fr',0),(103810,7,3,0,0,0,0,0,0,0,0,0,0,0,'fr',0),(103811,7,3,0,0,0,0,0,0,0,0,0,0,0,'fr',0),(103812,7,3,0,0,0,0,0,0,0,0,0,0,0,'fr',0),(103813,7,3,0,0,0,0,0,0,0,0,0,0,0,'fr',0),(103814,9,11,0,0,0,0,0,0,0,0,0,0,0,'',0),(103815,0,0,0,0,0,0,0,0,0,0,0,0,0,'',0),(103816,6,11,0,0,0,0,0,0,0,0,0,0,0,'en',0),(103817,6,11,0,0,0,0,0,0,0,0,0,0,0,'en',0),(103818,8,3,0,0,0,0,0,0,0,0,0,0,0,'',0),(103819,9,11,0,0,0,0,0,0,0,0,0,0,0,'',0),(103820,3,11,0,0,0,0,0,0,0,0,0,0,0,'en',0),(103821,7,3,0,0,0,0,0,0,0,0,0,0,0,'fr',0),(103822,9,11,0,0,0,0,0,0,0,0,0,0,0,'',0),(103823,9,11,0,0,0,0,0,0,0,0,0,0,0,'',0),(103824,0,0,0,0,0,0,0,0,0,0,0,0,0,'en-us',0),(103825,0,0,0,0,0,0,0,0,0,0,0,0,0,'',0),(103826,9,11,0,0,0,0,0,0,0,0,0,0,0,'',0),(103827,7,3,0,0,0,0,0,0,0,0,0,0,0,'fr',0),(103828,7,3,0,0,0,0,0,0,0,0,0,0,0,'fr',0),(103829,7,3,0,0,0,0,0,0,0,0,0,0,0,'fr',0),(103830,7,3,0,0,0,0,0,0,0,0,0,0,0,'fr',0),(103831,7,3,0,0,0,0,0,0,0,0,0,0,0,'fr',0),(103832,7,3,0,0,0,0,0,0,0,0,0,0,0,'fr',0),(103833,7,3,0,0,0,0,0,0,0,0,0,0,0,'fr',0),(103834,7,3,0,0,0,0,0,0,0,0,0,0,0,'fr',0),(103835,7,3,0,0,0,0,0,0,0,0,0,0,0,'fr',0),(103836,7,3,0,0,0,0,0,0,0,0,0,0,0,'fr',0),(103837,0,0,0,0,0,0,0,0,0,0,0,0,0,'',0),(103838,0,0,0,0,0,0,0,0,0,0,0,0,0,'',0),(103839,0,0,0,0,0,0,0,0,0,0,0,0,0,'',0),(103840,0,0,0,0,0,0,0,0,0,0,0,0,0,'en-us',0),(103841,0,0,0,0,0,0,0,0,0,0,0,0,0,'en-us',0),(103842,0,0,0,0,0,0,0,0,0,0,0,0,0,'en-us',0),(103843,0,0,0,0,0,0,0,0,0,0,0,0,0,'en-us',0),(103844,9,11,0,0,0,0,0,0,0,0,0,0,0,'',0),(103845,7,11,0,0,0,0,0,0,0,0,0,0,0,'',0),(103846,0,0,0,0,0,0,0,0,0,0,0,0,0,'en-us',0),(103847,9,11,0,0,0,0,0,0,0,0,0,0,0,'',0),(103848,0,0,0,0,0,0,0,0,0,0,0,0,0,'en-us',0),(103849,9,11,0,0,0,0,0,0,0,0,0,0,0,'',0),(103850,0,0,0,0,0,0,0,0,0,0,0,0,0,'en-us',0),(103851,0,0,0,0,0,0,0,0,0,0,0,0,0,'en-us',0),(103852,0,0,0,0,0,0,0,0,0,0,0,0,0,'',0),(103853,0,0,0,0,0,0,0,0,0,0,0,0,0,'',0),(103854,0,0,0,0,0,0,0,0,0,0,0,0,0,'',0),(103855,0,0,0,0,0,0,0,0,0,0,0,0,0,'',0),(103856,0,0,0,0,0,0,0,0,0,0,0,0,0,'',0),(103857,0,0,0,0,0,0,0,0,0,0,0,0,0,'',0),(103858,0,0,0,0,0,0,0,0,0,0,0,0,0,'',0),(103859,0,0,0,0,0,0,0,0,0,0,0,0,0,'',0),(103860,0,0,0,0,0,0,0,0,0,0,0,0,0,'',0),(103861,0,0,0,0,0,0,0,0,0,0,0,0,0,'',0),(103862,0,0,0,0,0,0,0,0,0,0,0,0,0,'',0),(103863,0,0,0,0,0,0,0,0,0,0,0,0,0,'',0),(103864,0,0,0,0,0,0,0,0,0,0,0,0,0,'',0),(103865,0,0,0,0,0,0,0,0,0,0,0,0,0,'',0),(103866,0,0,0,0,0,0,0,0,0,0,0,0,0,'',0),(103867,3,11,0,0,0,0,0,0,0,0,0,0,0,'en',0),(103868,6,11,6361,0,0,0,0,0,0,0,0,0,0,'fr',0),(103869,9,11,0,0,0,0,0,0,0,0,0,0,0,'',0),(103870,0,0,0,0,0,0,0,0,0,0,0,0,0,'',0),(103871,9,11,0,0,0,0,0,0,0,0,0,0,0,'',0),(103872,0,0,0,0,0,0,0,0,0,0,0,0,0,'',0),(103873,0,0,0,0,0,0,0,0,0,0,0,0,0,'en-us',0),(103874,9,11,0,0,0,0,0,0,0,0,0,0,0,'',0),(103875,0,0,0,0,0,0,0,0,0,0,0,0,0,'en-us',0),(103876,0,0,0,0,0,0,0,0,0,0,0,0,0,'',0),(103877,0,0,0,0,0,0,0,0,0,0,0,0,0,'',0),(103878,0,0,0,0,0,0,0,0,0,0,0,0,0,'',0),(103879,0,0,0,0,0,0,0,0,0,0,0,0,0,'',0),(103880,0,0,0,0,0,0,0,0,0,0,0,0,0,'en-us',0),(103881,9,11,0,0,0,0,0,0,0,0,0,0,0,'',0),(103882,7,3,0,0,0,0,0,0,0,0,0,0,0,'fr',0),(103883,7,3,0,0,0,0,0,0,0,0,0,0,0,'fr',0),(103884,7,3,0,0,0,0,0,0,0,0,0,0,0,'fr',0),(103885,7,3,0,0,0,0,0,0,0,0,0,0,0,'fr',0),(103886,7,3,0,0,0,0,0,0,0,0,0,0,0,'fr',0),(103887,7,3,0,0,0,0,0,0,0,0,0,0,0,'fr',0),(103888,7,3,0,0,0,0,0,0,0,0,0,0,0,'fr',0),(103889,7,3,0,0,0,0,0,0,0,0,0,0,0,'fr',0),(103890,7,3,0,0,0,0,0,0,0,0,0,0,0,'fr',0),(103891,7,3,0,0,0,0,0,0,0,0,0,0,0,'fr',0),(103892,7,3,0,0,0,0,0,0,0,0,0,0,0,'fr',0),(103893,8,11,0,0,0,0,0,0,0,0,0,0,0,'',0),(103894,9,11,0,0,0,0,0,0,0,0,0,0,0,'',0),(103895,9,11,0,0,0,0,0,0,0,0,0,0,0,'',0),(103896,0,0,0,0,0,0,0,0,0,0,0,0,0,'',0),(103897,0,0,0,0,0,0,0,0,0,0,0,0,0,'',0),(103898,9,11,0,0,0,0,0,0,0,0,0,0,0,'',0),(103899,0,0,0,0,0,0,0,0,0,0,0,0,0,'',0),(103900,9,11,0,0,0,0,0,0,0,0,0,0,0,'',0),(103901,0,0,0,0,0,0,0,0,0,0,0,0,0,'',0),(103902,9,11,0,0,0,0,0,0,0,0,0,0,0,'',0),(103903,9,11,0,0,0,0,0,0,0,0,0,0,0,'',0),(103904,0,0,0,0,0,0,0,0,0,0,0,0,0,'',0),(103905,9,11,0,0,0,0,0,0,0,0,0,0,0,'',0),(103906,0,0,0,0,0,0,0,0,0,0,0,0,0,'',0),(103907,0,0,0,0,0,0,0,0,0,0,0,0,0,'en-us',0),(103908,0,0,0,0,0,0,0,0,0,0,0,0,0,'en-us',0),(103909,9,11,0,0,0,0,0,0,0,0,0,0,0,'',0),(103910,0,0,0,0,0,0,0,0,0,0,0,0,0,'en-us',0),(103912,0,0,0,0,0,0,0,0,0,0,0,0,0,'',0),(103913,3,11,0,0,0,0,0,0,0,0,0,0,0,'',0),(103914,9,11,0,0,0,0,0,0,0,0,0,0,0,'',0),(103915,0,0,0,0,0,0,0,0,0,0,0,0,0,'',0),(103916,0,0,0,0,0,0,0,0,0,0,0,0,0,'',0),(103917,0,0,0,0,0,0,0,0,0,0,0,0,0,'',0),(103918,0,0,0,0,0,0,0,0,0,0,0,0,0,'en-us',0),(103919,0,0,0,0,0,0,0,0,0,0,0,0,0,'',0),(103920,0,0,0,0,0,0,0,0,0,0,0,0,0,'',0),(103921,0,0,0,0,0,0,0,0,0,0,0,0,0,'en-us',0),(103922,9,11,0,0,0,0,0,0,0,0,0,0,0,'fr',0),(103923,0,0,0,0,0,0,0,0,0,0,0,0,0,'',0),(103924,0,0,0,0,0,0,0,0,0,0,0,0,0,'',0),(103925,0,0,0,0,0,0,0,0,0,0,0,0,0,'',0),(103926,9,11,0,0,0,0,0,0,0,0,0,0,0,'',0),(103927,0,0,0,0,0,0,0,0,0,0,0,0,0,'en-us',0),(103928,0,0,0,0,0,0,0,0,0,0,0,0,0,'en-us',0),(103929,0,0,0,0,0,0,0,0,0,0,0,0,0,'en-us',0),(103930,9,11,0,0,0,0,0,0,0,0,0,0,0,'',0),(103931,0,0,0,0,0,0,0,0,0,0,0,0,0,'',0),(103932,9,11,0,0,0,0,0,0,0,0,0,0,0,'',0),(103933,7,1,0,0,0,0,0,0,0,0,0,0,0,'fr-fr',0),(103934,0,0,0,0,0,0,0,0,0,0,0,0,0,'en-us',0),(103935,0,0,0,0,0,0,0,0,0,0,0,0,0,'en-us',0),(103936,0,0,0,0,0,0,0,0,0,0,0,0,0,'en-us',0),(103937,0,0,0,0,0,0,0,0,0,0,0,0,0,'en-us',0),(103938,7,1,0,0,0,0,0,0,0,0,0,0,0,'fr-fr',0),(103939,8,3,0,0,0,0,0,0,0,0,0,0,0,'',0),(103940,0,0,0,0,0,0,0,0,0,0,0,0,0,'',0),(103941,0,0,0,0,0,0,0,0,0,0,0,0,0,'',0),(103942,0,0,0,0,0,0,0,0,0,0,0,0,0,'',0),(103943,0,0,0,0,0,0,0,0,0,0,0,0,0,'',0),(103944,0,0,0,0,0,0,0,0,0,0,0,0,0,'',0),(103945,0,0,0,0,0,0,0,0,0,0,0,0,0,'',0),(103946,0,0,0,0,0,0,0,0,0,0,0,0,0,'',0),(103947,0,0,0,0,0,0,0,0,0,0,0,0,0,'',0),(103948,0,0,0,0,0,0,0,0,0,0,0,0,0,'',0),(103949,0,0,0,0,0,0,0,0,0,0,0,0,0,'',0),(103950,0,0,0,0,0,0,0,0,0,0,0,0,0,'',0),(103951,0,0,0,0,0,0,0,0,0,0,0,0,0,'',0),(103952,0,0,0,0,0,0,0,0,0,0,0,0,0,'',0),(103953,0,0,0,0,0,0,0,0,0,0,0,0,0,'',0),(103954,0,0,0,0,0,0,0,0,0,0,0,0,0,'',0),(103955,0,0,0,0,0,0,0,0,0,0,0,0,0,'',0),(103956,0,0,0,0,0,0,0,0,0,0,0,0,0,'',0),(103957,0,0,0,0,0,0,0,0,0,0,0,0,0,'',0),(103958,0,0,0,0,0,0,0,0,0,0,0,0,0,'',0),(103959,0,0,0,0,0,0,0,0,0,0,0,0,0,'',0),(103960,0,0,0,0,0,0,0,0,0,0,0,0,0,'',0),(103961,0,0,0,0,0,0,0,0,0,0,0,0,0,'',0),(103962,0,0,0,0,0,0,0,0,0,0,0,0,0,'',0),(103963,0,0,0,0,0,0,0,0,0,0,0,0,0,'',0),(103964,0,0,0,0,0,0,0,0,0,0,0,0,0,'',0),(103965,0,0,0,0,0,0,0,0,0,0,0,0,0,'',0),(103966,0,0,0,0,0,0,0,0,0,0,0,0,0,'',0),(103967,0,0,0,0,0,0,0,0,0,0,0,0,0,'',0),(103968,0,0,0,0,0,0,0,0,0,0,0,0,0,'',0),(103969,0,0,0,0,0,0,0,0,0,0,0,0,0,'',0),(103970,0,0,0,0,0,0,0,0,0,0,0,0,0,'',0),(103971,0,0,0,0,0,0,0,0,0,0,0,0,0,'',0),(103972,0,0,0,0,0,0,0,0,0,0,0,0,0,'',0),(103973,0,0,0,0,0,0,0,0,0,0,0,0,0,'',0),(103974,0,0,0,0,0,0,0,0,0,0,0,0,0,'',0),(103975,0,0,0,0,0,0,0,0,0,0,0,0,0,'',0),(103976,0,0,0,0,0,0,0,0,0,0,0,0,0,'',0),(103977,0,0,0,0,0,0,0,0,0,0,0,0,0,'',0),(103978,0,0,0,0,0,0,0,0,0,0,0,0,0,'',0),(103979,0,0,0,0,0,0,0,0,0,0,0,0,0,'',0),(103980,0,0,0,0,0,0,0,0,0,0,0,0,0,'',0),(103981,0,0,0,0,0,0,0,0,0,0,0,0,0,'',0),(103982,9,11,0,0,0,0,0,0,0,0,0,0,0,'',0),(103983,0,0,0,0,0,0,0,0,0,0,0,0,0,'en-us',0),(103984,0,0,0,0,0,0,0,0,0,0,0,0,0,'en-us',0),(103985,9,11,0,0,0,0,0,0,0,0,0,0,0,'',0),(103986,0,0,0,0,0,0,0,0,0,0,0,0,0,'',0),(103987,0,0,0,0,0,0,0,0,0,0,0,0,0,'',0),(103988,0,0,0,0,0,0,0,0,0,0,0,0,0,'',0),(103989,0,0,0,0,0,0,0,0,0,0,0,0,0,'',0),(103990,0,0,0,0,0,0,0,0,0,0,0,0,0,'en-us',0),(103991,0,0,0,0,0,0,0,0,0,0,0,0,0,'',0),(103992,0,0,0,0,0,0,0,0,0,0,0,0,0,'en-us',0),(103993,0,0,0,0,0,0,0,0,0,0,0,0,0,'en-us',0),(103994,0,0,0,0,0,0,0,0,0,0,0,0,0,'',0),(103995,9,11,0,0,0,0,0,0,0,0,0,0,0,'',0),(103996,0,0,0,0,0,0,0,0,0,0,0,0,0,'',0),(103997,9,11,0,0,0,0,0,0,0,0,0,0,0,'fr',0),(103998,0,0,0,0,0,0,0,0,0,0,0,0,0,'',0),(103999,9,11,0,0,0,0,0,0,0,0,0,0,0,'',0),(104000,9,11,0,0,0,0,0,0,0,0,0,0,0,'',0),(104001,9,11,0,0,0,0,0,0,0,0,0,0,0,'',0),(104002,0,0,0,0,0,0,0,0,0,0,0,0,0,'',0),(104003,0,0,0,0,0,0,0,0,0,0,0,0,0,'en-us',0),(104004,0,0,0,0,0,0,0,0,0,0,0,0,0,'en-us',0),(104005,0,0,0,0,0,0,0,0,0,0,0,0,0,'en-us',0),(104006,7,1,0,0,0,0,0,0,0,0,0,0,0,'fr-fr',0),(104007,0,0,0,0,0,0,0,0,0,0,0,0,0,'en-us',0),(104008,9,11,0,0,0,0,0,0,0,0,0,0,0,'',0),(104009,0,0,0,0,0,0,0,0,0,0,0,0,0,'en-us',0),(104010,0,0,0,0,0,0,0,0,0,0,0,0,0,'',0),(104011,9,11,0,0,0,0,0,0,0,0,0,0,0,'',0),(104012,9,11,0,0,0,0,0,0,0,0,0,0,0,'',0),(104013,7,11,0,0,0,0,0,0,0,0,0,0,0,'fr',0),(104014,9,11,0,0,0,0,0,0,0,0,0,0,0,'',0),(104015,0,0,0,0,0,0,0,0,0,0,0,0,0,'en-us',0),(104016,0,0,0,0,0,0,0,0,0,0,0,0,0,'en-us',0),(104017,9,11,0,0,0,0,0,0,0,0,0,0,0,'',0),(104018,0,0,0,0,0,0,0,0,0,0,0,0,0,'en-us',0),(104019,0,0,0,0,0,0,0,0,0,0,0,0,0,'en-us',0),(104020,9,11,0,0,0,0,0,0,0,0,0,0,0,'',0),(104021,0,0,0,0,0,0,0,0,0,0,0,0,0,'',0),(104022,0,0,0,0,0,0,0,0,0,0,0,0,0,'en-us',0),(104023,9,11,0,0,0,0,0,0,0,0,0,0,0,'',0),(104024,7,1,0,0,0,0,0,0,0,0,0,0,0,'en-au',0),(104025,9,11,0,0,0,0,0,0,0,0,0,0,0,'',0),(104026,0,0,0,0,0,0,0,0,0,0,0,0,0,'',0),(104027,0,0,0,0,0,0,0,0,0,0,0,0,0,'',0),(104028,0,0,0,0,0,0,0,0,0,0,0,0,0,'',0),(104029,0,0,0,0,0,0,0,0,0,0,0,0,0,'',0),(104030,9,11,0,0,0,0,0,0,0,0,0,0,0,'fr',0),(104031,0,0,0,0,0,0,0,0,0,0,0,0,0,'',0),(104032,9,11,0,0,0,0,0,0,0,0,0,0,0,'',0),(104033,0,0,0,0,0,0,0,0,0,0,0,0,0,'',0),(104034,9,11,0,0,0,0,0,0,0,0,0,0,0,'',0),(104035,9,11,0,0,0,0,0,0,0,0,0,0,0,'',0),(104036,9,11,0,0,0,0,0,0,0,0,0,0,0,'',0),(104037,0,0,0,0,0,0,0,0,0,0,0,0,0,'',0),(104038,9,11,0,0,0,0,0,0,0,0,0,0,0,'',0),(104039,9,11,0,0,0,0,0,0,0,0,0,0,0,'',0),(104040,7,3,0,0,0,0,0,0,0,0,0,0,0,'en',0),(104041,0,0,0,0,0,0,0,0,0,0,0,0,0,'',0),(104042,0,0,0,0,0,0,0,0,0,0,0,0,0,'',0),(104043,9,11,0,0,0,0,0,0,0,0,0,0,0,'',0),(104044,0,0,0,0,0,0,0,0,0,0,0,0,0,'',0),(104045,9,11,0,0,0,0,0,0,0,0,0,0,0,'',0),(104046,0,0,0,0,0,0,0,0,0,0,0,0,0,'',0),(104047,0,0,0,0,0,0,0,0,0,0,0,0,0,'',0),(104048,3,11,0,0,0,0,0,0,0,0,0,0,0,'',0),(104049,0,0,0,0,0,0,0,0,0,0,0,0,0,'',0),(104050,9,11,0,0,0,0,0,0,0,0,0,0,0,'',0),(104051,0,0,0,0,0,0,0,0,0,0,0,0,0,'',0),(104052,0,0,0,0,0,0,0,0,0,0,0,0,0,'',0),(104053,9,11,0,0,0,0,0,0,0,0,0,0,0,'',0),(104054,9,11,0,0,0,0,0,0,0,0,0,0,0,'',0),(104055,0,0,0,0,0,0,0,0,0,0,0,0,0,'',0),(104056,0,0,0,0,0,0,0,0,0,0,0,0,0,'',0),(104057,7,11,0,0,0,0,0,0,0,0,0,0,0,'',0),(104058,0,0,0,0,0,0,0,0,0,0,0,0,0,'',0),(104059,3,11,0,0,0,0,0,0,0,0,0,0,0,'',0),(104060,3,11,0,0,0,0,0,0,0,0,0,0,0,'',0),(104061,9,11,0,0,0,0,0,0,0,0,0,0,0,'',0),(104062,9,11,0,0,0,0,0,0,0,0,0,0,0,'',0),(104063,0,0,0,0,0,0,0,0,0,0,0,0,0,'',0),(104064,7,1,0,0,0,0,0,0,0,0,0,0,0,'fr-fr',0),(104065,9,11,0,0,0,0,0,0,0,0,0,0,0,'',0),(104066,9,11,0,0,0,0,0,0,0,0,0,0,0,'',0),(104067,0,0,0,0,0,0,0,0,0,0,0,0,0,'',0),(104068,9,11,0,0,0,0,0,0,0,0,0,0,0,'',0),(104069,9,11,0,0,0,0,0,0,0,0,0,0,0,'',0),(104070,0,0,0,0,0,0,0,0,0,0,0,0,0,'',0),(104071,0,0,0,0,0,0,0,0,0,0,0,0,0,'',0),(104072,9,11,0,0,0,0,0,0,0,0,0,0,0,'',0),(104073,0,0,0,0,0,0,0,0,0,0,0,0,0,'',0),(104074,0,0,0,0,0,0,0,0,0,0,0,0,0,'',0),(104075,0,0,0,0,0,0,0,0,0,0,0,0,0,'',0),(104076,0,0,0,0,0,0,0,0,0,0,0,0,0,'',0),(104077,0,0,0,0,0,0,0,0,0,0,0,0,0,'',0),(104078,0,0,0,0,0,0,0,0,0,0,0,0,0,'',0),(104079,7,11,0,0,0,0,0,0,0,0,0,0,0,'',0),(104080,9,11,0,0,0,0,0,0,0,0,0,0,0,'',0),(104081,0,0,0,0,0,0,0,0,0,0,0,0,0,'',0),(104082,0,0,0,0,0,0,0,0,0,0,0,0,0,'',0),(104083,0,0,0,0,0,0,0,0,0,0,0,0,0,'',0),(104084,0,0,0,0,0,0,0,0,0,0,0,0,0,'',0),(104085,0,0,0,0,0,0,0,0,0,0,0,0,0,'',0),(104086,0,0,0,0,0,0,0,0,0,0,0,0,0,'',0),(104087,9,11,0,0,0,0,0,0,0,0,0,0,0,'',0),(104088,0,0,0,0,0,0,0,0,0,0,0,0,0,'',0),(104089,3,3,0,0,0,0,0,0,0,0,0,0,0,'',0),(104090,9,11,0,0,0,0,0,0,0,0,0,0,0,'',0),(104091,0,0,0,0,0,0,0,0,0,0,0,0,0,'',0),(104092,9,11,0,0,0,0,0,0,0,0,0,0,0,'',0),(104093,0,0,0,0,0,0,0,0,0,0,0,0,0,'',0),(104094,0,0,0,0,0,0,0,0,0,0,0,0,0,'',0),(104095,9,11,0,0,0,0,0,0,0,0,0,0,0,'',0),(104096,0,0,0,0,0,0,0,0,0,0,0,0,0,'',0),(104097,9,11,0,0,0,0,0,0,0,0,0,0,0,'',0),(104098,0,0,0,0,0,0,0,0,0,0,0,0,0,'',0),(104099,0,0,0,0,0,0,0,0,0,0,0,0,0,'',0),(104100,0,0,0,0,0,0,0,0,0,0,0,0,0,'',0),(104101,9,11,0,0,0,0,0,0,0,0,0,0,0,'',0),(104102,9,11,0,0,0,0,0,0,0,0,0,0,0,'',0),(104103,0,0,0,0,0,0,0,0,0,0,0,0,0,'',0),(104104,9,11,0,0,0,0,0,0,0,0,0,0,0,'',0),(104105,0,0,0,0,0,0,0,0,0,0,0,0,0,'',0),(104106,0,0,0,0,0,0,0,0,0,0,0,0,0,'',0),(104107,9,11,0,0,0,0,0,0,0,0,0,0,0,'',0),(104108,3,3,0,0,0,0,0,0,0,0,0,0,0,'en',0),(104109,0,0,0,0,0,0,0,0,0,0,0,0,0,'',0),(104110,9,11,0,0,0,0,0,0,0,0,0,0,0,'',0),(104111,0,0,0,0,0,0,0,0,0,0,0,0,0,'',0),(104112,9,11,0,0,0,0,0,0,0,0,0,0,0,'',0),(104113,3,3,0,0,0,0,0,0,0,0,0,0,0,'en',0),(104114,0,0,0,0,0,0,0,0,0,0,0,0,0,'ru',0),(104115,0,0,0,0,0,0,0,0,0,0,0,0,0,'',0),(104116,9,11,0,0,0,0,0,0,0,0,0,0,0,'',0),(104117,0,0,0,0,0,0,0,0,0,0,0,0,0,'',0),(104118,0,0,0,0,0,0,0,0,0,0,0,0,0,'',0),(104119,0,0,0,0,0,0,0,0,0,0,0,0,0,'',0),(104120,8,3,0,0,0,0,0,0,0,0,0,0,0,'',0),(104121,9,11,0,0,0,0,0,0,0,0,0,0,0,'',0),(104122,9,11,0,0,0,0,0,0,0,0,0,0,0,'',0),(104123,3,3,0,0,0,0,0,0,0,0,0,0,0,'fr',0),(104124,9,11,0,0,0,0,0,0,0,0,0,0,0,'',0),(104125,9,11,0,0,0,0,0,0,0,0,0,0,0,'',0),(104126,7,11,0,0,0,0,0,0,0,0,0,0,0,'',0),(104127,9,11,0,0,0,0,0,0,0,0,0,0,0,'',0),(104128,0,0,0,0,0,0,0,0,0,0,0,0,0,'',0),(104129,0,0,0,0,0,0,0,0,0,0,0,0,0,'',0),(104130,0,0,0,0,0,0,0,0,0,0,0,0,0,'',0),(104131,0,0,0,0,0,0,0,0,0,0,0,0,0,'',0),(104132,0,0,0,0,0,0,0,0,0,0,0,0,0,'',0),(104133,9,11,0,0,0,0,0,0,0,0,0,0,0,'',0),(104134,9,11,0,0,0,0,0,0,0,0,0,0,0,'',0),(104135,9,11,0,0,0,0,0,0,0,0,0,0,0,'',0),(104136,9,11,0,0,0,0,0,0,0,0,0,0,0,'',0),(104137,0,0,0,0,0,0,0,0,0,0,0,0,0,'',0),(104138,0,0,0,0,0,0,0,0,0,0,0,0,0,'',0),(104139,9,11,0,0,0,0,0,0,0,0,0,0,0,'',0),(104140,0,0,0,0,0,0,0,0,0,0,0,0,0,'',0),(104141,0,0,0,0,0,0,0,0,0,0,0,0,0,'',0),(104142,6,11,0,0,0,0,0,0,0,0,0,0,0,'',0),(104143,6,11,0,0,0,0,0,0,0,0,0,0,0,'',0),(104144,6,11,0,0,0,0,0,0,0,0,0,0,0,'',0),(104145,6,11,0,0,0,0,0,0,0,0,0,0,0,'',0),(104146,6,11,0,0,0,0,0,0,0,0,0,0,0,'',0),(104147,6,11,0,0,0,0,0,0,0,0,0,0,0,'',0),(104148,6,11,0,0,0,0,0,0,0,0,0,0,0,'',0),(104149,6,11,0,0,0,0,0,0,0,0,0,0,0,'',0),(104150,6,11,0,0,0,0,0,0,0,0,0,0,0,'',0),(104151,6,11,0,0,0,0,0,0,0,0,0,0,0,'',0),(104152,6,11,0,0,0,0,0,0,0,0,0,0,0,'',0),(104153,6,11,0,0,0,0,0,0,0,0,0,0,0,'',0),(104154,6,11,0,0,0,0,0,0,0,0,0,0,0,'',0),(104155,6,11,0,0,0,0,0,0,0,0,0,0,0,'',0),(104156,6,11,0,0,0,0,0,0,0,0,0,0,0,'',0),(104157,6,11,0,0,0,0,0,0,0,0,0,0,0,'',0),(104158,6,11,0,0,0,0,0,0,0,0,0,0,0,'',0),(104159,6,11,0,0,0,0,0,0,0,0,0,0,0,'',0),(104160,6,11,0,0,0,0,0,0,0,0,0,0,0,'',0),(104161,6,11,0,0,0,0,0,0,0,0,0,0,0,'',0),(104162,6,11,0,0,0,0,0,0,0,0,0,0,0,'',0),(104163,6,11,0,0,0,0,0,0,0,0,0,0,0,'',0),(104164,6,11,0,0,0,0,0,0,0,0,0,0,0,'',0),(104165,6,11,0,0,0,0,0,0,0,0,0,0,0,'',0),(104166,6,11,0,0,0,0,0,0,0,0,0,0,0,'',0),(104167,6,11,0,0,0,0,0,0,0,0,0,0,0,'',0),(104168,6,11,0,0,0,0,0,0,0,0,0,0,0,'',0),(104169,6,11,0,0,0,0,0,0,0,0,0,0,0,'',0),(104170,6,11,0,0,0,0,0,0,0,0,0,0,0,'',0),(104171,6,11,0,0,0,0,0,0,0,0,0,0,0,'',0),(104172,6,11,0,0,0,0,0,0,0,0,0,0,0,'',0),(104173,6,11,0,0,0,0,0,0,0,0,0,0,0,'',0),(104174,6,11,0,0,0,0,0,0,0,0,0,0,0,'',0),(104175,6,11,0,0,0,0,0,0,0,0,0,0,0,'',0),(104176,6,11,0,0,0,0,0,0,0,0,0,0,0,'',0),(104177,6,11,0,0,0,0,0,0,0,0,0,0,0,'',0),(104178,6,11,0,0,0,0,0,0,0,0,0,0,0,'',0),(104179,6,11,0,0,0,0,0,0,0,0,0,0,0,'',0),(104180,6,11,0,0,0,0,0,0,0,0,0,0,0,'',0),(104181,6,11,0,0,0,0,0,0,0,0,0,0,0,'',0),(104182,6,11,0,0,0,0,0,0,0,0,0,0,0,'',0),(104183,6,11,0,0,0,0,0,0,0,0,0,0,0,'',0),(104184,6,11,0,0,0,0,0,0,0,0,0,0,0,'',0),(104185,6,11,0,0,0,0,0,0,0,0,0,0,0,'',0),(104186,6,11,0,0,0,0,0,0,0,0,0,0,0,'',0),(104187,6,11,0,0,0,0,0,0,0,0,0,0,0,'',0),(104188,6,11,0,0,0,0,0,0,0,0,0,0,0,'',0),(104189,6,11,0,0,0,0,0,0,0,0,0,0,0,'',0),(104190,6,11,0,0,0,0,0,0,0,0,0,0,0,'',0),(104191,6,11,0,0,0,0,0,0,0,0,0,0,0,'',0),(104192,6,11,0,0,0,0,0,0,0,0,0,0,0,'',0),(104193,6,11,0,0,0,0,0,0,0,0,0,0,0,'',0),(104194,6,11,0,0,0,0,0,0,0,0,0,0,0,'',0),(104195,6,11,0,0,0,0,0,0,0,0,0,0,0,'',0),(104196,6,11,0,0,0,0,0,0,0,0,0,0,0,'',0),(104197,6,11,0,0,0,0,0,0,0,0,0,0,0,'',0),(104198,6,11,0,0,0,0,0,0,0,0,0,0,0,'',0),(104199,6,11,0,0,0,0,0,0,0,0,0,0,0,'',0),(104200,6,11,0,0,0,0,0,0,0,0,0,0,0,'',0),(104201,6,11,0,0,0,0,0,0,0,0,0,0,0,'',0),(104202,6,11,0,0,0,0,0,0,0,0,0,0,0,'',0),(104203,6,11,0,0,0,0,0,0,0,0,0,0,0,'',0),(104204,6,11,0,0,0,0,0,0,0,0,0,0,0,'',0),(104205,6,11,0,0,0,0,0,0,0,0,0,0,0,'',0),(104206,6,11,0,0,0,0,0,0,0,0,0,0,0,'',0),(104207,6,11,0,0,0,0,0,0,0,0,0,0,0,'',0),(104208,6,11,0,0,0,0,0,0,0,0,0,0,0,'',0),(104209,6,11,0,0,0,0,0,0,0,0,0,0,0,'',0),(104210,6,11,0,0,0,0,0,0,0,0,0,0,0,'',0),(104211,6,11,0,0,0,0,0,0,0,0,0,0,0,'',0),(104212,6,11,0,0,0,0,0,0,0,0,0,0,0,'',0),(104213,6,11,0,0,0,0,0,0,0,0,0,0,0,'',0),(104214,6,11,0,0,0,0,0,0,0,0,0,0,0,'',0),(104215,6,11,0,0,0,0,0,0,0,0,0,0,0,'',0),(104216,6,11,0,0,0,0,0,0,0,0,0,0,0,'',0),(104217,6,11,0,0,0,0,0,0,0,0,0,0,0,'',0),(104218,6,11,0,0,0,0,0,0,0,0,0,0,0,'',0),(104219,6,11,0,0,0,0,0,0,0,0,0,0,0,'',0),(104220,6,11,0,0,0,0,0,0,0,0,0,0,0,'',0),(104221,6,11,0,0,0,0,0,0,0,0,0,0,0,'',0),(104222,6,11,0,0,0,0,0,0,0,0,0,0,0,'',0),(104223,6,11,0,0,0,0,0,0,0,0,0,0,0,'',0),(104224,6,11,0,0,0,0,0,0,0,0,0,0,0,'',0),(104225,6,11,0,0,0,0,0,0,0,0,0,0,0,'',0),(104226,6,11,0,0,0,0,0,0,0,0,0,0,0,'',0),(104227,6,11,0,0,0,0,0,0,0,0,0,0,0,'',0),(104228,6,11,0,0,0,0,0,0,0,0,0,0,0,'',0),(104229,6,11,0,0,0,0,0,0,0,0,0,0,0,'',0),(104230,6,11,0,0,0,0,0,0,0,0,0,0,0,'',0),(104231,6,11,0,0,0,0,0,0,0,0,0,0,0,'',0),(104232,6,11,0,0,0,0,0,0,0,0,0,0,0,'',0),(104233,6,11,0,0,0,0,0,0,0,0,0,0,0,'',0),(104234,6,11,0,0,0,0,0,0,0,0,0,0,0,'',0),(104235,6,11,0,0,0,0,0,0,0,0,0,0,0,'',0),(104236,6,11,0,0,0,0,0,0,0,0,0,0,0,'',0),(104237,6,11,0,0,0,0,0,0,0,0,0,0,0,'',0),(104238,6,11,0,0,0,0,0,0,0,0,0,0,0,'',0),(104239,6,11,0,0,0,0,0,0,0,0,0,0,0,'',0),(104240,6,11,0,0,0,0,0,0,0,0,0,0,0,'',0),(104241,6,11,0,0,0,0,0,0,0,0,0,0,0,'',0),(104242,6,11,0,0,0,0,0,0,0,0,0,0,0,'',0),(104243,6,11,0,0,0,0,0,0,0,0,0,0,0,'',0),(104244,6,11,0,0,0,0,0,0,0,0,0,0,0,'',0),(104245,6,11,0,0,0,0,0,0,0,0,0,0,0,'',0),(104246,6,11,0,0,0,0,0,0,0,0,0,0,0,'',0),(104247,6,11,0,0,0,0,0,0,0,0,0,0,0,'',0),(104248,6,11,0,0,0,0,0,0,0,0,0,0,0,'',0),(104249,6,11,0,0,0,0,0,0,0,0,0,0,0,'',0),(104250,6,11,0,0,0,0,0,0,0,0,0,0,0,'',0),(104251,6,11,0,0,0,0,0,0,0,0,0,0,0,'',0),(104252,6,11,0,0,0,0,0,0,0,0,0,0,0,'',0),(104253,6,11,0,0,0,0,0,0,0,0,0,0,0,'',0),(104254,6,11,0,0,0,0,0,0,0,0,0,0,0,'',0),(104255,6,11,0,0,0,0,0,0,0,0,0,0,0,'',0),(104256,6,11,0,0,0,0,0,0,0,0,0,0,0,'',0),(104257,6,11,0,0,0,0,0,0,0,0,0,0,0,'',0),(104258,6,11,0,0,0,0,0,0,0,0,0,0,0,'',0),(104259,6,11,0,0,0,0,0,0,0,0,0,0,0,'',0),(104260,6,11,0,0,0,0,0,0,0,0,0,0,0,'',0),(104261,6,11,0,0,0,0,0,0,0,0,0,0,0,'',0),(104262,6,11,0,0,0,0,0,0,0,0,0,0,0,'',0),(104263,6,11,0,0,0,0,0,0,0,0,0,0,0,'',0),(104264,6,11,0,0,0,0,0,0,0,0,0,0,0,'',0),(104265,6,11,0,0,0,0,0,0,0,0,0,0,0,'',0),(104266,6,11,0,0,0,0,0,0,0,0,0,0,0,'',0),(104267,6,11,0,0,0,0,0,0,0,0,0,0,0,'',0),(104268,6,11,0,0,0,0,0,0,0,0,0,0,0,'',0),(104269,6,11,0,0,0,0,0,0,0,0,0,0,0,'',0),(104270,6,11,0,0,0,0,0,0,0,0,0,0,0,'',0),(104271,6,11,0,0,0,0,0,0,0,0,0,0,0,'',0),(104272,6,11,0,0,0,0,0,0,0,0,0,0,0,'',0),(104273,6,11,0,0,0,0,0,0,0,0,0,0,0,'',0),(104274,6,11,0,0,0,0,0,0,0,0,0,0,0,'',0),(104275,6,11,0,0,0,0,0,0,0,0,0,0,0,'',0),(104276,6,11,0,0,0,0,0,0,0,0,0,0,0,'',0),(104277,6,11,0,0,0,0,0,0,0,0,0,0,0,'',0),(104278,6,11,0,0,0,0,0,0,0,0,0,0,0,'',0),(104279,6,11,0,0,0,0,0,0,0,0,0,0,0,'',0),(104280,6,11,0,0,0,0,0,0,0,0,0,0,0,'',0),(104281,6,11,0,0,0,0,0,0,0,0,0,0,0,'',0),(104282,6,11,0,0,0,0,0,0,0,0,0,0,0,'',0),(104283,6,11,0,0,0,0,0,0,0,0,0,0,0,'',0),(104284,6,11,0,0,0,0,0,0,0,0,0,0,0,'',0),(104285,6,11,0,0,0,0,0,0,0,0,0,0,0,'',0),(104286,6,11,0,0,0,0,0,0,0,0,0,0,0,'',0),(104287,6,11,0,0,0,0,0,0,0,0,0,0,0,'',0),(104288,6,11,0,0,0,0,0,0,0,0,0,0,0,'',0),(104289,6,11,0,0,0,0,0,0,0,0,0,0,0,'',0),(104290,6,11,0,0,0,0,0,0,0,0,0,0,0,'',0),(104291,6,11,0,0,0,0,0,0,0,0,0,0,0,'',0),(104292,6,11,0,0,0,0,0,0,0,0,0,0,0,'',0),(104293,6,11,0,0,0,0,0,0,0,0,0,0,0,'',0),(104294,6,11,0,0,0,0,0,0,0,0,0,0,0,'',0),(104295,6,11,0,0,0,0,0,0,0,0,0,0,0,'',0),(104296,6,11,0,0,0,0,0,0,0,0,0,0,0,'',0),(104297,6,11,0,0,0,0,0,0,0,0,0,0,0,'',0),(104298,6,11,0,0,0,0,0,0,0,0,0,0,0,'',0),(104299,6,11,0,0,0,0,0,0,0,0,0,0,0,'',0),(104300,6,11,0,0,0,0,0,0,0,0,0,0,0,'',0),(104301,6,11,0,0,0,0,0,0,0,0,0,0,0,'',0),(104302,6,11,0,0,0,0,0,0,0,0,0,0,0,'',0),(104303,6,11,0,0,0,0,0,0,0,0,0,0,0,'',0),(104304,6,11,0,0,0,0,0,0,0,0,0,0,0,'',0),(104305,6,11,0,0,0,0,0,0,0,0,0,0,0,'',0),(104306,6,11,0,0,0,0,0,0,0,0,0,0,0,'',0),(104307,6,11,0,0,0,0,0,0,0,0,0,0,0,'',0),(104308,6,11,0,0,0,0,0,0,0,0,0,0,0,'',0),(104309,6,11,0,0,0,0,0,0,0,0,0,0,0,'',0),(104310,6,11,0,0,0,0,0,0,0,0,0,0,0,'',0),(104311,6,11,0,0,0,0,0,0,0,0,0,0,0,'',0),(104312,6,11,0,0,0,0,0,0,0,0,0,0,0,'',0),(104313,6,11,0,0,0,0,0,0,0,0,0,0,0,'',0),(104314,6,11,0,0,0,0,0,0,0,0,0,0,0,'',0),(104315,6,11,0,0,0,0,0,0,0,0,0,0,0,'',0),(104316,6,11,0,0,0,0,0,0,0,0,0,0,0,'',0),(104317,6,11,0,0,0,0,0,0,0,0,0,0,0,'',0),(104318,6,11,0,0,0,0,0,0,0,0,0,0,0,'',0),(104319,6,11,0,0,0,0,0,0,0,0,0,0,0,'',0),(104320,6,11,0,0,0,0,0,0,0,0,0,0,0,'',0),(104321,6,11,0,0,0,0,0,0,0,0,0,0,0,'',0),(104322,6,11,0,0,0,0,0,0,0,0,0,0,0,'',0),(104323,6,11,0,0,0,0,0,0,0,0,0,0,0,'',0),(104324,6,11,0,0,0,0,0,0,0,0,0,0,0,'',0),(104325,6,11,0,0,0,0,0,0,0,0,0,0,0,'',0),(104326,6,11,0,0,0,0,0,0,0,0,0,0,0,'',0),(104327,6,11,0,0,0,0,0,0,0,0,0,0,0,'',0),(104328,6,11,0,0,0,0,0,0,0,0,0,0,0,'',0),(104329,6,11,0,0,0,0,0,0,0,0,0,0,0,'',0),(104330,6,11,0,0,0,0,0,0,0,0,0,0,0,'',0),(104331,6,11,0,0,0,0,0,0,0,0,0,0,0,'',0),(104332,6,11,0,0,0,0,0,0,0,0,0,0,0,'',0),(104333,6,11,0,0,0,0,0,0,0,0,0,0,0,'',0),(104334,6,11,0,0,0,0,0,0,0,0,0,0,0,'',0),(104335,6,11,0,0,0,0,0,0,0,0,0,0,0,'',0),(104336,6,11,0,0,0,0,0,0,0,0,0,0,0,'',0),(104337,6,11,0,0,0,0,0,0,0,0,0,0,0,'',0),(104338,6,11,0,0,0,0,0,0,0,0,0,0,0,'',0),(104339,6,11,0,0,0,0,0,0,0,0,0,0,0,'',0),(104340,6,11,0,0,0,0,0,0,0,0,0,0,0,'',0),(104341,6,11,0,0,0,0,0,0,0,0,0,0,0,'',0),(104342,6,11,0,0,0,0,0,0,0,0,0,0,0,'',0),(104343,6,11,0,0,0,0,0,0,0,0,0,0,0,'',0),(104344,6,11,0,0,0,0,0,0,0,0,0,0,0,'',0),(104345,6,11,0,0,0,0,0,0,0,0,0,0,0,'',0),(104346,6,11,0,0,0,0,0,0,0,0,0,0,0,'',0),(104347,6,11,0,0,0,0,0,0,0,0,0,0,0,'',0),(104348,6,11,0,0,0,0,0,0,0,0,0,0,0,'',0),(104349,6,11,0,0,0,0,0,0,0,0,0,0,0,'',0),(104350,6,11,0,0,0,0,0,0,0,0,0,0,0,'',0),(104351,6,11,0,0,0,0,0,0,0,0,0,0,0,'',0),(104352,6,11,0,0,0,0,0,0,0,0,0,0,0,'',0),(104353,6,11,0,0,0,0,0,0,0,0,0,0,0,'',0),(104354,6,11,0,0,0,0,0,0,0,0,0,0,0,'',0),(104355,6,11,0,0,0,0,0,0,0,0,0,0,0,'',0),(104356,6,11,0,0,0,0,0,0,0,0,0,0,0,'',0),(104357,6,11,0,0,0,0,0,0,0,0,0,0,0,'',0),(104358,6,11,0,0,0,0,0,0,0,0,0,0,0,'',0),(104359,6,11,0,0,0,0,0,0,0,0,0,0,0,'',0),(104360,6,11,0,0,0,0,0,0,0,0,0,0,0,'',0),(104361,6,11,0,0,0,0,0,0,0,0,0,0,0,'',0),(104362,6,11,0,0,0,0,0,0,0,0,0,0,0,'',0),(104363,6,11,0,0,0,0,0,0,0,0,0,0,0,'',0),(104364,6,11,0,0,0,0,0,0,0,0,0,0,0,'',0),(104365,6,11,0,0,0,0,0,0,0,0,0,0,0,'',0),(104366,6,11,0,0,0,0,0,0,0,0,0,0,0,'',0),(104367,6,11,0,0,0,0,0,0,0,0,0,0,0,'',0),(104368,6,11,0,0,0,0,0,0,0,0,0,0,0,'',0),(104369,6,11,0,0,0,0,0,0,0,0,0,0,0,'',0),(104370,6,11,0,0,0,0,0,0,0,0,0,0,0,'',0),(104371,6,11,0,0,0,0,0,0,0,0,0,0,0,'',0),(104372,6,11,0,0,0,0,0,0,0,0,0,0,0,'',0),(104373,6,11,0,0,0,0,0,0,0,0,0,0,0,'',0),(104374,6,11,0,0,0,0,0,0,0,0,0,0,0,'',0),(104375,6,11,0,0,0,0,0,0,0,0,0,0,0,'',0),(104376,6,11,0,0,0,0,0,0,0,0,0,0,0,'',0),(104377,6,11,0,0,0,0,0,0,0,0,0,0,0,'',0),(104378,6,11,0,0,0,0,0,0,0,0,0,0,0,'',0),(104379,6,11,0,0,0,0,0,0,0,0,0,0,0,'',0),(104380,6,11,0,0,0,0,0,0,0,0,0,0,0,'',0),(104381,6,11,0,0,0,0,0,0,0,0,0,0,0,'',0),(104382,6,11,0,0,0,0,0,0,0,0,0,0,0,'',0),(104383,6,11,0,0,0,0,0,0,0,0,0,0,0,'',0),(104384,6,11,0,0,0,0,0,0,0,0,0,0,0,'',0),(104385,6,11,0,0,0,0,0,0,0,0,0,0,0,'',0),(104386,6,11,0,0,0,0,0,0,0,0,0,0,0,'',0),(104387,6,11,0,0,0,0,0,0,0,0,0,0,0,'',0),(104388,6,11,0,0,0,0,0,0,0,0,0,0,0,'',0),(104389,6,11,0,0,0,0,0,0,0,0,0,0,0,'',0),(104390,6,11,0,0,0,0,0,0,0,0,0,0,0,'',0),(104391,6,11,0,0,0,0,0,0,0,0,0,0,0,'',0),(104392,6,11,0,0,0,0,0,0,0,0,0,0,0,'',0),(104393,9,11,0,0,0,0,0,0,0,0,0,0,0,'',0),(104394,0,0,0,0,0,0,0,0,0,0,0,0,0,'',0),(104395,0,0,0,0,0,0,0,0,0,0,0,0,0,'',0),(104396,9,11,0,0,0,0,0,0,0,0,0,0,0,'',0),(104397,9,11,0,0,0,0,0,0,0,0,0,0,0,'',0),(104398,0,0,0,0,0,0,0,0,0,0,0,0,0,'',0),(104399,9,11,0,0,0,0,0,0,0,0,0,0,0,'',0),(104400,9,11,0,0,0,0,0,0,0,0,0,0,0,'',0),(104401,0,0,0,0,0,0,0,0,0,0,0,0,0,'',0),(104402,0,0,0,0,0,0,0,0,0,0,0,0,0,'en',0),(104403,9,11,0,0,0,0,0,0,0,0,0,0,0,'',0),(104404,0,0,0,0,0,0,0,0,0,0,0,0,0,'',0),(104405,0,0,0,0,0,0,0,0,0,0,0,0,0,'',0),(104406,0,0,0,0,0,0,0,0,0,0,0,0,0,'',0),(104407,0,0,0,0,0,0,0,0,0,0,0,0,0,'',0),(104408,0,0,0,0,0,0,0,0,0,0,0,0,0,'',0),(104409,9,11,0,0,0,0,0,0,0,0,0,0,0,'',0),(104410,0,0,0,0,0,0,0,0,0,0,0,0,0,'',0),(104411,0,0,0,0,0,0,0,0,0,0,0,0,0,'',0),(104412,9,11,0,0,0,0,0,0,0,0,0,0,0,'',0),(104413,9,11,0,0,0,0,0,0,0,0,0,0,0,'',0),(104414,0,0,0,0,0,0,0,0,0,0,0,0,0,'',0),(104415,9,11,0,0,0,0,0,0,0,0,0,0,0,'',0),(104416,0,0,0,0,0,0,0,0,0,0,0,0,0,'',0),(104417,0,0,0,0,0,0,0,0,0,0,0,0,0,'',0),(104418,9,11,0,0,0,0,0,0,0,0,0,0,0,'',0),(104419,9,11,0,0,0,0,0,0,0,0,0,0,0,'',0),(104420,9,11,0,0,0,0,0,0,0,0,0,0,0,'',0),(104421,9,11,0,0,0,0,0,0,0,0,0,0,0,'',0),(104422,0,0,0,0,0,0,0,0,0,0,0,0,0,'',0),(104423,0,0,0,0,0,0,0,0,0,0,0,0,0,'',0),(104424,0,0,0,0,0,0,0,0,0,0,0,0,0,'',0),(104425,7,1,0,0,0,0,0,0,0,0,0,0,0,'',0),(104426,9,11,0,0,0,0,0,0,0,0,0,0,0,'',0),(104427,0,0,0,0,0,0,0,0,0,0,0,0,0,'',0),(104428,7,1,0,0,0,0,0,0,0,0,0,0,0,'',0),(104429,0,0,0,0,0,0,0,0,0,0,0,0,0,'',0),(104430,9,11,0,0,0,0,0,0,0,0,0,0,0,'',0),(104431,0,0,0,0,0,0,0,0,0,0,0,0,0,'',0),(104432,0,0,0,0,0,0,0,0,0,0,0,0,0,'',0),(104433,9,11,0,0,0,0,0,0,0,0,0,0,0,'',0),(104434,0,0,0,0,0,0,0,0,0,0,0,0,0,'',0),(104435,0,0,0,0,0,0,0,0,0,0,0,0,0,'',0),(104436,9,11,0,0,0,0,0,0,0,0,0,0,0,'',0),(104437,7,11,0,0,0,0,0,0,0,0,0,0,0,'',0),(104438,9,11,0,0,0,0,0,0,0,0,0,0,0,'',0),(104439,9,11,0,0,0,0,0,0,0,0,0,0,0,'',0),(104440,7,11,0,0,0,0,0,0,0,0,0,0,0,'',0),(104441,9,11,0,0,0,0,0,0,0,0,0,0,0,'',0),(104442,9,11,0,0,0,0,0,0,0,0,0,0,0,'',0),(104443,3,11,0,0,0,0,0,0,0,0,0,0,0,'',0),(104444,9,11,0,0,0,0,0,0,0,0,0,0,0,'',0),(104445,9,11,0,0,0,0,0,0,0,0,0,0,0,'',0),(104446,9,11,0,0,0,0,0,0,0,0,0,0,0,'',0),(104447,0,0,0,0,0,0,0,0,0,0,0,0,0,'',0),(104448,9,11,0,0,0,0,0,0,0,0,0,0,0,'',0),(104449,9,11,0,0,0,0,0,0,0,0,0,0,0,'',0),(104450,0,0,0,0,0,0,0,0,0,0,0,0,0,'',0),(104451,0,0,0,0,0,0,0,0,0,0,0,0,0,'',0),(104452,9,11,0,0,0,0,0,0,0,0,0,0,0,'',0),(104453,0,0,0,0,0,0,0,0,0,0,0,0,0,'',0),(104454,9,11,0,0,0,0,0,0,0,0,0,0,0,'',0),(104455,0,0,0,0,0,0,0,0,0,0,0,0,0,'',0),(104456,9,11,0,0,0,0,0,0,0,0,0,0,0,'',0),(104457,7,3,0,0,0,0,0,0,0,0,0,0,0,'fr',0),(104458,9,11,0,0,0,0,0,0,0,0,0,0,0,'',0),(104459,0,0,0,0,0,0,0,0,0,0,0,0,0,'',0),(104460,9,11,0,0,0,0,0,0,0,0,0,0,0,'',0),(104461,9,11,0,0,0,0,0,0,0,0,0,0,0,'',0),(104462,0,0,0,0,0,0,0,0,0,0,0,0,0,'',0),(104463,9,11,0,0,0,0,0,0,0,0,0,0,0,'',0),(104464,9,11,0,0,0,0,0,0,0,0,0,0,0,'',0),(104465,9,11,0,0,0,0,0,0,0,0,0,0,0,'',0),(104466,9,11,0,0,0,0,0,0,0,0,0,0,0,'',0),(104467,9,11,0,0,0,0,0,0,0,0,0,0,0,'',0),(104468,0,0,0,0,0,0,0,0,0,0,0,0,0,'',0),(104469,9,11,0,0,0,0,0,0,0,0,0,0,0,'',0),(104470,9,11,0,0,0,0,0,0,0,0,0,0,0,'',0),(104471,3,11,0,0,0,0,0,0,0,0,0,0,0,'fr',0),(104472,9,11,0,0,0,0,0,0,0,0,0,0,0,'',0),(104473,9,11,0,0,0,0,0,0,0,0,0,0,0,'',0),(104474,0,0,0,0,0,0,0,0,0,0,0,0,0,'',0),(104475,0,0,0,0,0,0,0,0,0,0,0,0,0,'',0),(104476,9,11,0,0,0,0,0,0,0,0,0,0,0,'',0),(104477,0,0,0,0,0,0,0,0,0,0,0,0,0,'',0),(104478,9,11,0,0,0,0,0,0,0,0,0,0,0,'',0),(104479,9,11,0,0,0,0,0,0,0,0,0,0,0,'',0),(104480,9,11,0,0,0,0,0,0,0,0,0,0,0,'',0),(104481,0,0,0,0,0,0,0,0,0,0,0,0,0,'',0),(104482,7,1,0,0,0,0,0,0,0,0,0,0,0,'en-au',0),(104483,9,11,0,0,0,0,0,0,0,0,0,0,0,'',0),(104484,0,0,0,0,0,0,0,0,0,0,0,0,0,'',0),(104485,0,0,0,0,0,0,0,0,0,0,0,0,0,'',0),(104486,9,11,0,0,0,0,0,0,0,0,0,0,0,'',0),(104487,9,11,0,0,0,0,0,0,0,0,0,0,0,'',0),(104488,9,11,0,0,0,0,0,0,0,0,0,0,0,'',0),(104489,9,11,0,0,0,0,0,0,0,0,0,0,0,'',0),(104490,0,0,0,0,0,0,0,0,0,0,0,0,0,'',0),(104491,9,11,0,0,0,0,0,0,0,0,0,0,0,'',0),(104492,9,11,0,0,0,0,0,0,0,0,0,0,0,'',0),(104493,9,11,0,0,0,0,0,0,0,0,0,0,0,'',0),(104494,9,11,0,0,0,0,0,0,0,0,0,0,0,'',0),(104495,9,11,0,0,0,0,0,0,0,0,0,0,0,'',0),(104496,0,0,0,0,0,0,0,0,0,0,0,0,0,'',0),(104497,0,0,0,0,0,0,0,0,0,0,0,0,0,'',0),(104498,7,3,0,0,0,0,0,0,0,0,0,0,0,'fr',0),(104499,0,0,0,0,0,0,0,0,0,0,0,0,0,'',0),(104500,0,0,0,0,0,0,0,0,0,0,0,0,0,'',0),(104501,9,11,0,0,0,0,0,0,0,0,0,0,0,'',0),(104502,9,11,0,0,0,0,0,0,0,0,0,0,0,'',0),(104503,0,0,0,0,0,0,0,0,0,0,0,0,0,'',0),(104504,9,11,0,0,0,0,0,0,0,0,0,0,0,'',0),(104505,9,11,0,0,0,0,0,0,0,0,0,0,0,'',0),(104506,0,0,0,0,0,0,0,0,0,0,0,0,0,'',0),(104507,9,11,0,0,0,0,0,0,0,0,0,0,0,'',0),(104508,9,11,0,0,0,0,0,0,0,0,0,0,0,'',0),(104509,0,0,0,0,0,0,0,0,0,0,0,0,0,'',0),(104510,0,0,0,0,0,0,0,0,0,0,0,0,0,'',0),(104511,9,11,0,0,0,0,0,0,0,0,0,0,0,'',0),(104512,9,11,0,0,0,0,0,0,0,0,0,0,0,'',0),(104513,9,11,0,0,0,0,0,0,0,0,0,0,0,'',0),(104514,0,0,0,0,0,0,0,0,0,0,0,0,0,'',0),(104515,0,0,0,0,0,0,0,0,0,0,0,0,0,'',0),(104516,9,11,0,0,0,0,0,0,0,0,0,0,0,'',0),(104517,0,0,0,0,0,0,0,0,0,0,0,0,0,'',0),(104518,9,11,0,0,0,0,0,0,0,0,0,0,0,'',0),(104519,9,11,0,0,0,0,0,0,0,0,0,0,0,'',0),(104520,0,0,0,0,0,0,0,0,0,0,0,0,0,'',0),(104521,7,3,0,0,0,0,0,0,0,0,0,0,0,'fr',0),(104522,9,11,0,0,0,0,0,0,0,0,0,0,0,'fr',0),(104523,9,11,0,0,0,0,0,0,0,0,0,0,0,'',0),(104524,9,11,0,0,0,0,0,0,0,0,0,0,0,'',0),(104525,0,0,0,0,0,0,0,0,0,0,0,0,0,'',0),(104526,9,11,0,0,0,0,0,0,0,0,0,0,0,'',0),(104527,0,0,0,0,0,0,0,0,0,0,0,0,0,'',0),(104528,9,11,0,0,0,0,0,0,0,0,0,0,0,'',0),(104529,9,11,0,0,0,0,0,0,0,0,0,0,0,'',0),(104530,0,0,0,0,0,0,0,0,0,0,0,0,0,'',0),(104531,3,11,0,0,0,0,0,0,0,0,0,0,0,'',0),(104532,9,11,0,0,0,0,0,0,0,0,0,0,0,'',0),(104533,7,3,0,0,0,0,0,0,0,0,0,0,0,'fr',0),(104534,7,3,0,0,0,0,0,0,0,0,0,0,0,'fr',0),(104535,7,3,0,0,0,0,0,0,0,0,0,0,0,'fr',0),(104536,7,3,0,0,0,0,0,0,0,0,0,0,0,'fr',0),(104537,7,3,0,0,0,0,0,0,0,0,0,0,0,'fr',0),(104538,7,3,0,0,0,0,0,0,0,0,0,0,0,'fr',0),(104539,7,3,0,0,0,0,0,0,0,0,0,0,0,'fr',0),(104540,7,3,0,0,0,0,0,0,0,0,0,0,0,'fr',0),(104541,7,3,0,0,0,0,0,0,0,0,0,0,0,'fr',0),(104542,7,3,0,0,0,0,0,0,0,0,0,0,0,'fr',0),(104543,7,3,0,0,0,0,0,0,0,0,0,0,0,'fr',0),(104544,7,3,0,0,0,0,0,0,0,0,0,0,0,'fr',0),(104545,9,11,0,0,0,0,0,0,0,0,0,0,0,'fr',0),(104546,9,11,0,0,0,0,0,0,0,0,0,0,0,'',0),(104547,9,11,0,0,0,0,0,0,0,0,0,0,0,'',0),(104548,9,11,0,0,0,0,0,0,0,0,0,0,0,'',0),(104549,9,11,0,0,0,0,0,0,0,0,0,0,0,'',0),(104550,9,11,0,0,0,0,0,0,0,0,0,0,0,'',0),(104551,0,0,0,0,0,0,0,0,0,0,0,0,0,'',0),(104552,0,0,0,0,0,0,0,0,0,0,0,0,0,'',0),(104553,0,0,0,0,0,0,0,0,0,0,0,0,0,'',0),(104554,6,11,0,0,0,0,0,0,0,0,0,0,0,'fr',0),(104555,0,0,0,0,0,0,0,0,0,0,0,0,0,'',0),(104556,0,0,0,0,0,0,0,0,0,0,0,0,0,'',0),(104557,0,0,0,0,0,0,0,0,0,0,0,0,0,'',0),(104558,0,0,0,0,0,0,0,0,0,0,0,0,0,'',0),(104559,9,11,0,0,0,0,0,0,0,0,0,0,0,'',0),(104560,9,11,0,0,0,0,0,0,0,0,0,0,0,'fr',0),(104561,0,0,0,0,0,0,0,0,0,0,0,0,0,'',0),(104562,0,0,0,0,0,0,0,0,0,0,0,0,0,'',0),(104563,7,1,0,0,0,0,0,0,0,0,0,0,0,'fr-fr',0),(104564,9,11,0,0,0,0,0,0,0,0,0,0,0,'',0),(104565,0,0,0,0,0,0,0,0,0,0,0,0,0,'',0),(104566,0,0,0,0,0,0,0,0,0,0,0,0,0,'',0),(104567,7,11,0,0,0,0,0,0,0,0,0,0,0,'',0),(104568,9,11,0,0,0,0,0,0,0,0,0,0,0,'',0),(104569,0,0,0,0,0,0,0,0,0,0,0,0,0,'',0),(104570,0,0,0,0,0,0,0,0,0,0,0,0,0,'',0),(104571,0,0,0,0,0,0,0,0,0,0,0,0,0,'',0),(104572,0,0,0,0,0,0,0,0,0,0,0,0,0,'',0),(104573,0,0,0,0,0,0,0,0,0,0,0,0,0,'',0),(104574,7,1,0,0,0,0,0,0,0,0,0,0,0,'en-gb',0),(104575,9,11,0,0,0,0,0,0,0,0,0,0,0,'',0),(104576,0,0,0,0,0,0,0,0,0,0,0,0,0,'',0),(104577,0,0,0,0,0,0,0,0,0,0,0,0,0,'',0),(104578,0,0,0,0,0,0,0,0,0,0,0,0,0,'',0),(104579,0,0,0,0,0,0,0,0,0,0,0,0,0,'',0),(104580,0,0,0,0,0,0,0,0,0,0,0,0,0,'',0),(104581,0,0,0,0,0,0,0,0,0,0,0,0,0,'',0),(104582,0,0,0,0,0,0,0,0,0,0,0,0,0,'',0),(104583,0,0,0,0,0,0,0,0,0,0,0,0,0,'',0),(104584,0,0,0,0,0,0,0,0,0,0,0,0,0,'',0),(104585,0,0,0,0,0,0,0,0,0,0,0,0,0,'',0),(104586,0,0,0,0,0,0,0,0,0,0,0,0,0,'',0),(104587,0,0,0,0,0,0,0,0,0,0,0,0,0,'',0),(104588,0,0,0,0,0,0,0,0,0,0,0,0,0,'',0),(104589,0,0,0,0,0,0,0,0,0,0,0,0,0,'',0),(104590,9,11,0,0,0,0,0,0,0,0,0,0,0,'',0),(104591,0,0,0,0,0,0,0,0,0,0,0,0,0,'',0),(104592,0,0,0,0,0,0,0,0,0,0,0,0,0,'en',0),(104593,9,11,0,0,0,0,0,0,0,0,0,0,0,'',0),(104594,0,0,0,0,0,0,0,0,0,0,0,0,0,'',0),(104595,0,0,0,0,0,0,0,0,0,0,0,0,0,'',0),(104596,7,11,0,0,0,0,0,0,0,0,0,0,0,'en',0),(104597,0,0,0,0,0,0,0,0,0,0,0,0,0,'',0),(104598,0,0,0,0,0,0,0,0,0,0,0,0,0,'',0),(104599,0,0,0,0,0,0,0,0,0,0,0,0,0,'',0),(104600,9,11,0,0,0,0,0,0,0,0,0,0,0,'',0),(104601,0,0,0,0,0,0,0,0,0,0,0,0,0,'en',0),(104602,0,0,0,0,0,0,0,0,0,0,0,0,0,'',0),(104603,0,0,0,0,0,0,0,0,0,0,0,0,0,'',0),(104604,0,0,0,0,0,0,0,0,0,0,0,0,0,'',0),(104605,9,11,0,0,0,0,0,0,0,0,0,0,0,'',0),(104606,0,0,0,0,0,0,0,0,0,0,0,0,0,'en',0),(104607,0,0,0,0,0,0,0,0,0,0,0,0,0,'',0),(104608,7,11,0,0,0,0,0,0,0,0,0,0,0,'',0),(104609,8,3,0,0,0,0,0,0,0,0,0,0,0,'',0),(104610,8,3,0,0,0,0,0,0,0,0,0,0,0,'',0),(104611,8,3,0,0,0,0,0,0,0,0,0,0,0,'',0),(104612,9,11,0,0,0,0,0,0,0,0,0,0,0,'',0),(104613,0,0,0,0,0,0,0,0,0,0,0,0,0,'',0),(104614,0,0,0,0,0,0,0,0,0,0,0,0,0,'',0),(104615,0,0,0,0,0,0,0,0,0,0,0,0,0,'',0),(104616,0,0,0,0,0,0,0,0,0,0,0,0,0,'',0),(104617,0,0,0,0,0,0,0,0,0,0,0,0,0,'',0),(104618,0,0,0,0,0,0,0,0,0,0,0,0,0,'',0),(104619,9,11,0,0,0,0,0,0,0,0,0,0,0,'',0),(104620,0,0,0,0,0,0,0,0,0,0,0,0,0,'',0),(104621,0,0,0,0,0,0,0,0,0,0,0,0,0,'',0),(104622,8,3,0,0,0,0,0,0,0,0,0,0,0,'',0),(104623,0,0,0,0,0,0,0,0,0,0,0,0,0,'',0),(104624,0,0,0,0,0,0,0,0,0,0,0,0,0,'',0),(104625,0,0,0,0,0,0,0,0,0,0,0,0,0,'',0),(104626,9,11,0,0,0,0,0,0,0,0,0,0,0,'',0),(104627,0,0,0,0,0,0,0,0,0,0,0,0,0,'',0),(104628,0,0,0,0,0,0,0,0,0,0,0,0,0,'',0),(104629,0,0,0,0,0,0,0,0,0,0,0,0,0,'',0),(104630,0,0,0,0,0,0,0,0,0,0,0,0,0,'',0),(104631,0,0,0,0,0,0,0,0,0,0,0,0,0,'',0),(104632,0,0,0,0,0,0,0,0,0,0,0,0,0,'en',0),(104633,0,0,0,0,0,0,0,0,0,0,0,0,0,'',0),(104634,0,0,0,0,0,0,0,0,0,0,0,0,0,'',0),(104635,9,11,0,0,0,0,0,0,0,0,0,0,0,'',0),(104636,8,3,0,0,0,0,0,0,0,0,0,0,0,'',0),(104637,0,0,0,0,0,0,0,0,0,0,0,0,0,'',0),(104638,9,11,0,0,0,0,0,0,0,0,0,0,0,'fr',0),(104639,0,0,0,0,0,0,0,0,0,0,0,0,0,'',0),(104640,8,3,0,0,0,0,0,0,0,0,0,0,0,'',0),(104641,0,0,0,0,0,0,0,0,0,0,0,0,0,'',0),(104642,0,0,0,0,0,0,0,0,0,0,0,0,0,'',0),(104643,4,11,0,0,0,0,0,0,0,0,0,0,0,'en',0),(104644,4,11,0,0,0,0,0,0,0,0,0,0,0,'en',0),(104645,4,11,0,0,0,0,0,0,0,0,0,0,0,'en',0),(104646,4,11,0,0,0,0,0,0,0,0,0,0,0,'en',0),(104647,0,0,0,0,0,0,0,0,0,0,0,0,0,'',0),(104648,9,11,0,0,0,0,0,0,0,0,0,0,0,'',0),(104649,3,0,0,0,0,0,0,0,0,0,0,0,0,'',0),(104650,3,0,0,0,0,0,0,0,0,0,0,0,0,'',0),(104651,9,11,0,0,0,0,0,0,0,0,0,0,0,'',0),(104652,0,0,0,0,0,0,0,0,0,0,0,0,0,'',0),(104653,0,0,0,0,0,0,0,0,0,0,0,0,0,'',0),(104654,3,11,0,0,0,0,0,0,0,0,0,0,0,'en',0),(104655,3,3,0,0,0,0,0,0,0,0,0,0,0,'',0),(104656,0,0,0,0,0,0,0,0,0,0,0,0,0,'',0),(104657,9,11,0,0,0,0,0,0,0,0,0,0,0,'',0),(104658,3,3,0,0,0,0,0,0,0,0,0,0,0,'',0),(104659,3,3,0,0,0,0,0,0,0,0,0,0,0,'',0),(104660,3,0,0,0,0,0,0,0,0,0,0,0,0,'',0),(104661,3,0,0,0,0,0,0,0,0,0,0,0,0,'',0),(104662,9,11,0,0,0,0,0,0,0,0,0,0,0,'',0),(104663,9,11,0,0,0,0,0,0,0,0,0,0,0,'',0),(104664,9,11,0,0,0,0,0,0,0,0,0,0,0,'',0),(104665,0,0,0,0,0,0,0,0,0,0,0,0,0,'',0),(104666,0,0,0,0,0,0,0,0,0,0,0,0,0,'',0),(104667,0,0,0,0,0,0,0,0,0,0,0,0,0,'',0),(104668,0,0,0,0,0,0,0,0,0,0,0,0,0,'',0),(104669,0,0,0,0,0,0,0,0,0,0,0,0,0,'',0),(104670,0,0,0,0,0,0,0,0,0,0,0,0,0,'',0),(104671,0,0,0,0,0,0,0,0,0,0,0,0,0,'',0),(104672,0,0,0,0,0,0,0,0,0,0,0,0,0,'',0),(104673,0,0,0,0,0,0,0,0,0,0,0,0,0,'',0),(104674,0,0,0,0,0,0,0,0,0,0,0,0,0,'',0),(104675,0,0,0,0,0,0,0,0,0,0,0,0,0,'',0),(104676,0,0,0,0,0,0,0,0,0,0,0,0,0,'',0),(104677,9,11,0,0,0,0,0,0,0,0,0,0,0,'',0),(104678,9,11,0,0,0,0,0,0,0,0,0,0,0,'',0),(104679,0,0,0,0,0,0,0,0,0,0,0,0,0,'',0),(104680,6,11,0,0,0,0,0,0,0,0,0,0,0,'fr',0),(104681,8,3,0,0,0,0,0,0,0,0,0,0,0,'',0),(104682,0,0,0,0,0,0,0,0,0,0,0,0,0,'',0),(104683,0,0,0,0,0,0,0,0,0,0,0,0,0,'',0),(104684,0,0,0,0,0,0,0,0,0,0,0,0,0,'',0),(104685,0,0,0,0,0,0,0,0,0,0,0,0,0,'',0),(104686,0,0,0,0,0,0,0,0,0,0,0,0,0,'',0),(104687,0,0,0,0,0,0,0,0,0,0,0,0,0,'',0),(104688,0,0,0,0,0,0,0,0,0,0,0,0,0,'',0),(104689,0,0,0,0,0,0,0,0,0,0,0,0,0,'',0),(104690,0,0,0,0,0,0,0,0,0,0,0,0,0,'',0),(104691,0,0,0,0,0,0,0,0,0,0,0,0,0,'',0),(104692,0,0,0,0,0,0,0,0,0,0,0,0,0,'',0),(104693,0,0,0,0,0,0,0,0,0,0,0,0,0,'',0),(104694,0,0,0,0,0,0,0,0,0,0,0,0,0,'',0),(104695,0,0,0,0,0,0,0,0,0,0,0,0,0,'',0),(104696,9,11,0,0,0,0,0,0,0,0,0,0,0,'',0),(104697,0,0,0,0,0,0,0,0,0,0,0,0,0,'',0),(104698,0,0,0,0,0,0,0,0,0,0,0,0,0,'',0),(104699,9,11,0,0,0,0,0,0,0,0,0,0,0,'',0),(104700,0,0,0,0,0,0,0,0,0,0,0,0,0,'',0),(104701,0,0,0,0,0,0,0,0,0,0,0,0,0,'',0),(104702,9,1,0,0,0,0,0,0,0,0,0,0,0,'en',0),(104703,9,1,0,0,0,0,0,0,0,0,0,0,0,'en',0),(104704,3,11,0,0,0,0,0,0,0,0,0,0,0,'',0),(104705,9,11,0,0,0,0,0,0,0,0,0,0,0,'',0),(104706,3,3,0,0,0,0,0,0,0,0,0,0,0,'en',0),(104707,9,11,0,0,0,0,0,0,0,0,0,0,0,'',0),(104708,0,0,0,0,0,0,0,0,0,0,0,0,0,'',0),(104709,3,11,0,0,0,0,0,0,0,0,0,0,0,'en',0),(104710,0,0,0,0,0,0,0,0,0,0,0,0,0,'',0),(104711,0,0,0,0,0,0,0,0,0,0,0,0,0,'',0),(104712,0,0,0,0,0,0,0,0,0,0,0,0,0,'',0),(104713,0,0,0,0,0,0,0,0,0,0,0,0,0,'',0),(104714,0,0,0,0,0,0,0,0,0,0,0,0,0,'',0),(104715,0,0,0,0,0,0,0,0,0,0,0,0,0,'',0),(104716,9,11,0,0,0,0,0,0,0,0,0,0,0,'',0),(104717,0,0,0,0,0,0,0,0,0,0,0,0,0,'',0),(104718,9,11,0,0,0,0,0,0,0,0,0,0,0,'',0),(104719,0,0,0,0,0,0,0,0,0,0,0,0,0,'',0),(104720,7,1,0,0,0,0,0,0,0,0,0,0,0,'de-de',0),(104721,0,1,0,0,0,0,0,0,0,0,0,0,0,'de-de',0),(104722,0,1,0,0,0,0,0,0,0,0,0,0,0,'de-de',0),(104723,0,1,0,0,0,0,0,0,0,0,0,0,0,'de-de',0),(104724,0,1,0,0,0,0,0,0,0,0,0,0,0,'de-de',0),(104725,0,0,0,0,0,0,0,0,0,0,0,0,0,'',0),(104726,0,0,0,0,0,0,0,0,0,0,0,0,0,'',0),(104727,0,0,0,0,0,0,0,0,0,0,0,0,0,'',0),(104728,0,0,0,0,0,0,0,0,0,0,0,0,0,'',0),(104729,0,0,0,0,0,0,0,0,0,0,0,0,0,'',0),(104730,0,0,0,0,0,0,0,0,0,0,0,0,0,'',0),(104731,0,0,0,0,0,0,0,0,0,0,0,0,0,'en',0),(104732,0,0,0,0,0,0,0,0,0,0,0,0,0,'en',0),(104733,6,11,0,0,0,0,0,0,0,0,0,0,0,'en',0),(104734,0,0,0,0,0,0,0,0,0,0,0,0,0,'',0),(104735,0,0,0,0,0,0,0,0,0,0,0,0,0,'',0),(104736,0,0,0,0,0,0,0,0,0,0,0,0,0,'',0),(104737,9,11,0,0,0,0,0,0,0,0,0,0,0,'',0),(104738,0,0,0,0,0,0,0,0,0,0,0,0,0,'',0),(104739,9,11,0,0,0,0,0,0,0,0,0,0,0,'',0),(104740,3,11,0,0,0,0,0,0,0,0,0,0,0,'',0),(104741,9,11,0,0,0,0,0,0,0,0,0,0,0,'',0),(104742,0,0,0,0,0,0,0,0,0,0,0,0,0,'',0),(104743,0,0,0,0,0,0,0,0,0,0,0,0,0,'',0),(104744,0,0,0,0,0,0,0,0,0,0,0,0,0,'',0),(104745,0,0,0,0,0,0,0,0,0,0,0,0,0,'',0),(104746,9,11,0,0,0,0,0,0,0,0,0,0,0,'',0),(104747,0,0,0,0,0,0,0,0,0,0,0,0,0,'',0),(104748,9,11,0,0,0,0,0,0,0,0,0,0,0,'',0),(104749,0,0,0,0,0,0,0,0,0,0,0,0,0,'',0),(104750,0,0,0,0,0,0,0,0,0,0,0,0,0,'',0),(104751,0,0,0,0,0,0,0,0,0,0,0,0,0,'',0),(104752,0,0,0,0,0,0,0,0,0,0,0,0,0,'',0),(104753,0,0,0,0,0,0,0,0,0,0,0,0,0,'',0),(104754,0,0,0,0,0,0,0,0,0,0,0,0,0,'',0),(104755,0,0,0,0,0,0,0,0,0,0,0,0,0,'',0),(104756,0,0,0,0,0,0,0,0,0,0,0,0,0,'',0),(104757,0,0,0,0,0,0,0,0,0,0,0,0,0,'',0),(104758,9,11,0,0,0,0,0,0,0,0,0,0,0,'',0),(104759,0,0,0,0,0,0,0,0,0,0,0,0,0,'',0),(104760,0,0,0,0,0,0,0,0,0,0,0,0,0,'',0),(104761,0,0,0,0,0,0,0,0,0,0,0,0,0,'',0),(104762,0,0,0,0,0,0,0,0,0,0,0,0,0,'',0),(104763,0,0,0,0,0,0,0,0,0,0,0,0,0,'',0),(104764,8,3,0,0,0,0,0,0,0,0,0,0,0,'',0),(104765,0,0,0,0,0,0,0,0,0,0,0,0,0,'',0),(104766,9,11,0,0,0,0,0,0,0,0,0,0,0,'',0),(104767,0,0,0,0,0,0,0,0,0,0,0,0,0,'',0),(104768,0,0,0,0,0,0,0,0,0,0,0,0,0,'',0),(104769,0,0,0,0,0,0,0,0,0,0,0,0,0,'',0),(104770,0,0,0,0,0,0,0,0,0,0,0,0,0,'',0),(104771,0,0,0,0,0,0,0,0,0,0,0,0,0,'',0),(104772,0,0,0,0,0,0,0,0,0,0,0,0,0,'',0),(104773,0,0,0,0,0,0,0,0,0,0,0,0,0,'',0),(104774,0,0,0,0,0,0,0,0,0,0,0,0,0,'',0),(104775,0,0,0,0,0,0,0,0,0,0,0,0,0,'',0),(104776,0,0,0,0,0,0,0,0,0,0,0,0,0,'',0),(104777,0,0,0,0,0,0,0,0,0,0,0,0,0,'',0),(104778,0,0,0,0,0,0,0,0,0,0,0,0,0,'',0),(104779,0,0,0,0,0,0,0,0,0,0,0,0,0,'',0),(104780,0,0,0,0,0,0,0,0,0,0,0,0,0,'',0),(104781,0,0,0,0,0,0,0,0,0,0,0,0,0,'',0),(104782,0,0,0,0,0,0,0,0,0,0,0,0,0,'',0),(104783,0,0,0,0,0,0,0,0,0,0,0,0,0,'',0),(104784,0,0,0,0,0,0,0,0,0,0,0,0,0,'',0),(104785,0,0,0,0,0,0,0,0,0,0,0,0,0,'',0),(104786,0,0,0,0,0,0,0,0,0,0,0,0,0,'',0),(104787,9,11,0,0,0,0,0,0,0,0,0,0,0,'',0),(104788,0,0,0,0,0,0,0,0,0,0,0,0,0,'',0),(104789,0,0,0,0,0,0,0,0,0,0,0,0,0,'',0),(104790,0,0,0,0,0,0,0,0,0,0,0,0,0,'',0),(104791,0,0,0,0,0,0,0,0,0,0,0,0,0,'',0),(104792,0,0,0,0,0,0,0,0,0,0,0,0,0,'',0),(104793,7,1,0,0,0,0,0,0,0,0,0,0,0,'fr',0),(104794,0,0,0,0,0,0,0,0,0,0,0,0,0,'',0),(104795,0,0,0,0,0,0,0,0,0,0,0,0,0,'',0),(104796,8,3,0,0,0,0,0,0,0,0,0,0,0,'',0),(104797,0,0,0,0,0,0,0,0,0,0,0,0,0,'',0),(104798,9,11,0,0,0,0,0,0,0,0,0,0,0,'',0),(104799,0,0,0,0,0,0,0,0,0,0,0,0,0,'',0),(104800,0,0,0,0,0,0,0,0,0,0,0,0,0,'',0),(104801,9,11,0,0,0,0,0,0,0,0,0,0,0,'',0),(104802,0,0,0,0,0,0,0,0,0,0,0,0,0,'',0),(104803,0,0,0,0,0,0,0,0,0,0,0,0,0,'',0),(104804,0,0,0,0,0,0,0,0,0,0,0,0,0,'',0),(104805,0,0,0,0,0,0,0,0,0,0,0,0,0,'',0),(104806,0,0,0,0,0,0,0,0,0,0,0,0,0,'en',0),(104807,9,11,0,0,0,0,0,0,0,0,0,0,0,'',0),(104808,0,0,0,0,0,0,0,0,0,0,0,0,0,'',0),(104809,9,11,0,0,0,0,0,0,0,0,0,0,0,'',0),(104810,0,0,0,0,0,0,0,0,0,0,0,0,0,'',0),(104811,0,0,0,0,0,0,0,0,0,0,0,0,0,'',0),(104812,9,11,0,0,0,0,0,0,0,0,0,0,0,'',0),(104813,0,0,0,0,0,0,0,0,0,0,0,0,0,'',0),(104814,0,0,0,0,0,0,0,0,0,0,0,0,0,'',0),(104815,0,0,0,0,0,0,0,0,0,0,0,0,0,'',0),(104816,7,1,0,0,0,0,0,0,0,0,0,0,0,'fr-fr',0),(104817,7,11,0,0,0,0,0,0,0,0,0,0,0,'',0),(104818,0,0,0,0,0,0,0,0,0,0,0,0,0,'',0),(104819,0,0,0,0,0,0,0,0,0,0,0,0,0,'',0),(104820,9,11,0,0,0,0,0,0,0,0,0,0,0,'',0),(104821,0,0,0,0,0,0,0,0,0,0,0,0,0,'',0),(104822,9,11,0,0,0,0,0,0,0,0,0,0,0,'',0),(104823,0,0,0,0,0,0,0,0,0,0,0,0,0,'',0),(104824,3,11,0,0,0,0,0,0,0,0,0,0,0,'',0),(104825,9,11,0,0,0,0,0,0,0,0,0,0,0,'',0),(104826,9,11,0,0,0,0,0,0,0,0,0,0,0,'fr',0),(104827,9,11,0,0,0,0,0,0,0,0,0,0,0,'',0),(104828,6,3,0,0,0,0,0,0,0,0,0,0,0,'fr',0),(104829,6,3,0,0,0,0,0,0,0,0,0,0,0,'fr',0),(104830,6,3,0,0,0,0,0,0,0,0,0,0,0,'fr',0),(104831,0,0,0,0,0,0,0,0,0,0,0,0,0,'',0),(104832,0,0,0,0,0,0,0,0,0,0,0,0,0,'',0),(104833,6,3,0,0,0,0,0,0,0,0,0,0,0,'fr',0),(104834,6,3,0,0,0,0,0,0,0,0,0,0,0,'fr',0),(104835,6,3,0,0,0,0,0,0,0,0,0,0,0,'fr',0),(104836,6,3,0,0,0,0,0,0,0,0,0,0,0,'fr',0),(104837,6,3,0,0,0,0,0,0,0,0,0,0,0,'fr',0),(104838,6,3,0,0,0,0,0,0,0,0,0,0,0,'fr',0),(104839,6,3,0,0,0,0,0,0,0,0,0,0,0,'fr',0),(104840,0,0,0,0,0,0,0,0,0,0,0,0,0,'',0),(104841,0,0,0,0,0,0,0,0,0,0,0,0,0,'',0),(104842,0,0,0,0,0,0,0,0,0,0,0,0,0,'',0),(104843,9,11,0,0,0,0,0,0,0,0,0,0,0,'',0),(104844,7,1,0,0,0,0,0,0,0,0,0,0,0,'en-us',0),(104845,9,11,0,0,0,0,0,0,0,0,0,0,0,'fr',0),(104846,0,0,0,0,0,0,0,0,0,0,0,0,0,'',0),(104847,0,0,0,0,0,0,0,0,0,0,0,0,0,'',0),(104848,6,3,0,0,0,0,0,0,0,0,0,0,0,'fr',0),(104849,6,3,0,0,0,0,0,0,0,0,0,0,0,'fr',0),(104850,6,3,0,0,0,0,0,0,0,0,0,0,0,'fr',0),(104851,6,3,0,0,0,0,0,0,0,0,0,0,0,'fr',0),(104852,6,3,0,0,0,0,0,0,0,0,0,0,0,'fr',0),(104853,6,3,0,0,0,0,0,0,0,0,0,0,0,'fr',0),(104854,6,3,0,0,0,0,0,0,0,0,0,0,0,'fr',0),(104855,6,3,0,0,0,0,0,0,0,0,0,0,0,'fr',0),(104856,6,3,0,0,0,0,0,0,0,0,0,0,0,'fr',0),(104857,6,3,0,0,0,0,0,0,0,0,0,0,0,'fr',0),(104858,6,3,0,0,0,0,0,0,0,0,0,0,0,'fr',0),(104859,0,0,0,0,0,0,0,0,0,0,0,0,0,'',0),(104860,0,0,0,0,0,0,0,0,0,0,0,0,0,'',0),(104861,0,0,0,0,0,0,0,0,0,0,0,0,0,'',0),(104862,0,0,0,0,0,0,0,0,0,0,0,0,0,'',0),(104863,0,0,0,0,0,0,0,0,0,0,0,0,0,'',0),(104864,6,3,0,0,0,0,0,0,0,0,0,0,0,'fr',0),(104865,6,3,0,0,0,0,0,0,0,0,0,0,0,'fr',0),(104866,6,3,0,0,0,0,0,0,0,0,0,0,0,'fr',0),(104867,6,3,0,0,0,0,0,0,0,0,0,0,0,'fr',0),(104868,6,3,0,0,0,0,0,0,0,0,0,0,0,'fr',0),(104869,6,3,0,0,0,0,0,0,0,0,0,0,0,'fr',0),(104870,6,3,0,0,0,0,0,0,0,0,0,0,0,'fr',0),(104871,6,3,0,0,0,0,0,0,0,0,0,0,0,'fr',0),(104872,6,3,0,0,0,0,0,0,0,0,0,0,0,'fr',0),(104873,6,3,0,0,0,0,0,0,0,0,0,0,0,'fr',0),(104874,6,3,0,0,0,0,0,0,0,0,0,0,0,'fr',0),(104875,6,3,0,0,0,0,0,0,0,0,0,0,0,'fr',0),(104876,6,3,0,0,0,0,0,0,0,0,0,0,0,'fr',0),(104877,6,3,0,0,0,0,0,0,0,0,0,0,0,'fr',0),(104878,6,3,0,0,0,0,0,0,0,0,0,0,0,'fr',0),(104879,6,3,0,0,0,0,0,0,0,0,0,0,0,'fr',0),(104880,6,3,0,0,0,0,0,0,0,0,0,0,0,'fr',0),(104881,6,3,0,0,0,0,0,0,0,0,0,0,0,'fr',0),(104882,6,3,0,0,0,0,0,0,0,0,0,0,0,'fr',0),(104883,6,3,0,0,0,0,0,0,0,0,0,0,0,'fr',0),(104884,6,3,0,0,0,0,0,0,0,0,0,0,0,'fr',0),(104885,0,0,0,0,0,0,0,0,0,0,0,0,0,'',0),(104886,0,0,0,0,0,0,0,0,0,0,0,0,0,'',0),(104887,0,0,0,0,0,0,0,0,0,0,0,0,0,'',0),(104888,9,11,0,0,0,0,0,0,0,0,0,0,0,'',0),(104889,9,11,0,0,0,0,0,0,0,0,0,0,0,'',0),(104890,0,0,0,0,0,0,0,0,0,0,0,0,0,'',0),(104891,3,11,0,0,0,0,0,0,0,0,0,0,0,'',0),(104892,3,11,0,0,0,0,0,0,0,0,0,0,0,'',0),(104893,0,0,0,0,0,0,0,0,0,0,0,0,0,'',0),(104894,0,0,0,0,0,0,0,0,0,0,0,0,0,'',0),(104895,0,0,0,0,0,0,0,0,0,0,0,0,0,'',0),(104896,0,0,0,0,0,0,0,0,0,0,0,0,0,'',0),(104897,7,1,0,0,0,0,0,0,0,0,0,0,0,'fr-fr',0),(104898,0,0,0,0,0,0,0,0,0,0,0,0,0,'',0),(104899,0,0,0,0,0,0,0,0,0,0,0,0,0,'',0),(104900,0,0,0,0,0,0,0,0,0,0,0,0,0,'',0),(104901,0,0,0,0,0,0,0,0,0,0,0,0,0,'',0),(104902,9,11,0,0,0,0,0,0,0,0,0,0,0,'',0),(104903,0,0,0,0,0,0,0,0,0,0,0,0,0,'',0),(104904,0,0,0,0,0,0,0,0,0,0,0,0,0,'',0),(104905,0,0,0,0,0,0,0,0,0,0,0,0,0,'',0),(104906,9,11,0,0,0,0,0,0,0,0,0,0,0,'',0),(104907,0,0,0,0,0,0,0,0,0,0,0,0,0,'',0),(104908,9,11,0,0,0,0,0,0,0,0,0,0,0,'',0),(104909,0,0,0,0,0,0,0,0,0,0,0,0,0,'',0),(104910,8,3,0,0,0,0,0,0,0,0,0,0,0,'',0),(104911,0,0,0,0,0,0,0,0,0,0,0,0,0,'',0),(104912,0,0,0,0,0,0,0,0,0,0,0,0,0,'',0),(104913,0,0,0,0,0,0,0,0,0,0,0,0,0,'',0),(104914,9,11,0,0,0,0,0,0,0,0,0,0,0,'',0),(104915,0,0,0,0,0,0,0,0,0,0,0,0,0,'',0),(104916,0,0,0,0,0,0,0,0,0,0,0,0,0,'',0),(104917,0,0,0,0,0,0,0,0,0,0,0,0,0,'',0),(104918,0,0,0,0,0,0,0,0,0,0,0,0,0,'',0),(104919,0,0,0,0,0,0,0,0,0,0,0,0,0,'',0),(104920,0,0,0,0,0,0,0,0,0,0,0,0,0,'',0),(104921,0,0,0,0,0,0,0,0,0,0,0,0,0,'',0),(104922,0,0,0,0,0,0,0,0,0,0,0,0,0,'',0),(104923,0,0,0,0,0,0,0,0,0,0,0,0,0,'',0),(104924,0,0,0,0,0,0,0,0,0,0,0,0,0,'',0),(104925,0,0,0,0,0,0,0,0,0,0,0,0,0,'',0),(104926,0,0,0,0,0,0,0,0,0,0,0,0,0,'',0),(104927,9,11,0,0,0,0,0,0,0,0,0,0,0,'',0),(104928,0,0,0,0,0,0,0,0,0,0,0,0,0,'',0),(104929,0,0,0,0,0,0,0,0,0,0,0,0,0,'',0),(104930,0,0,0,0,0,0,0,0,0,0,0,0,0,'',0),(104931,0,0,0,0,0,0,0,0,0,0,0,0,0,'',0),(104932,3,11,0,0,0,0,0,0,0,0,0,0,0,'en',0),(104933,3,11,0,0,0,0,0,0,0,0,0,0,0,'en',0),(104934,9,11,0,0,0,0,0,0,0,0,0,0,0,'',0),(104935,0,0,0,0,0,0,0,0,0,0,0,0,0,'',0),(104936,0,0,0,0,0,0,0,0,0,0,0,0,0,'',0),(104937,0,0,0,0,0,0,0,0,0,0,0,0,0,'',0),(104938,0,0,0,0,0,0,0,0,0,0,0,0,0,'',0),(104939,0,0,0,0,0,0,0,0,0,0,0,0,0,'',0),(104940,0,0,0,0,0,0,0,0,0,0,0,0,0,'',0),(104941,7,11,0,0,0,0,0,0,0,0,0,0,0,'fr',0),(104942,0,0,0,0,0,0,0,0,0,0,0,0,0,'',0),(104943,0,0,0,0,0,0,0,0,0,0,0,0,0,'',0),(104944,9,11,0,0,0,0,0,0,0,0,0,0,0,'',0),(104945,9,11,0,0,0,0,0,0,0,0,0,0,0,'',0),(104946,0,0,0,0,0,0,0,0,0,0,0,0,0,'',0),(104947,0,0,0,0,0,0,0,0,0,0,0,0,0,'',0),(104948,0,0,0,0,0,0,0,0,0,0,0,0,0,'',0),(104949,0,0,0,0,0,0,0,0,0,0,0,0,0,'',0),(104950,9,11,0,0,0,0,0,0,0,0,0,0,0,'',0),(104951,0,0,0,0,0,0,0,0,0,0,0,0,0,'',0),(104952,0,0,0,0,0,0,0,0,0,0,0,0,0,'',0),(104953,0,0,0,0,0,0,0,0,0,0,0,0,0,'',0),(104954,9,11,0,0,0,0,0,0,0,0,0,0,0,'',0),(104955,0,0,0,0,0,0,0,0,0,0,0,0,0,'',0),(104956,0,0,0,0,0,0,0,0,0,0,0,0,0,'',0),(104957,0,0,0,0,0,0,0,0,0,0,0,0,0,'',0),(104958,0,0,0,0,0,0,0,0,0,0,0,0,0,'',0),(104959,0,0,0,0,0,0,0,0,0,0,0,0,0,'',0),(104960,0,0,0,0,0,0,0,0,0,0,0,0,0,'',0),(104961,0,0,0,0,0,0,0,0,0,0,0,0,0,'',0),(104962,0,0,0,0,0,0,0,0,0,0,0,0,0,'',0),(104963,0,0,0,0,0,0,0,0,0,0,0,0,0,'',0),(104964,0,0,0,0,0,0,0,0,0,0,0,0,0,'',0),(104965,0,0,0,0,0,0,0,0,0,0,0,0,0,'',0),(104966,0,0,0,0,0,0,0,0,0,0,0,0,0,'',0),(104967,0,0,0,0,0,0,0,0,0,0,0,0,0,'',0),(104968,0,0,0,0,0,0,0,0,0,0,0,0,0,'',0),(104969,0,0,0,0,0,0,0,0,0,0,0,0,0,'',0),(104970,0,0,0,0,0,0,0,0,0,0,0,0,0,'',0),(104971,0,0,0,0,0,0,0,0,0,0,0,0,0,'',0),(104972,9,11,0,0,0,0,0,0,0,0,0,0,0,'',0),(104973,0,0,0,0,0,0,0,0,0,0,0,0,0,'',0),(104974,0,0,0,0,0,0,0,0,0,0,0,0,0,'',0),(104975,0,0,0,0,0,0,0,0,0,0,0,0,0,'',0),(104976,0,0,0,0,0,0,0,0,0,0,0,0,0,'',0),(104977,0,0,0,0,0,0,0,0,0,0,0,0,0,'',0),(104978,8,3,0,0,0,0,0,0,0,0,0,0,0,'',0),(104979,9,11,0,0,0,0,0,0,0,0,0,0,0,'',0),(104980,9,11,0,0,0,0,0,0,0,0,0,0,0,'',0),(104981,0,0,0,0,0,0,0,0,0,0,0,0,0,'',0),(104982,0,0,0,0,0,0,0,0,0,0,0,0,0,'',0),(104983,0,0,0,0,0,0,0,0,0,0,0,0,0,'',0),(104984,0,0,0,0,0,0,0,0,0,0,0,0,0,'',0),(104985,9,11,0,0,0,0,0,0,0,0,0,0,0,'',0),(104986,0,0,0,0,0,0,0,0,0,0,0,0,0,'',0),(104987,0,0,0,0,0,0,0,0,0,0,0,0,0,'',0),(104988,0,0,0,0,0,0,0,0,0,0,0,0,0,'',0),(104989,0,0,0,0,0,0,0,0,0,0,0,0,0,'',0),(104990,0,0,0,0,0,0,0,0,0,0,0,0,0,'',0),(104991,9,11,0,0,0,0,0,0,0,0,0,0,0,'',0),(104992,0,0,0,0,0,0,0,0,0,0,0,0,0,'',0),(104993,9,11,0,0,0,0,0,0,0,0,0,0,0,'',0),(104994,0,0,0,0,0,0,0,0,0,0,0,0,0,'',0),(104995,3,11,0,0,0,0,0,0,0,0,0,0,0,'',0),(104996,0,0,0,0,0,0,0,0,0,0,0,0,0,'',0),(104997,0,0,0,0,0,0,0,0,0,0,0,0,0,'',0),(104998,0,0,0,0,0,0,0,0,0,0,0,0,0,'',0),(104999,0,0,0,0,0,0,0,0,0,0,0,0,0,'',0),(105000,0,0,0,0,0,0,0,0,0,0,0,0,0,'',0),(105001,0,0,0,0,0,0,0,0,0,0,0,0,0,'',0),(105002,0,0,0,0,0,0,0,0,0,0,0,0,0,'',0),(105003,0,0,0,0,0,0,0,0,0,0,0,0,0,'',0),(105004,7,1,0,0,0,0,0,0,0,0,0,0,0,'en-us',0),(105005,0,0,0,0,0,0,0,0,0,0,0,0,0,'',0),(105006,0,0,0,0,0,0,0,0,0,0,0,0,0,'',0),(105007,0,0,0,0,0,0,0,0,0,0,0,0,0,'',0),(105008,0,0,0,0,0,0,0,0,0,0,0,0,0,'',0),(105009,0,0,0,0,0,0,0,0,0,0,0,0,0,'',0),(105010,0,0,0,0,0,0,0,0,0,0,0,0,0,'en',0),(105011,9,11,0,0,0,0,0,0,0,0,0,0,0,'',0),(105012,7,11,0,0,0,0,0,0,0,0,0,0,0,'',0),(105013,0,0,0,0,0,0,0,0,0,0,0,0,0,'',0),(105014,0,0,0,0,0,0,0,0,0,0,0,0,0,'',0),(105015,0,0,0,0,0,0,0,0,0,0,0,0,0,'',0),(105016,0,0,0,0,0,0,0,0,0,0,0,0,0,'',0),(105017,9,11,0,0,0,0,0,0,0,0,0,0,0,'',0),(105018,0,0,0,0,0,0,0,0,0,0,0,0,0,'',0),(105019,0,0,0,0,0,0,0,0,0,0,0,0,0,'',0),(105020,0,0,0,0,0,0,0,0,0,0,0,0,0,'',0),(105021,0,0,0,0,0,0,0,0,0,0,0,0,0,'en',0),(105022,0,0,0,0,0,0,0,0,0,0,0,0,0,'',0),(105023,0,0,0,0,0,0,0,0,0,0,0,0,0,'',0),(105024,9,11,0,0,0,0,0,0,0,0,0,0,0,'',0),(105025,0,0,0,0,0,0,0,0,0,0,0,0,0,'',0),(105026,9,11,0,0,0,0,0,0,0,0,0,0,0,'',0),(105027,0,0,0,0,0,0,0,0,0,0,0,0,0,'',0),(105028,0,0,0,0,0,0,0,0,0,0,0,0,0,'',0),(105029,3,10,0,0,0,0,0,0,0,0,0,0,0,'fr',0),(105030,0,0,0,0,0,0,0,0,0,0,0,0,0,'',0),(105031,9,11,0,0,0,0,0,0,0,0,0,0,0,'',0),(105032,0,0,0,0,0,0,0,0,0,0,0,0,0,'',0),(105033,0,0,0,0,0,0,0,0,0,0,0,0,0,'',0),(105034,0,0,0,0,0,0,0,0,0,0,0,0,0,'',0),(105035,6,11,0,0,0,0,0,0,0,0,0,0,0,'',0),(105036,6,11,0,0,0,0,0,0,0,0,0,0,0,'',0),(105037,6,11,0,0,0,0,0,0,0,0,0,0,0,'',0),(105038,6,11,0,0,0,0,0,0,0,0,0,0,0,'',0),(105039,6,11,0,0,0,0,0,0,0,0,0,0,0,'',0),(105040,6,11,0,0,0,0,0,0,0,0,0,0,0,'',0),(105041,6,11,0,0,0,0,0,0,0,0,0,0,0,'',0),(105042,6,11,0,0,0,0,0,0,0,0,0,0,0,'',0),(105043,6,11,0,0,0,0,0,0,0,0,0,0,0,'',0),(105044,6,11,0,0,0,0,0,0,0,0,0,0,0,'',0),(105045,6,11,0,0,0,0,0,0,0,0,0,0,0,'',0),(105046,6,11,0,0,0,0,0,0,0,0,0,0,0,'',0),(105047,6,11,0,0,0,0,0,0,0,0,0,0,0,'',0),(105048,6,11,0,0,0,0,0,0,0,0,0,0,0,'',0),(105049,6,11,0,0,0,0,0,0,0,0,0,0,0,'',0),(105050,6,11,0,0,0,0,0,0,0,0,0,0,0,'',0),(105051,6,11,0,0,0,0,0,0,0,0,0,0,0,'',0),(105052,6,11,0,0,0,0,0,0,0,0,0,0,0,'',0),(105053,6,11,0,0,0,0,0,0,0,0,0,0,0,'',0),(105054,6,11,0,0,0,0,0,0,0,0,0,0,0,'',0),(105055,6,11,0,0,0,0,0,0,0,0,0,0,0,'',0),(105056,6,11,0,0,0,0,0,0,0,0,0,0,0,'',0),(105057,6,11,0,0,0,0,0,0,0,0,0,0,0,'',0),(105058,6,11,0,0,0,0,0,0,0,0,0,0,0,'',0),(105059,6,11,0,0,0,0,0,0,0,0,0,0,0,'',0),(105060,6,11,0,0,0,0,0,0,0,0,0,0,0,'',0),(105061,6,11,0,0,0,0,0,0,0,0,0,0,0,'',0),(105062,6,11,0,0,0,0,0,0,0,0,0,0,0,'',0),(105063,6,11,0,0,0,0,0,0,0,0,0,0,0,'',0),(105064,6,11,0,0,0,0,0,0,0,0,0,0,0,'',0),(105065,6,11,0,0,0,0,0,0,0,0,0,0,0,'',0),(105066,6,11,0,0,0,0,0,0,0,0,0,0,0,'',0),(105067,6,11,0,0,0,0,0,0,0,0,0,0,0,'',0),(105068,6,11,0,0,0,0,0,0,0,0,0,0,0,'',0),(105069,6,11,0,0,0,0,0,0,0,0,0,0,0,'',0),(105070,6,11,0,0,0,0,0,0,0,0,0,0,0,'',0),(105071,6,11,0,0,0,0,0,0,0,0,0,0,0,'',0),(105072,6,11,0,0,0,0,0,0,0,0,0,0,0,'',0),(105073,6,11,0,0,0,0,0,0,0,0,0,0,0,'',0),(105074,6,11,0,0,0,0,0,0,0,0,0,0,0,'',0),(105075,6,11,0,0,0,0,0,0,0,0,0,0,0,'',0),(105076,6,11,0,0,0,0,0,0,0,0,0,0,0,'',0),(105077,6,11,0,0,0,0,0,0,0,0,0,0,0,'',0),(105078,6,11,0,0,0,0,0,0,0,0,0,0,0,'',0),(105079,6,11,0,0,0,0,0,0,0,0,0,0,0,'',0),(105080,6,11,0,0,0,0,0,0,0,0,0,0,0,'',0),(105081,6,11,0,0,0,0,0,0,0,0,0,0,0,'',0),(105082,6,11,0,0,0,0,0,0,0,0,0,0,0,'',0),(105083,6,11,0,0,0,0,0,0,0,0,0,0,0,'',0),(105084,6,11,0,0,0,0,0,0,0,0,0,0,0,'',0),(105085,6,11,0,0,0,0,0,0,0,0,0,0,0,'',0),(105086,6,11,0,0,0,0,0,0,0,0,0,0,0,'',0),(105087,6,11,0,0,0,0,0,0,0,0,0,0,0,'',0),(105088,6,11,0,0,0,0,0,0,0,0,0,0,0,'',0),(105089,6,11,0,0,0,0,0,0,0,0,0,0,0,'',0),(105090,6,11,0,0,0,0,0,0,0,0,0,0,0,'',0),(105091,6,11,0,0,0,0,0,0,0,0,0,0,0,'',0),(105092,6,11,0,0,0,0,0,0,0,0,0,0,0,'',0),(105093,6,11,0,0,0,0,0,0,0,0,0,0,0,'',0),(105094,6,11,0,0,0,0,0,0,0,0,0,0,0,'',0),(105095,6,11,0,0,0,0,0,0,0,0,0,0,0,'',0),(105096,6,11,0,0,0,0,0,0,0,0,0,0,0,'',0),(105097,6,11,0,0,0,0,0,0,0,0,0,0,0,'',0),(105098,6,11,0,0,0,0,0,0,0,0,0,0,0,'',0),(105099,6,11,0,0,0,0,0,0,0,0,0,0,0,'',0),(105100,6,11,0,0,0,0,0,0,0,0,0,0,0,'',0),(105101,6,11,0,0,0,0,0,0,0,0,0,0,0,'',0),(105102,6,11,0,0,0,0,0,0,0,0,0,0,0,'',0),(105103,6,11,0,0,0,0,0,0,0,0,0,0,0,'',0),(105104,6,11,0,0,0,0,0,0,0,0,0,0,0,'',0),(105105,6,11,0,0,0,0,0,0,0,0,0,0,0,'',0),(105106,6,11,0,0,0,0,0,0,0,0,0,0,0,'',0),(105107,6,11,0,0,0,0,0,0,0,0,0,0,0,'',0),(105108,6,11,0,0,0,0,0,0,0,0,0,0,0,'',0),(105109,6,11,0,0,0,0,0,0,0,0,0,0,0,'',0),(105110,6,11,0,0,0,0,0,0,0,0,0,0,0,'',0),(105111,6,11,0,0,0,0,0,0,0,0,0,0,0,'',0),(105112,6,11,0,0,0,0,0,0,0,0,0,0,0,'',0),(105113,6,11,0,0,0,0,0,0,0,0,0,0,0,'',0),(105114,6,11,0,0,0,0,0,0,0,0,0,0,0,'',0),(105115,6,11,0,0,0,0,0,0,0,0,0,0,0,'',0),(105116,6,11,0,0,0,0,0,0,0,0,0,0,0,'',0),(105117,6,11,0,0,0,0,0,0,0,0,0,0,0,'',0),(105118,6,11,0,0,0,0,0,0,0,0,0,0,0,'',0),(105119,6,11,0,0,0,0,0,0,0,0,0,0,0,'',0),(105120,6,11,0,0,0,0,0,0,0,0,0,0,0,'',0),(105121,6,11,0,0,0,0,0,0,0,0,0,0,0,'',0),(105122,6,11,0,0,0,0,0,0,0,0,0,0,0,'',0),(105123,6,11,0,0,0,0,0,0,0,0,0,0,0,'',0),(105124,6,11,0,0,0,0,0,0,0,0,0,0,0,'',0),(105125,6,11,0,0,0,0,0,0,0,0,0,0,0,'',0),(105126,6,11,0,0,0,0,0,0,0,0,0,0,0,'',0),(105127,6,11,0,0,0,0,0,0,0,0,0,0,0,'',0),(105128,6,11,0,0,0,0,0,0,0,0,0,0,0,'',0),(105129,6,11,0,0,0,0,0,0,0,0,0,0,0,'',0),(105130,6,11,0,0,0,0,0,0,0,0,0,0,0,'',0),(105131,6,11,0,0,0,0,0,0,0,0,0,0,0,'',0),(105132,6,11,0,0,0,0,0,0,0,0,0,0,0,'',0),(105133,6,11,0,0,0,0,0,0,0,0,0,0,0,'',0),(105134,6,11,0,0,0,0,0,0,0,0,0,0,0,'',0),(105135,6,11,0,0,0,0,0,0,0,0,0,0,0,'',0),(105136,6,11,0,0,0,0,0,0,0,0,0,0,0,'',0),(105137,6,11,0,0,0,0,0,0,0,0,0,0,0,'',0),(105138,6,11,0,0,0,0,0,0,0,0,0,0,0,'',0),(105139,6,11,0,0,0,0,0,0,0,0,0,0,0,'',0),(105140,6,11,0,0,0,0,0,0,0,0,0,0,0,'',0),(105141,6,11,0,0,0,0,0,0,0,0,0,0,0,'',0),(105142,6,11,0,0,0,0,0,0,0,0,0,0,0,'',0),(105143,6,11,0,0,0,0,0,0,0,0,0,0,0,'',0),(105144,6,11,0,0,0,0,0,0,0,0,0,0,0,'',0),(105145,6,11,0,0,0,0,0,0,0,0,0,0,0,'',0),(105146,6,11,0,0,0,0,0,0,0,0,0,0,0,'',0),(105147,6,11,0,0,0,0,0,0,0,0,0,0,0,'',0),(105148,6,11,0,0,0,0,0,0,0,0,0,0,0,'',0),(105149,6,11,0,0,0,0,0,0,0,0,0,0,0,'',0),(105150,6,11,0,0,0,0,0,0,0,0,0,0,0,'',0),(105151,6,11,0,0,0,0,0,0,0,0,0,0,0,'',0),(105152,6,11,0,0,0,0,0,0,0,0,0,0,0,'',0),(105153,6,11,0,0,0,0,0,0,0,0,0,0,0,'',0),(105154,6,11,0,0,0,0,0,0,0,0,0,0,0,'',0),(105155,6,11,0,0,0,0,0,0,0,0,0,0,0,'',0),(105156,6,11,0,0,0,0,0,0,0,0,0,0,0,'',0),(105157,6,11,0,0,0,0,0,0,0,0,0,0,0,'',0),(105158,6,11,0,0,0,0,0,0,0,0,0,0,0,'',0),(105159,6,11,0,0,0,0,0,0,0,0,0,0,0,'',0),(105160,6,11,0,0,0,0,0,0,0,0,0,0,0,'',0),(105161,6,11,0,0,0,0,0,0,0,0,0,0,0,'',0),(105162,6,11,0,0,0,0,0,0,0,0,0,0,0,'',0),(105163,6,11,0,0,0,0,0,0,0,0,0,0,0,'',0),(105164,6,11,0,0,0,0,0,0,0,0,0,0,0,'',0),(105165,6,11,0,0,0,0,0,0,0,0,0,0,0,'',0),(105166,6,11,0,0,0,0,0,0,0,0,0,0,0,'',0),(105167,6,11,0,0,0,0,0,0,0,0,0,0,0,'',0),(105168,6,11,0,0,0,0,0,0,0,0,0,0,0,'',0),(105169,6,11,0,0,0,0,0,0,0,0,0,0,0,'',0),(105170,6,11,0,0,0,0,0,0,0,0,0,0,0,'',0),(105171,6,11,0,0,0,0,0,0,0,0,0,0,0,'',0),(105172,6,11,0,0,0,0,0,0,0,0,0,0,0,'',0),(105173,6,11,0,0,0,0,0,0,0,0,0,0,0,'',0),(105174,6,11,0,0,0,0,0,0,0,0,0,0,0,'',0),(105175,6,11,0,0,0,0,0,0,0,0,0,0,0,'',0),(105176,6,11,0,0,0,0,0,0,0,0,0,0,0,'',0),(105177,6,11,0,0,0,0,0,0,0,0,0,0,0,'',0),(105178,6,11,0,0,0,0,0,0,0,0,0,0,0,'',0),(105179,6,11,0,0,0,0,0,0,0,0,0,0,0,'',0),(105180,6,11,0,0,0,0,0,0,0,0,0,0,0,'',0),(105181,6,11,0,0,0,0,0,0,0,0,0,0,0,'',0),(105182,6,11,0,0,0,0,0,0,0,0,0,0,0,'',0),(105183,6,11,0,0,0,0,0,0,0,0,0,0,0,'',0),(105184,6,11,0,0,0,0,0,0,0,0,0,0,0,'',0),(105185,6,11,0,0,0,0,0,0,0,0,0,0,0,'',0),(105186,6,11,0,0,0,0,0,0,0,0,0,0,0,'',0),(105187,6,11,0,0,0,0,0,0,0,0,0,0,0,'',0),(105188,6,11,0,0,0,0,0,0,0,0,0,0,0,'',0),(105189,6,11,0,0,0,0,0,0,0,0,0,0,0,'',0),(105190,6,11,0,0,0,0,0,0,0,0,0,0,0,'',0),(105191,6,11,0,0,0,0,0,0,0,0,0,0,0,'',0),(105192,6,11,0,0,0,0,0,0,0,0,0,0,0,'',0),(105193,6,11,0,0,0,0,0,0,0,0,0,0,0,'',0),(105194,6,11,0,0,0,0,0,0,0,0,0,0,0,'',0),(105195,6,11,0,0,0,0,0,0,0,0,0,0,0,'',0),(105196,6,11,0,0,0,0,0,0,0,0,0,0,0,'',0),(105197,6,11,0,0,0,0,0,0,0,0,0,0,0,'',0),(105198,6,11,0,0,0,0,0,0,0,0,0,0,0,'',0),(105199,6,11,0,0,0,0,0,0,0,0,0,0,0,'',0),(105200,6,11,0,0,0,0,0,0,0,0,0,0,0,'',0),(105201,6,11,0,0,0,0,0,0,0,0,0,0,0,'',0),(105202,6,11,0,0,0,0,0,0,0,0,0,0,0,'',0),(105203,6,11,0,0,0,0,0,0,0,0,0,0,0,'',0),(105204,6,11,0,0,0,0,0,0,0,0,0,0,0,'',0),(105205,6,11,0,0,0,0,0,0,0,0,0,0,0,'',0),(105206,6,11,0,0,0,0,0,0,0,0,0,0,0,'',0),(105207,6,11,0,0,0,0,0,0,0,0,0,0,0,'',0),(105208,6,11,0,0,0,0,0,0,0,0,0,0,0,'',0),(105209,6,11,0,0,0,0,0,0,0,0,0,0,0,'',0),(105210,6,11,0,0,0,0,0,0,0,0,0,0,0,'',0),(105211,6,11,0,0,0,0,0,0,0,0,0,0,0,'',0),(105212,6,11,0,0,0,0,0,0,0,0,0,0,0,'',0),(105213,6,11,0,0,0,0,0,0,0,0,0,0,0,'',0),(105214,6,11,0,0,0,0,0,0,0,0,0,0,0,'',0),(105215,6,11,0,0,0,0,0,0,0,0,0,0,0,'',0),(105216,6,11,0,0,0,0,0,0,0,0,0,0,0,'',0),(105217,6,11,0,0,0,0,0,0,0,0,0,0,0,'',0),(105218,6,11,0,0,0,0,0,0,0,0,0,0,0,'',0),(105219,6,11,0,0,0,0,0,0,0,0,0,0,0,'',0),(105220,6,11,0,0,0,0,0,0,0,0,0,0,0,'',0),(105221,6,11,0,0,0,0,0,0,0,0,0,0,0,'',0),(105222,6,11,0,0,0,0,0,0,0,0,0,0,0,'',0),(105223,6,11,0,0,0,0,0,0,0,0,0,0,0,'',0),(105224,6,11,0,0,0,0,0,0,0,0,0,0,0,'',0),(105225,6,11,0,0,0,0,0,0,0,0,0,0,0,'',0),(105226,6,11,0,0,0,0,0,0,0,0,0,0,0,'',0),(105227,6,11,0,0,0,0,0,0,0,0,0,0,0,'',0),(105228,6,11,0,0,0,0,0,0,0,0,0,0,0,'',0),(105229,6,11,0,0,0,0,0,0,0,0,0,0,0,'',0),(105230,6,11,0,0,0,0,0,0,0,0,0,0,0,'',0),(105231,6,11,0,0,0,0,0,0,0,0,0,0,0,'',0),(105232,6,11,0,0,0,0,0,0,0,0,0,0,0,'',0),(105233,6,11,0,0,0,0,0,0,0,0,0,0,0,'',0),(105234,6,11,0,0,0,0,0,0,0,0,0,0,0,'',0),(105235,6,11,0,0,0,0,0,0,0,0,0,0,0,'',0),(105236,6,11,0,0,0,0,0,0,0,0,0,0,0,'',0),(105237,6,11,0,0,0,0,0,0,0,0,0,0,0,'',0),(105238,6,11,0,0,0,0,0,0,0,0,0,0,0,'',0),(105239,6,11,0,0,0,0,0,0,0,0,0,0,0,'',0),(105240,6,11,0,0,0,0,0,0,0,0,0,0,0,'',0),(105241,6,11,0,0,0,0,0,0,0,0,0,0,0,'',0),(105242,6,11,0,0,0,0,0,0,0,0,0,0,0,'',0),(105243,6,11,0,0,0,0,0,0,0,0,0,0,0,'',0),(105244,6,11,0,0,0,0,0,0,0,0,0,0,0,'',0),(105245,6,11,0,0,0,0,0,0,0,0,0,0,0,'',0),(105246,6,11,0,0,0,0,0,0,0,0,0,0,0,'',0),(105247,9,11,0,0,0,0,0,0,0,0,0,0,0,'',0),(105248,6,11,0,0,0,0,0,0,0,0,0,0,0,'',0),(105249,6,11,0,0,0,0,0,0,0,0,0,0,0,'',0),(105250,6,11,0,0,0,0,0,0,0,0,0,0,0,'',0),(105251,6,11,0,0,0,0,0,0,0,0,0,0,0,'',0),(105252,6,11,0,0,0,0,0,0,0,0,0,0,0,'',0),(105253,6,11,0,0,0,0,0,0,0,0,0,0,0,'',0),(105254,6,11,0,0,0,0,0,0,0,0,0,0,0,'',0),(105255,6,11,0,0,0,0,0,0,0,0,0,0,0,'',0),(105256,6,11,0,0,0,0,0,0,0,0,0,0,0,'',0),(105257,6,11,0,0,0,0,0,0,0,0,0,0,0,'',0),(105258,6,11,0,0,0,0,0,0,0,0,0,0,0,'',0),(105259,6,11,0,0,0,0,0,0,0,0,0,0,0,'',0),(105260,6,11,0,0,0,0,0,0,0,0,0,0,0,'',0),(105261,6,11,0,0,0,0,0,0,0,0,0,0,0,'',0),(105262,6,11,0,0,0,0,0,0,0,0,0,0,0,'',0),(105263,6,11,0,0,0,0,0,0,0,0,0,0,0,'',0),(105264,6,11,0,0,0,0,0,0,0,0,0,0,0,'',0),(105265,6,11,0,0,0,0,0,0,0,0,0,0,0,'',0),(105266,6,11,0,0,0,0,0,0,0,0,0,0,0,'',0),(105267,6,11,0,0,0,0,0,0,0,0,0,0,0,'',0),(105268,6,11,0,0,0,0,0,0,0,0,0,0,0,'',0),(105269,6,11,0,0,0,0,0,0,0,0,0,0,0,'',0),(105270,6,11,0,0,0,0,0,0,0,0,0,0,0,'',0),(105271,6,11,0,0,0,0,0,0,0,0,0,0,0,'',0),(105272,6,11,0,0,0,0,0,0,0,0,0,0,0,'',0),(105273,6,11,0,0,0,0,0,0,0,0,0,0,0,'',0),(105274,6,11,0,0,0,0,0,0,0,0,0,0,0,'',0),(105275,6,11,0,0,0,0,0,0,0,0,0,0,0,'',0),(105276,6,11,0,0,0,0,0,0,0,0,0,0,0,'',0),(105277,6,11,0,0,0,0,0,0,0,0,0,0,0,'',0),(105278,6,11,0,0,0,0,0,0,0,0,0,0,0,'',0),(105279,6,11,0,0,0,0,0,0,0,0,0,0,0,'',0),(105280,6,11,0,0,0,0,0,0,0,0,0,0,0,'',0),(105281,6,11,0,0,0,0,0,0,0,0,0,0,0,'',0),(105282,6,11,0,0,0,0,0,0,0,0,0,0,0,'',0),(105283,6,11,0,0,0,0,0,0,0,0,0,0,0,'',0),(105284,6,11,0,0,0,0,0,0,0,0,0,0,0,'',0),(105285,6,11,0,0,0,0,0,0,0,0,0,0,0,'',0),(105286,6,11,0,0,0,0,0,0,0,0,0,0,0,'',0),(105287,0,0,0,0,0,0,0,0,0,0,0,0,0,'',0),(105288,0,0,0,0,0,0,0,0,0,0,0,0,0,'',0),(105289,0,0,0,0,0,0,0,0,0,0,0,0,0,'',0),(105290,0,0,0,0,0,0,0,0,0,0,0,0,0,'',0),(105291,0,0,0,0,0,0,0,0,0,0,0,0,0,'',0),(105292,9,11,0,0,0,0,0,0,0,0,0,0,0,'',0),(105293,0,0,0,0,0,0,0,0,0,0,0,0,0,'',0),(105294,9,11,0,0,0,0,0,0,0,0,0,0,0,'',0),(105295,7,11,0,0,0,0,0,0,0,0,0,0,0,'',0),(105296,0,0,0,0,0,0,0,0,0,0,0,0,0,'',0),(105297,0,0,0,0,0,0,0,0,0,0,0,0,0,'',0),(105298,9,11,0,0,0,0,0,0,0,0,0,0,0,'',0),(105299,0,0,0,0,0,0,0,0,0,0,0,0,0,'',0),(105300,0,0,0,0,0,0,0,0,0,0,0,0,0,'',0),(105301,0,0,0,0,0,0,0,0,0,0,0,0,0,'',0),(105302,0,0,0,0,0,0,0,0,0,0,0,0,0,'',0),(105303,0,0,0,0,0,0,0,0,0,0,0,0,0,'',0),(105304,9,11,0,0,0,0,0,0,0,0,0,0,0,'',0),(105305,0,0,0,0,0,0,0,0,0,0,0,0,0,'',0),(105306,3,11,0,0,0,0,0,0,0,0,0,0,0,'',0),(105307,0,0,0,0,0,0,0,0,0,0,0,0,0,'',0),(105308,0,0,0,0,0,0,0,0,0,0,0,0,0,'',0),(105309,0,0,0,0,0,0,0,0,0,0,0,0,0,'',0),(105310,9,11,0,0,0,0,0,0,0,0,0,0,0,'',0),(105311,9,11,0,0,0,0,0,0,0,0,0,0,0,'',0),(105312,0,0,0,0,0,0,0,0,0,0,0,0,0,'',0),(105313,0,0,0,0,0,0,0,0,0,0,0,0,0,'',0),(105314,0,0,0,0,0,0,0,0,0,0,0,0,0,'',0),(105315,0,0,0,0,0,0,0,0,0,0,0,0,0,'',0),(105316,0,0,0,0,0,0,0,0,0,0,0,0,0,'',0),(105317,0,0,0,0,0,0,0,0,0,0,0,0,0,'',0),(105318,9,11,0,0,0,0,0,0,0,0,0,0,0,'',0),(105319,0,0,0,0,0,0,0,0,0,0,0,0,0,'',0),(105320,9,11,0,0,0,0,0,0,0,0,0,0,0,'',0),(105321,0,0,0,0,0,0,0,0,0,0,0,0,0,'',0),(105322,9,11,0,0,0,0,0,0,0,0,0,0,0,'',0),(105323,0,0,0,0,0,0,0,0,0,0,0,0,0,'',0),(105324,0,0,0,0,0,0,0,0,0,0,0,0,0,'',0),(105325,0,0,0,0,0,0,0,0,0,0,0,0,0,'',0),(105326,0,0,0,0,0,0,0,0,0,0,0,0,0,'',0),(105327,3,0,0,0,0,0,0,0,0,0,0,0,0,'',0),(105328,3,0,0,0,0,0,0,0,0,0,0,0,0,'',0),(105329,3,0,0,0,0,0,0,0,0,0,0,0,0,'',0),(105330,0,0,0,0,0,0,0,0,0,0,0,0,0,'',0),(105331,0,0,0,0,0,0,0,0,0,0,0,0,0,'',0),(105332,9,11,0,0,0,0,0,0,0,0,0,0,0,'',0),(105333,0,0,0,0,0,0,0,0,0,0,0,0,0,'',0),(105334,0,0,0,0,0,0,0,0,0,0,0,0,0,'',0),(105335,0,0,0,0,0,0,0,0,0,0,0,0,0,'',0),(105336,0,0,0,0,0,0,0,0,0,0,0,0,0,'',0),(105337,0,0,0,0,0,0,0,0,0,0,0,0,0,'',0),(105338,0,0,0,0,0,0,0,0,0,0,0,0,0,'',0),(105339,6,3,0,0,0,0,0,0,0,0,0,0,0,'',0),(105340,0,0,0,0,0,0,0,0,0,0,0,0,0,'',0),(105341,9,11,0,0,0,0,0,0,0,0,0,0,0,'',0),(105342,9,11,0,0,0,0,0,0,0,0,0,0,0,'',0),(105343,0,0,0,0,0,0,0,0,0,0,0,0,0,'',0),(105344,0,0,0,0,0,0,0,0,0,0,0,0,0,'',0),(105345,9,11,0,0,0,0,0,0,0,0,0,0,0,'',0),(105346,0,0,0,0,0,0,0,0,0,0,0,0,0,'',0),(105347,0,0,0,0,0,0,0,0,0,0,0,0,0,'',0),(105348,9,11,0,0,0,0,0,0,0,0,0,0,0,'',0),(105349,9,11,0,0,0,0,0,0,0,0,0,0,0,'',0),(105350,0,0,0,0,0,0,0,0,0,0,0,0,0,'',0),(105351,0,0,0,0,0,0,0,0,0,0,0,0,0,'',0),(105352,0,0,0,0,0,0,0,0,0,0,0,0,0,'',0),(105353,9,11,0,0,0,0,0,0,0,0,0,0,0,'',0),(105354,0,0,0,0,0,0,0,0,0,0,0,0,0,'en',0),(105355,0,0,0,0,0,0,0,0,0,0,0,0,0,'en',0),(105356,0,0,0,0,0,0,0,0,0,0,0,0,0,'en',0),(105357,0,0,0,0,0,0,0,0,0,0,0,0,0,'en',0),(105358,0,0,0,0,0,0,0,0,0,0,0,0,0,'en',0),(105359,0,0,0,0,0,0,0,0,0,0,0,0,0,'en',0),(105360,0,0,0,0,0,0,0,0,0,0,0,0,0,'en',0),(105361,0,0,0,0,0,0,0,0,0,0,0,0,0,'en',0),(105362,0,0,0,0,0,0,0,0,0,0,0,0,0,'en',0),(105363,0,0,0,0,0,0,0,0,0,0,0,0,0,'en',0),(105364,0,0,0,0,0,0,0,0,0,0,0,0,0,'en',0),(105365,0,0,0,0,0,0,0,0,0,0,0,0,0,'en',0),(105366,0,0,0,0,0,0,0,0,0,0,0,0,0,'en',0),(105367,0,0,0,0,0,0,0,0,0,0,0,0,0,'en',0),(105368,0,0,0,0,0,0,0,0,0,0,0,0,0,'en',0),(105369,0,0,0,0,0,0,0,0,0,0,0,0,0,'en',0),(105370,0,0,0,0,0,0,0,0,0,0,0,0,0,'',0),(105371,0,0,0,0,0,0,0,0,0,0,0,0,0,'',0),(105372,0,0,0,0,0,0,0,0,0,0,0,0,0,'en',0),(105373,0,0,0,0,0,0,0,0,0,0,0,0,0,'en',0),(105374,0,0,0,0,0,0,0,0,0,0,0,0,0,'en',0),(105375,0,0,0,0,0,0,0,0,0,0,0,0,0,'en',0),(105376,0,0,0,0,0,0,0,0,0,0,0,0,0,'en',0),(105377,0,0,0,0,0,0,0,0,0,0,0,0,0,'en',0),(105378,0,0,0,0,0,0,0,0,0,0,0,0,0,'en',0),(105379,0,0,0,0,0,0,0,0,0,0,0,0,0,'en',0),(105380,0,0,0,0,0,0,0,0,0,0,0,0,0,'en',0),(105381,0,0,0,0,0,0,0,0,0,0,0,0,0,'en',0),(105382,0,0,0,0,0,0,0,0,0,0,0,0,0,'en',0),(105383,0,0,0,0,0,0,0,0,0,0,0,0,0,'en',0),(105384,0,0,0,0,0,0,0,0,0,0,0,0,0,'en',0),(105385,0,0,0,0,0,0,0,0,0,0,0,0,0,'en',0),(105386,0,0,0,0,0,0,0,0,0,0,0,0,0,'en',0),(105387,0,0,0,0,0,0,0,0,0,0,0,0,0,'en',0),(105388,5,10,0,0,0,0,0,0,0,0,0,0,0,'fr',0),(105389,0,0,0,0,0,0,0,0,0,0,0,0,0,'en',0),(105390,0,0,0,0,0,0,0,0,0,0,0,0,0,'en',0),(105391,0,0,0,0,0,0,0,0,0,0,0,0,0,'en',0),(105392,0,0,0,0,0,0,0,0,0,0,0,0,0,'en',0),(105393,0,0,0,0,0,0,0,0,0,0,0,0,0,'en',0),(105394,0,0,0,0,0,0,0,0,0,0,0,0,0,'',0),(105395,0,0,0,0,0,0,0,0,0,0,0,0,0,'',0),(105396,0,0,0,0,0,0,0,0,0,0,0,0,0,'',0),(105397,9,11,0,0,0,0,0,0,0,0,0,0,0,'',0),(105398,9,11,0,0,0,0,0,0,0,0,0,0,0,'',0),(105399,0,0,0,0,0,0,0,0,0,0,0,0,0,'',0),(105400,9,11,0,0,0,0,0,0,0,0,0,0,0,'',0),(105401,0,0,0,0,0,0,0,0,0,0,0,0,0,'',0),(105402,9,11,0,0,0,0,0,0,0,0,0,0,0,'',0),(105403,0,0,0,0,0,0,0,0,0,0,0,0,0,'',0),(105404,0,0,0,0,0,0,0,0,0,0,0,0,0,'',0),(105405,9,11,0,0,0,0,0,0,0,0,0,0,0,'',0),(105406,0,0,0,0,0,0,0,0,0,0,0,0,0,'',0),(105407,9,11,0,0,0,0,0,0,0,0,0,0,0,'',0),(105408,0,0,0,0,0,0,0,0,0,0,0,0,0,'',0),(105409,9,11,0,0,0,0,0,0,0,0,0,0,0,'',0),(105410,0,0,0,0,0,0,0,0,0,0,0,0,0,'',0),(105411,0,0,0,0,0,0,0,0,0,0,0,0,0,'',0),(105412,0,0,0,0,0,0,0,0,0,0,0,0,0,'',0),(105413,0,0,0,0,0,0,0,0,0,0,0,0,0,'',0),(105414,9,11,0,0,0,0,0,0,0,0,0,0,0,'',0),(105415,0,0,0,0,0,0,0,0,0,0,0,0,0,'',0),(105416,0,0,0,0,0,0,0,0,0,0,0,0,0,'',0),(105417,0,0,0,0,0,0,0,0,0,0,0,0,0,'',0),(105418,0,0,0,0,0,0,0,0,0,0,0,0,0,'',0),(105419,9,11,0,0,0,0,0,0,0,0,0,0,0,'',0),(105420,0,0,0,0,0,0,0,0,0,0,0,0,0,'',0),(105421,9,11,0,0,0,0,0,0,0,0,0,0,0,'',0),(105422,0,0,0,0,0,0,0,0,0,0,0,0,0,'',0),(105423,9,11,0,0,0,0,0,0,0,0,0,0,0,'',0),(105424,9,11,0,0,0,0,0,0,0,0,0,0,0,'',0),(105425,0,0,0,0,0,0,0,0,0,0,0,0,0,'',0),(105426,0,0,0,0,0,0,0,0,0,0,0,0,0,'',0),(105427,9,3,0,0,0,0,0,0,0,0,0,0,0,'fr',0),(105428,9,11,0,0,0,0,0,0,0,0,0,0,0,'',0),(105429,7,1,0,0,0,0,0,0,0,0,0,0,0,'fr-fr',0),(105430,0,0,0,0,0,0,0,0,0,0,0,0,0,'',0),(105431,0,0,0,0,0,0,0,0,0,0,0,0,0,'',0),(105432,0,0,0,0,0,0,0,0,0,0,0,0,0,'',0),(105433,0,0,0,0,0,0,0,0,0,0,0,0,0,'',0),(105434,9,11,0,0,0,0,0,0,0,0,0,0,0,'',0),(105435,0,0,0,0,0,0,0,0,0,0,0,0,0,'',0),(105436,6,3,0,0,0,0,0,0,0,0,0,0,0,'fr',0),(105437,6,3,0,0,0,0,0,0,0,0,0,0,0,'fr',0),(105438,6,3,0,0,0,0,0,0,0,0,0,0,0,'fr',0),(105439,6,3,0,0,0,0,0,0,0,0,0,0,0,'fr',0),(105440,6,3,0,0,0,0,0,0,0,0,0,0,0,'fr',0),(105441,6,3,0,0,0,0,0,0,0,0,0,0,0,'fr',0),(105442,6,3,0,0,0,0,0,0,0,0,0,0,0,'fr',0),(105443,6,3,0,0,0,0,0,0,0,0,0,0,0,'fr',0),(105444,6,3,0,0,0,0,0,0,0,0,0,0,0,'fr',0),(105445,6,3,0,0,0,0,0,0,0,0,0,0,0,'fr',0),(105446,6,3,0,0,0,0,0,0,0,0,0,0,0,'fr',0),(105447,0,0,0,0,0,0,0,0,0,0,0,0,0,'',0),(105448,9,11,0,0,0,0,0,0,0,0,0,0,0,'',0),(105449,6,3,0,0,0,0,0,0,0,0,0,0,0,'fr',0),(105450,3,3,0,0,0,0,0,0,0,0,0,0,0,'',0),(105451,3,3,0,0,0,0,0,0,0,0,0,0,0,'',0),(105452,0,0,0,0,0,0,0,0,0,0,0,0,0,'',0),(105453,6,3,0,0,0,0,0,0,0,0,0,0,0,'fr',0),(105454,6,3,0,0,0,0,0,0,0,0,0,0,0,'fr',0),(105455,6,3,0,0,0,0,0,0,0,0,0,0,0,'fr',0),(105456,6,3,0,0,0,0,0,0,0,0,0,0,0,'fr',0),(105457,6,3,0,0,0,0,0,0,0,0,0,0,0,'fr',0),(105458,6,3,0,0,0,0,0,0,0,0,0,0,0,'fr',0),(105459,6,3,0,0,0,0,0,0,0,0,0,0,0,'fr',0),(105460,6,3,0,0,0,0,0,0,0,0,0,0,0,'fr',0),(105461,6,3,0,0,0,0,0,0,0,0,0,0,0,'fr',0),(105462,0,0,0,0,0,0,0,0,0,0,0,0,0,'',0),(105463,0,0,0,0,0,0,0,0,0,0,0,0,0,'',0),(105464,0,0,0,0,0,0,0,0,0,0,0,0,0,'',0),(105465,7,1,0,0,0,0,0,0,0,0,0,0,0,'fr-fr',0),(105466,0,0,0,0,0,0,0,0,0,0,0,0,0,'',0),(105467,9,11,0,0,0,0,0,0,0,0,0,0,0,'',0),(105468,3,11,0,0,0,0,0,0,0,0,0,0,0,'',0),(105469,0,0,0,0,0,0,0,0,0,0,0,0,0,'',0),(105470,0,0,0,0,0,0,0,0,0,0,0,0,0,'',0),(105471,9,11,0,0,0,0,0,0,0,0,0,0,0,'',0),(105472,0,0,0,0,0,0,0,0,0,0,0,0,0,'',0),(105473,0,0,0,0,0,0,0,0,0,0,0,0,0,'',0),(105474,0,0,0,0,0,0,0,0,0,0,0,0,0,'',0),(105475,0,0,0,0,0,0,0,0,0,0,0,0,0,'',0),(105476,0,0,0,0,0,0,0,0,0,0,0,0,0,'',0),(105477,0,0,0,0,0,0,0,0,0,0,0,0,0,'',0),(105478,0,0,0,0,0,0,0,0,0,0,0,0,0,'',0),(105479,0,0,0,0,0,0,0,0,0,0,0,0,0,'',0),(105480,0,0,0,0,0,0,0,0,0,0,0,0,0,'',0),(105481,0,0,0,0,0,0,0,0,0,0,0,0,0,'',0),(105482,9,11,0,0,0,0,0,0,0,0,0,0,0,'',0),(105483,0,0,0,0,0,0,0,0,0,0,0,0,0,'',0),(105484,0,0,0,0,0,0,0,0,0,0,0,0,0,'',0),(105485,6,3,0,0,0,0,0,0,0,0,0,0,0,'fr',0),(105486,6,3,0,0,0,0,0,0,0,0,0,0,0,'fr',0),(105487,6,3,0,0,0,0,0,0,0,0,0,0,0,'fr',0),(105488,6,3,0,0,0,0,0,0,0,0,0,0,0,'fr',0),(105489,6,3,0,0,0,0,0,0,0,0,0,0,0,'fr',0),(105490,6,3,0,0,0,0,0,0,0,0,0,0,0,'fr',0),(105491,6,3,0,0,0,0,0,0,0,0,0,0,0,'fr',0),(105492,6,3,0,0,0,0,0,0,0,0,0,0,0,'fr',0),(105493,6,3,0,0,0,0,0,0,0,0,0,0,0,'fr',0),(105494,6,3,0,0,0,0,0,0,0,0,0,0,0,'fr',0),(105495,6,3,0,0,0,0,0,0,0,0,0,0,0,'fr',0),(105496,0,0,0,0,0,0,0,0,0,0,0,0,0,'',0),(105497,0,0,0,0,0,0,0,0,0,0,0,0,0,'',0),(105498,0,0,0,0,0,0,0,0,0,0,0,0,0,'',0),(105499,9,11,0,0,0,0,0,0,0,0,0,0,0,'',0),(105500,0,0,0,0,0,0,0,0,0,0,0,0,0,'',0),(105501,9,11,0,0,0,0,0,0,0,0,0,0,0,'',0),(105502,0,0,0,0,0,0,0,0,0,0,0,0,0,'',0),(105503,0,0,0,0,0,0,0,0,0,0,0,0,0,'',0),(105504,0,0,0,0,0,0,0,0,0,0,0,0,0,'ru',0),(105505,0,0,0,0,0,0,0,0,0,0,0,0,0,'',0),(105506,0,0,0,0,0,0,0,0,0,0,0,0,0,'',0),(105507,0,0,0,0,0,0,0,0,0,0,0,0,0,'',0),(105508,0,0,0,0,0,0,0,0,0,0,0,0,0,'',0),(105509,7,1,0,0,0,0,0,0,0,0,0,0,0,'fr-fr',0),(105510,0,0,0,0,0,0,0,0,0,0,0,0,0,'ru',0),(105511,6,3,0,0,0,0,0,0,0,0,0,0,0,'fr',0),(105512,0,0,0,0,0,0,0,0,0,0,0,0,0,'ru',0),(105513,6,3,0,0,0,0,0,0,0,0,0,0,0,'fr',0),(105514,0,0,0,0,0,0,0,0,0,0,0,0,0,'ru',0),(105515,6,3,0,0,0,0,0,0,0,0,0,0,0,'fr',0),(105516,0,0,0,0,0,0,0,0,0,0,0,0,0,'',0),(105517,0,0,0,0,0,0,0,0,0,0,0,0,0,'',0),(105518,0,0,0,0,0,0,0,0,0,0,0,0,0,'',0),(105519,0,0,0,0,0,0,0,0,0,0,0,0,0,'',0),(105520,0,0,0,0,0,0,0,0,0,0,0,0,0,'',0),(105521,0,0,0,0,0,0,0,0,0,0,0,0,0,'',0),(105522,0,0,0,0,0,0,0,0,0,0,0,0,0,'',0),(105523,9,11,0,0,0,0,0,0,0,0,0,0,0,'',0),(105524,0,0,0,0,0,0,0,0,0,0,0,0,0,'',0),(105525,0,0,0,0,0,0,0,0,0,0,0,0,0,'',0),(105526,0,0,0,0,0,0,0,0,0,0,0,0,0,'',0),(105527,9,11,0,0,0,0,0,0,0,0,0,0,0,'',0),(105528,0,0,0,0,0,0,0,0,0,0,0,0,0,'',0),(105529,0,0,0,0,0,0,0,0,0,0,0,0,0,'',0),(105530,9,11,0,0,0,0,0,0,0,0,0,0,0,'fr',0),(105531,9,11,0,0,0,0,0,0,0,0,0,0,0,'',0),(105532,0,0,0,0,0,0,0,0,0,0,0,0,0,'',0),(105533,0,0,0,0,0,0,0,0,0,0,0,0,0,'',0),(105534,0,0,0,0,0,0,0,0,0,0,0,0,0,'',0),(105535,0,0,0,0,0,0,0,0,0,0,0,0,0,'',0),(105536,0,0,0,0,0,0,0,0,0,0,0,0,0,'',0),(105537,0,0,0,0,0,0,0,0,0,0,0,0,0,'',0),(105538,0,0,0,0,0,0,0,0,0,0,0,0,0,'',0),(105539,0,0,0,0,0,0,0,0,0,0,0,0,0,'',0),(105540,0,0,0,0,0,0,0,0,0,0,0,0,0,'',0),(105541,0,0,0,0,0,0,0,0,0,0,0,0,0,'',0),(105542,0,0,0,0,0,0,0,0,0,0,0,0,0,'',0),(105543,0,0,0,0,0,0,0,0,0,0,0,0,0,'',0),(105544,0,0,0,0,0,0,0,0,0,0,0,0,0,'',0),(105545,0,0,0,0,0,0,0,0,0,0,0,0,0,'',0),(105546,0,0,0,0,0,0,0,0,0,0,0,0,0,'',0),(105547,0,0,0,0,0,0,0,0,0,0,0,0,0,'',0),(105548,0,0,0,0,0,0,0,0,0,0,0,0,0,'',0),(105549,0,0,0,0,0,0,0,0,0,0,0,0,0,'',0),(105550,0,0,0,0,0,0,0,0,0,0,0,0,0,'',0),(105551,0,0,0,0,0,0,0,0,0,0,0,0,0,'',0),(105552,0,0,0,0,0,0,0,0,0,0,0,0,0,'',0),(105553,0,0,0,0,0,0,0,0,0,0,0,0,0,'',0),(105554,0,0,0,0,0,0,0,0,0,0,0,0,0,'',0),(105555,0,0,0,0,0,0,0,0,0,0,0,0,0,'',0),(105556,9,11,0,0,0,0,0,0,0,0,0,0,0,'',0),(105557,0,0,0,0,0,0,0,0,0,0,0,0,0,'',0),(105558,0,0,0,0,0,0,0,0,0,0,0,0,0,'',0),(105559,0,0,0,0,0,0,0,0,0,0,0,0,0,'',0),(105560,0,0,0,0,0,0,0,0,0,0,0,0,0,'',0),(105561,9,11,0,0,0,0,0,0,0,0,0,0,0,'',0),(105562,0,0,0,0,0,0,0,0,0,0,0,0,0,'',0),(105563,0,0,0,0,0,0,0,0,0,0,0,0,0,'',0),(105564,0,0,0,0,0,0,0,0,0,0,0,0,0,'',0),(105565,0,0,0,0,0,0,0,0,0,0,0,0,0,'',0),(105566,0,0,0,0,0,0,0,0,0,0,0,0,0,'',0),(105567,0,0,0,0,0,0,0,0,0,0,0,0,0,'',0),(105568,0,0,0,0,0,0,0,0,0,0,0,0,0,'',0),(105569,0,0,0,0,0,0,0,0,0,0,0,0,0,'',0),(105570,0,0,0,0,0,0,0,0,0,0,0,0,0,'',0),(105571,0,0,0,0,0,0,0,0,0,0,0,0,0,'',0),(105572,0,0,0,0,0,0,0,0,0,0,0,0,0,'',0),(105573,0,0,0,0,0,0,0,0,0,0,0,0,0,'',0),(105574,0,0,0,0,0,0,0,0,0,0,0,0,0,'',0),(105575,0,0,0,0,0,0,0,0,0,0,0,0,0,'',0),(105576,0,0,0,0,0,0,0,0,0,0,0,0,0,'',0),(105577,0,0,0,0,0,0,0,0,0,0,0,0,0,'',0),(105578,0,0,0,0,0,0,0,0,0,0,0,0,0,'',0),(105579,0,0,0,0,0,0,0,0,0,0,0,0,0,'',0),(105580,0,0,0,0,0,0,0,0,0,0,0,0,0,'',0),(105581,0,0,0,0,0,0,0,0,0,0,0,0,0,'',0),(105582,0,0,0,0,0,0,0,0,0,0,0,0,0,'',0),(105583,0,0,0,0,0,0,0,0,0,0,0,0,0,'',0),(105584,9,11,0,0,0,0,0,0,0,0,0,0,0,'',0),(105585,7,1,0,0,0,0,0,0,0,0,0,0,0,'fr-fr',0),(105586,0,0,0,0,0,0,0,0,0,0,0,0,0,'',0),(105587,8,3,0,0,0,0,0,0,0,0,0,0,0,'',0),(105588,9,11,0,0,0,0,0,0,0,0,0,0,0,'',0),(105589,0,0,0,0,0,0,0,0,0,0,0,0,0,'',0),(105590,0,0,0,0,0,0,0,0,0,0,0,0,0,'',0),(105591,9,11,0,0,0,0,0,0,0,0,0,0,0,'',0),(105592,0,0,0,0,0,0,0,0,0,0,0,0,0,'',0),(105593,0,0,0,0,0,0,0,0,0,0,0,0,0,'',0),(105594,0,0,0,0,0,0,0,0,0,0,0,0,0,'',0),(105595,0,0,0,0,0,0,0,0,0,0,0,0,0,'',0),(105596,3,11,0,0,0,0,0,0,0,0,0,0,0,'en',0),(105597,4,11,0,0,0,0,0,0,0,0,0,0,0,'en',0),(105598,9,11,0,0,0,0,0,0,0,0,0,0,0,'',0),(105599,9,11,0,0,0,0,0,0,0,0,0,0,0,'',0),(105600,9,11,0,0,0,0,0,0,0,0,0,0,0,'',0),(105601,0,0,0,0,0,0,0,0,0,0,0,0,0,'',0),(105602,0,0,0,0,0,0,0,0,0,0,0,0,0,'',0),(105603,0,0,0,0,0,0,0,0,0,0,0,0,0,'',0),(105604,9,11,0,0,0,0,0,0,0,0,0,0,0,'',0),(105605,0,0,0,0,0,0,0,0,0,0,0,0,0,'',0),(105606,7,1,0,0,0,0,0,0,0,0,0,0,0,'fr-fr',0),(105607,0,0,0,0,0,0,0,0,0,0,0,0,0,'',0),(105608,9,3,0,0,0,0,0,0,0,0,0,0,0,'fr',0),(105609,9,11,0,0,0,0,0,0,0,0,0,0,0,'',0),(105610,0,0,0,0,0,0,0,0,0,0,0,0,0,'',0),(105611,9,11,0,0,0,0,0,0,0,0,0,0,0,'',0),(105612,0,0,0,0,0,0,0,0,0,0,0,0,0,'',0),(105613,0,0,0,0,0,0,0,0,0,0,0,0,0,'',0),(105614,0,0,0,0,0,0,0,0,0,0,0,0,0,'',0),(105615,0,0,0,0,0,0,0,0,0,0,0,0,0,'',0),(105616,9,11,0,0,0,0,0,0,0,0,0,0,0,'',0),(105617,0,0,0,0,0,0,0,0,0,0,0,0,0,'',0),(105618,0,0,0,0,0,0,0,0,0,0,0,0,0,'',0),(105619,9,11,0,0,0,0,0,0,0,0,0,0,0,'',0),(105620,0,0,0,0,0,0,0,0,0,0,0,0,0,'',0),(105621,9,11,0,0,0,0,0,0,0,0,0,0,0,'',0),(105622,0,0,0,0,0,0,0,0,0,0,0,0,0,'',0),(105623,8,3,0,0,0,0,0,0,0,0,0,0,0,'',0),(105624,9,11,0,0,0,0,0,0,0,0,0,0,0,'',0),(105625,0,0,0,0,0,0,0,0,0,0,0,0,0,'',0),(105626,0,0,0,0,0,0,0,0,0,0,0,0,0,'',0),(105627,9,11,0,0,0,0,0,0,0,0,0,0,0,'',0),(105628,0,0,0,0,0,0,0,0,0,0,0,0,0,'',0),(105629,0,0,0,0,0,0,0,0,0,0,0,0,0,'',0),(105630,9,11,0,0,0,0,0,0,0,0,0,0,0,'',0),(105631,9,11,0,0,0,0,0,0,0,0,0,0,0,'',0),(105632,0,0,0,0,0,0,0,0,0,0,0,0,0,'',0),(105633,9,11,0,0,0,0,0,0,0,0,0,0,0,'',0),(105634,7,1,0,0,0,0,0,0,0,0,0,0,0,'de-de',0),(105635,0,0,0,0,0,0,0,0,0,0,0,0,0,'',0),(105636,9,11,0,0,0,0,0,0,0,0,0,0,0,'',0),(105637,6,3,0,0,0,0,0,0,0,0,0,0,0,'fr',0),(105638,9,11,0,0,0,0,0,0,0,0,0,0,0,'',0),(105639,0,0,0,0,0,0,0,0,0,0,0,0,0,'',0),(105640,6,3,0,0,0,0,0,0,0,0,0,0,0,'de',0),(105641,9,11,0,0,0,0,0,0,0,0,0,0,0,'',0),(105642,6,3,0,0,0,0,0,0,0,0,0,0,0,'de',0),(105643,0,0,0,0,0,0,0,0,0,0,0,0,0,'',0),(105644,0,0,0,0,0,0,0,0,0,0,0,0,0,'',0),(105645,0,0,0,0,0,0,0,0,0,0,0,0,0,'',0),(105646,0,0,0,0,0,0,0,0,0,0,0,0,0,'',0),(105647,0,0,0,0,0,0,0,0,0,0,0,0,0,'',0),(105648,0,0,0,0,0,0,0,0,0,0,0,0,0,'',0),(105649,9,11,0,0,0,0,0,0,0,0,0,0,0,'',0),(105650,9,11,0,0,0,0,0,0,0,0,0,0,0,'',0),(105651,0,0,0,0,0,0,0,0,0,0,0,0,0,'',0),(105652,0,0,0,0,0,0,0,0,0,0,0,0,0,'',0),(105653,0,0,0,0,0,0,0,0,0,0,0,0,0,'',0),(105654,9,11,0,0,0,0,0,0,0,0,0,0,0,'',0),(105655,0,0,0,0,0,0,0,0,0,0,0,0,0,'',0),(105656,0,0,0,0,0,0,0,0,0,0,0,0,0,'',0),(105657,0,0,0,0,0,0,0,0,0,0,0,0,0,'',0),(105658,3,11,0,0,0,0,0,0,0,0,0,0,0,'',0),(105659,0,0,0,0,0,0,0,0,0,0,0,0,0,'',0),(105660,0,0,0,0,0,0,0,0,0,0,0,0,0,'',0),(105661,0,0,0,0,0,0,0,0,0,0,0,0,0,'',0),(105662,7,1,0,0,0,0,0,0,0,0,0,0,0,'fr-fr',0),(105663,0,0,0,0,0,0,0,0,0,0,0,0,0,'',0),(105664,9,11,0,0,0,0,0,0,0,0,0,0,0,'',0),(105665,9,11,0,0,0,0,0,0,0,0,0,0,0,'',0),(105666,9,11,0,0,0,0,0,0,0,0,0,0,0,'',0),(105667,0,0,0,0,0,0,0,0,0,0,0,0,0,'',0),(105668,0,0,0,0,0,0,0,0,0,0,0,0,0,'',0),(105669,0,0,0,0,0,0,0,0,0,0,0,0,0,'',0),(105670,0,0,0,0,0,0,0,0,0,0,0,0,0,'',0),(105671,0,0,0,0,0,0,0,0,0,0,0,0,0,'',0),(105672,0,0,0,0,0,0,0,0,0,0,0,0,0,'',0),(105673,0,0,0,0,0,0,0,0,0,0,0,0,0,'',0),(105674,0,0,0,0,0,0,0,0,0,0,0,0,0,'',0),(105675,0,0,0,0,0,0,0,0,0,0,0,0,0,'',0),(105676,7,1,0,0,0,0,0,0,0,0,0,0,0,'it-it',0),(105677,0,0,0,0,0,0,0,0,0,0,0,0,0,'',0),(105678,9,11,0,0,0,0,0,0,0,0,0,0,0,'',0),(105679,0,0,0,0,0,0,0,0,0,0,0,0,0,'',0),(105680,9,11,0,0,0,0,0,0,0,0,0,0,0,'',0),(105681,0,0,0,0,0,0,0,0,0,0,0,0,0,'',0),(105682,0,0,0,0,0,0,0,0,0,0,0,0,0,'',0),(105683,0,0,0,0,0,0,0,0,0,0,0,0,0,'',0),(105684,0,0,0,0,0,0,0,0,0,0,0,0,0,'',0),(105685,0,0,0,0,0,0,0,0,0,0,0,0,0,'',0),(105686,0,0,0,0,0,0,0,0,0,0,0,0,0,'',0),(105687,0,0,0,0,0,0,0,0,0,0,0,0,0,'',0),(105688,7,11,0,0,0,0,0,0,0,0,0,0,0,'fr',0),(105689,9,11,0,0,0,0,0,0,0,0,0,0,0,'',0),(105690,7,3,0,0,0,0,0,0,0,0,0,0,0,'de',0),(105691,0,0,0,0,0,0,0,0,0,0,0,0,0,'',0),(105692,7,3,0,0,0,0,0,0,0,0,0,0,0,'de',0),(105693,0,0,0,0,0,0,0,0,0,0,0,0,0,'',0),(105694,0,0,0,0,0,0,0,0,0,0,0,0,0,'',0),(105695,0,0,0,0,0,0,0,0,0,0,0,0,0,'',0),(105696,0,0,0,0,0,0,0,0,0,0,0,0,0,'',0),(105697,0,0,0,0,0,0,0,0,0,0,0,0,0,'',0),(105698,0,0,0,0,0,0,0,0,0,0,0,0,0,'',0),(105699,0,0,0,0,0,0,0,0,0,0,0,0,0,'',0),(105700,0,0,0,0,0,0,0,0,0,0,0,0,0,'',0),(105701,9,11,0,0,0,0,0,0,0,0,0,0,0,'',0),(105702,0,0,0,0,0,0,0,0,0,0,0,0,0,'',0),(105703,0,0,0,0,0,0,0,0,0,0,0,0,0,'',0),(105704,0,0,0,0,0,0,0,0,0,0,0,0,0,'',0),(105705,0,0,0,0,0,0,0,0,0,0,0,0,0,'',0),(105706,0,0,0,0,0,0,0,0,0,0,0,0,0,'',0),(105707,0,0,0,0,0,0,0,0,0,0,0,0,0,'',0),(105708,0,0,0,0,0,0,0,0,0,0,0,0,0,'en',0),(105709,0,0,0,0,0,0,0,0,0,0,0,0,0,'',0),(105710,0,0,0,0,0,0,0,0,0,0,0,0,0,'',0),(105711,0,0,0,0,0,0,0,0,0,0,0,0,0,'',0),(105712,0,0,0,0,0,0,0,0,0,0,0,0,0,'en',0),(105713,9,11,0,0,0,0,0,0,0,0,0,0,0,'',0),(105714,0,0,0,0,0,0,0,0,0,0,0,0,0,'',0),(105715,0,0,0,0,0,0,0,0,0,0,0,0,0,'',0),(105716,0,0,0,0,0,0,0,0,0,0,0,0,0,'',0),(105717,0,0,0,0,0,0,0,0,0,0,0,0,0,'',0),(105718,0,0,0,0,0,0,0,0,0,0,0,0,0,'',0),(105719,0,0,0,0,0,0,0,0,0,0,0,0,0,'',0),(105720,9,11,0,0,0,0,0,0,0,0,0,0,0,'',0),(105721,0,0,0,0,0,0,0,0,0,0,0,0,0,'',0),(105722,0,0,0,0,0,0,0,0,0,0,0,0,0,'',0),(105723,7,11,0,0,0,0,0,0,0,0,0,0,0,'',0),(105724,9,11,0,0,0,0,0,0,0,0,0,0,0,'',0),(105725,9,11,0,0,0,0,0,0,0,0,0,0,0,'',0),(105726,7,11,0,0,0,0,0,0,0,0,0,0,0,'en',0),(105727,9,11,0,0,0,0,0,0,0,0,0,0,0,'',0),(105728,0,0,0,0,0,0,0,0,0,0,0,0,0,'',0),(105729,0,0,0,0,0,0,0,0,0,0,0,0,0,'',0),(105730,9,11,0,0,0,0,0,0,0,0,0,0,0,'',0),(105731,0,0,0,0,0,0,0,0,0,0,0,0,0,'',0),(105732,3,11,0,0,0,0,0,0,0,0,0,0,0,'',0),(105733,0,0,0,0,0,0,0,0,0,0,0,0,0,'',0),(105734,0,0,0,0,0,0,0,0,0,0,0,0,0,'',0),(105735,0,0,0,0,0,0,0,0,0,0,0,0,0,'',0),(105736,0,0,0,0,0,0,0,0,0,0,0,0,0,'',0),(105737,0,0,0,0,0,0,0,0,0,0,0,0,0,'',0),(105738,0,0,0,0,0,0,0,0,0,0,0,0,0,'',0),(105739,0,0,0,0,0,0,0,0,0,0,0,0,0,'',0),(105740,0,0,0,0,0,0,0,0,0,0,0,0,0,'',0),(105741,0,0,0,0,0,0,0,0,0,0,0,0,0,'',0),(105742,0,0,0,0,0,0,0,0,0,0,0,0,0,'',0),(105743,0,0,0,0,0,0,0,0,0,0,0,0,0,'',0),(105744,0,0,0,0,0,0,0,0,0,0,0,0,0,'',0),(105745,9,11,0,0,0,0,0,0,0,0,0,0,0,'',0),(105746,0,0,0,0,0,0,0,0,0,0,0,0,0,'',0),(105747,0,0,0,0,0,0,0,0,0,0,0,0,0,'',0),(105748,0,0,0,0,0,0,0,0,0,0,0,0,0,'',0),(105749,9,11,0,0,0,0,0,0,0,0,0,0,0,'',0),(105750,0,0,0,0,0,0,0,0,0,0,0,0,0,'',0),(105751,0,0,0,0,0,0,0,0,0,0,0,0,0,'',0),(105752,0,0,0,0,0,0,0,0,0,0,0,0,0,'',0),(105753,9,11,0,0,0,0,0,0,0,0,0,0,0,'',0),(105754,0,0,0,0,0,0,0,0,0,0,0,0,0,'',0),(105755,9,11,0,0,0,0,0,0,0,0,0,0,0,'',0),(105756,0,0,0,0,0,0,0,0,0,0,0,0,0,'',0),(105757,0,0,0,0,0,0,0,0,0,0,0,0,0,'',0),(105758,0,0,0,0,0,0,0,0,0,0,0,0,0,'',0),(105759,9,11,0,0,0,0,0,0,0,0,0,0,0,'',0),(105760,9,11,0,0,0,0,0,0,0,0,0,0,0,'',0),(105761,0,0,0,0,0,0,0,0,0,0,0,0,0,'',0),(105762,0,0,0,0,0,0,0,0,0,0,0,0,0,'',0),(105763,0,0,0,0,0,0,0,0,0,0,0,0,0,'',0),(105764,0,0,0,0,0,0,0,0,0,0,0,0,0,'',0),(105765,0,0,0,0,0,0,0,0,0,0,0,0,0,'',0),(105766,0,0,0,0,0,0,0,0,0,0,0,0,0,'',0),(105767,0,0,0,0,0,0,0,0,0,0,0,0,0,'',0),(105768,0,0,0,0,0,0,0,0,0,0,0,0,0,'',0),(105769,9,11,0,0,0,0,0,0,0,0,0,0,0,'',0),(105770,0,0,0,0,0,0,0,0,0,0,0,0,0,'',0),(105771,0,0,0,0,0,0,0,0,0,0,0,0,0,'',0),(105772,9,11,0,0,0,0,0,0,0,0,0,0,0,'',0),(105773,9,11,0,0,0,0,0,0,0,0,0,0,0,'',0),(105774,0,0,0,0,0,0,0,0,0,0,0,0,0,'',0),(105775,0,0,0,0,0,0,0,0,0,0,0,0,0,'',0),(105776,7,11,0,0,0,0,0,0,0,0,0,0,0,'',0),(105777,0,0,0,0,0,0,0,0,0,0,0,0,0,'',0),(105778,0,0,0,0,0,0,0,0,0,0,0,0,0,'',0),(105779,3,11,0,0,0,0,0,0,0,0,0,0,0,'',0),(105780,3,11,0,0,0,0,0,0,0,0,0,0,0,'',0),(105781,0,0,0,0,0,0,0,0,0,0,0,0,0,'',0),(105782,0,0,0,0,0,0,0,0,0,0,0,0,0,'',0),(105783,0,0,0,0,0,0,0,0,0,0,0,0,0,'',0),(105784,0,0,0,0,0,0,0,0,0,0,0,0,0,'',0),(105785,0,0,0,0,0,0,0,0,0,0,0,0,0,'',0),(105786,0,0,0,0,0,0,0,0,0,0,0,0,0,'',0),(105787,0,0,0,0,0,0,0,0,0,0,0,0,0,'',0),(105788,8,11,0,0,0,0,0,0,0,0,0,0,0,'fr',0),(105789,0,0,0,0,0,0,0,0,0,0,0,0,0,'',0),(105790,9,11,0,0,0,0,0,0,0,0,0,0,0,'',0),(105791,0,0,0,0,0,0,0,0,0,0,0,0,0,'',0),(105792,0,0,0,0,0,0,0,0,0,0,0,0,0,'',0),(105793,0,0,0,0,0,0,0,0,0,0,0,0,0,'',0),(105794,0,0,0,0,0,0,0,0,0,0,0,0,0,'',0),(105795,9,11,0,0,0,0,0,0,0,0,0,0,0,'',0),(105796,0,0,0,0,0,0,0,0,0,0,0,0,0,'',0),(105797,8,11,0,0,0,0,0,0,0,0,0,0,0,'fr',0),(105798,9,11,0,0,0,0,0,0,0,0,0,0,0,'',0),(105799,0,0,0,0,0,0,0,0,0,0,0,0,0,'',0),(105800,0,0,0,0,0,0,0,0,0,0,0,0,0,'',0),(105801,7,11,0,0,0,0,0,0,0,0,0,0,0,'',0),(105802,0,0,0,0,0,0,0,0,0,0,0,0,0,'',0),(105803,0,0,0,0,0,0,0,0,0,0,0,0,0,'',0),(105804,9,11,0,0,0,0,0,0,0,0,0,0,0,'',0),(105805,0,0,0,0,0,0,0,0,0,0,0,0,0,'',0),(105806,0,0,0,0,0,0,0,0,0,0,0,0,0,'',0),(105807,0,0,0,0,0,0,0,0,0,0,0,0,0,'',0),(105808,0,0,0,0,0,0,0,0,0,0,0,0,0,'',0),(105809,0,0,0,0,0,0,0,0,0,0,0,0,0,'',0),(105810,0,0,0,0,0,0,0,0,0,0,0,0,0,'',0),(105811,0,0,0,0,0,0,0,0,0,0,0,0,0,'',0),(105812,0,0,0,0,0,0,0,0,0,0,0,0,0,'',0),(105813,0,0,0,0,0,0,0,0,0,0,0,0,0,'',0),(105814,7,1,0,0,0,0,0,0,0,0,0,0,0,'',0),(105815,0,0,0,0,0,0,0,0,0,0,0,0,0,'',0),(105816,0,0,0,0,0,0,0,0,0,0,0,0,0,'',0),(105817,0,0,0,0,0,0,0,0,0,0,0,0,0,'',0),(105818,0,0,0,0,0,0,0,0,0,0,0,0,0,'',0),(105819,0,0,0,0,0,0,0,0,0,0,0,0,0,'',0),(105820,0,0,0,0,0,0,0,0,0,0,0,0,0,'',0),(105821,0,0,0,0,0,0,0,0,0,0,0,0,0,'',0),(105822,0,0,0,0,0,0,0,0,0,0,0,0,0,'',0),(105823,0,0,0,0,0,0,0,0,0,0,0,0,0,'',0),(105824,7,1,0,0,0,0,0,0,0,0,0,0,0,'',0),(105825,0,0,0,0,0,0,0,0,0,0,0,0,0,'',0),(105826,0,0,0,0,0,0,0,0,0,0,0,0,0,'',0),(105827,0,0,0,0,0,0,0,0,0,0,0,0,0,'',0),(105828,0,0,0,0,0,0,0,0,0,0,0,0,0,'',0),(105829,0,0,0,0,0,0,0,0,0,0,0,0,0,'',0),(105830,0,0,0,0,0,0,0,0,0,0,0,0,0,'',0),(105831,0,0,0,0,0,0,0,0,0,0,0,0,0,'',0),(105832,0,0,0,0,0,0,0,0,0,0,0,0,0,'',0),(105833,0,0,0,0,0,0,0,0,0,0,0,0,0,'',0),(105834,0,0,0,0,0,0,0,0,0,0,0,0,0,'',0),(105835,0,0,0,0,0,0,0,0,0,0,0,0,0,'',0),(105836,0,0,0,0,0,0,0,0,0,0,0,0,0,'',0),(105837,0,0,0,0,0,0,0,0,0,0,0,0,0,'',0),(105838,0,0,0,0,0,0,0,0,0,0,0,0,0,'',0),(105839,0,0,0,0,0,0,0,0,0,0,0,0,0,'',0),(105840,0,0,0,0,0,0,0,0,0,0,0,0,0,'',0),(105841,0,0,0,0,0,0,0,0,0,0,0,0,0,'',0),(105842,0,0,0,0,0,0,0,0,0,0,0,0,0,'',0),(105843,9,11,0,0,0,0,0,0,0,0,0,0,0,'',0),(105844,9,11,0,0,0,0,0,0,0,0,0,0,0,'',0),(105845,0,0,0,0,0,0,0,0,0,0,0,0,0,'',0),(105846,9,11,0,0,0,0,0,0,0,0,0,0,0,'',0),(105847,9,11,0,0,0,0,0,0,0,0,0,0,0,'',0),(105848,0,0,0,0,0,0,0,0,0,0,0,0,0,'',0),(105849,9,11,0,0,0,0,0,0,0,0,0,0,0,'',0),(105850,9,11,0,0,0,0,0,0,0,0,0,0,0,'',0),(105851,0,0,0,0,0,0,0,0,0,0,0,0,0,'',0),(105852,0,0,0,0,0,0,0,0,0,0,0,0,0,'',0),(105853,0,0,0,0,0,0,0,0,0,0,0,0,0,'',0),(105854,0,0,0,0,0,0,0,0,0,0,0,0,0,'',0),(105855,9,11,0,0,0,0,0,0,0,0,0,0,0,'',0),(105856,0,0,0,0,0,0,0,0,0,0,0,0,0,'',0),(105857,3,11,0,0,0,0,0,0,0,0,0,0,0,'',0),(105858,0,0,0,0,0,0,0,0,0,0,0,0,0,'',0),(105859,3,11,0,0,0,0,0,0,0,0,0,0,0,'',0),(105860,0,0,0,0,0,0,0,0,0,0,0,0,0,'',0),(105861,0,0,0,0,0,0,0,0,0,0,0,0,0,'',0),(105862,0,0,0,0,0,0,0,0,0,0,0,0,0,'',0),(105863,0,0,0,0,0,0,0,0,0,0,0,0,0,'',0),(105864,0,0,0,0,0,0,0,0,0,0,0,0,0,'',0),(105865,0,0,0,0,0,0,0,0,0,0,0,0,0,'',0),(105866,0,0,0,0,0,0,0,0,0,0,0,0,0,'',0),(105867,0,0,0,0,0,0,0,0,0,0,0,0,0,'',0),(105868,9,11,0,0,0,0,0,0,0,0,0,0,0,'fr',0),(105869,0,0,0,0,0,0,0,0,0,0,0,0,0,'',0),(105870,3,11,0,0,0,0,0,0,0,0,0,0,0,'',0),(105871,3,11,0,0,0,0,0,0,0,0,0,0,0,'',0),(105872,0,0,0,0,0,0,0,0,0,0,0,0,0,'',0),(105873,0,0,0,0,0,0,0,0,0,0,0,0,0,'',0),(105874,0,0,0,0,0,0,0,0,0,0,0,0,0,'',0),(105875,0,0,0,0,0,0,0,0,0,0,0,0,0,'',0),(105876,0,0,0,0,0,0,0,0,0,0,0,0,0,'',0),(105877,7,1,0,0,0,0,0,0,0,0,0,0,0,'',0),(105878,0,0,0,0,0,0,0,0,0,0,0,0,0,'',0),(105879,7,1,0,0,0,0,0,0,0,0,0,0,0,'',0),(105880,0,0,0,0,0,0,0,0,0,0,0,0,0,'',0),(105881,0,0,0,0,0,0,0,0,0,0,0,0,0,'',0),(105882,0,0,0,0,0,0,0,0,0,0,0,0,0,'',0),(105883,0,0,0,0,0,0,0,0,0,0,0,0,0,'',0),(105884,0,0,0,0,0,0,0,0,0,0,0,0,0,'',0),(105885,0,0,0,0,0,0,0,0,0,0,0,0,0,'',0),(105886,7,1,0,0,0,0,0,0,0,0,0,0,0,'',0),(105887,0,0,0,0,0,0,0,0,0,0,0,0,0,'',0),(105888,0,0,0,0,0,0,0,0,0,0,0,0,0,'',0),(105889,0,0,0,0,0,0,0,0,0,0,0,0,0,'',0),(105890,0,0,0,0,0,0,0,0,0,0,0,0,0,'',0),(105891,0,0,0,0,0,0,0,0,0,0,0,0,0,'',0),(105892,0,0,0,0,0,0,0,0,0,0,0,0,0,'',0),(105893,0,0,0,0,0,0,0,0,0,0,0,0,0,'',0),(105894,0,0,0,0,0,0,0,0,0,0,0,0,0,'',0),(105895,0,0,0,0,0,0,0,0,0,0,0,0,0,'',0),(105896,0,0,0,0,0,0,0,0,0,0,0,0,0,'',0),(105897,0,0,0,0,0,0,0,0,0,0,0,0,0,'',0),(105898,0,0,0,0,0,0,0,0,0,0,0,0,0,'',0),(105899,0,0,0,0,0,0,0,0,0,0,0,0,0,'',0),(105900,0,0,0,0,0,0,0,0,0,0,0,0,0,'',0),(105901,0,0,0,0,0,0,0,0,0,0,0,0,0,'',0),(105902,0,0,0,0,0,0,0,0,0,0,0,0,0,'',0),(105903,0,0,0,0,0,0,0,0,0,0,0,0,0,'',0),(105904,0,0,0,0,0,0,0,0,0,0,0,0,0,'',0),(105905,0,0,0,0,0,0,0,0,0,0,0,0,0,'',0),(105906,0,0,0,0,0,0,0,0,0,0,0,0,0,'',0),(105907,0,0,0,0,0,0,0,0,0,0,0,0,0,'',0),(105908,0,0,0,0,0,0,0,0,0,0,0,0,0,'',0),(105909,0,0,0,0,0,0,0,0,0,0,0,0,0,'',0),(105910,0,0,0,0,0,0,0,0,0,0,0,0,0,'',0),(105911,0,0,0,0,0,0,0,0,0,0,0,0,0,'',0),(105912,0,0,0,0,0,0,0,0,0,0,0,0,0,'',0),(105913,0,0,0,0,0,0,0,0,0,0,0,0,0,'',0),(105914,0,0,0,0,0,0,0,0,0,0,0,0,0,'',0),(105915,0,0,0,0,0,0,0,0,0,0,0,0,0,'',0),(105916,0,0,0,0,0,0,0,0,0,0,0,0,0,'',0),(105917,0,0,0,0,0,0,0,0,0,0,0,0,0,'',0),(105918,0,0,0,0,0,0,0,0,0,0,0,0,0,'',0),(105919,0,0,0,0,0,0,0,0,0,0,0,0,0,'',0),(105920,0,0,0,0,0,0,0,0,0,0,0,0,0,'',0),(105921,0,0,0,0,0,0,0,0,0,0,0,0,0,'',0),(105922,0,0,0,0,0,0,0,0,0,0,0,0,0,'',0),(105923,0,0,0,0,0,0,0,0,0,0,0,0,0,'',0),(105924,0,0,0,0,0,0,0,0,0,0,0,0,0,'',0),(105925,0,0,0,0,0,0,0,0,0,0,0,0,0,'',0),(105926,9,11,0,0,0,0,0,0,0,0,0,0,0,'',0),(105927,0,0,0,0,0,0,0,0,0,0,0,0,0,'',0),(105928,0,0,0,0,0,0,0,0,0,0,0,0,0,'',0),(105929,0,0,0,0,0,0,0,0,0,0,0,0,0,'',0),(105930,0,0,0,0,0,0,0,0,0,0,0,0,0,'',0),(105931,9,11,0,0,0,0,0,0,0,0,0,0,0,'',0),(105932,9,11,0,0,0,0,0,0,0,0,0,0,0,'',0),(105933,0,0,0,0,0,0,0,0,0,0,0,0,0,'',0),(105934,0,0,0,0,0,0,0,0,0,0,0,0,0,'',0),(105935,0,0,0,0,0,0,0,0,0,0,0,0,0,'',0),(105936,9,11,0,0,0,0,0,0,0,0,0,0,0,'',0),(105937,9,11,0,0,0,0,0,0,0,0,0,0,0,'',0),(105938,0,0,0,0,0,0,0,0,0,0,0,0,0,'',0),(105939,0,0,0,0,0,0,0,0,0,0,0,0,0,'',0),(105940,0,0,0,0,0,0,0,0,0,0,0,0,0,'',0),(105941,0,0,0,0,0,0,0,0,0,0,0,0,0,'',0),(105942,0,0,0,0,0,0,0,0,0,0,0,0,0,'',0),(105943,3,11,0,0,0,0,0,0,0,0,0,0,0,'',0),(105944,0,0,0,0,0,0,0,0,0,0,0,0,0,'',0),(105945,0,0,0,0,0,0,0,0,0,0,0,0,0,'',0),(105946,0,0,0,0,0,0,0,0,0,0,0,0,0,'',0),(105947,0,0,0,0,0,0,0,0,0,0,0,0,0,'',0),(105948,0,0,0,0,0,0,0,0,0,0,0,0,0,'',0),(105949,0,0,0,0,0,0,0,0,0,0,0,0,0,'',0),(105950,0,0,0,0,0,0,0,0,0,0,0,0,0,'',0),(105951,0,0,0,0,0,0,0,0,0,0,0,0,0,'',0),(105952,0,0,0,0,0,0,0,0,0,0,0,0,0,'',0),(105953,0,0,0,0,0,0,0,0,0,0,0,0,0,'',0),(105954,0,0,0,0,0,0,0,0,0,0,0,0,0,'',0),(105955,0,0,0,0,0,0,0,0,0,0,0,0,0,'',0),(105956,0,0,0,0,0,0,0,0,0,0,0,0,0,'',0),(105957,0,0,0,0,0,0,0,0,0,0,0,0,0,'',0),(105958,0,0,0,0,0,0,0,0,0,0,0,0,0,'',0),(105959,0,0,0,0,0,0,0,0,0,0,0,0,0,'',0),(105960,0,0,0,0,0,0,0,0,0,0,0,0,0,'',0),(105961,9,11,0,0,0,0,0,0,0,0,0,0,0,'',0),(105962,0,0,0,0,0,0,0,0,0,0,0,0,0,'',0),(105963,9,11,0,0,0,0,0,0,0,0,0,0,0,'',0),(105964,0,0,0,0,0,0,0,0,0,0,0,0,0,'',0),(105965,6,11,0,0,0,0,0,0,0,0,0,0,0,'',0),(105966,6,11,0,0,0,0,0,0,0,0,0,0,0,'',0),(105967,6,11,0,0,0,0,0,0,0,0,0,0,0,'',0),(105968,6,11,0,0,0,0,0,0,0,0,0,0,0,'',0),(105969,6,11,0,0,0,0,0,0,0,0,0,0,0,'',0),(105970,6,11,0,0,0,0,0,0,0,0,0,0,0,'',0),(105971,6,11,0,0,0,0,0,0,0,0,0,0,0,'',0),(105972,6,11,0,0,0,0,0,0,0,0,0,0,0,'',0),(105973,6,11,0,0,0,0,0,0,0,0,0,0,0,'',0),(105974,6,11,0,0,0,0,0,0,0,0,0,0,0,'',0),(105975,6,11,0,0,0,0,0,0,0,0,0,0,0,'',0),(105976,6,11,0,0,0,0,0,0,0,0,0,0,0,'',0),(105977,6,11,0,0,0,0,0,0,0,0,0,0,0,'',0),(105978,6,11,0,0,0,0,0,0,0,0,0,0,0,'',0),(105979,6,11,0,0,0,0,0,0,0,0,0,0,0,'',0),(105980,6,11,0,0,0,0,0,0,0,0,0,0,0,'',0),(105981,6,11,0,0,0,0,0,0,0,0,0,0,0,'',0),(105982,6,11,0,0,0,0,0,0,0,0,0,0,0,'',0),(105983,6,11,0,0,0,0,0,0,0,0,0,0,0,'',0),(105984,6,11,0,0,0,0,0,0,0,0,0,0,0,'',0),(105985,6,11,0,0,0,0,0,0,0,0,0,0,0,'',0),(105986,6,11,0,0,0,0,0,0,0,0,0,0,0,'',0),(105987,6,11,0,0,0,0,0,0,0,0,0,0,0,'',0),(105988,6,11,0,0,0,0,0,0,0,0,0,0,0,'',0),(105989,6,11,0,0,0,0,0,0,0,0,0,0,0,'',0),(105990,6,11,0,0,0,0,0,0,0,0,0,0,0,'',0),(105991,6,11,0,0,0,0,0,0,0,0,0,0,0,'',0),(105992,6,11,0,0,0,0,0,0,0,0,0,0,0,'',0),(105993,6,11,0,0,0,0,0,0,0,0,0,0,0,'',0),(105994,6,11,0,0,0,0,0,0,0,0,0,0,0,'',0),(105995,6,11,0,0,0,0,0,0,0,0,0,0,0,'',0),(105996,6,11,0,0,0,0,0,0,0,0,0,0,0,'',0),(105997,6,11,0,0,0,0,0,0,0,0,0,0,0,'',0),(105998,6,11,0,0,0,0,0,0,0,0,0,0,0,'',0),(105999,6,11,0,0,0,0,0,0,0,0,0,0,0,'',0),(106000,6,11,0,0,0,0,0,0,0,0,0,0,0,'',0),(106001,6,11,0,0,0,0,0,0,0,0,0,0,0,'',0),(106002,6,11,0,0,0,0,0,0,0,0,0,0,0,'',0),(106003,6,11,0,0,0,0,0,0,0,0,0,0,0,'',0),(106004,6,11,0,0,0,0,0,0,0,0,0,0,0,'',0),(106005,6,11,0,0,0,0,0,0,0,0,0,0,0,'',0),(106006,6,11,0,0,0,0,0,0,0,0,0,0,0,'',0),(106007,6,11,0,0,0,0,0,0,0,0,0,0,0,'',0),(106008,6,11,0,0,0,0,0,0,0,0,0,0,0,'',0),(106009,6,11,0,0,0,0,0,0,0,0,0,0,0,'',0),(106010,6,11,0,0,0,0,0,0,0,0,0,0,0,'',0),(106011,6,11,0,0,0,0,0,0,0,0,0,0,0,'',0),(106012,6,11,0,0,0,0,0,0,0,0,0,0,0,'',0),(106013,6,11,0,0,0,0,0,0,0,0,0,0,0,'',0),(106014,6,11,0,0,0,0,0,0,0,0,0,0,0,'',0),(106015,6,11,0,0,0,0,0,0,0,0,0,0,0,'',0),(106016,6,11,0,0,0,0,0,0,0,0,0,0,0,'',0),(106017,6,11,0,0,0,0,0,0,0,0,0,0,0,'',0),(106018,6,11,0,0,0,0,0,0,0,0,0,0,0,'',0),(106019,6,11,0,0,0,0,0,0,0,0,0,0,0,'',0),(106020,6,11,0,0,0,0,0,0,0,0,0,0,0,'',0),(106021,6,11,0,0,0,0,0,0,0,0,0,0,0,'',0),(106022,6,11,0,0,0,0,0,0,0,0,0,0,0,'',0),(106023,0,0,0,0,0,0,0,0,0,0,0,0,0,'',0),(106024,6,11,0,0,0,0,0,0,0,0,0,0,0,'',0),(106025,6,11,0,0,0,0,0,0,0,0,0,0,0,'',0),(106026,6,11,0,0,0,0,0,0,0,0,0,0,0,'',0),(106027,6,11,0,0,0,0,0,0,0,0,0,0,0,'',0),(106028,6,11,0,0,0,0,0,0,0,0,0,0,0,'',0),(106029,6,11,0,0,0,0,0,0,0,0,0,0,0,'',0),(106030,6,11,0,0,0,0,0,0,0,0,0,0,0,'',0),(106031,6,11,0,0,0,0,0,0,0,0,0,0,0,'',0),(106032,6,11,0,0,0,0,0,0,0,0,0,0,0,'',0),(106033,6,11,0,0,0,0,0,0,0,0,0,0,0,'',0),(106034,6,11,0,0,0,0,0,0,0,0,0,0,0,'',0),(106035,6,11,0,0,0,0,0,0,0,0,0,0,0,'',0),(106036,6,11,0,0,0,0,0,0,0,0,0,0,0,'',0),(106037,6,11,0,0,0,0,0,0,0,0,0,0,0,'',0),(106038,6,11,0,0,0,0,0,0,0,0,0,0,0,'',0),(106039,6,11,0,0,0,0,0,0,0,0,0,0,0,'',0),(106040,6,11,0,0,0,0,0,0,0,0,0,0,0,'',0),(106041,6,11,0,0,0,0,0,0,0,0,0,0,0,'',0),(106042,6,11,0,0,0,0,0,0,0,0,0,0,0,'',0),(106043,6,11,0,0,0,0,0,0,0,0,0,0,0,'',0),(106044,6,11,0,0,0,0,0,0,0,0,0,0,0,'',0),(106045,6,11,0,0,0,0,0,0,0,0,0,0,0,'',0),(106046,6,11,0,0,0,0,0,0,0,0,0,0,0,'',0),(106047,6,11,0,0,0,0,0,0,0,0,0,0,0,'',0),(106048,6,11,0,0,0,0,0,0,0,0,0,0,0,'',0),(106049,6,11,0,0,0,0,0,0,0,0,0,0,0,'',0),(106050,6,11,0,0,0,0,0,0,0,0,0,0,0,'',0),(106051,6,11,0,0,0,0,0,0,0,0,0,0,0,'',0),(106052,6,11,0,0,0,0,0,0,0,0,0,0,0,'',0),(106053,6,11,0,0,0,0,0,0,0,0,0,0,0,'',0),(106054,6,11,0,0,0,0,0,0,0,0,0,0,0,'',0),(106055,6,11,0,0,0,0,0,0,0,0,0,0,0,'',0),(106056,6,11,0,0,0,0,0,0,0,0,0,0,0,'',0),(106057,6,11,0,0,0,0,0,0,0,0,0,0,0,'',0),(106058,6,11,0,0,0,0,0,0,0,0,0,0,0,'',0),(106059,6,11,0,0,0,0,0,0,0,0,0,0,0,'',0),(106060,6,11,0,0,0,0,0,0,0,0,0,0,0,'',0),(106061,6,11,0,0,0,0,0,0,0,0,0,0,0,'',0),(106062,6,11,0,0,0,0,0,0,0,0,0,0,0,'',0),(106063,6,11,0,0,0,0,0,0,0,0,0,0,0,'',0),(106064,6,11,0,0,0,0,0,0,0,0,0,0,0,'',0),(106065,6,11,0,0,0,0,0,0,0,0,0,0,0,'',0),(106066,6,11,0,0,0,0,0,0,0,0,0,0,0,'',0),(106067,6,11,0,0,0,0,0,0,0,0,0,0,0,'',0),(106068,6,11,0,0,0,0,0,0,0,0,0,0,0,'',0),(106069,6,11,0,0,0,0,0,0,0,0,0,0,0,'',0),(106070,6,11,0,0,0,0,0,0,0,0,0,0,0,'',0),(106071,6,11,0,0,0,0,0,0,0,0,0,0,0,'',0),(106072,6,11,0,0,0,0,0,0,0,0,0,0,0,'',0),(106073,6,11,0,0,0,0,0,0,0,0,0,0,0,'',0),(106074,6,11,0,0,0,0,0,0,0,0,0,0,0,'',0),(106075,6,11,0,0,0,0,0,0,0,0,0,0,0,'',0),(106076,6,11,0,0,0,0,0,0,0,0,0,0,0,'',0),(106077,6,11,0,0,0,0,0,0,0,0,0,0,0,'',0),(106078,6,11,0,0,0,0,0,0,0,0,0,0,0,'',0),(106079,6,11,0,0,0,0,0,0,0,0,0,0,0,'',0),(106080,6,11,0,0,0,0,0,0,0,0,0,0,0,'',0),(106081,6,11,0,0,0,0,0,0,0,0,0,0,0,'',0),(106082,6,11,0,0,0,0,0,0,0,0,0,0,0,'',0),(106083,6,11,0,0,0,0,0,0,0,0,0,0,0,'',0),(106084,6,11,0,0,0,0,0,0,0,0,0,0,0,'',0),(106085,6,11,0,0,0,0,0,0,0,0,0,0,0,'',0),(106086,6,11,0,0,0,0,0,0,0,0,0,0,0,'',0),(106087,6,11,0,0,0,0,0,0,0,0,0,0,0,'',0),(106088,6,11,0,0,0,0,0,0,0,0,0,0,0,'',0),(106089,6,11,0,0,0,0,0,0,0,0,0,0,0,'',0),(106090,6,11,0,0,0,0,0,0,0,0,0,0,0,'',0),(106091,6,11,0,0,0,0,0,0,0,0,0,0,0,'',0),(106092,6,11,0,0,0,0,0,0,0,0,0,0,0,'',0),(106093,6,11,0,0,0,0,0,0,0,0,0,0,0,'',0),(106094,6,11,0,0,0,0,0,0,0,0,0,0,0,'',0),(106095,6,11,0,0,0,0,0,0,0,0,0,0,0,'',0),(106096,6,11,0,0,0,0,0,0,0,0,0,0,0,'',0),(106097,6,11,0,0,0,0,0,0,0,0,0,0,0,'',0),(106098,6,11,0,0,0,0,0,0,0,0,0,0,0,'',0),(106099,6,11,0,0,0,0,0,0,0,0,0,0,0,'',0),(106100,6,11,0,0,0,0,0,0,0,0,0,0,0,'',0),(106101,6,11,0,0,0,0,0,0,0,0,0,0,0,'',0),(106102,6,11,0,0,0,0,0,0,0,0,0,0,0,'',0),(106103,6,11,0,0,0,0,0,0,0,0,0,0,0,'',0),(106104,6,11,0,0,0,0,0,0,0,0,0,0,0,'',0),(106105,6,11,0,0,0,0,0,0,0,0,0,0,0,'',0),(106106,6,11,0,0,0,0,0,0,0,0,0,0,0,'',0),(106107,6,11,0,0,0,0,0,0,0,0,0,0,0,'',0),(106108,6,11,0,0,0,0,0,0,0,0,0,0,0,'',0),(106109,6,11,0,0,0,0,0,0,0,0,0,0,0,'',0),(106110,6,11,0,0,0,0,0,0,0,0,0,0,0,'',0),(106111,6,11,0,0,0,0,0,0,0,0,0,0,0,'',0),(106112,6,11,0,0,0,0,0,0,0,0,0,0,0,'',0),(106113,6,11,0,0,0,0,0,0,0,0,0,0,0,'',0),(106114,6,11,0,0,0,0,0,0,0,0,0,0,0,'',0),(106115,6,11,0,0,0,0,0,0,0,0,0,0,0,'',0),(106116,6,11,0,0,0,0,0,0,0,0,0,0,0,'',0),(106117,6,11,0,0,0,0,0,0,0,0,0,0,0,'',0),(106118,6,11,0,0,0,0,0,0,0,0,0,0,0,'',0),(106119,6,11,0,0,0,0,0,0,0,0,0,0,0,'',0),(106120,6,11,0,0,0,0,0,0,0,0,0,0,0,'',0),(106121,6,11,0,0,0,0,0,0,0,0,0,0,0,'',0),(106122,6,11,0,0,0,0,0,0,0,0,0,0,0,'',0),(106123,6,11,0,0,0,0,0,0,0,0,0,0,0,'',0),(106124,6,11,0,0,0,0,0,0,0,0,0,0,0,'',0),(106125,6,11,0,0,0,0,0,0,0,0,0,0,0,'',0),(106126,6,11,0,0,0,0,0,0,0,0,0,0,0,'',0),(106127,6,11,0,0,0,0,0,0,0,0,0,0,0,'',0),(106128,6,11,0,0,0,0,0,0,0,0,0,0,0,'',0),(106129,6,11,0,0,0,0,0,0,0,0,0,0,0,'',0),(106130,6,11,0,0,0,0,0,0,0,0,0,0,0,'',0),(106131,6,11,0,0,0,0,0,0,0,0,0,0,0,'',0),(106132,6,11,0,0,0,0,0,0,0,0,0,0,0,'',0),(106133,7,11,0,0,0,0,0,0,0,0,0,0,0,'fr',0),(106134,6,11,0,0,0,0,0,0,0,0,0,0,0,'',0),(106135,6,11,0,0,0,0,0,0,0,0,0,0,0,'',0),(106136,6,11,0,0,0,0,0,0,0,0,0,0,0,'',0),(106137,6,11,0,0,0,0,0,0,0,0,0,0,0,'',0),(106138,6,11,0,0,0,0,0,0,0,0,0,0,0,'',0),(106139,6,11,0,0,0,0,0,0,0,0,0,0,0,'',0),(106140,6,11,0,0,0,0,0,0,0,0,0,0,0,'',0),(106141,6,11,0,0,0,0,0,0,0,0,0,0,0,'',0),(106142,6,11,0,0,0,0,0,0,0,0,0,0,0,'',0),(106143,6,11,0,0,0,0,0,0,0,0,0,0,0,'',0),(106144,6,11,0,0,0,0,0,0,0,0,0,0,0,'',0),(106145,6,11,0,0,0,0,0,0,0,0,0,0,0,'',0),(106146,6,11,0,0,0,0,0,0,0,0,0,0,0,'',0),(106147,6,11,0,0,0,0,0,0,0,0,0,0,0,'',0),(106148,6,11,0,0,0,0,0,0,0,0,0,0,0,'',0),(106149,6,11,0,0,0,0,0,0,0,0,0,0,0,'',0),(106150,6,11,0,0,0,0,0,0,0,0,0,0,0,'',0),(106151,6,11,0,0,0,0,0,0,0,0,0,0,0,'',0),(106152,6,11,0,0,0,0,0,0,0,0,0,0,0,'',0),(106153,6,11,0,0,0,0,0,0,0,0,0,0,0,'',0),(106154,6,11,0,0,0,0,0,0,0,0,0,0,0,'',0),(106155,6,11,0,0,0,0,0,0,0,0,0,0,0,'',0),(106156,6,11,0,0,0,0,0,0,0,0,0,0,0,'',0),(106157,6,11,0,0,0,0,0,0,0,0,0,0,0,'',0),(106158,6,11,0,0,0,0,0,0,0,0,0,0,0,'',0),(106159,6,11,0,0,0,0,0,0,0,0,0,0,0,'',0),(106160,6,11,0,0,0,0,0,0,0,0,0,0,0,'',0),(106161,6,11,0,0,0,0,0,0,0,0,0,0,0,'',0),(106162,6,11,0,0,0,0,0,0,0,0,0,0,0,'',0),(106163,6,11,0,0,0,0,0,0,0,0,0,0,0,'',0),(106164,6,11,0,0,0,0,0,0,0,0,0,0,0,'',0),(106165,6,11,0,0,0,0,0,0,0,0,0,0,0,'',0),(106166,6,11,0,0,0,0,0,0,0,0,0,0,0,'',0),(106167,6,11,0,0,0,0,0,0,0,0,0,0,0,'',0),(106168,6,11,0,0,0,0,0,0,0,0,0,0,0,'',0),(106169,6,11,0,0,0,0,0,0,0,0,0,0,0,'',0),(106170,6,11,0,0,0,0,0,0,0,0,0,0,0,'',0),(106171,6,11,0,0,0,0,0,0,0,0,0,0,0,'',0),(106172,6,11,0,0,0,0,0,0,0,0,0,0,0,'',0),(106173,6,11,0,0,0,0,0,0,0,0,0,0,0,'',0),(106174,6,11,0,0,0,0,0,0,0,0,0,0,0,'',0),(106175,6,11,0,0,0,0,0,0,0,0,0,0,0,'',0),(106176,6,11,0,0,0,0,0,0,0,0,0,0,0,'',0),(106177,6,11,0,0,0,0,0,0,0,0,0,0,0,'',0),(106178,6,11,0,0,0,0,0,0,0,0,0,0,0,'',0),(106179,6,11,0,0,0,0,0,0,0,0,0,0,0,'',0),(106180,6,11,0,0,0,0,0,0,0,0,0,0,0,'',0),(106181,6,11,0,0,0,0,0,0,0,0,0,0,0,'',0),(106182,6,11,0,0,0,0,0,0,0,0,0,0,0,'',0),(106183,6,11,0,0,0,0,0,0,0,0,0,0,0,'',0),(106184,6,11,0,0,0,0,0,0,0,0,0,0,0,'',0),(106185,6,11,0,0,0,0,0,0,0,0,0,0,0,'',0),(106186,6,11,0,0,0,0,0,0,0,0,0,0,0,'',0),(106187,6,11,0,0,0,0,0,0,0,0,0,0,0,'',0),(106188,6,11,0,0,0,0,0,0,0,0,0,0,0,'',0),(106189,6,11,0,0,0,0,0,0,0,0,0,0,0,'',0),(106190,6,11,0,0,0,0,0,0,0,0,0,0,0,'',0),(106191,6,11,0,0,0,0,0,0,0,0,0,0,0,'',0),(106192,6,11,0,0,0,0,0,0,0,0,0,0,0,'',0),(106193,6,11,0,0,0,0,0,0,0,0,0,0,0,'',0),(106194,6,11,0,0,0,0,0,0,0,0,0,0,0,'',0),(106195,6,11,0,0,0,0,0,0,0,0,0,0,0,'',0),(106196,6,11,0,0,0,0,0,0,0,0,0,0,0,'',0),(106197,6,11,0,0,0,0,0,0,0,0,0,0,0,'',0),(106198,6,11,0,0,0,0,0,0,0,0,0,0,0,'',0),(106199,6,11,0,0,0,0,0,0,0,0,0,0,0,'',0),(106200,6,11,0,0,0,0,0,0,0,0,0,0,0,'',0),(106201,6,11,0,0,0,0,0,0,0,0,0,0,0,'',0),(106202,6,11,0,0,0,0,0,0,0,0,0,0,0,'',0),(106203,6,11,0,0,0,0,0,0,0,0,0,0,0,'',0),(106204,6,11,0,0,0,0,0,0,0,0,0,0,0,'',0),(106205,6,11,0,0,0,0,0,0,0,0,0,0,0,'',0),(106206,6,11,0,0,0,0,0,0,0,0,0,0,0,'',0),(106207,6,11,0,0,0,0,0,0,0,0,0,0,0,'',0),(106208,6,11,0,0,0,0,0,0,0,0,0,0,0,'',0),(106209,6,11,0,0,0,0,0,0,0,0,0,0,0,'',0),(106210,6,11,0,0,0,0,0,0,0,0,0,0,0,'',0),(106211,6,11,0,0,0,0,0,0,0,0,0,0,0,'',0),(106212,6,11,0,0,0,0,0,0,0,0,0,0,0,'',0),(106213,6,11,0,0,0,0,0,0,0,0,0,0,0,'',0),(106214,6,11,0,0,0,0,0,0,0,0,0,0,0,'',0),(106215,6,11,0,0,0,0,0,0,0,0,0,0,0,'',0),(106216,6,11,0,0,0,0,0,0,0,0,0,0,0,'',0),(106217,9,11,0,0,0,0,0,0,0,0,0,0,0,'',0),(106218,6,11,0,0,0,0,0,0,0,0,0,0,0,'',0),(106219,0,0,0,0,0,0,0,0,0,0,0,0,0,'',0),(106220,0,0,0,0,0,0,0,0,0,0,0,0,0,'',0),(106221,0,0,0,0,0,0,0,0,0,0,0,0,0,'',0),(106222,9,11,0,0,0,0,0,0,0,0,0,0,0,'',0),(106223,0,0,0,0,0,0,0,0,0,0,0,0,0,'',0),(106224,0,0,0,0,0,0,0,0,0,0,0,0,0,'',0),(106225,0,0,0,0,0,0,0,0,0,0,0,0,0,'',0),(106226,0,0,0,0,0,0,0,0,0,0,0,0,0,'',0),(106227,0,0,0,0,0,0,0,0,0,0,0,0,0,'',0),(106228,0,0,0,0,0,0,0,0,0,0,0,0,0,'',0),(106229,0,0,0,0,0,0,0,0,0,0,0,0,0,'',0),(106230,0,0,0,0,0,0,0,0,0,0,0,0,0,'',0),(106231,0,0,0,0,0,0,0,0,0,0,0,0,0,'',0),(106232,0,0,0,0,0,0,0,0,0,0,0,0,0,'',0),(106233,0,0,0,0,0,0,0,0,0,0,0,0,0,'',0),(106234,0,0,0,0,0,0,0,0,0,0,0,0,0,'',0),(106235,0,0,0,0,0,0,0,0,0,0,0,0,0,'',0),(106236,0,0,0,0,0,0,0,0,0,0,0,0,0,'',0),(106237,0,0,0,0,0,0,0,0,0,0,0,0,0,'',0),(106238,0,0,0,0,0,0,0,0,0,0,0,0,0,'',0),(106239,0,0,0,0,0,0,0,0,0,0,0,0,0,'',0),(106240,0,0,0,0,0,0,0,0,0,0,0,0,0,'',0),(106241,0,0,0,0,0,0,0,0,0,0,0,0,0,'',0),(106242,0,0,0,0,0,0,0,0,0,0,0,0,0,'',0),(106243,0,0,0,0,0,0,0,0,0,0,0,0,0,'',0),(106244,0,0,0,0,0,0,0,0,0,0,0,0,0,'',0),(106245,0,0,0,0,0,0,0,0,0,0,0,0,0,'',0),(106246,0,0,0,0,0,0,0,0,0,0,0,0,0,'',0),(106247,0,0,0,0,0,0,0,0,0,0,0,0,0,'',0),(106248,0,0,0,0,0,0,0,0,0,0,0,0,0,'',0),(106249,0,0,0,0,0,0,0,0,0,0,0,0,0,'',0),(106250,0,0,0,0,0,0,0,0,0,0,0,0,0,'',0),(106251,0,0,0,0,0,0,0,0,0,0,0,0,0,'',0),(106252,0,0,0,0,0,0,0,0,0,0,0,0,0,'',0),(106253,0,0,0,0,0,0,0,0,0,0,0,0,0,'',0),(106254,0,0,0,0,0,0,0,0,0,0,0,0,0,'',0),(106255,9,11,0,0,0,0,0,0,0,0,0,0,0,'',0),(106256,0,0,0,0,0,0,0,0,0,0,0,0,0,'',0),(106257,0,0,0,0,0,0,0,0,0,0,0,0,0,'',0),(106258,0,0,0,0,0,0,0,0,0,0,0,0,0,'',0),(106259,9,11,0,0,0,0,0,0,0,0,0,0,0,'',0),(106260,0,0,0,0,0,0,0,0,0,0,0,0,0,'',0),(106261,9,11,0,0,0,0,0,0,0,0,0,0,0,'',0),(106262,0,0,0,0,0,0,0,0,0,0,0,0,0,'',0),(106263,0,0,0,0,0,0,0,0,0,0,0,0,0,'',0),(106264,9,11,0,0,0,0,0,0,0,0,0,0,0,'',0),(106265,0,0,0,0,0,0,0,0,0,0,0,0,0,'',0),(106266,9,11,0,0,0,0,0,0,0,0,0,0,0,'',0),(106267,0,0,0,0,0,0,0,0,0,0,0,0,0,'',0),(106268,9,11,0,0,0,0,0,0,0,0,0,0,0,'',0),(106269,0,0,0,0,0,0,0,0,0,0,0,0,0,'',0),(106270,0,0,0,0,0,0,0,0,0,0,0,0,0,'',0),(106271,0,0,0,0,0,0,0,0,0,0,0,0,0,'',0),(106272,0,0,0,0,0,0,0,0,0,0,0,0,0,'',0),(106273,0,0,0,0,0,0,0,0,0,0,0,0,0,'',0),(106274,0,0,0,0,0,0,0,0,0,0,0,0,0,'',0),(106275,0,0,0,0,0,0,0,0,0,0,0,0,0,'',0),(106276,0,0,0,0,0,0,0,0,0,0,0,0,0,'',0),(106277,0,0,0,0,0,0,0,0,0,0,0,0,0,'',0),(106278,0,0,0,0,0,0,0,0,0,0,0,0,0,'',0),(106279,0,0,0,0,0,0,0,0,0,0,0,0,0,'',0),(106280,9,11,0,0,0,0,0,0,0,0,0,0,0,'',0),(106281,0,0,0,0,0,0,0,0,0,0,0,0,0,'',0),(106282,0,0,0,0,0,0,0,0,0,0,0,0,0,'',0),(106283,0,0,0,0,0,0,0,0,0,0,0,0,0,'',0),(106284,0,0,0,0,0,0,0,0,0,0,0,0,0,'',0),(106285,0,0,0,0,0,0,0,0,0,0,0,0,0,'',0),(106286,0,0,0,0,0,0,0,0,0,0,0,0,0,'',0),(106287,0,0,0,0,0,0,0,0,0,0,0,0,0,'',0),(106288,0,0,0,0,0,0,0,0,0,0,0,0,0,'',0),(106289,0,0,0,0,0,0,0,0,0,0,0,0,0,'',0),(106290,9,11,0,0,0,0,0,0,0,0,0,0,0,'',0),(106291,9,11,0,0,0,0,0,0,0,0,0,0,0,'',0),(106292,9,11,0,0,0,0,0,0,0,0,0,0,0,'',0),(106293,0,0,0,0,0,0,0,0,0,0,0,0,0,'',0),(106294,0,0,0,0,0,0,0,0,0,0,0,0,0,'',0),(106295,0,0,0,0,0,0,0,0,0,0,0,0,0,'',0),(106296,9,11,0,0,0,0,0,0,0,0,0,0,0,'',0),(106297,0,0,0,0,0,0,0,0,0,0,0,0,0,'',0),(106298,0,0,0,0,0,0,0,0,0,0,0,0,0,'',0),(106299,0,0,0,0,0,0,0,0,0,0,0,0,0,'',0),(106300,0,0,0,0,0,0,0,0,0,0,0,0,0,'',0),(106301,0,0,0,0,0,0,0,0,0,0,0,0,0,'',0),(106302,8,3,0,0,0,0,0,0,0,0,0,0,0,'fr',0),(106303,9,11,0,0,0,0,0,0,0,0,0,0,0,'',0),(106304,0,0,0,0,0,0,0,0,0,0,0,0,0,'',0),(106305,1,5,0,0,0,0,0,0,0,0,0,0,0,'',0),(106306,1,5,0,0,0,0,0,0,0,0,0,0,0,'',0),(106307,0,0,0,0,0,0,0,0,0,0,0,0,0,'',0),(106308,0,0,0,0,0,0,0,0,0,0,0,0,0,'',0),(106309,0,0,0,0,0,0,0,0,0,0,0,0,0,'',0),(106310,0,0,0,0,0,0,0,0,0,0,0,0,0,'',0),(106311,7,1,0,0,0,0,0,0,0,0,0,0,0,'ru',0),(106312,9,11,0,0,0,0,0,0,0,0,0,0,0,'',0),(106313,0,0,0,0,0,0,0,0,0,0,0,0,0,'',0),(106314,0,0,0,0,0,0,0,0,0,0,0,0,0,'',0),(106315,9,11,0,0,0,0,0,0,0,0,0,0,0,'fr',0),(106316,0,0,0,0,0,0,0,0,0,0,0,0,0,'',0),(106317,0,0,0,0,0,0,0,0,0,0,0,0,0,'',0),(106318,0,0,0,0,0,0,0,0,0,0,0,0,0,'',0),(106319,0,0,0,0,0,0,0,0,0,0,0,0,0,'',0),(106320,0,0,0,0,0,0,0,0,0,0,0,0,0,'',0),(106321,9,11,0,0,0,0,0,0,0,0,0,0,0,'',0),(106322,9,11,0,0,0,0,0,0,0,0,0,0,0,'',0),(106323,9,11,0,0,0,0,0,0,0,0,0,0,0,'',0),(106324,0,0,0,0,0,0,0,0,0,0,0,0,0,'',0),(106325,0,0,0,0,0,0,0,0,0,0,0,0,0,'',0),(106326,0,0,0,0,0,0,0,0,0,0,0,0,0,'',0),(106327,0,0,0,0,0,0,0,0,0,0,0,0,0,'',0),(106328,0,0,0,0,0,0,0,0,0,0,0,0,0,'',0),(106329,0,0,0,0,0,0,0,0,0,0,0,0,0,'',0),(106330,0,0,0,0,0,0,0,0,0,0,0,0,0,'',0),(106331,0,0,0,0,0,0,0,0,0,0,0,0,0,'',0),(106332,0,0,0,0,0,0,0,0,0,0,0,0,0,'',0),(106333,0,0,0,0,0,0,0,0,0,0,0,0,0,'',0),(106334,0,0,0,0,0,0,0,0,0,0,0,0,0,'',0),(106335,9,11,0,0,0,0,0,0,0,0,0,0,0,'',0),(106336,0,0,0,0,0,0,0,0,0,0,0,0,0,'',0),(106337,0,0,0,0,0,0,0,0,0,0,0,0,0,'',0),(106338,3,11,0,0,0,0,0,0,0,0,0,0,0,'',0),(106339,0,0,0,0,0,0,0,0,0,0,0,0,0,'',0),(106340,9,11,0,0,0,0,0,0,0,0,0,0,0,'',0),(106341,0,0,0,0,0,0,0,0,0,0,0,0,0,'',0),(106342,0,0,0,0,0,0,0,0,0,0,0,0,0,'',0),(106343,8,11,0,0,0,0,0,0,0,0,0,0,0,'fr',0),(106344,0,0,0,0,0,0,0,0,0,0,0,0,0,'ru',0),(106345,0,0,0,0,0,0,0,0,0,0,0,0,0,'',0),(106346,0,0,0,0,0,0,0,0,0,0,0,0,0,'',0),(106347,0,0,0,0,0,0,0,0,0,0,0,0,0,'',0),(106348,9,11,0,0,0,0,0,0,0,0,0,0,0,'',0),(106349,0,0,0,0,0,0,0,0,0,0,0,0,0,'',0),(106350,0,0,0,0,0,0,0,0,0,0,0,0,0,'',0),(106351,0,0,0,0,0,0,0,0,0,0,0,0,0,'',0),(106352,0,0,0,0,0,0,0,0,0,0,0,0,0,'',0),(106353,7,11,0,0,0,0,0,0,0,0,0,0,0,'',0),(106354,0,0,0,0,0,0,0,0,0,0,0,0,0,'',0),(106355,0,0,0,0,0,0,0,0,0,0,0,0,0,'',0),(106356,0,0,0,0,0,0,0,0,0,0,0,0,0,'',0),(106357,9,11,0,0,0,0,0,0,0,0,0,0,0,'',0),(106358,0,0,0,0,0,0,0,0,0,0,0,0,0,'',0),(106359,0,0,0,0,0,0,0,0,0,0,0,0,0,'',0),(106360,0,0,0,0,0,0,0,0,0,0,0,0,0,'',0),(106361,0,0,0,0,0,0,0,0,0,0,0,0,0,'',0),(106362,0,0,0,0,0,0,0,0,0,0,0,0,0,'',0),(106363,0,0,0,0,0,0,0,0,0,0,0,0,0,'',0),(106364,0,0,0,0,0,0,0,0,0,0,0,0,0,'',0),(106365,0,0,0,0,0,0,0,0,0,0,0,0,0,'',0),(106366,0,0,0,0,0,0,0,0,0,0,0,0,0,'',0),(106367,0,0,0,0,0,0,0,0,0,0,0,0,0,'',0),(106368,0,0,0,0,0,0,0,0,0,0,0,0,0,'',0),(106369,9,11,0,0,0,0,0,0,0,0,0,0,0,'',0),(106370,0,0,0,0,0,0,0,0,0,0,0,0,0,'',0),(106371,0,0,0,0,0,0,0,0,0,0,0,0,0,'',0),(106372,0,0,0,0,0,0,0,0,0,0,0,0,0,'',0),(106373,0,0,0,0,0,0,0,0,0,0,0,0,0,'',0),(106374,9,11,0,0,0,0,0,0,0,0,0,0,0,'',0),(106375,0,0,0,0,0,0,0,0,0,0,0,0,0,'',0),(106376,0,0,0,0,0,0,0,0,0,0,0,0,0,'',0),(106377,9,11,0,0,0,0,0,0,0,0,0,0,0,'',0),(106378,9,11,0,0,0,0,0,0,0,0,0,0,0,'',0),(106379,9,11,0,0,0,0,0,0,0,0,0,0,0,'',0),(106380,0,0,0,0,0,0,0,0,0,0,0,0,0,'',0),(106381,9,11,0,0,0,0,0,0,0,0,0,0,0,'',0),(106382,9,11,0,0,0,0,0,0,0,0,0,0,0,'',0),(106383,9,11,0,0,0,0,0,0,0,0,0,0,0,'',0),(106384,9,11,0,0,0,0,0,0,0,0,0,0,0,'',0),(106385,9,11,0,0,0,0,0,0,0,0,0,0,0,'',0),(106386,0,0,0,0,0,0,0,0,0,0,0,0,0,'',0),(106387,5,10,0,0,0,0,0,0,0,0,0,0,0,'fr',0),(106388,9,11,0,0,0,0,0,0,0,0,0,0,0,'',0),(106389,0,0,0,0,0,0,0,0,0,0,0,0,0,'',0),(106390,0,0,0,0,0,0,0,0,0,0,0,0,0,'',0),(106391,0,0,0,0,0,0,0,0,0,0,0,0,0,'',0),(106392,9,11,0,0,0,0,0,0,0,0,0,0,0,'',0),(106393,0,0,0,0,0,0,0,0,0,0,0,0,0,'',0),(106394,0,0,0,0,0,0,0,0,0,0,0,0,0,'',0),(106395,9,11,0,0,0,0,0,0,0,0,0,0,0,'',0),(106396,9,11,0,0,0,0,0,0,0,0,0,0,0,'',0),(106397,9,11,0,0,0,0,0,0,0,0,0,0,0,'',0),(106398,7,11,0,0,0,0,0,0,0,0,0,0,0,'',0),(106399,9,11,0,0,0,0,0,0,0,0,0,0,0,'',0),(106400,0,0,0,0,0,0,0,0,0,0,0,0,0,'',0),(106401,3,11,0,0,0,0,0,0,0,0,0,0,0,'fr',0),(106402,9,11,0,0,0,0,0,0,0,0,0,0,0,'',0),(106403,9,11,0,0,0,0,0,0,0,0,0,0,0,'fr',0),(106404,9,11,0,0,0,0,0,0,0,0,0,0,0,'fr',0),(106405,9,11,0,0,0,0,0,0,0,0,0,0,0,'fr',0),(106406,9,11,0,0,0,0,0,0,0,0,0,0,0,'fr',0),(106407,9,11,0,0,0,0,0,0,0,0,0,0,0,'fr',0),(106408,9,11,0,0,0,0,0,0,0,0,0,0,0,'fr',0),(106409,9,11,0,0,0,0,0,0,0,0,0,0,0,'fr',0),(106410,8,3,0,0,0,0,0,0,0,0,0,0,0,'',0),(106411,8,3,0,0,0,0,0,0,0,0,0,0,0,'',0),(106412,0,0,0,0,0,0,0,0,0,0,0,0,0,'',0),(106413,9,11,0,0,0,0,0,0,0,0,0,0,0,'fr',0),(106414,0,0,0,0,0,0,0,0,0,0,0,0,0,'',0),(106415,0,0,0,0,0,0,0,0,0,0,0,0,0,'',0),(106416,0,0,0,0,0,0,0,0,0,0,0,0,0,'',0),(106417,9,11,0,0,0,0,0,0,0,0,0,0,0,'',0),(106418,6,3,0,0,0,0,0,0,0,0,0,0,0,'fr',0),(106419,9,11,0,0,0,0,0,0,0,0,0,0,0,'',0),(106420,0,0,0,0,0,0,0,0,0,0,0,0,0,'',0),(106421,6,3,0,0,0,0,0,0,0,0,0,0,0,'fr',0),(106422,6,3,0,0,0,0,0,0,0,0,0,0,0,'fr',0),(106423,6,3,0,0,0,0,0,0,0,0,0,0,0,'fr',0),(106424,6,3,0,0,0,0,0,0,0,0,0,0,0,'fr',0),(106425,6,3,0,0,0,0,0,0,0,0,0,0,0,'fr',0),(106426,6,3,0,0,0,0,0,0,0,0,0,0,0,'fr',0),(106427,6,3,0,0,0,0,0,0,0,0,0,0,0,'fr',0),(106428,0,0,0,0,0,0,0,0,0,0,0,0,0,'',0),(106429,0,0,0,0,0,0,0,0,0,0,0,0,0,'',0),(106430,0,0,0,0,0,0,0,0,0,0,0,0,0,'',0),(106431,9,11,0,0,0,0,0,0,0,0,0,0,0,'',0),(106432,3,11,0,0,0,0,0,0,0,0,0,0,0,'fr',0),(106433,0,0,0,0,0,0,0,0,0,0,0,0,0,'',0),(106434,0,0,0,0,0,0,0,0,0,0,0,0,0,'',0),(106435,9,11,0,0,0,0,0,0,0,0,0,0,0,'',0),(106436,0,0,0,0,0,0,0,0,0,0,0,0,0,'',0),(106437,9,11,0,0,0,0,0,0,0,0,0,0,0,'',0),(106438,0,0,0,0,0,0,0,0,0,0,0,0,0,'',0),(106439,0,0,0,0,0,0,0,0,0,0,0,0,0,'',0),(106440,5,11,0,0,0,0,0,0,0,0,0,0,0,'fr',0),(106441,0,0,0,0,0,0,0,0,0,0,0,0,0,'',0),(106442,0,0,0,0,0,0,0,0,0,0,0,0,0,'',0),(106443,0,0,0,0,0,0,0,0,0,0,0,0,0,'',0),(106444,0,0,0,0,0,0,0,0,0,0,0,0,0,'',0),(106445,9,11,0,0,0,0,0,0,0,0,0,0,0,'',0),(106446,7,1,0,0,0,0,0,0,0,0,0,0,0,'fr-fr',0),(106447,0,0,0,0,0,0,0,0,0,0,0,0,0,'',0),(106448,0,0,0,0,0,0,0,0,0,0,0,0,0,'',0),(106449,0,0,0,0,0,0,0,0,0,0,0,0,0,'',0),(106450,0,0,0,0,0,0,0,0,0,0,0,0,0,'',0),(106451,0,0,0,0,0,0,0,0,0,0,0,0,0,'',0),(106452,0,0,0,0,0,0,0,0,0,0,0,0,0,'',0),(106453,0,0,0,0,0,0,0,0,0,0,0,0,0,'',0),(106454,9,11,0,0,0,0,0,0,0,0,0,0,0,'',0),(106455,0,0,0,0,0,0,0,0,0,0,0,0,0,'',0),(106456,0,0,0,0,0,0,0,0,0,0,0,0,0,'',0),(106457,0,0,0,0,0,0,0,0,0,0,0,0,0,'',0),(106458,0,0,0,0,0,0,0,0,0,0,0,0,0,'',0),(106459,7,11,0,0,0,0,0,0,0,0,0,0,0,'',0),(106460,0,0,0,0,0,0,0,0,0,0,0,0,0,'',0),(106461,0,0,0,0,0,0,0,0,0,0,0,0,0,'',0),(106462,0,0,0,0,0,0,0,0,0,0,0,0,0,'',0),(106463,0,0,0,0,0,0,0,0,0,0,0,0,0,'',0),(106464,0,0,0,0,0,0,0,0,0,0,0,0,0,'',0),(106465,0,0,0,0,0,0,0,0,0,0,0,0,0,'',0),(106466,0,0,0,0,0,0,0,0,0,0,0,0,0,'',0),(106467,0,0,0,0,0,0,0,0,0,0,0,0,0,'',0),(106468,0,0,0,0,0,0,0,0,0,0,0,0,0,'',0),(106469,0,0,0,0,0,0,0,0,0,0,0,0,0,'',0),(106470,0,0,0,0,0,0,0,0,0,0,0,0,0,'',0),(106471,0,0,0,0,0,0,0,0,0,0,0,0,0,'',0),(106472,0,0,0,0,0,0,0,0,0,0,0,0,0,'',0),(106473,0,0,0,0,0,0,0,0,0,0,0,0,0,'',0),(106474,0,0,0,0,0,0,0,0,0,0,0,0,0,'',0),(106475,0,0,0,0,0,0,0,0,0,0,0,0,0,'',0),(106476,0,0,0,0,0,0,0,0,0,0,0,0,0,'',0),(106477,0,0,0,0,0,0,0,0,0,0,0,0,0,'',0),(106478,0,0,0,0,0,0,0,0,0,0,0,0,0,'',0),(106479,0,0,0,0,0,0,0,0,0,0,0,0,0,'',0),(106480,0,0,0,0,0,0,0,0,0,0,0,0,0,'',0),(106481,7,11,0,0,0,0,0,0,0,0,0,0,0,'',0),(106482,0,0,0,0,0,0,0,0,0,0,0,0,0,'',0),(106483,0,0,0,0,0,0,0,0,0,0,0,0,0,'',0),(106484,6,11,0,0,0,0,0,0,0,0,0,0,0,'',0),(106485,6,11,0,0,0,0,0,0,0,0,0,0,0,'',0),(106486,6,11,0,0,0,0,0,0,0,0,0,0,0,'',0),(106487,6,11,0,0,0,0,0,0,0,0,0,0,0,'',0),(106488,6,11,0,0,0,0,0,0,0,0,0,0,0,'',0),(106489,6,11,0,0,0,0,0,0,0,0,0,0,0,'',0),(106490,6,11,0,0,0,0,0,0,0,0,0,0,0,'',0),(106491,6,11,0,0,0,0,0,0,0,0,0,0,0,'',0),(106492,6,11,0,0,0,0,0,0,0,0,0,0,0,'',0),(106493,6,11,0,0,0,0,0,0,0,0,0,0,0,'',0),(106494,6,11,0,0,0,0,0,0,0,0,0,0,0,'',0),(106495,6,11,0,0,0,0,0,0,0,0,0,0,0,'',0),(106496,6,11,0,0,0,0,0,0,0,0,0,0,0,'',0),(106497,6,11,0,0,0,0,0,0,0,0,0,0,0,'',0),(106498,6,11,0,0,0,0,0,0,0,0,0,0,0,'',0),(106499,6,11,0,0,0,0,0,0,0,0,0,0,0,'',0),(106500,6,11,0,0,0,0,0,0,0,0,0,0,0,'',0),(106501,6,11,0,0,0,0,0,0,0,0,0,0,0,'',0),(106502,6,11,0,0,0,0,0,0,0,0,0,0,0,'',0),(106503,6,11,0,0,0,0,0,0,0,0,0,0,0,'',0),(106504,6,11,0,0,0,0,0,0,0,0,0,0,0,'',0),(106505,6,11,0,0,0,0,0,0,0,0,0,0,0,'',0),(106506,6,11,0,0,0,0,0,0,0,0,0,0,0,'',0),(106507,6,11,0,0,0,0,0,0,0,0,0,0,0,'',0),(106508,6,11,0,0,0,0,0,0,0,0,0,0,0,'',0),(106509,6,11,0,0,0,0,0,0,0,0,0,0,0,'',0),(106510,6,11,0,0,0,0,0,0,0,0,0,0,0,'',0),(106511,6,11,0,0,0,0,0,0,0,0,0,0,0,'',0),(106512,6,11,0,0,0,0,0,0,0,0,0,0,0,'',0),(106513,6,11,0,0,0,0,0,0,0,0,0,0,0,'',0),(106514,6,11,0,0,0,0,0,0,0,0,0,0,0,'',0),(106515,6,11,0,0,0,0,0,0,0,0,0,0,0,'',0),(106516,6,11,0,0,0,0,0,0,0,0,0,0,0,'',0),(106517,6,11,0,0,0,0,0,0,0,0,0,0,0,'',0),(106518,6,11,0,0,0,0,0,0,0,0,0,0,0,'',0),(106519,6,11,0,0,0,0,0,0,0,0,0,0,0,'',0),(106520,6,11,0,0,0,0,0,0,0,0,0,0,0,'',0),(106521,6,11,0,0,0,0,0,0,0,0,0,0,0,'',0),(106522,6,11,0,0,0,0,0,0,0,0,0,0,0,'',0),(106523,6,11,0,0,0,0,0,0,0,0,0,0,0,'',0),(106524,6,11,0,0,0,0,0,0,0,0,0,0,0,'',0),(106525,6,11,0,0,0,0,0,0,0,0,0,0,0,'',0),(106526,6,11,0,0,0,0,0,0,0,0,0,0,0,'',0),(106527,6,11,0,0,0,0,0,0,0,0,0,0,0,'',0),(106528,6,11,0,0,0,0,0,0,0,0,0,0,0,'',0),(106529,6,11,0,0,0,0,0,0,0,0,0,0,0,'',0),(106530,6,11,0,0,0,0,0,0,0,0,0,0,0,'',0),(106531,6,11,0,0,0,0,0,0,0,0,0,0,0,'',0),(106532,6,11,0,0,0,0,0,0,0,0,0,0,0,'',0),(106533,6,11,0,0,0,0,0,0,0,0,0,0,0,'',0),(106534,6,11,0,0,0,0,0,0,0,0,0,0,0,'',0),(106535,6,11,0,0,0,0,0,0,0,0,0,0,0,'',0),(106536,6,11,0,0,0,0,0,0,0,0,0,0,0,'',0),(106537,6,11,0,0,0,0,0,0,0,0,0,0,0,'',0),(106538,6,11,0,0,0,0,0,0,0,0,0,0,0,'',0),(106539,6,11,0,0,0,0,0,0,0,0,0,0,0,'',0),(106540,6,11,0,0,0,0,0,0,0,0,0,0,0,'',0),(106541,6,11,0,0,0,0,0,0,0,0,0,0,0,'',0),(106542,6,11,0,0,0,0,0,0,0,0,0,0,0,'',0),(106543,6,11,0,0,0,0,0,0,0,0,0,0,0,'',0),(106544,6,11,0,0,0,0,0,0,0,0,0,0,0,'',0),(106545,6,11,0,0,0,0,0,0,0,0,0,0,0,'',0),(106546,6,11,0,0,0,0,0,0,0,0,0,0,0,'',0),(106547,6,11,0,0,0,0,0,0,0,0,0,0,0,'',0),(106548,6,11,0,0,0,0,0,0,0,0,0,0,0,'',0),(106549,6,11,0,0,0,0,0,0,0,0,0,0,0,'',0),(106550,6,11,0,0,0,0,0,0,0,0,0,0,0,'',0),(106551,6,11,0,0,0,0,0,0,0,0,0,0,0,'',0),(106552,6,11,0,0,0,0,0,0,0,0,0,0,0,'',0),(106553,6,11,0,0,0,0,0,0,0,0,0,0,0,'',0),(106554,6,11,0,0,0,0,0,0,0,0,0,0,0,'',0),(106555,6,11,0,0,0,0,0,0,0,0,0,0,0,'',0),(106556,6,11,0,0,0,0,0,0,0,0,0,0,0,'',0),(106557,6,11,0,0,0,0,0,0,0,0,0,0,0,'',0),(106558,6,11,0,0,0,0,0,0,0,0,0,0,0,'',0),(106559,6,11,0,0,0,0,0,0,0,0,0,0,0,'',0),(106560,6,11,0,0,0,0,0,0,0,0,0,0,0,'',0),(106561,6,11,0,0,0,0,0,0,0,0,0,0,0,'',0),(106562,6,11,0,0,0,0,0,0,0,0,0,0,0,'',0),(106563,6,11,0,0,0,0,0,0,0,0,0,0,0,'',0),(106564,6,11,0,0,0,0,0,0,0,0,0,0,0,'',0),(106565,6,11,0,0,0,0,0,0,0,0,0,0,0,'',0),(106566,6,11,0,0,0,0,0,0,0,0,0,0,0,'',0),(106567,6,11,0,0,0,0,0,0,0,0,0,0,0,'',0),(106568,6,11,0,0,0,0,0,0,0,0,0,0,0,'',0),(106569,6,11,0,0,0,0,0,0,0,0,0,0,0,'',0),(106570,6,11,0,0,0,0,0,0,0,0,0,0,0,'',0),(106571,6,11,0,0,0,0,0,0,0,0,0,0,0,'',0),(106572,6,11,0,0,0,0,0,0,0,0,0,0,0,'',0),(106573,6,11,0,0,0,0,0,0,0,0,0,0,0,'',0),(106574,6,11,0,0,0,0,0,0,0,0,0,0,0,'',0),(106575,6,11,0,0,0,0,0,0,0,0,0,0,0,'',0),(106576,6,11,0,0,0,0,0,0,0,0,0,0,0,'',0),(106577,6,11,0,0,0,0,0,0,0,0,0,0,0,'',0),(106578,6,11,0,0,0,0,0,0,0,0,0,0,0,'',0),(106579,6,11,0,0,0,0,0,0,0,0,0,0,0,'',0),(106580,6,11,0,0,0,0,0,0,0,0,0,0,0,'',0),(106581,6,11,0,0,0,0,0,0,0,0,0,0,0,'',0),(106582,6,11,0,0,0,0,0,0,0,0,0,0,0,'',0),(106583,6,11,0,0,0,0,0,0,0,0,0,0,0,'',0),(106584,6,11,0,0,0,0,0,0,0,0,0,0,0,'',0),(106585,6,11,0,0,0,0,0,0,0,0,0,0,0,'',0),(106586,6,11,0,0,0,0,0,0,0,0,0,0,0,'',0),(106587,6,11,0,0,0,0,0,0,0,0,0,0,0,'',0),(106588,6,11,0,0,0,0,0,0,0,0,0,0,0,'',0),(106589,6,11,0,0,0,0,0,0,0,0,0,0,0,'',0),(106590,6,11,0,0,0,0,0,0,0,0,0,0,0,'',0),(106591,6,11,0,0,0,0,0,0,0,0,0,0,0,'',0),(106592,6,11,0,0,0,0,0,0,0,0,0,0,0,'',0),(106593,6,11,0,0,0,0,0,0,0,0,0,0,0,'',0),(106594,6,11,0,0,0,0,0,0,0,0,0,0,0,'',0),(106595,6,11,0,0,0,0,0,0,0,0,0,0,0,'',0),(106596,6,11,0,0,0,0,0,0,0,0,0,0,0,'',0),(106597,6,11,0,0,0,0,0,0,0,0,0,0,0,'',0),(106598,6,11,0,0,0,0,0,0,0,0,0,0,0,'',0),(106599,6,11,0,0,0,0,0,0,0,0,0,0,0,'',0),(106600,6,11,0,0,0,0,0,0,0,0,0,0,0,'',0),(106601,6,11,0,0,0,0,0,0,0,0,0,0,0,'',0),(106602,6,11,0,0,0,0,0,0,0,0,0,0,0,'',0),(106603,6,11,0,0,0,0,0,0,0,0,0,0,0,'',0),(106604,6,11,0,0,0,0,0,0,0,0,0,0,0,'',0),(106605,6,11,0,0,0,0,0,0,0,0,0,0,0,'',0),(106606,6,11,0,0,0,0,0,0,0,0,0,0,0,'',0),(106607,6,11,0,0,0,0,0,0,0,0,0,0,0,'',0),(106608,6,11,0,0,0,0,0,0,0,0,0,0,0,'',0),(106609,6,11,0,0,0,0,0,0,0,0,0,0,0,'',0),(106610,6,11,0,0,0,0,0,0,0,0,0,0,0,'',0),(106611,6,11,0,0,0,0,0,0,0,0,0,0,0,'',0),(106612,6,11,0,0,0,0,0,0,0,0,0,0,0,'',0),(106613,6,11,0,0,0,0,0,0,0,0,0,0,0,'',0),(106614,6,11,0,0,0,0,0,0,0,0,0,0,0,'',0),(106615,6,11,0,0,0,0,0,0,0,0,0,0,0,'',0),(106616,6,11,0,0,0,0,0,0,0,0,0,0,0,'',0),(106617,6,11,0,0,0,0,0,0,0,0,0,0,0,'',0),(106618,6,11,0,0,0,0,0,0,0,0,0,0,0,'',0),(106619,6,11,0,0,0,0,0,0,0,0,0,0,0,'',0),(106620,6,11,0,0,0,0,0,0,0,0,0,0,0,'',0),(106621,6,11,0,0,0,0,0,0,0,0,0,0,0,'',0),(106622,6,11,0,0,0,0,0,0,0,0,0,0,0,'',0),(106623,6,11,0,0,0,0,0,0,0,0,0,0,0,'',0),(106624,6,11,0,0,0,0,0,0,0,0,0,0,0,'',0),(106625,6,11,0,0,0,0,0,0,0,0,0,0,0,'',0),(106626,6,11,0,0,0,0,0,0,0,0,0,0,0,'',0),(106627,6,11,0,0,0,0,0,0,0,0,0,0,0,'',0),(106628,6,11,0,0,0,0,0,0,0,0,0,0,0,'',0),(106629,6,11,0,0,0,0,0,0,0,0,0,0,0,'',0),(106630,6,11,0,0,0,0,0,0,0,0,0,0,0,'',0),(106631,6,11,0,0,0,0,0,0,0,0,0,0,0,'',0),(106632,6,11,0,0,0,0,0,0,0,0,0,0,0,'',0),(106633,6,11,0,0,0,0,0,0,0,0,0,0,0,'',0),(106634,6,11,0,0,0,0,0,0,0,0,0,0,0,'',0),(106635,6,11,0,0,0,0,0,0,0,0,0,0,0,'',0),(106636,6,11,0,0,0,0,0,0,0,0,0,0,0,'',0),(106637,6,11,0,0,0,0,0,0,0,0,0,0,0,'',0),(106638,6,11,0,0,0,0,0,0,0,0,0,0,0,'',0),(106639,6,11,0,0,0,0,0,0,0,0,0,0,0,'',0),(106640,6,11,0,0,0,0,0,0,0,0,0,0,0,'',0),(106641,6,11,0,0,0,0,0,0,0,0,0,0,0,'',0),(106642,6,11,0,0,0,0,0,0,0,0,0,0,0,'',0),(106643,6,11,0,0,0,0,0,0,0,0,0,0,0,'',0),(106644,6,11,0,0,0,0,0,0,0,0,0,0,0,'',0),(106645,6,11,0,0,0,0,0,0,0,0,0,0,0,'',0),(106646,6,11,0,0,0,0,0,0,0,0,0,0,0,'',0),(106647,6,11,0,0,0,0,0,0,0,0,0,0,0,'',0),(106648,6,11,0,0,0,0,0,0,0,0,0,0,0,'',0),(106649,6,11,0,0,0,0,0,0,0,0,0,0,0,'',0),(106650,6,11,0,0,0,0,0,0,0,0,0,0,0,'',0),(106651,6,11,0,0,0,0,0,0,0,0,0,0,0,'',0),(106652,6,11,0,0,0,0,0,0,0,0,0,0,0,'',0),(106653,6,11,0,0,0,0,0,0,0,0,0,0,0,'',0),(106654,6,11,0,0,0,0,0,0,0,0,0,0,0,'',0),(106655,6,11,0,0,0,0,0,0,0,0,0,0,0,'',0),(106656,6,11,0,0,0,0,0,0,0,0,0,0,0,'',0),(106657,6,11,0,0,0,0,0,0,0,0,0,0,0,'',0),(106658,6,11,0,0,0,0,0,0,0,0,0,0,0,'',0),(106659,6,11,0,0,0,0,0,0,0,0,0,0,0,'',0),(106660,6,11,0,0,0,0,0,0,0,0,0,0,0,'',0),(106661,6,11,0,0,0,0,0,0,0,0,0,0,0,'',0),(106662,6,11,0,0,0,0,0,0,0,0,0,0,0,'',0),(106663,6,11,0,0,0,0,0,0,0,0,0,0,0,'',0),(106664,6,11,0,0,0,0,0,0,0,0,0,0,0,'',0),(106665,6,11,0,0,0,0,0,0,0,0,0,0,0,'',0),(106666,6,11,0,0,0,0,0,0,0,0,0,0,0,'',0),(106667,6,11,0,0,0,0,0,0,0,0,0,0,0,'',0),(106668,6,11,0,0,0,0,0,0,0,0,0,0,0,'',0),(106669,6,11,0,0,0,0,0,0,0,0,0,0,0,'',0),(106670,6,11,0,0,0,0,0,0,0,0,0,0,0,'',0),(106671,6,11,0,0,0,0,0,0,0,0,0,0,0,'',0),(106672,6,11,0,0,0,0,0,0,0,0,0,0,0,'',0),(106673,6,11,0,0,0,0,0,0,0,0,0,0,0,'',0),(106674,6,11,0,0,0,0,0,0,0,0,0,0,0,'',0),(106675,6,11,0,0,0,0,0,0,0,0,0,0,0,'',0),(106676,6,11,0,0,0,0,0,0,0,0,0,0,0,'',0),(106677,6,11,0,0,0,0,0,0,0,0,0,0,0,'',0),(106678,6,11,0,0,0,0,0,0,0,0,0,0,0,'',0),(106679,6,11,0,0,0,0,0,0,0,0,0,0,0,'',0),(106680,6,11,0,0,0,0,0,0,0,0,0,0,0,'',0),(106681,6,11,0,0,0,0,0,0,0,0,0,0,0,'',0),(106682,6,11,0,0,0,0,0,0,0,0,0,0,0,'',0),(106683,6,11,0,0,0,0,0,0,0,0,0,0,0,'',0),(106684,6,11,0,0,0,0,0,0,0,0,0,0,0,'',0),(106685,6,11,0,0,0,0,0,0,0,0,0,0,0,'',0),(106686,6,11,0,0,0,0,0,0,0,0,0,0,0,'',0),(106687,6,11,0,0,0,0,0,0,0,0,0,0,0,'',0),(106688,6,11,0,0,0,0,0,0,0,0,0,0,0,'',0),(106689,6,11,0,0,0,0,0,0,0,0,0,0,0,'',0),(106690,6,11,0,0,0,0,0,0,0,0,0,0,0,'',0),(106691,6,11,0,0,0,0,0,0,0,0,0,0,0,'',0),(106692,6,11,0,0,0,0,0,0,0,0,0,0,0,'',0),(106693,6,11,0,0,0,0,0,0,0,0,0,0,0,'',0),(106694,6,11,0,0,0,0,0,0,0,0,0,0,0,'',0),(106695,6,11,0,0,0,0,0,0,0,0,0,0,0,'',0),(106696,6,11,0,0,0,0,0,0,0,0,0,0,0,'',0),(106697,6,11,0,0,0,0,0,0,0,0,0,0,0,'',0),(106698,6,11,0,0,0,0,0,0,0,0,0,0,0,'',0),(106699,6,11,0,0,0,0,0,0,0,0,0,0,0,'',0),(106700,6,11,0,0,0,0,0,0,0,0,0,0,0,'',0),(106701,6,11,0,0,0,0,0,0,0,0,0,0,0,'',0),(106702,6,11,0,0,0,0,0,0,0,0,0,0,0,'',0),(106703,6,11,0,0,0,0,0,0,0,0,0,0,0,'',0),(106704,6,11,0,0,0,0,0,0,0,0,0,0,0,'',0),(106705,6,11,0,0,0,0,0,0,0,0,0,0,0,'',0),(106706,6,11,0,0,0,0,0,0,0,0,0,0,0,'',0),(106707,6,11,0,0,0,0,0,0,0,0,0,0,0,'',0),(106708,6,11,0,0,0,0,0,0,0,0,0,0,0,'',0),(106709,6,11,0,0,0,0,0,0,0,0,0,0,0,'',0),(106710,6,11,0,0,0,0,0,0,0,0,0,0,0,'',0),(106711,6,11,0,0,0,0,0,0,0,0,0,0,0,'',0),(106712,6,11,0,0,0,0,0,0,0,0,0,0,0,'',0),(106713,6,11,0,0,0,0,0,0,0,0,0,0,0,'',0),(106714,6,11,0,0,0,0,0,0,0,0,0,0,0,'',0),(106715,6,11,0,0,0,0,0,0,0,0,0,0,0,'',0),(106716,6,11,0,0,0,0,0,0,0,0,0,0,0,'',0),(106717,6,11,0,0,0,0,0,0,0,0,0,0,0,'',0),(106718,6,11,0,0,0,0,0,0,0,0,0,0,0,'',0),(106719,6,11,0,0,0,0,0,0,0,0,0,0,0,'',0),(106720,6,11,0,0,0,0,0,0,0,0,0,0,0,'',0),(106721,6,11,0,0,0,0,0,0,0,0,0,0,0,'',0),(106722,6,11,0,0,0,0,0,0,0,0,0,0,0,'',0),(106723,6,11,0,0,0,0,0,0,0,0,0,0,0,'',0),(106724,6,11,0,0,0,0,0,0,0,0,0,0,0,'',0),(106725,6,11,0,0,0,0,0,0,0,0,0,0,0,'',0),(106726,6,11,0,0,0,0,0,0,0,0,0,0,0,'',0),(106727,6,11,0,0,0,0,0,0,0,0,0,0,0,'',0),(106728,6,11,0,0,0,0,0,0,0,0,0,0,0,'',0),(106729,6,11,0,0,0,0,0,0,0,0,0,0,0,'',0),(106730,6,11,0,0,0,0,0,0,0,0,0,0,0,'',0),(106731,6,11,0,0,0,0,0,0,0,0,0,0,0,'',0),(106732,6,11,0,0,0,0,0,0,0,0,0,0,0,'',0),(106733,6,11,0,0,0,0,0,0,0,0,0,0,0,'',0),(106734,6,11,0,0,0,0,0,0,0,0,0,0,0,'',0),(106735,9,11,0,0,0,0,0,0,0,0,0,0,0,'',0),(106736,9,11,0,0,0,0,0,0,0,0,0,0,0,'',0),(106737,9,11,0,0,0,0,0,0,0,0,0,0,0,'',0),(106738,0,0,0,0,0,0,0,0,0,0,0,0,0,'',0),(106739,0,0,0,0,0,0,0,0,0,0,0,0,0,'',0),(106740,0,0,0,0,0,0,0,0,0,0,0,0,0,'',0),(106741,0,0,0,0,0,0,0,0,0,0,0,0,0,'',0),(106742,7,1,0,0,0,0,0,0,0,0,0,0,0,'fr-fr',0),(106743,9,11,0,0,0,0,0,0,0,0,0,0,0,'',0),(106744,0,0,0,0,0,0,0,0,0,0,0,0,0,'',0),(106745,0,0,0,0,0,0,0,0,0,0,0,0,0,'',0),(106746,9,11,0,0,0,0,0,0,0,0,0,0,0,'',0),(106747,9,11,0,0,0,0,0,0,0,0,0,0,0,'fr',0),(106748,9,11,0,0,0,0,0,0,0,0,0,0,0,'',0),(106749,0,0,0,0,0,0,0,0,0,0,0,0,0,'',0),(106750,9,11,0,0,0,0,0,0,0,0,0,0,0,'',0),(106751,0,0,0,0,0,0,0,0,0,0,0,0,0,'',0),(106752,9,11,0,0,0,0,0,0,0,0,0,0,0,'',0),(106753,0,0,0,0,0,0,0,0,0,0,0,0,0,'',0),(106754,0,0,0,0,0,0,0,0,0,0,0,0,0,'',0),(106755,0,0,0,0,0,0,0,0,0,0,0,0,0,'',0),(106756,0,0,0,0,0,0,0,0,0,0,0,0,0,'',0),(106757,0,0,0,0,0,0,0,0,0,0,0,0,0,'',0),(106758,7,1,0,0,0,0,0,0,0,0,0,0,0,'fr-fr',0),(106759,9,11,0,0,0,0,0,0,0,0,0,0,0,'',0),(106760,0,0,0,0,0,0,0,0,0,0,0,0,0,'',0),(106761,9,11,0,0,0,0,0,0,0,0,0,0,0,'',0),(106762,0,0,0,0,0,0,0,0,0,0,0,0,0,'',0),(106763,9,11,0,0,0,0,0,0,0,0,0,0,0,'',0),(106764,9,11,0,0,0,0,0,0,0,0,0,0,0,'',0),(106765,0,0,0,0,0,0,0,0,0,0,0,0,0,'',0),(106766,0,0,0,0,0,0,0,0,0,0,0,0,0,'',0),(106767,0,0,0,0,0,0,0,0,0,0,0,0,0,'',0),(106768,9,11,0,0,0,0,0,0,0,0,0,0,0,'',0),(106769,0,0,0,0,0,0,0,0,0,0,0,0,0,'',0),(106770,0,0,0,0,0,0,0,0,0,0,0,0,0,'',0),(106771,9,11,0,0,0,0,0,0,0,0,0,0,0,'',0),(106772,0,0,0,0,0,0,0,0,0,0,0,0,0,'en',0),(106773,0,0,0,0,0,0,0,0,0,0,0,0,0,'',0),(106774,9,11,0,0,0,0,0,0,0,0,0,0,0,'',0),(106775,0,0,0,0,0,0,0,0,0,0,0,0,0,'',0),(106776,3,11,0,0,0,0,0,0,0,0,0,0,0,'',0),(106777,0,0,0,0,0,0,0,0,0,0,0,0,0,'',0),(106778,9,11,0,0,0,0,0,0,0,0,0,0,0,'',0),(106779,9,11,0,0,0,0,0,0,0,0,0,0,0,'',0),(106780,0,0,0,0,0,0,0,0,0,0,0,0,0,'',0),(106781,0,0,0,0,0,0,0,0,0,0,0,0,0,'',0),(106782,0,0,0,0,0,0,0,0,0,0,0,0,0,'en',0),(106783,0,0,0,0,0,0,0,0,0,0,0,0,0,'',0),(106784,0,0,0,0,0,0,0,0,0,0,0,0,0,'',0),(106785,0,0,0,0,0,0,0,0,0,0,0,0,0,'',0),(106786,9,11,0,0,0,0,0,0,0,0,0,0,0,'',0),(106787,9,11,0,0,0,0,0,0,0,0,0,0,0,'',0),(106788,0,0,0,0,0,0,0,0,0,0,0,0,0,'',0),(106789,0,0,0,0,0,0,0,0,0,0,0,0,0,'',0),(106790,0,0,0,0,0,0,0,0,0,0,0,0,0,'',0),(106791,0,0,0,0,0,0,0,0,0,0,0,0,0,'',0),(106792,9,11,0,0,0,0,0,0,0,0,0,0,0,'',0),(106793,0,0,0,0,0,0,0,0,0,0,0,0,0,'',0),(106794,0,0,0,0,0,0,0,0,0,0,0,0,0,'',0),(106795,0,0,0,0,0,0,0,0,0,0,0,0,0,'',0),(106796,0,0,0,0,0,0,0,0,0,0,0,0,0,'',0),(106797,0,0,0,0,0,0,0,0,0,0,0,0,0,'',0),(106798,0,0,0,0,0,0,0,0,0,0,0,0,0,'en',0),(106799,0,0,0,0,0,0,0,0,0,0,0,0,0,'',0),(106800,0,0,0,0,0,0,0,0,0,0,0,0,0,'',0),(106801,0,0,0,0,0,0,0,0,0,0,0,0,0,'',0),(106802,3,11,0,0,0,0,0,0,0,0,0,0,0,'en',0),(106803,3,11,0,0,0,0,0,0,0,0,0,0,0,'en',0),(106804,0,0,0,0,0,0,0,0,0,0,0,0,0,'',0),(106805,0,0,0,0,0,0,0,0,0,0,0,0,0,'',0),(106806,0,0,0,0,0,0,0,0,0,0,0,0,0,'',0),(106807,0,0,0,0,0,0,0,0,0,0,0,0,0,'',0),(106808,3,11,0,0,0,0,0,0,0,0,0,0,0,'en',0),(106809,9,11,0,0,0,0,0,0,0,0,0,0,0,'',0),(106810,3,11,0,0,0,0,0,0,0,0,0,0,0,'en',0),(106811,3,11,0,0,0,0,0,0,0,0,0,0,0,'en',0),(106812,0,0,0,0,0,0,0,0,0,0,0,0,0,'',0),(106813,0,0,0,0,0,0,0,0,0,0,0,0,0,'',0),(106814,9,11,0,0,0,0,0,0,0,0,0,0,0,'',0),(106815,3,11,0,0,0,0,0,0,0,0,0,0,0,'en',0),(106816,0,0,0,0,0,0,0,0,0,0,0,0,0,'',0),(106817,3,11,0,0,0,0,0,0,0,0,0,0,0,'en',0),(106818,0,0,0,0,0,0,0,0,0,0,0,0,0,'',0),(106819,0,0,0,0,0,0,0,0,0,0,0,0,0,'',0),(106820,9,11,0,0,0,0,0,0,0,0,0,0,0,'',0),(106821,0,0,0,0,0,0,0,0,0,0,0,0,0,'en',0),(106822,0,0,0,0,0,0,0,0,0,0,0,0,0,'',0),(106823,0,0,0,0,0,0,0,0,0,0,0,0,0,'',0),(106824,0,0,0,0,0,0,0,0,0,0,0,0,0,'',0),(106825,9,11,0,0,0,0,0,0,0,0,0,0,0,'',0),(106826,0,0,0,0,0,0,0,0,0,0,0,0,0,'',0),(106827,0,0,0,0,0,0,0,0,0,0,0,0,0,'',0),(106828,9,11,0,0,0,0,0,0,0,0,0,0,0,'',0),(106829,0,0,0,0,0,0,0,0,0,0,0,0,0,'',0),(106830,0,0,0,0,0,0,0,0,0,0,0,0,0,'',0),(106831,6,11,0,0,0,0,0,0,0,0,0,0,0,'fr',0),(106832,0,0,0,0,0,0,0,0,0,0,0,0,0,'',0),(106833,0,0,0,0,0,0,0,0,0,0,0,0,0,'',0),(106834,0,0,0,0,0,0,0,0,0,0,0,0,0,'',0),(106835,0,0,0,0,0,0,0,0,0,0,0,0,0,'',0),(106836,0,0,0,0,0,0,0,0,0,0,0,0,0,'',0),(106837,9,11,0,0,0,0,0,0,0,0,0,0,0,'',0),(106838,9,11,0,0,0,0,0,0,0,0,0,0,0,'',0),(106839,9,11,0,0,0,0,0,0,0,0,0,0,0,'',0),(106840,0,0,0,0,0,0,0,0,0,0,0,0,0,'',0),(106841,9,11,0,0,0,0,0,0,0,0,0,0,0,'',0),(106842,0,0,0,0,0,0,0,0,0,0,0,0,0,'',0),(106843,0,0,0,0,0,0,0,0,0,0,0,0,0,'',0),(106844,0,0,0,0,0,0,0,0,0,0,0,0,0,'',0),(106845,9,11,0,0,0,0,0,0,0,0,0,0,0,'',0),(106846,0,0,0,0,0,0,0,0,0,0,0,0,0,'',0),(106847,0,0,0,0,0,0,0,0,0,0,0,0,0,'',0),(106848,9,11,0,0,0,0,0,0,0,0,0,0,0,'',0),(106849,0,0,0,0,0,0,0,0,0,0,0,0,0,'',0),(106850,0,0,0,0,0,0,0,0,0,0,0,0,0,'',0),(106851,0,0,0,0,0,0,0,0,0,0,0,0,0,'',0),(106852,0,0,0,0,0,0,0,0,0,0,0,0,0,'',0),(106853,0,0,0,0,0,0,0,0,0,0,0,0,0,'',0),(106854,0,0,0,0,0,0,0,0,0,0,0,0,0,'',0),(106855,0,0,0,0,0,0,0,0,0,0,0,0,0,'',0),(106856,0,0,0,0,0,0,0,0,0,0,0,0,0,'',0),(106857,0,0,0,0,0,0,0,0,0,0,0,0,0,'',0),(106858,0,0,0,0,0,0,0,0,0,0,0,0,0,'',0),(106859,0,0,0,0,0,0,0,0,0,0,0,0,0,'',0),(106860,0,0,0,0,0,0,0,0,0,0,0,0,0,'',0),(106861,0,0,0,0,0,0,0,0,0,0,0,0,0,'',0),(106862,0,0,0,0,0,0,0,0,0,0,0,0,0,'',0),(106863,0,0,0,0,0,0,0,0,0,0,0,0,0,'',0),(106864,7,1,0,0,0,0,0,0,0,0,0,0,0,'fr-fr',0),(106865,7,11,0,0,0,0,0,0,0,0,0,0,0,'',0),(106866,9,11,0,0,0,0,0,0,0,0,0,0,0,'',0),(106867,3,11,0,0,0,0,0,0,0,0,0,0,0,'',0),(106868,6,3,0,0,0,0,0,0,0,0,0,0,0,'fr',0),(106869,6,3,0,0,0,0,0,0,0,0,0,0,0,'fr',0),(106870,6,3,0,0,0,0,0,0,0,0,0,0,0,'fr',0),(106871,6,3,0,0,0,0,0,0,0,0,0,0,0,'fr',0),(106872,6,3,0,0,0,0,0,0,0,0,0,0,0,'fr',0),(106873,6,3,0,0,0,0,0,0,0,0,0,0,0,'fr',0),(106874,6,3,0,0,0,0,0,0,0,0,0,0,0,'fr',0),(106875,6,3,0,0,0,0,0,0,0,0,0,0,0,'fr',0),(106876,6,3,0,0,0,0,0,0,0,0,0,0,0,'fr',0),(106877,6,3,0,0,0,0,0,0,0,0,0,0,0,'fr',0),(106878,6,3,0,0,0,0,0,0,0,0,0,0,0,'fr',0),(106879,0,0,0,0,0,0,0,0,0,0,0,0,0,'',0),(106880,9,11,0,0,0,0,0,0,0,0,0,0,0,'',0),(106881,0,0,0,0,0,0,0,0,0,0,0,0,0,'',0),(106882,9,11,0,0,0,0,0,0,0,0,0,0,0,'',0),(106883,0,0,0,0,0,0,0,0,0,0,0,0,0,'',0),(106884,7,1,0,0,0,0,0,0,0,0,0,0,0,'fr-fr',0),(106885,0,0,0,0,0,0,0,0,0,0,0,0,0,'',0),(106886,0,0,0,0,0,0,0,0,0,0,0,0,0,'',0),(106887,9,11,0,0,0,0,0,0,0,0,0,0,0,'',0),(106888,0,0,0,0,0,0,0,0,0,0,0,0,0,'',0),(106889,7,1,0,0,0,0,0,0,0,0,0,0,0,'fr-fr',0),(106890,0,0,0,0,0,0,0,0,0,0,0,0,0,'',0),(106891,0,0,0,0,0,0,0,0,0,0,0,0,0,'',0),(106892,0,0,0,0,0,0,0,0,0,0,0,0,0,'',0),(106893,0,0,0,0,0,0,0,0,0,0,0,0,0,'',0),(106894,0,0,0,0,0,0,0,0,0,0,0,0,0,'',0),(106895,0,0,0,0,0,0,0,0,0,0,0,0,0,'',0),(106896,0,0,0,0,0,0,0,0,0,0,0,0,0,'',0),(106897,0,0,0,0,0,0,0,0,0,0,0,0,0,'',0),(106898,9,11,0,0,0,0,0,0,0,0,0,0,0,'',0),(106899,9,11,0,0,0,0,0,0,0,0,0,0,0,'',0),(106900,0,0,0,0,0,0,0,0,0,0,0,0,0,'',0),(106901,9,11,0,0,0,0,0,0,0,0,0,0,0,'',0),(106902,0,0,0,0,0,0,0,0,0,0,0,0,0,'',0),(106903,0,0,0,0,0,0,0,0,0,0,0,0,0,'',0),(106904,9,11,0,0,0,0,0,0,0,0,0,0,0,'',0),(106905,9,11,0,0,0,0,0,0,0,0,0,0,0,'',0),(106906,9,11,0,0,0,0,0,0,0,0,0,0,0,'',0),(106907,0,0,0,0,0,0,0,0,0,0,0,0,0,'',0),(106908,0,0,0,0,0,0,0,0,0,0,0,0,0,'',0),(106909,0,0,0,0,0,0,0,0,0,0,0,0,0,'',0),(106910,0,0,0,0,0,0,0,0,0,0,0,0,0,'',0),(106911,0,0,0,0,0,0,0,0,0,0,0,0,0,'',0),(106912,0,0,0,0,0,0,0,0,0,0,0,0,0,'',0),(106913,6,11,0,0,0,0,0,0,0,0,0,0,0,'',0),(106914,0,0,0,0,0,0,0,0,0,0,0,0,0,'',0),(106915,9,11,0,0,0,0,0,0,0,0,0,0,0,'',0),(106916,0,0,0,0,0,0,0,0,0,0,0,0,0,'',0),(106917,7,1,0,0,0,0,0,0,0,0,0,0,0,'fr-fr',0),(106918,0,0,0,0,0,0,0,0,0,0,0,0,0,'',0),(106919,0,0,0,0,0,0,0,0,0,0,0,0,0,'',0),(106920,7,1,0,0,0,0,0,0,0,0,0,0,0,'fr-fr',0),(106921,7,11,0,0,0,0,0,0,0,0,0,0,0,'en',0),(106922,9,11,0,0,0,0,0,0,0,0,0,0,0,'',0),(106923,0,0,0,0,0,0,0,0,0,0,0,0,0,'',0),(106924,0,0,0,0,0,0,0,0,0,0,0,0,0,'',0),(106925,9,11,0,0,0,0,0,0,0,0,0,0,0,'',0),(106926,9,11,0,0,0,0,0,0,0,0,0,0,0,'',0),(106927,9,11,0,0,0,0,0,0,0,0,0,0,0,'',0),(106928,0,0,0,0,0,0,0,0,0,0,0,0,0,'',0),(106929,9,11,0,0,0,0,0,0,0,0,0,0,0,'',0),(106930,0,0,0,0,0,0,0,0,0,0,0,0,0,'',0),(106931,3,3,0,0,0,0,0,0,0,0,0,0,0,'fr',0),(106932,6,11,0,0,0,0,0,0,0,0,0,0,0,'nb',0),(106933,0,0,0,0,0,0,0,0,0,0,0,0,0,'',0),(106934,0,0,0,0,0,0,0,0,0,0,0,0,0,'',0),(106935,0,0,0,0,0,0,0,0,0,0,0,0,0,'',0),(106936,0,0,0,0,0,0,0,0,0,0,0,0,0,'',0),(106937,9,11,0,0,0,0,0,0,0,0,0,0,0,'',0),(106938,9,11,0,0,0,0,0,0,0,0,0,0,0,'',0),(106939,0,0,0,0,0,0,0,0,0,0,0,0,0,'',0),(106940,0,0,0,0,0,0,0,0,0,0,0,0,0,'',0),(106941,0,0,0,0,0,0,0,0,0,0,0,0,0,'',0),(106942,0,0,0,0,0,0,0,0,0,0,0,0,0,'',0),(106943,0,0,0,0,0,0,0,0,0,0,0,0,0,'',0),(106944,0,0,0,0,0,0,0,0,0,0,0,0,0,'',0),(106945,9,11,0,0,0,0,0,0,0,0,0,0,0,'',0),(106946,0,0,0,0,0,0,0,0,0,0,0,0,0,'',0),(106947,0,0,0,0,0,0,0,0,0,0,0,0,0,'',0),(106948,0,0,0,0,0,0,0,0,0,0,0,0,0,'',0),(106949,9,11,0,0,0,0,0,0,0,0,0,0,0,'',0),(106950,9,11,0,0,0,0,0,0,0,0,0,0,0,'it',0),(106951,6,3,0,0,0,0,0,0,0,0,0,0,0,'fr',0),(106952,0,0,0,0,0,0,0,0,0,0,0,0,0,'',0),(106953,9,11,0,0,0,0,0,0,0,0,0,0,0,'',0),(106954,0,0,0,0,0,0,0,0,0,0,0,0,0,'',0),(106955,0,0,0,0,0,0,0,0,0,0,0,0,0,'',0),(106956,0,0,0,0,0,0,0,0,0,0,0,0,0,'',0),(106957,9,11,0,0,0,0,0,0,0,0,0,0,0,'',0),(106958,0,0,0,0,0,0,0,0,0,0,0,0,0,'',0),(106959,0,0,0,0,0,0,0,0,0,0,0,0,0,'',0),(106960,9,11,0,0,0,0,0,0,0,0,0,0,0,'',0),(106961,9,11,0,0,0,0,0,0,0,0,0,0,0,'',0),(106962,3,11,0,0,0,0,0,0,0,0,0,0,0,'',0),(106963,9,11,0,0,0,0,0,0,0,0,0,0,0,'',0),(106964,3,11,0,0,0,0,0,0,0,0,0,0,0,'',0),(106965,9,11,0,0,0,0,0,0,0,0,0,0,0,'',0),(106966,9,11,0,0,0,0,0,0,0,0,0,0,0,'fr',0),(106967,0,0,0,0,0,0,0,0,0,0,0,0,0,'',0),(106968,0,0,0,0,0,0,0,0,0,0,0,0,0,'',0),(106969,0,0,0,0,0,0,0,0,0,0,0,0,0,'',0),(106970,0,0,0,0,0,0,0,0,0,0,0,0,0,'',0),(106971,7,0,0,0,0,0,0,0,0,0,0,0,0,'fr-fr',0),(106972,7,1,0,0,0,0,0,0,0,0,0,0,0,'fr-fr',0),(106973,9,11,0,0,0,0,0,0,0,0,0,0,0,'',0),(106974,0,0,0,0,0,0,0,0,0,0,0,0,0,'',0),(106975,0,0,0,0,0,0,0,0,0,0,0,0,0,'',0),(106976,9,11,0,0,0,0,0,0,0,0,0,0,0,'',0),(106977,0,0,0,0,0,0,0,0,0,0,0,0,0,'',0),(106978,0,0,0,0,0,0,0,0,0,0,0,0,0,'',0),(106979,0,0,0,0,0,0,0,0,0,0,0,0,0,'',0),(106980,0,0,0,0,0,0,0,0,0,0,0,0,0,'',0),(106981,9,11,0,0,0,0,0,0,0,0,0,0,0,'',0),(106982,9,11,0,0,0,0,0,0,0,0,0,0,0,'',0),(106983,0,0,0,0,0,0,0,0,0,0,0,0,0,'',0),(106984,7,1,0,0,0,0,0,0,0,0,0,0,0,'fr-fr',0),(106985,0,0,0,0,0,0,0,0,0,0,0,0,0,'',0),(106986,9,11,0,0,0,0,0,0,0,0,0,0,0,'',0),(106987,7,1,0,0,0,0,0,0,0,0,0,0,0,'fr-fr',0),(106988,0,0,0,0,0,0,0,0,0,0,0,0,0,'',0),(106989,9,11,0,0,0,0,0,0,0,0,0,0,0,'',0),(106990,9,11,0,0,0,0,0,0,0,0,0,0,0,'',0),(106991,9,11,0,0,0,0,0,0,0,0,0,0,0,'',0),(106992,0,0,0,0,0,0,0,0,0,0,0,0,0,'',0),(106993,0,0,0,0,0,0,0,0,0,0,0,0,0,'',0),(106994,0,0,0,0,0,0,0,0,0,0,0,0,0,'',0),(106995,9,11,0,0,0,0,0,0,0,0,0,0,0,'',0),(106996,0,0,0,0,0,0,0,0,0,0,0,0,0,'',0),(106997,0,0,0,0,0,0,0,0,0,0,0,0,0,'',0),(106998,0,0,0,0,0,0,0,0,0,0,0,0,0,'',0),(106999,9,11,0,0,0,0,0,0,0,0,0,0,0,'',0),(107000,9,11,0,0,0,0,0,0,0,0,0,0,0,'',0),(107001,0,0,0,0,0,0,0,0,0,0,0,0,0,'',0),(107002,9,11,0,0,0,0,0,0,0,0,0,0,0,'',0),(107003,0,0,0,0,0,0,0,0,0,0,0,0,0,'',0),(107004,9,11,0,0,0,0,0,0,0,0,0,0,0,'',0),(107005,0,0,0,0,0,0,0,0,0,0,0,0,0,'',0),(107006,0,0,0,0,0,0,0,0,0,0,0,0,0,'',0),(107007,0,0,0,0,0,0,0,0,0,0,0,0,0,'',0),(107008,9,11,0,0,0,0,0,0,0,0,0,0,0,'',0),(107009,0,0,0,0,0,0,0,0,0,0,0,0,0,'',0),(107010,0,0,0,0,0,0,0,0,0,0,0,0,0,'',0),(107011,9,11,0,0,0,0,0,0,0,0,0,0,0,'',0),(107012,9,11,0,0,0,0,0,0,0,0,0,0,0,'',0),(107013,0,0,0,0,0,0,0,0,0,0,0,0,0,'',0),(107014,0,0,0,0,0,0,0,0,0,0,0,0,0,'',0),(107015,0,0,0,0,0,0,0,0,0,0,0,0,0,'',0),(107016,9,11,0,0,0,0,0,0,0,0,0,0,0,'',0),(107017,7,11,0,0,0,0,0,0,0,0,0,0,0,'fr',0),(107018,0,0,0,0,0,0,0,0,0,0,0,0,0,'',0),(107019,0,0,0,0,0,0,0,0,0,0,0,0,0,'',0),(107020,0,0,0,0,0,0,0,0,0,0,0,0,0,'',0),(107021,0,0,0,0,0,0,0,0,0,0,0,0,0,'',0),(107022,9,11,0,0,0,0,0,0,0,0,0,0,0,'',0),(107023,0,0,0,0,0,0,0,0,0,0,0,0,0,'',0),(107024,7,11,0,0,0,0,0,0,0,0,0,0,0,'',0),(107025,0,0,0,0,0,0,0,0,0,0,0,0,0,'',0),(107026,0,0,0,0,0,0,0,0,0,0,0,0,0,'',0),(107027,9,11,0,0,0,0,0,0,0,0,0,0,0,'',0),(107028,0,0,0,0,0,0,0,0,0,0,0,0,0,'',0),(107029,9,11,0,0,0,0,0,0,0,0,0,0,0,'',0),(107030,0,0,0,0,0,0,0,0,0,0,0,0,0,'',0),(107031,0,0,0,0,0,0,0,0,0,0,0,0,0,'',0),(107032,9,11,0,0,0,0,0,0,0,0,0,0,0,'',0),(107033,0,0,0,0,0,0,0,0,0,0,0,0,0,'',0),(107034,0,0,0,0,0,0,0,0,0,0,0,0,0,'',0),(107035,0,0,0,0,0,0,0,0,0,0,0,0,0,'',0),(107036,9,11,0,0,0,0,0,0,0,0,0,0,0,'',0),(107037,0,0,0,0,0,0,0,0,0,0,0,0,0,'',0),(107038,0,0,0,0,0,0,0,0,0,0,0,0,0,'',0),(107039,0,0,0,0,0,0,0,0,0,0,0,0,0,'',0),(107040,0,0,0,0,0,0,0,0,0,0,0,0,0,'',0),(107041,0,0,0,0,0,0,0,0,0,0,0,0,0,'',0),(107042,0,0,0,0,0,0,0,0,0,0,0,0,0,'',0),(107043,0,0,0,0,0,0,0,0,0,0,0,0,0,'',0),(107044,0,0,0,0,0,0,0,0,0,0,0,0,0,'',0),(107045,0,0,0,0,0,0,0,0,0,0,0,0,0,'',0),(107046,0,0,0,0,0,0,0,0,0,0,0,0,0,'',0),(107047,0,0,0,0,0,0,0,0,0,0,0,0,0,'',0),(107048,0,0,0,0,0,0,0,0,0,0,0,0,0,'',0),(107049,0,0,0,0,0,0,0,0,0,0,0,0,0,'',0),(107050,0,0,0,0,0,0,0,0,0,0,0,0,0,'',0),(107051,0,0,0,0,0,0,0,0,0,0,0,0,0,'',0),(107052,0,0,0,0,0,0,0,0,0,0,0,0,0,'',0),(107053,9,11,0,0,0,0,0,0,0,0,0,0,0,'',0),(107054,0,0,0,0,0,0,0,0,0,0,0,0,0,'',0),(107055,9,11,0,0,0,0,0,0,0,0,0,0,0,'',0),(107056,9,11,0,0,0,0,0,0,0,0,0,0,0,'',0),(107057,0,0,0,0,0,0,0,0,0,0,0,0,0,'',0),(107058,0,0,0,0,0,0,0,0,0,0,0,0,0,'',0),(107059,9,11,0,0,0,0,0,0,0,0,0,0,0,'',0),(107060,3,11,0,0,0,0,0,0,0,0,0,0,0,'',0),(107061,9,11,0,0,0,0,0,0,0,0,0,0,0,'',0),(107062,0,0,0,0,0,0,0,0,0,0,0,0,0,'',0),(107063,0,0,0,0,0,0,0,0,0,0,0,0,0,'',0),(107064,9,11,0,0,0,0,0,0,0,0,0,0,0,'',0),(107065,9,11,0,0,0,0,0,0,0,0,0,0,0,'',0),(107066,0,0,0,0,0,0,0,0,0,0,0,0,0,'',0),(107067,0,0,0,0,0,0,0,0,0,0,0,0,0,'',0),(107068,0,0,0,0,0,0,0,0,0,0,0,0,0,'',0),(107069,9,11,0,0,0,0,0,0,0,0,0,0,0,'en',0),(107070,9,11,0,0,0,0,0,0,0,0,0,0,0,'',0),(107071,9,11,0,0,0,0,0,0,0,0,0,0,0,'',0),(107072,0,0,0,0,0,0,0,0,0,0,0,0,0,'',0),(107073,0,0,0,0,0,0,0,0,0,0,0,0,0,'ru',0),(107074,0,0,0,0,0,0,0,0,0,0,0,0,0,'',0),(107075,0,0,0,0,0,0,0,0,0,0,0,0,0,'',0),(107076,0,0,0,0,0,0,0,0,0,0,0,0,0,'',0),(107077,0,0,0,0,0,0,0,0,0,0,0,0,0,'',0),(107078,0,0,0,0,0,0,0,0,0,0,0,0,0,'',0),(107079,0,0,0,0,0,0,0,0,0,0,0,0,0,'',0),(107080,0,0,0,0,0,0,0,0,0,0,0,0,0,'',0),(107081,0,0,0,0,0,0,0,0,0,0,0,0,0,'',0),(107082,0,0,0,0,0,0,0,0,0,0,0,0,0,'',0),(107083,9,11,0,0,0,0,0,0,0,0,0,0,0,'',0),(107084,0,0,0,0,0,0,0,0,0,0,0,0,0,'',0),(107085,0,0,0,0,0,0,0,0,0,0,0,0,0,'',0),(107086,9,11,0,0,0,0,0,0,0,0,0,0,0,'',0),(107087,0,0,0,0,0,0,0,0,0,0,0,0,0,'',0),(107088,0,0,0,0,0,0,0,0,0,0,0,0,0,'',0),(107089,9,11,0,0,0,0,0,0,0,0,0,0,0,'',0),(107090,0,0,0,0,0,0,0,0,0,0,0,0,0,'',0),(107091,0,0,0,0,0,0,0,0,0,0,0,0,0,'',0),(107092,0,0,0,0,0,0,0,0,0,0,0,0,0,'',0),(107093,0,0,0,0,0,0,0,0,0,0,0,0,0,'',0),(107094,0,0,0,0,0,0,0,0,0,0,0,0,0,'',0),(107095,9,11,0,0,0,0,0,0,0,0,0,0,0,'',0),(107096,0,0,0,0,0,0,0,0,0,0,0,0,0,'',0),(107097,9,11,0,0,0,0,0,0,0,0,0,0,0,'',0),(107098,0,0,0,0,0,0,0,0,0,0,0,0,0,'',0),(107099,3,10,0,0,0,0,0,0,0,0,0,0,0,'fr',0),(107100,9,11,0,0,0,0,0,0,0,0,0,0,0,'',0),(107101,0,0,0,0,0,0,0,0,0,0,0,0,0,'',0),(107102,0,0,0,0,0,0,0,0,0,0,0,0,0,'',0),(107103,9,11,0,0,0,0,0,0,0,0,0,0,0,'',0),(107104,0,0,0,0,0,0,0,0,0,0,0,0,0,'',0),(107105,9,11,0,0,0,0,0,0,0,0,0,0,0,'',0),(107106,9,11,0,0,0,0,0,0,0,0,0,0,0,'',0),(107107,0,0,0,0,0,0,0,0,0,0,0,0,0,'',0),(107108,0,0,0,0,0,0,0,0,0,0,0,0,0,'',0),(107109,0,0,0,0,0,0,0,0,0,0,0,0,0,'',0),(107110,0,0,0,0,0,0,0,0,0,0,0,0,0,'',0),(107111,3,11,0,0,0,0,0,0,0,0,0,0,0,'es',0),(107112,9,11,0,0,0,0,0,0,0,0,0,0,0,'',0),(107113,0,0,0,0,0,0,0,0,0,0,0,0,0,'',0),(107114,0,0,0,0,0,0,0,0,0,0,0,0,0,'',0),(107115,7,11,0,0,0,0,0,0,0,0,0,0,0,'',0),(107116,0,0,0,0,0,0,0,0,0,0,0,0,0,'',0),(107117,0,0,0,0,0,0,0,0,0,0,0,0,0,'',0),(107118,9,11,0,0,0,0,0,0,0,0,0,0,0,'',0),(107119,0,0,0,0,0,0,0,0,0,0,0,0,0,'',0),(107120,0,0,0,0,0,0,0,0,0,0,0,0,0,'',0),(107121,0,0,0,0,0,0,0,0,0,0,0,0,0,'',0),(107122,0,0,0,0,0,0,0,0,0,0,0,0,0,'',0),(107123,9,11,0,0,0,0,0,0,0,0,0,0,0,'',0),(107124,8,11,0,0,0,0,0,0,0,0,0,0,0,'fr',0),(107125,9,11,0,0,0,0,0,0,0,0,0,0,0,'',0),(107126,0,0,0,0,0,0,0,0,0,0,0,0,0,'',0),(107127,9,11,0,0,0,0,0,0,0,0,0,0,0,'',0),(107128,0,0,0,0,0,0,0,0,0,0,0,0,0,'',0),(107129,6,11,0,0,0,0,0,0,0,0,0,0,0,'en-us',0),(107130,0,0,0,0,0,0,0,0,0,0,0,0,0,'',0),(107131,0,0,0,0,0,0,0,0,0,0,0,0,0,'',0),(107132,0,0,0,0,0,0,0,0,0,0,0,0,0,'',0),(107133,0,0,0,0,0,0,0,0,0,0,0,0,0,'',0),(107134,6,11,0,0,0,0,0,0,0,0,0,0,0,'en-us',0),(107135,0,0,0,0,0,0,0,0,0,0,0,0,0,'',0),(107136,9,11,0,0,0,0,0,0,0,0,0,0,0,'',0),(107137,9,11,0,0,0,0,0,0,0,0,0,0,0,'',0),(107138,0,0,0,0,0,0,0,0,0,0,0,0,0,'',0),(107139,0,0,0,0,0,0,0,0,0,0,0,0,0,'',0),(107140,0,0,0,0,0,0,0,0,0,0,0,0,0,'',0),(107141,0,0,0,0,0,0,0,0,0,0,0,0,0,'',0),(107142,0,0,0,0,0,0,0,0,0,0,0,0,0,'',0),(107143,0,0,0,0,0,0,0,0,0,0,0,0,0,'',0),(107144,0,0,0,0,0,0,0,0,0,0,0,0,0,'',0),(107145,0,0,0,0,0,0,0,0,0,0,0,0,0,'',0),(107146,0,0,0,0,0,0,0,0,0,0,0,0,0,'',0),(107147,9,11,0,0,0,0,0,0,0,0,0,0,0,'',0),(107148,7,1,0,0,0,0,0,0,0,0,0,0,0,'fr-fr',0),(107149,0,0,0,0,0,0,0,0,0,0,0,0,0,'',0),(107150,0,0,0,0,0,0,0,0,0,0,0,0,0,'',0),(107151,9,11,0,0,0,0,0,0,0,0,0,0,0,'',0),(107152,0,0,0,0,0,0,0,0,0,0,0,0,0,'',0),(107153,0,0,0,0,0,0,0,0,0,0,0,0,0,'',0),(107154,0,0,0,0,0,0,0,0,0,0,0,0,0,'',0),(107155,0,0,0,0,0,0,0,0,0,0,0,0,0,'',0),(107156,0,0,0,0,0,0,0,0,0,0,0,0,0,'',0),(107157,0,0,0,0,0,0,0,0,0,0,0,0,0,'',0),(107158,0,0,0,0,0,0,0,0,0,0,0,0,0,'',0),(107159,0,0,0,0,0,0,0,0,0,0,0,0,0,'',0),(107160,0,0,0,0,0,0,0,0,0,0,0,0,0,'',0),(107161,7,11,0,0,0,0,0,0,0,0,0,0,0,'fr',0),(107162,0,0,0,0,0,0,0,0,0,0,0,0,0,'',0),(107163,9,11,0,0,0,0,0,0,0,0,0,0,0,'',0),(107164,9,11,0,0,0,0,0,0,0,0,0,0,0,'',0),(107165,0,0,0,0,0,0,0,0,0,0,0,0,0,'en',0),(107166,9,11,0,0,0,0,0,0,0,0,0,0,0,'',0),(107167,9,11,0,0,0,0,0,0,0,0,0,0,0,'',0),(107168,9,11,0,0,0,0,0,0,0,0,0,0,0,'',0),(107169,0,0,0,0,0,0,0,0,0,0,0,0,0,'',0),(107170,7,1,0,0,0,0,0,0,0,0,0,0,0,'fr-fr',0),(107171,9,11,0,0,0,0,0,0,0,0,0,0,0,'',0),(107172,0,0,0,0,0,0,0,0,0,0,0,0,0,'',0),(107173,9,11,0,0,0,0,0,0,0,0,0,0,0,'',0),(107174,0,0,0,0,0,0,0,0,0,0,0,0,0,'',0),(107175,0,0,0,0,0,0,0,0,0,0,0,0,0,'',0),(107176,0,0,0,0,0,0,0,0,0,0,0,0,0,'',0),(107177,3,3,0,0,0,0,0,0,0,0,0,0,0,'en',0),(107178,9,11,0,0,0,0,0,0,0,0,0,0,0,'',0),(107179,0,0,0,0,0,0,0,0,0,0,0,0,0,'',0),(107180,0,0,0,0,0,0,0,0,0,0,0,0,0,'',0),(107181,0,0,0,0,0,0,0,0,0,0,0,0,0,'en',0),(107182,0,0,0,0,0,0,0,0,0,0,0,0,0,'',0),(107183,9,11,0,0,0,0,0,0,0,0,0,0,0,'',0),(107184,0,0,0,0,0,0,0,0,0,0,0,0,0,'',0),(107185,9,11,0,0,0,0,0,0,0,0,0,0,0,'',0),(107186,0,0,0,0,0,0,0,0,0,0,0,0,0,'',0),(107187,9,11,0,0,0,0,0,0,0,0,0,0,0,'',0),(107188,0,0,0,0,0,0,0,0,0,0,0,0,0,'',0),(107189,0,0,0,0,0,0,0,0,0,0,0,0,0,'',0),(107190,0,0,0,0,0,0,0,0,0,0,0,0,0,'',0),(107191,9,3,0,0,0,0,0,0,0,0,0,0,0,'fr',0),(107192,0,0,0,0,0,0,0,0,0,0,0,0,0,'',0),(107193,0,0,0,0,0,0,0,0,0,0,0,0,0,'en',0),(107194,7,11,0,0,0,0,0,0,0,0,0,0,0,'',0),(107195,9,11,0,0,0,0,0,0,0,0,0,0,0,'',0),(107196,0,0,0,0,0,0,0,0,0,0,0,0,0,'',0),(107197,0,0,0,0,0,0,0,0,0,0,0,0,0,'',0),(107198,0,0,0,0,0,0,0,0,0,0,0,0,0,'',0),(107199,7,1,0,0,0,0,0,0,0,0,0,0,0,'fr-fr',0),(107200,0,0,0,0,0,0,0,0,0,0,0,0,0,'',0);

--
-- Table structure for table `pre3303_homeslider`
--

CREATE TABLE `pre3303_homeslider` (
  `id_homeslider_slides` int(10) unsigned NOT NULL AUTO_INCREMENT,
  `id_shop` int(10) unsigned NOT NULL,
  PRIMARY KEY (`id_homeslider_slides`,`id_shop`)
) ENGINE=InnoDB AUTO_INCREMENT=4 DEFAULT CHARSET=utf8;

--
-- Dumping data for table `pre3303_homeslider`
--

INSERT INTO `pre3303_homeslider` VALUES (1,1),(1,2),(1,4),(2,1),(2,2),(2,4),(3,1),(3,2),(3,4);

--
-- Table structure for table `pre3303_homeslider_slides`
--

CREATE TABLE `pre3303_homeslider_slides` (
  `id_homeslider_slides` int(10) unsigned NOT NULL AUTO_INCREMENT,
  `position` int(10) unsigned NOT NULL DEFAULT '0',
  `active` tinyint(1) unsigned NOT NULL DEFAULT '0',
  PRIMARY KEY (`id_homeslider_slides`)
) ENGINE=InnoDB AUTO_INCREMENT=4 DEFAULT CHARSET=utf8;

--
-- Dumping data for table `pre3303_homeslider_slides`
--

INSERT INTO `pre3303_homeslider_slides` VALUES (1,1,1),(2,2,1),(3,3,1);

--
-- Table structure for table `pre3303_homeslider_slides_lang`
--

CREATE TABLE `pre3303_homeslider_slides_lang` (
  `id_homeslider_slides` int(10) unsigned NOT NULL,
  `id_lang` int(10) unsigned NOT NULL,
  `title` varchar(255) NOT NULL,
  `description` text NOT NULL,
  `legend` varchar(255) NOT NULL,
  `url` varchar(255) NOT NULL,
  `image` varchar(255) NOT NULL,
  PRIMARY KEY (`id_homeslider_slides`,`id_lang`)
) ENGINE=InnoDB DEFAULT CHARSET=utf8;

--
-- Dumping data for table `pre3303_homeslider_slides_lang`
--

INSERT INTO `pre3303_homeslider_slides_lang` VALUES (1,1,'Sample 1','<h2>EXCEPTEUR OCCAECAT</h2>\n                <p>Lorem ipsum dolor sit amet, consectetur adipiscing elit. Proin tristique in tortor et dignissim. Quisque non tempor leo. Maecenas egestas sem elit</p>','sample-1','http://www.prestashop.com/?utm_source=back-office&utm_medium=v17_homeslider&utm_campaign=back-office-FR&utm_content=download','sample-1.jpg'),(1,2,'Sample 1','<h2>EXCEPTEUR OCCAECAT</h2>\n                <p>Lorem ipsum dolor sit amet, consectetur adipiscing elit. Proin tristique in tortor et dignissim. Quisque non tempor leo. Maecenas egestas sem elit</p>','sample-1','http://www.prestashop.com/?utm_source=back-office&utm_medium=v17_homeslider&utm_campaign=back-office-FR&utm_content=download','sample-1.jpg'),(2,1,'Sample 2','<h2>EXCEPTEUR OCCAECAT</h2>\n                <p>Lorem ipsum dolor sit amet, consectetur adipiscing elit. Proin tristique in tortor et dignissim. Quisque non tempor leo. Maecenas egestas sem elit</p>','sample-2','http://www.prestashop.com/?utm_source=back-office&utm_medium=v17_homeslider&utm_campaign=back-office-FR&utm_content=download','sample-2.jpg'),(2,2,'Sample 2','<h2>EXCEPTEUR OCCAECAT</h2>\n                <p>Lorem ipsum dolor sit amet, consectetur adipiscing elit. Proin tristique in tortor et dignissim. Quisque non tempor leo. Maecenas egestas sem elit</p>','sample-2','http://www.prestashop.com/?utm_source=back-office&utm_medium=v17_homeslider&utm_campaign=back-office-FR&utm_content=download','sample-2.jpg'),(3,1,'Sample 3','<h2>EXCEPTEUR OCCAECAT</h2>\n                <p>Lorem ipsum dolor sit amet, consectetur adipiscing elit. Proin tristique in tortor et dignissim. Quisque non tempor leo. Maecenas egestas sem elit</p>','sample-3','http://www.prestashop.com/?utm_source=back-office&utm_medium=v17_homeslider&utm_campaign=back-office-FR&utm_content=download','sample-3.jpg'),(3,2,'Sample 3','<h2>EXCEPTEUR OCCAECAT</h2>\n                <p>Lorem ipsum dolor sit amet, consectetur adipiscing elit. Proin tristique in tortor et dignissim. Quisque non tempor leo. Maecenas egestas sem elit</p>','sample-3','http://www.prestashop.com/?utm_source=back-office&utm_medium=v17_homeslider&utm_campaign=back-office-FR&utm_content=download','sample-3.jpg');

--
-- Table structure for table `pre3303_hook`
--

CREATE TABLE `pre3303_hook` (
  `id_hook` int(10) unsigned NOT NULL AUTO_INCREMENT,
  `name` varchar(64) NOT NULL,
  `title` varchar(64) NOT NULL,
  `description` text,
  `position` tinyint(1) NOT NULL DEFAULT '1',
  PRIMARY KEY (`id_hook`),
  UNIQUE KEY `hook_name` (`name`)
) ENGINE=InnoDB AUTO_INCREMENT=266 DEFAULT CHARSET=utf8;

--
-- Dumping data for table `pre3303_hook`
--

INSERT INTO `pre3303_hook` VALUES (1,'actionValidateOrder','New orders','',1),(2,'displayMaintenance','Maintenance Page','This hook displays new elements on the maintenance page',1),(3,'displayProductPageDrawer','Product Page Drawer','This hook displays content in the right sidebar of the product page',1),(4,'actionPaymentConfirmation','Payment confirmation','This hook displays new elements after the payment is validated',1),(5,'displayPaymentReturn','Payment return','',1),(6,'actionUpdateQuantity','Quantity update','Quantity is updated only when a customer effectively places their order',1),(7,'displayRightColumn','Right column blocks','This hook displays new elements in the right-hand column',1),(8,'displayLeftColumn','Left column blocks','This hook displays new elements in the left-hand column',1),(9,'displayHome','Homepage content','This hook displays new elements on the homepage',1),(10,'Header','Pages html head section','This hook adds additional elements in the head section of your pages (head section of html)',1),(11,'actionCartSave','Cart creation and update','This hook is displayed when a product is added to the cart or if the cart\'s content is modified',1),(12,'actionAuthentication','Successful customer authentication','This hook is displayed after a customer successfully signs in',1),(13,'actionProductAdd','Product creation','This hook is displayed after a product is created',1),(14,'actionProductUpdate','Product update','This hook is displayed after a product has been updated',1),(15,'displayAfterBodyOpeningTag','Very top of pages','Use this hook for advertisement or modals you want to load first',1),(16,'displayBeforeBodyClosingTag','Very bottom of pages','Use this hook for your modals or any content you want to load at the very end',1),(17,'displayTop','Top of pages','This hook displays additional elements at the top of your pages',1),(18,'displayNavFullWidth','Navigation','This hook displays full width navigation menu at the top of your pages',1),(19,'displayRightColumnProduct','New elements on the product page (right column)','This hook displays new elements in the right-hand column of the product page',1),(20,'actionProductDelete','Product deletion','This hook is called when a product is deleted',1),(21,'actionObjectProductInCartDeleteBefore','Cart product removal','This hook is called before a product is removed from a cart',1),(22,'actionObjectProductInCartDeleteAfter','Cart product removal','This hook is called after a product is removed from a cart',1),(23,'displayFooterProduct','Product footer','This hook adds new blocks under the product\'s description',1),(24,'displayInvoice','Invoice','This hook displays new blocks on the invoice (order)',1),(25,'actionOrderStatusUpdate','Order status update - Event','This hook launches modules when the status of an order changes',1),(26,'displayAdminOrder','Display new elements in the Back Office, tab AdminOrder','This hook launches modules when the AdminOrder tab is displayed in the Back Office',1),(27,'displayAdminOrderTabOrder','Display new elements in Back Office, AdminOrder, panel Order','This hook launches modules when the AdminOrder tab is displayed in the Back Office and extends / override Order panel tabs',1),(28,'displayAdminOrderTabShip','Display new elements in Back Office, AdminOrder, panel Shipping','This hook launches modules when the AdminOrder tab is displayed in the Back Office and extends / override Shipping panel tabs',1),(29,'displayAdminOrderContentOrder','Display new elements in Back Office, AdminOrder, panel Order','This hook launches modules when the AdminOrder tab is displayed in the Back Office and extends / override Order panel content',1),(30,'displayAdminOrderContentShip','Display new elements in Back Office, AdminOrder, panel Shipping','This hook launches modules when the AdminOrder tab is displayed in the Back Office and extends / override Shipping panel content',1),(31,'displayFooter','Footer','This hook displays new blocks in the footer',1),(32,'displayPDFInvoice','PDF Invoice','This hook allows you to display additional information on PDF invoices',1),(33,'displayInvoiceLegalFreeText','PDF Invoice - Legal Free Text','This hook allows you to modify the legal free text on PDF invoices',1),(34,'displayAdminCustomers','Display new elements in the Back Office, tab AdminCustomers','This hook launches modules when the AdminCustomers tab is displayed in the Back Office',1),(35,'displayOrderConfirmation','Order confirmation page','This hook is called within an order\'s confirmation page',1),(36,'actionCustomerAccountAdd','Successful customer account creation','This hook is called when a new customer creates an account successfully',1),(37,'actionCustomerAccountUpdate','Successful customer account update','This hook is called when a customer updates its account successfully',1),(38,'displayCustomerAccount','Customer account displayed in Front Office','This hook displays new elements on the customer account page',1),(39,'actionOrderSlipAdd','Order slip creation','This hook is called when a new credit slip is added regarding client order',1),(40,'displayShoppingCartFooter','Shopping cart footer','This hook displays some specific information on the shopping cart\'s page',1),(41,'displayCreateAccountEmailFormBottom','Customer authentication form','This hook displays some information on the bottom of the email form',1),(42,'displayAuthenticateFormBottom','Customer authentication form','This hook displays some information on the bottom of the authentication form',1),(43,'displayCustomerAccountForm','Customer account creation form','This hook displays some information on the form to create a customer account',1),(44,'displayAdminStatsModules','Stats - Modules','',1),(45,'displayAdminStatsGraphEngine','Graph engines','',1),(46,'actionOrderReturn','Returned product','This hook is displayed when a customer returns a product ',1),(47,'displayProductAdditionalInfo','Product page additional info','This hook adds additional information on the product page',1),(48,'displayBackOfficeHome','Administration panel homepage','This hook is displayed on the admin panel\'s homepage',1),(49,'displayAdminStatsGridEngine','Grid engines','',1),(50,'actionWatermark','Watermark','',1),(51,'actionProductCancel','Product cancelled','This hook is called when you cancel a product in an order',1),(52,'displayLeftColumnProduct','New elements on the product page (left column)','This hook displays new elements in the left-hand column of the product page',1),(53,'actionProductOutOfStock','Out-of-stock product','This hook displays new action buttons if a product is out of stock',1),(54,'actionProductAttributeUpdate','Product attribute update','This hook is displayed when a product\'s attribute is updated',1),(55,'displayCarrierList','Extra carrier (module mode)','',1),(56,'displayShoppingCart','Shopping cart - Additional button','This hook displays new action buttons within the shopping cart',1),(57,'actionCarrierUpdate','Carrier Update','This hook is called when a carrier is updated',1),(58,'actionOrderStatusPostUpdate','Post update of order status','',1),(59,'displayCustomerAccountFormTop','Block above the form for create an account','This hook is displayed above the customer\'s account creation form',1),(60,'displayBackOfficeHeader','Administration panel header','This hook is displayed in the header of the admin panel',1),(61,'displayBackOfficeTop','Administration panel hover the tabs','This hook is displayed on the roll hover of the tabs within the admin panel',1),(62,'displayBackOfficeFooter','Administration panel footer','This hook is displayed within the admin panel\'s footer',1),(63,'actionProductAttributeDelete','Product attribute deletion','This hook is displayed when a product\'s attribute is deleted',1),(64,'actionCarrierProcess','Carrier process','',1),(65,'displayBeforeCarrier','Before carriers list','This hook is displayed before the carrier list in Front Office',1),(66,'displayAfterCarrier','After carriers list','This hook is displayed after the carrier list in Front Office',1),(67,'displayOrderDetail','Order detail','This hook is displayed within the order\'s details in Front Office',1),(68,'actionPaymentCCAdd','Payment CC added','',1),(69,'actionCategoryAdd','Category creation','This hook is displayed when a category is created',1),(70,'actionCategoryUpdate','Category modification','This hook is displayed when a category is modified',1),(71,'actionCategoryDelete','Category deletion','This hook is displayed when a category is deleted',1),(72,'displayPaymentTop','Top of payment page','This hook is displayed at the top of the payment page',1),(73,'actionHtaccessCreate','After htaccess creation','This hook is displayed after the htaccess creation',1),(74,'actionAdminMetaSave','After saving the configuration in AdminMeta','This hook is displayed after saving the configuration in AdminMeta',1),(75,'displayAttributeGroupForm','Add fields to the form \'attribute group\'','This hook adds fields to the form \'attribute group\'',1),(76,'actionAttributeGroupSave','Saving an attribute group','This hook is called while saving an attributes group',1),(77,'actionAttributeGroupDelete','Deleting attribute group','This hook is called while deleting an attributes  group',1),(78,'displayFeatureForm','Add fields to the form \'feature\'','This hook adds fields to the form \'feature\'',1),(79,'actionFeatureSave','Saving attributes\' features','This hook is called while saving an attributes features',1),(80,'actionFeatureDelete','Deleting attributes\' features','This hook is called while deleting an attributes features',1),(81,'actionProductSave','Saving products','This hook is called while saving products',1),(82,'displayAttributeGroupPostProcess','On post-process in admin attribute group','This hook is called on post-process in admin attribute group',1),(83,'displayFeaturePostProcess','On post-process in admin feature','This hook is called on post-process in admin feature',1),(84,'displayFeatureValueForm','Add fields to the form \'feature value\'','This hook adds fields to the form \'feature value\'',1),(85,'displayFeatureValuePostProcess','On post-process in admin feature value','This hook is called on post-process in admin feature value',1),(86,'actionFeatureValueDelete','Deleting attributes\' features\' values','This hook is called while deleting an attributes features value',1),(87,'actionFeatureValueSave','Saving an attributes features value','This hook is called while saving an attributes features value',1),(88,'displayAttributeForm','Add fields to the form \'attribute value\'','This hook adds fields to the form \'attribute value\'',1),(89,'actionAttributePostProcess','On post-process in admin feature value','This hook is called on post-process in admin feature value',1),(90,'actionAttributeDelete','Deleting an attributes features value','This hook is called while deleting an attributes features value',1),(91,'actionAttributeSave','Saving an attributes features value','This hook is called while saving an attributes features value',1),(92,'actionTaxManager','Tax Manager Factory','',1),(93,'displayMyAccountBlock','My account block','This hook displays extra information within the \'my account\' block\"',1),(94,'actionModuleInstallBefore','actionModuleInstallBefore','',1),(95,'actionModuleInstallAfter','actionModuleInstallAfter','',1),(96,'displayTopColumn','Top column blocks','This hook displays new elements in the top of columns',1),(97,'displayBackOfficeCategory','Display new elements in the Back Office, tab AdminCategories','This hook launches modules when the AdminCategories tab is displayed in the Back Office',1),(98,'displayProductListFunctionalButtons','Display new elements in the Front Office, products list','This hook launches modules when the products list is displayed in the Front Office',1),(99,'displayNav','Navigation','',1),(100,'displayOverrideTemplate','Change the default template of current controller','',1),(101,'actionAdminLoginControllerSetMedia','Set media on admin login page header','This hook is called after adding media to admin login page header',1),(102,'actionOrderEdited','Order edited','This hook is called when an order is edited',1),(103,'actionEmailAddBeforeContent','Add extra content before mail content','This hook is called just before fetching mail template',1),(104,'actionEmailAddAfterContent','Add extra content after mail content','This hook is called just after fetching mail template',1),(105,'sendMailAlterTemplateVars','Alter template vars on the fly','This hook is called when Mail::send() is called',1),(106,'displayCartExtraProductActions','Extra buttons in shopping cart','This hook adds extra buttons to the product lines, in the shopping cart',1),(107,'displayPaymentByBinaries','Payment form generated by binaries','This hook displays form generated by binaries during the checkout',1),(108,'additionalCustomerFormFields','Add fields to the Customer form','This hook returns an array of FormFields to add them to the customer registration form',1),(109,'addWebserviceResources','Add extra webservice resource','This hook is called when webservice resources list in webservice controller',1),(110,'displayCustomerLoginFormAfter','Display elements after login form','This hook displays new elements after the login form',1),(111,'actionClearCache','Clear smarty cache','This hook is called when smarty\'s cache is cleared',1),(112,'actionClearCompileCache','Clear smarty compile cache','This hook is called when smarty\'s compile cache is cleared',1),(113,'actionClearSf2Cache','Clear Sf2 cache','This hook is called when the Symfony cache is cleared',1),(114,'actionValidateCustomerAddressForm','Customer address form validation','This hook is called when a customer submit its address form',1),(115,'displayCarrierExtraContent','Display additional content for a carrier (e.g pickup points)','This hook calls only the module related to the carrier, in order to add options when needed',1),(116,'validateCustomerFormFields','Customer registration form validation','This hook is called to a module when it has sent additional fields with additionalCustomerFormFields',1),(117,'displayProductExtraContent','Display extra content on the product page','This hook expects ProductExtraContent instances, which will be properly displayed by the template on the product page',1),(118,'filterCmsContent','Filter the content page','This hook is called just before fetching content page',1),(119,'filterCmsCategoryContent','Filter the content page category','This hook is called just before fetching content page category',1),(120,'filterProductContent','Filter the content page product','This hook is called just before fetching content page product',1),(121,'filterCategoryContent','Filter the content page category','This hook is called just before fetching content page category',1),(122,'filterManufacturerContent','Filter the content page manufacturer','This hook is called just before fetching content page manufacturer',1),(123,'filterSupplierContent','Filter the content page supplier','This hook is called just before fetching content page supplier',1),(124,'filterHtmlContent','Filter HTML field before rending a page','This hook is called just before fetching a page on HTML field',1),(125,'displayDashboardTop','Dashboard Top','Displays the content in the dashboard\'s top area',1),(126,'actionUpdateLangAfter','Update \"lang\" tables','Update \"lang\" tables after adding or updating a language',1),(127,'actionOutputHTMLBefore','Before HTML output','This hook is used to filter the whole HTML page before it is rendered (only front)',1),(128,'displayAfterProductThumbs','Display extra content below product thumbs','This hook displays new elements below product images ex. additional media',1),(129,'actionDispatcherBefore','Before dispatch','This hook is called at the beginning of the dispatch method of the Dispatcher',1),(130,'actionDispatcherAfter','After dispatch','This hook is called at the end of the dispatch method of the Dispatcher',1),(131,'filterProductSearch','Filter search products result','This hook is called in order to allow to modify search product result',1),(132,'actionProductSearchAfter','Event triggered after search product completed','This hook is called after the product search. Parameters are already filter',1),(133,'actionEmailSendBefore','Before sending an email','This hook is used to filter the content or the metadata of an email before sending it or even prevent its sending',1),(134,'dashboardZoneOne','dashboardZoneOne','',1),(135,'dashboardData','dashboardData','',1),(136,'actionObjectOrderAddAfter','actionObjectOrderAddAfter','',1),(137,'actionObjectCustomerAddAfter','actionObjectCustomerAddAfter','',1),(138,'actionObjectCustomerMessageAddAfter','actionObjectCustomerMessageAddAfter','',1),(139,'actionObjectCustomerThreadAddAfter','actionObjectCustomerThreadAddAfter','',1),(140,'actionObjectOrderReturnAddAfter','actionObjectOrderReturnAddAfter','',1),(141,'actionAdminControllerSetMedia','actionAdminControllerSetMedia','',1),(142,'dashboardZoneTwo','dashboardZoneTwo','',1),(143,'actionSearch','actionSearch','',1),(144,'actionObjectLanguageAddAfter','actionObjectLanguageAddAfter','',1),(145,'paymentOptions','paymentOptions','',1),(146,'displayNav1','displayNav1','',1),(147,'actionAdminStoresControllerUpdate_optionsAfter','actionAdminStoresControllerUpdate_optionsAfter','',1),(148,'actionAdminCurrenciesControllerSaveAfter','actionAdminCurrenciesControllerSaveAfter','',1),(149,'actionModuleRegisterHookAfter','actionModuleRegisterHookAfter','',1),(150,'actionModuleUnRegisterHookAfter','actionModuleUnRegisterHookAfter','',1),(151,'displayFooterBefore','displayFooterBefore','',1),(152,'productSearchProvider','productSearchProvider','',1),(153,'displayOrderConfirmation2','displayOrderConfirmation2','',1),(154,'displayCrossSellingShoppingCart','displayCrossSellingShoppingCart','',1),(155,'actionAdminGroupsControllerSaveAfter','actionAdminGroupsControllerSaveAfter','',1),(156,'actionShopDataDuplication','actionShopDataDuplication','',1),(157,'actionObjectCategoryUpdateAfter','actionObjectCategoryUpdateAfter','',1),(158,'actionObjectCategoryDeleteAfter','actionObjectCategoryDeleteAfter','',1),(159,'actionObjectCategoryAddAfter','actionObjectCategoryAddAfter','',1),(160,'actionObjectCmsUpdateAfter','actionObjectCmsUpdateAfter','',1),(161,'actionObjectCmsDeleteAfter','actionObjectCmsDeleteAfter','',1),(162,'actionObjectCmsAddAfter','actionObjectCmsAddAfter','',1),(163,'actionObjectSupplierUpdateAfter','actionObjectSupplierUpdateAfter','',1),(164,'actionObjectSupplierDeleteAfter','actionObjectSupplierDeleteAfter','',1),(165,'actionObjectSupplierAddAfter','actionObjectSupplierAddAfter','',1),(166,'actionObjectManufacturerUpdateAfter','actionObjectManufacturerUpdateAfter','',1),(167,'actionObjectManufacturerDeleteAfter','actionObjectManufacturerDeleteAfter','',1),(168,'actionObjectManufacturerAddAfter','actionObjectManufacturerAddAfter','',1),(169,'actionObjectProductUpdateAfter','actionObjectProductUpdateAfter','',1),(170,'actionObjectProductDeleteAfter','actionObjectProductDeleteAfter','',1),(171,'actionObjectProductAddAfter','actionObjectProductAddAfter','',1),(172,'displaySearch','displaySearch','',1),(173,'search','search','',1),(174,'displayAdminNavBarBeforeEnd','displayAdminNavBarBeforeEnd','',1),(175,'displayAdminAfterHeader','displayAdminAfterHeader','',1),(176,'displayNav2','','',1),(177,'displayReassurance','','',1),(178,'actionAdminMetaControllerUpdate_optionsAfter','actionAdminMetaControllerUpdate_optionsAfter','',1),(179,'actionAdminPerformanceControllerSaveAfter','actionAdminPerformanceControllerSaveAfter','',1),(180,'actionObjectCarrierAddAfter','actionObjectCarrierAddAfter','',1),(181,'actionObjectContactAddAfter','actionObjectContactAddAfter','',1),(182,'actionAdminThemesControllerUpdate_optionsAfter','actionAdminThemesControllerUpdate_optionsAfter','',1),(183,'actionObjectShopUpdateAfter','actionObjectShopUpdateAfter','',1),(184,'actionAdminPreferencesControllerUpdate_optionsAfter','actionAdminPreferencesControllerUpdate_optionsAfter','',1),(185,'actionObjectShopAddAfter','actionObjectShopAddAfter','',1),(186,'actionObjectShopGroupAddAfter','actionObjectShopGroupAddAfter','',1),(187,'actionObjectCartAddAfter','actionObjectCartAddAfter','',1),(188,'actionObjectEmployeeAddAfter','actionObjectEmployeeAddAfter','',1),(189,'actionObjectImageAddAfter','actionObjectImageAddAfter','',1),(190,'actionObjectCartRuleAddAfter','actionObjectCartRuleAddAfter','',1),(191,'actionAdminStoresControllerSaveAfter','actionAdminStoresControllerSaveAfter','',1),(192,'actionAdminWebserviceControllerSaveAfter','actionAdminWebserviceControllerSaveAfter','',1),(193,'displayAdminProductsMainStepLeftColumnMiddle','Display new elements in back office product page, left column of','This hook launches modules when the back office product page is displayed',1),(194,'displayAdminProductsMainStepLeftColumnBottom','Display new elements in back office product page, left column of','This hook launches modules when the back office product page is displayed',1),(195,'displayAdminProductsMainStepRightColumnBottom','Display new elements in back office product page, right column o','This hook launches modules when the back office product page is displayed',1),(196,'displayAdminProductsQuantitiesStepBottom','Display new elements in back office product page, Quantities/Com','This hook launches modules when the back office product page is displayed',1),(197,'displayAdminProductsPriceStepBottom','Display new elements in back office product page, Price tab','This hook launches modules when the back office product page is displayed',1),(198,'displayAdminProductsOptionsStepTop','Display new elements in back office product page, Options tab','This hook launches modules when the back office product page is displayed',1),(199,'displayAdminProductsOptionsStepBottom','Display new elements in back office product page, Options tab','This hook launches modules when the back office product page is displayed',1),(200,'displayAdminProductsSeoStepBottom','Display new elements in back office product page, SEO tab','This hook launches modules when the back office product page is displayed',1),(201,'displayAdminProductsShippingStepBottom','Display new elements in back office product page, Shipping tab','This hook launches modules when the back office product page is displayed',1),(202,'displayAdminProductsCombinationBottom','Display new elements in back office product page, Combination ta','This hook launches modules when the back office product page is displayed',1),(203,'displayWrapperTop','Main wrapper section (top)','This hook displays new elements in the top of the main wrapper',1),(204,'displayWrapperBottom','Main wrapper section (bottom)','This hook displays new elements in the bottom of the main wrapper',1),(205,'displayContentWrapperTop','Content wrapper section (top)','This hook displays new elements in the top of the content wrapper',1),(206,'displayContentWrapperBottom','Content wrapper section (bottom)','This hook displays new elements in the bottom of the content wrapper',1),(207,'displayAdminCustomersAddressesItemAction','Display new elements in the Back Office, tab AdminCustomers, Add','This hook launches modules when the Addresses list into the AdminCustomers tab is displayed in the Back Office',1),(208,'displayDashboardToolbarTopMenu','Display new elements in back office page with a dashboard, on to','This hook launches modules when a page with a dashboard is displayed',1),(209,'displayDashboardToolbarIcons','Display new elements in back office page with dashboard, on icon','This hook launches modules when the back office with dashboard is displayed',1),(210,'moduleroutes','moduleroutes','',1),(211,'displayBanner','displayBanner','',1),(212,'displayFooterAfter','displayFooterAfter','',1),(213,'pagebuilderConfig','pagebuilderConfig','',1),(214,'displayProductInformation','displayProductInformation','',1),(215,'actionAdminShopControllerSaveAfter','actionAdminShopControllerSaveAfter','',1),(216,'displayLeoProfileProduct','displayLeoProfileProduct','',1),(217,'displayAdminProductsExtra','displayAdminProductsExtra','',1),(218,'displayApSC','displayApSC','',1),(219,'displayPaymentEu','displayPaymentEu','Hook to display payment options',1),(220,'displayProductPriceBlock','displayProductPriceBlock','',1),(221,'displayCheckoutSubtotalDetails','displayCheckoutSubtotalDetails','',1),(222,'advancedPaymentOptions','advancedPaymentOptions','',1),(223,'displayCartTotalPriceLabel','displayCartTotalPriceLabel','',1),(224,'displayCMSPrintButton','displayCMSPrintButton','',1),(225,'displayCMSDisputeInformation','displayCMSDisputeInformation','',1),(226,'termsAndConditions','termsAndConditions','',1),(227,'displayCheckoutSummaryTop','displayCheckoutSummaryTop','',1),(228,'displayLeoCartButton','displayLeoCartButton','',1),(229,'displayLeoCartQuantity','displayLeoCartQuantity','',1),(230,'displayLeoCartAttribute','displayLeoCartAttribute','',1),(231,'displayLeoProductReviewExtra','displayLeoProductReviewExtra','',1),(232,'displayLeoProductTab','displayLeoProductTab','',1),(233,'displayLeoProductTabContent','displayLeoProductTabContent','',1),(234,'displayLeoProductListReview','displayLeoProductListReview','',1),(235,'displayLeoCompareButton','displayLeoCompareButton','',1),(236,'displayLeoWishlistButton','displayLeoWishlistButton','',1),(237,'displayLeoProducReviewCompare','displayLeoProducReviewCompare','',1),(238,'actionAdminBefore','','',1),(239,'actionObjectAddAfter','actionObjectAddAfter','',1),(240,'actionObjectDeleteAfter','actionObjectDeleteAfter','',1),(241,'displayPDFDeliverySlip','displayPDFDeliverySlip','',1),(242,'actionObjectCurrencyAddAfter','actionObjectCurrencyAddAfter','',1),(243,'actionCartUpdateQuantityBefore','actionCartUpdateQuantityBefore','',1),(244,'actionObjectCMSCategoryAddAfter','actionObjectCMSCategoryAddAfter','',1),(245,'actionObjectCMSCategoryUpdateAfter','actionObjectCMSCategoryUpdateAfter','',1),(246,'actionObjectCMSCategoryDeleteAfter','actionObjectCMSCategoryDeleteAfter','',1),(247,'actionObjectLanguageUpdateAfter','actionObjectLanguageUpdateAfter','',1),(248,'actionObjectLanguageDeleteAfter','actionObjectLanguageDeleteAfter','',1),(249,'ActionPDFInvoiceRender','ActionPDFInvoiceRender','',1),(250,'displayPDFOrderSlip','displayPDFOrderSlip','',1),(251,'displayPDFOrderReturn','displayPDFOrderReturn','',1),(252,'m4PDFMail','m4PDFMail','',1),(253,'actionObjectCustomerUpdateAfter','actionObjectCustomerUpdateAfter','',1),(254,'actionObjectCartUpdateAfter','actionObjectCartUpdateAfter','',1),(255,'actionObjectCartRuleUpdateAfter','actionObjectCartRuleUpdateAfter','',1),(256,'actionOrderHistoryAddAfter','actionOrderHistoryAddAfter','',1),(257,'registerGDPRConsent','registerGDPRConsent','',1),(258,'actionAdminGenerateSupplyOrderFormPDFBefore','actionAdminGenerateSupplyOrderFormPDFBefore','',1),(259,'actionProductCoverage','actionProductCoverage','',1),(260,'actionDeleteGDPRCustomer','actionDeleteGDPRCustomer','',1),(261,'actionExportGDPRData','actionExportGDPRData','',1),(262,'actionFrontControllerSetMedia','actionFrontControllerSetMedia','',1),(263,'actionAjaxDieProductControllerdisplayAjaxQuickviewBefore','actionAjaxDieProductControllerdisplayAjaxQuickviewBefore','',1),(264,'displayGDPRConsent','displayGDPRConsent','',1),(265,'actionInvoiceNumberFormatted','actionInvoiceNumberFormatted','',1);

--
-- Table structure for table `pre3303_hook_alias`
--

CREATE TABLE `pre3303_hook_alias` (
  `id_hook_alias` int(10) unsigned NOT NULL AUTO_INCREMENT,
  `alias` varchar(64) NOT NULL,
  `name` varchar(64) NOT NULL,
  PRIMARY KEY (`id_hook_alias`),
  UNIQUE KEY `alias` (`alias`)
) ENGINE=InnoDB AUTO_INCREMENT=84 DEFAULT CHARSET=utf8;

--
-- Dumping data for table `pre3303_hook_alias`
--

INSERT INTO `pre3303_hook_alias` VALUES (1,'newOrder','actionValidateOrder'),(2,'paymentConfirm','actionPaymentConfirmation'),(3,'paymentReturn','displayPaymentReturn'),(4,'updateQuantity','actionUpdateQuantity'),(5,'rightColumn','displayRightColumn'),(6,'leftColumn','displayLeftColumn'),(7,'home','displayHome'),(8,'displayHeader','Header'),(9,'cart','actionCartSave'),(10,'authentication','actionAuthentication'),(11,'addproduct','actionProductAdd'),(12,'updateproduct','actionProductUpdate'),(13,'top','displayTop'),(14,'extraRight','displayRightColumnProduct'),(15,'deleteproduct','actionProductDelete'),(16,'productfooter','displayFooterProduct'),(17,'invoice','displayInvoice'),(18,'updateOrderStatus','actionOrderStatusUpdate'),(19,'adminOrder','displayAdminOrder'),(20,'footer','displayFooter'),(21,'PDFInvoice','displayPDFInvoice'),(22,'adminCustomers','displayAdminCustomers'),(23,'orderConfirmation','displayOrderConfirmation'),(24,'createAccount','actionCustomerAccountAdd'),(25,'customerAccount','displayCustomerAccount'),(26,'orderSlip','actionOrderSlipAdd'),(27,'shoppingCart','displayShoppingCartFooter'),(28,'createAccountForm','displayCustomerAccountForm'),(29,'AdminStatsModules','displayAdminStatsModules'),(30,'GraphEngine','displayAdminStatsGraphEngine'),(31,'orderReturn','actionOrderReturn'),(32,'productActions','displayProductAdditionalInfo'),(33,'displayProductButtons','displayProductAdditionalInfo'),(34,'backOfficeHome','displayBackOfficeHome'),(35,'GridEngine','displayAdminStatsGridEngine'),(36,'watermark','actionWatermark'),(37,'cancelProduct','actionProductCancel'),(38,'extraLeft','displayLeftColumnProduct'),(39,'productOutOfStock','actionProductOutOfStock'),(40,'updateProductAttribute','actionProductAttributeUpdate'),(41,'extraCarrier','displayCarrierList'),(42,'shoppingCartExtra','displayShoppingCart'),(43,'updateCarrier','actionCarrierUpdate'),(44,'postUpdateOrderStatus','actionOrderStatusPostUpdate'),(45,'createAccountTop','displayCustomerAccountFormTop'),(46,'backOfficeHeader','displayBackOfficeHeader'),(47,'backOfficeTop','displayBackOfficeTop'),(48,'backOfficeFooter','displayBackOfficeFooter'),(49,'deleteProductAttribute','actionProductAttributeDelete'),(50,'processCarrier','actionCarrierProcess'),(51,'beforeCarrier','displayBeforeCarrier'),(52,'orderDetailDisplayed','displayOrderDetail'),(53,'paymentCCAdded','actionPaymentCCAdd'),(54,'categoryAddition','actionCategoryAdd'),(55,'categoryUpdate','actionCategoryUpdate'),(56,'categoryDeletion','actionCategoryDelete'),(57,'paymentTop','displayPaymentTop'),(58,'afterCreateHtaccess','actionHtaccessCreate'),(59,'afterSaveAdminMeta','actionAdminMetaSave'),(60,'attributeGroupForm','displayAttributeGroupForm'),(61,'afterSaveAttributeGroup','actionAttributeGroupSave'),(62,'afterDeleteAttributeGroup','actionAttributeGroupDelete'),(63,'featureForm','displayFeatureForm'),(64,'afterSaveFeature','actionFeatureSave'),(65,'afterDeleteFeature','actionFeatureDelete'),(66,'afterSaveProduct','actionProductSave'),(67,'postProcessAttributeGroup','displayAttributeGroupPostProcess'),(68,'postProcessFeature','displayFeaturePostProcess'),(69,'featureValueForm','displayFeatureValueForm'),(70,'postProcessFeatureValue','displayFeatureValuePostProcess'),(71,'afterDeleteFeatureValue','actionFeatureValueDelete'),(72,'afterSaveFeatureValue','actionFeatureValueSave'),(73,'attributeForm','displayAttributeForm'),(74,'postProcessAttribute','actionAttributePostProcess'),(75,'afterDeleteAttribute','actionAttributeDelete'),(76,'afterSaveAttribute','actionAttributeSave'),(77,'taxManager','actionTaxManager'),(78,'myAccountBlock','displayMyAccountBlock'),(79,'actionBeforeCartUpdateQty','actionCartUpdateQuantityBefore'),(80,'actionBeforeAjaxDie','actionAjaxDieBefore'),(81,'actionBeforeAuthentication','actionAuthenticationBefore'),(82,'actionBeforeSubmitAccount','actionSubmitAccountBefore'),(83,'actionAfterDeleteProductInCart','actionDeleteProductInCartAfter');

--
-- Table structure for table `pre3303_hook_module`
--

CREATE TABLE `pre3303_hook_module` (
  `id_module` int(10) unsigned NOT NULL,
  `id_shop` int(11) unsigned NOT NULL DEFAULT '1',
  `id_hook` int(10) unsigned NOT NULL,
  `position` tinyint(2) unsigned NOT NULL,
  PRIMARY KEY (`id_module`,`id_hook`,`id_shop`),
  KEY `id_hook` (`id_hook`),
  KEY `id_module` (`id_module`),
  KEY `position` (`id_shop`,`position`)
) ENGINE=InnoDB DEFAULT CHARSET=utf8;

--
-- Dumping data for table `pre3303_hook_module`
--

INSERT INTO `pre3303_hook_module` VALUES (75,0,7,1),(75,0,17,1),(75,0,18,1),(75,0,19,1),(75,0,31,1),(75,0,97,1),(75,0,120,1),(75,0,121,1),(75,0,146,1),(75,0,151,1),(75,0,176,1),(75,0,177,1),(75,0,183,1),(75,0,210,1),(75,0,211,1),(75,0,212,1),(75,0,213,1),(75,0,214,1),(75,0,215,1),(75,0,216,1),(75,0,217,1),(75,0,218,1),(76,0,9,1),(76,0,10,1),(75,0,9,2),(75,0,23,2),(75,0,47,2),(75,0,52,2),(75,0,60,2),(75,0,149,2),(75,0,157,2),(76,0,210,2),(76,0,215,2),(77,0,7,2),(77,0,10,2),(77,0,17,2),(77,0,18,2),(77,0,19,2),(77,0,31,2),(77,0,146,2),(77,0,151,2),(77,0,176,2),(77,0,177,2),(77,0,212,2),(75,0,156,3),(75,0,169,3),(76,0,60,3),(77,0,9,3),(77,0,23,3),(77,0,47,3),(77,0,52,3),(77,0,215,3),(75,0,8,4),(77,0,8,5),(75,0,141,6),(76,0,8,7),(1,2,135,1),(1,2,136,1),(1,2,137,1),(1,2,138,1),(1,2,139,1),(1,2,140,1),(1,2,141,1),(2,2,58,1),(2,2,142,1),(4,2,143,1),(5,2,45,1),(6,2,49,1),(7,2,144,1),(8,2,52,1),(9,2,5,1),(9,2,145,1),(10,2,147,1),(11,2,148,1),(12,2,149,1),(12,2,150,1),(15,2,36,1),(15,2,108,1),(16,2,8,1),(16,2,69,1),(16,2,70,1),(16,2,71,1),(16,2,76,1),(16,2,77,1),(16,2,79,1),(16,2,80,1),(16,2,81,1),(16,2,86,1),(16,2,87,1),(16,2,89,1),(16,2,90,1),(16,2,91,1),(16,2,152,1),(17,2,13,1),(17,2,14,1),(17,2,20,1),(17,2,153,1),(17,2,154,1),(17,2,155,1),(18,2,10,1),(18,2,156,1),(20,2,126,1),(21,2,157,1),(21,2,158,1),(21,2,159,1),(21,2,160,1),(21,2,161,1),(21,2,162,1),(21,2,163,1),(21,2,164,1),(21,2,165,1),(21,2,166,1),(21,2,167,1),(21,2,168,1),(21,2,169,1),(21,2,170,1),(21,2,171,1),(22,2,172,1),(23,2,47,1),(27,2,44,1),(37,2,12,1),(37,2,16,1),(47,2,173,1),(50,2,60,1),(50,2,174,1),(50,2,175,1),(51,2,1,1),(51,2,25,1),(51,2,95,1),(51,2,178,1),(51,2,179,1),(51,2,180,1),(51,2,181,1),(51,2,182,1),(51,2,183,1),(51,2,184,1),(51,2,185,1),(51,2,186,1),(51,2,187,1),(51,2,188,1),(51,2,189,1),(51,2,190,1),(51,2,191,1),(51,2,192,1),(53,2,134,1),(54,2,177,1),(61,2,23,1),(62,2,100,1),(62,2,104,1),(62,2,105,1),(62,2,220,1),(62,2,221,1),(62,2,222,1),(62,2,223,1),(62,2,224,1),(62,2,225,1),(62,2,226,1),(62,2,227,1),(66,2,26,1),(66,2,28,1),(66,2,30,1),(66,2,35,1),(66,2,55,1),(66,2,57,1),(66,2,64,1),(66,2,67,1),(66,2,115,1),(66,2,239,1),(66,2,240,1),(66,2,241,1),(67,2,7,1),(67,2,43,1),(68,2,33,1),(68,2,38,1),(68,2,40,1),(68,2,93,1),(68,2,242,1),(68,2,243,1),(69,2,244,1),(69,2,245,1),(69,2,246,1),(69,2,247,1),(69,2,248,1),(70,2,32,1),(70,2,249,1),(70,2,250,1),(70,2,251,1),(70,2,252,1),(70,2,258,1),(71,2,210,1),(71,2,253,1),(71,2,254,1),(71,2,255,1),(75,2,17,1),(75,2,18,1),(75,2,19,1),(75,2,31,1),(75,2,97,1),(75,2,120,1),(75,2,121,1),(75,2,146,1),(75,2,151,1),(75,2,176,1),(75,2,177,1),(75,2,183,1),(75,2,210,1),(75,2,211,1),(75,2,212,1),(75,2,213,1),(75,2,214,1),(75,2,215,1),(75,2,216,1),(75,2,217,1),(75,2,218,1),(76,2,9,1),(79,2,38,1),(79,2,228,1),(79,2,229,1),(79,2,230,1),(79,2,231,1),(79,2,232,1),(79,2,233,1),(79,2,234,1),(79,2,235,1),(79,2,236,1),(79,2,237,1),(82,2,6,1),(82,2,217,1),(82,2,256,1),(83,2,257,1),(85,2,107,1),(89,2,46,1),(89,2,53,1),(89,2,54,1),(89,2,63,1),(89,2,102,1),(89,2,259,1),(89,2,260,1),(89,2,261,1),(90,2,72,1),(90,2,262,1),(90,2,263,1),(91,2,264,1),(92,2,265,1),(1,2,134,2),(2,2,135,2),(2,2,141,2),(3,2,142,2),(4,2,136,2),(17,2,70,2),(21,2,156,2),(22,2,10,2),(26,2,5,2),(26,2,145,2),(28,2,44,2),(37,2,36,2),(51,2,60,2),(51,2,137,2),(51,2,139,2),(51,2,147,2),(51,2,162,2),(51,2,171,2),(52,2,149,2),(52,2,150,2),(54,2,126,2),(59,2,8,2),(59,2,13,2),(59,2,14,2),(59,2,20,2),(59,2,58,2),(66,2,104,2),(67,2,25,2),(67,2,35,2),(68,2,26,2),(69,2,144,2),(69,2,157,2),(69,2,158,2),(69,2,159,2),(69,2,169,2),(70,2,241,2),(71,2,1,2),(71,2,190,2),(73,2,244,2),(73,2,245,2),(73,2,246,2),(73,2,247,2),(73,2,248,2),(75,2,7,2),(75,2,9,2),(75,2,23,2),(75,2,47,2),(75,2,52,2),(75,2,60,2),(75,2,149,2),(75,2,157,2),(76,2,210,2),(76,2,215,2),(77,2,17,2),(77,2,18,2),(77,2,19,2),(77,2,31,2),(77,2,146,2),(77,2,151,2),(77,2,176,2),(77,2,177,2),(77,2,212,2),(79,2,16,2),(89,2,6,2),(89,2,38,2),(89,2,93,2),(89,2,257,2),(91,2,108,2),(91,2,260,2),(3,2,135,3),(3,2,141,3),(4,2,142,3),(14,2,156,3),(21,2,70,3),(24,2,10,3),(29,2,44,3),(51,2,136,3),(52,2,60,3),(60,2,13,3),(60,2,14,3),(60,2,20,3),(60,2,52,3),(67,2,36,3),(68,2,5,3),(68,2,25,3),(68,2,35,3),(68,2,58,3),(68,2,145,3),(69,2,171,3),(71,2,137,3),(73,2,144,3),(73,2,157,3),(73,2,158,3),(73,2,159,3),(73,2,169,3),(75,2,8,3),(75,2,156,3),(75,2,169,3),(76,2,60,3),(77,2,7,3),(77,2,9,3),(77,2,23,3),(77,2,47,3),(77,2,215,3),(78,2,17,3),(78,2,18,3),(78,2,19,3),(78,2,31,3),(78,2,146,3),(78,2,151,3),(78,2,176,3),(78,2,177,3),(78,2,212,3),(82,2,26,3),(82,2,104,3),(85,2,1,3),(91,2,38,3),(91,2,257,3),(4,2,135,4),(5,2,141,4),(30,2,44,4),(61,2,13,4),(61,2,14,4),(61,2,20,4),(66,2,60,4),(71,2,25,4),(73,2,171,4),(76,2,10,4),(77,2,8,4),(77,2,52,4),(78,2,7,4),(78,2,9,4),(78,2,23,4),(78,2,47,4),(78,2,156,4),(78,2,215,4),(79,2,60,4),(82,2,58,4),(85,2,35,4),(88,2,5,4),(88,2,145,4),(89,2,1,4),(91,2,36,4),(92,2,26,4),(31,2,44,5),(62,2,10,5),(68,2,60,5),(68,2,141,5),(71,2,13,5),(71,2,14,5),(78,2,8,5),(78,2,52,5),(79,2,141,5),(86,2,35,5),(89,2,20,5),(89,2,47,5),(32,2,44,6),(66,2,10,6),(69,2,60,6),(75,2,141,6),(76,2,8,6),(90,2,35,6),(33,2,44,7),(70,2,60,7),(77,2,10,7),(91,2,141,7),(34,2,44,8),(67,2,10,8),(73,2,60,8),(35,2,44,9),(68,2,10,9),(82,2,60,9),(36,2,44,10),(78,2,10,10),(38,2,44,11),(79,2,10,11),(39,2,44,12),(71,2,10,12),(40,2,44,13),(73,2,10,13),(41,2,44,14),(75,2,10,14),(42,2,44,15),(89,2,10,15),(43,2,44,16),(90,2,10,16),(44,2,44,17),(45,2,44,18),(46,2,44,19),(47,2,44,20),(48,2,44,21),(49,2,44,22),(1,4,135,1),(1,4,136,1),(1,4,137,1),(1,4,138,1),(1,4,139,1),(1,4,140,1),(1,4,141,1),(2,4,58,1),(2,4,142,1),(4,4,143,1),(5,4,45,1),(6,4,49,1),(7,4,144,1),(9,4,5,1),(9,4,145,1),(10,4,147,1),(11,4,148,1),(12,4,149,1),(12,4,150,1),(15,4,36,1),(15,4,108,1),(16,4,8,1),(16,4,69,1),(16,4,70,1),(16,4,71,1),(16,4,76,1),(16,4,77,1),(16,4,79,1),(16,4,80,1),(16,4,81,1),(16,4,86,1),(16,4,87,1),(16,4,89,1),(16,4,90,1),(16,4,91,1),(16,4,152,1),(17,4,13,1),(17,4,14,1),(17,4,20,1),(17,4,153,1),(17,4,154,1),(17,4,155,1),(18,4,10,1),(18,4,156,1),(20,4,126,1),(21,4,157,1),(21,4,158,1),(21,4,159,1),(21,4,160,1),(21,4,161,1),(21,4,162,1),(21,4,163,1),(21,4,164,1),(21,4,165,1),(21,4,166,1),(21,4,167,1),(21,4,168,1),(21,4,169,1),(21,4,170,1),(21,4,171,1),(22,4,172,1),(23,4,47,1),(27,4,44,1),(37,4,12,1),(37,4,16,1),(47,4,173,1),(50,4,60,1),(50,4,174,1),(50,4,175,1),(51,4,1,1),(51,4,25,1),(51,4,95,1),(51,4,178,1),(51,4,179,1),(51,4,180,1),(51,4,181,1),(51,4,182,1),(51,4,183,1),(51,4,184,1),(51,4,185,1),(51,4,186,1),(51,4,187,1),(51,4,188,1),(51,4,189,1),(51,4,190,1),(51,4,191,1),(51,4,192,1),(53,4,134,1),(54,4,177,1),(59,4,52,1),(61,4,23,1),(62,4,100,1),(62,4,104,1),(62,4,105,1),(62,4,220,1),(62,4,221,1),(62,4,222,1),(62,4,223,1),(62,4,224,1),(62,4,225,1),(62,4,226,1),(62,4,227,1),(66,4,26,1),(66,4,28,1),(66,4,30,1),(66,4,35,1),(66,4,55,1),(66,4,57,1),(66,4,64,1),(66,4,67,1),(66,4,115,1),(66,4,239,1),(66,4,240,1),(66,4,241,1),(67,4,7,1),(67,4,43,1),(68,4,33,1),(68,4,38,1),(68,4,40,1),(68,4,93,1),(68,4,242,1),(68,4,243,1),(69,4,244,1),(69,4,245,1),(69,4,246,1),(69,4,247,1),(69,4,248,1),(70,4,32,1),(70,4,249,1),(70,4,250,1),(70,4,251,1),(70,4,252,1),(70,4,258,1),(71,4,210,1),(71,4,253,1),(71,4,254,1),(71,4,255,1),(75,4,17,1),(75,4,18,1),(75,4,19,1),(75,4,31,1),(75,4,97,1),(75,4,120,1),(75,4,121,1),(75,4,146,1),(75,4,151,1),(75,4,176,1),(75,4,177,1),(75,4,183,1),(75,4,210,1),(75,4,211,1),(75,4,212,1),(75,4,213,1),(75,4,214,1),(75,4,215,1),(75,4,216,1),(75,4,217,1),(75,4,218,1),(76,4,9,1),(79,4,38,1),(79,4,228,1),(79,4,229,1),(79,4,230,1),(79,4,231,1),(79,4,232,1),(79,4,233,1),(79,4,234,1),(79,4,235,1),(79,4,236,1),(79,4,237,1),(82,4,6,1),(82,4,256,1),(83,4,257,1),(85,4,107,1),(89,4,46,1),(89,4,53,1),(89,4,54,1),(89,4,63,1),(89,4,102,1),(89,4,259,1),(89,4,260,1),(89,4,261,1),(90,4,72,1),(90,4,262,1),(90,4,263,1),(91,4,264,1),(92,4,265,1),(1,4,134,2),(2,4,135,2),(2,4,141,2),(3,4,142,2),(4,4,136,2),(17,4,70,2),(21,4,156,2),(22,4,10,2),(26,4,5,2),(26,4,145,2),(28,4,44,2),(37,4,36,2),(51,4,137,2),(51,4,139,2),(51,4,147,2),(51,4,162,2),(51,4,171,2),(52,4,149,2),(52,4,150,2),(54,4,126,2),(59,4,8,2),(59,4,13,2),(59,4,14,2),(59,4,20,2),(59,4,58,2),(66,4,104,2),(67,4,25,2),(67,4,35,2),(68,4,26,2),(69,4,144,2),(69,4,157,2),(69,4,158,2),(69,4,159,2),(69,4,169,2),(70,4,241,2),(71,4,1,2),(71,4,190,2),(73,4,244,2),(73,4,245,2),(73,4,246,2),(73,4,247,2),(73,4,248,2),(75,4,7,2),(75,4,9,2),(75,4,23,2),(75,4,47,2),(75,4,52,2),(75,4,60,2),(75,4,149,2),(75,4,157,2),(76,4,210,2),(76,4,215,2),(77,4,17,2),(77,4,18,2),(77,4,19,2),(77,4,31,2),(77,4,146,2),(77,4,151,2),(77,4,176,2),(77,4,177,2),(77,4,212,2),(79,4,16,2),(82,4,217,2),(89,4,6,2),(89,4,38,2),(89,4,93,2),(89,4,257,2),(91,4,108,2),(91,4,260,2),(3,4,135,3),(3,4,141,3),(4,4,142,3),(14,4,156,3),(21,4,70,3),(24,4,10,3),(29,4,44,3),(51,4,60,3),(51,4,136,3),(60,4,13,3),(60,4,14,3),(60,4,20,3),(60,4,52,3),(67,4,36,3),(68,4,5,3),(68,4,25,3),(68,4,35,3),(68,4,58,3),(68,4,145,3),(69,4,171,3),(71,4,137,3),(73,4,144,3),(73,4,157,3),(73,4,158,3),(73,4,159,3),(73,4,169,3),(75,4,8,3),(75,4,156,3),(75,4,169,3),(77,4,7,3),(77,4,9,3),(77,4,23,3),(77,4,47,3),(77,4,215,3),(78,4,17,3),(78,4,18,3),(78,4,19,3),(78,4,31,3),(78,4,146,3),(78,4,151,3),(78,4,176,3),(78,4,177,3),(78,4,212,3),(82,4,26,3),(82,4,104,3),(85,4,1,3),(91,4,38,3),(91,4,257,3),(4,4,135,4),(5,4,141,4),(30,4,44,4),(61,4,13,4),(61,4,14,4),(61,4,20,4),(71,4,25,4),(73,4,171,4),(76,4,10,4),(76,4,60,4),(77,4,8,4),(77,4,52,4),(78,4,7,4),(78,4,9,4),(78,4,23,4),(78,4,47,4),(78,4,156,4),(78,4,215,4),(82,4,58,4),(85,4,31,4),(85,4,35,4),(88,4,5,4),(88,4,145,4),(89,4,1,4),(91,4,36,4),(92,4,26,4),(31,4,44,5),(52,4,60,5),(62,4,10,5),(68,4,141,5),(71,4,13,5),(71,4,14,5),(78,4,8,5),(78,4,52,5),(79,4,141,5),(86,4,31,5),(86,4,35,5),(89,4,20,5),(89,4,47,5),(32,4,44,6),(66,4,10,6),(75,4,141,6),(76,4,8,6),(79,4,60,6),(90,4,35,6),(33,4,44,7),(66,4,60,7),(67,4,10,7),(91,4,141,7),(34,4,44,8),(68,4,60,8),(77,4,10,8),(35,4,44,9),(69,4,60,9),(78,4,10,9),(36,4,44,10),(68,4,10,10),(70,4,60,10),(38,4,44,11),(73,4,60,11),(79,4,10,11),(39,4,44,12),(71,4,10,12),(82,4,60,12),(40,4,44,13),(73,4,10,13),(41,4,44,14),(42,4,44,15),(89,4,10,15),(43,4,44,16),(90,4,10,16),(44,4,44,17),(75,4,10,17),(45,4,44,18),(46,4,44,19),(47,4,44,20),(48,4,44,21),(49,4,44,22),(1,5,135,1),(1,5,136,1),(1,5,137,1),(1,5,138,1),(1,5,139,1),(1,5,140,1),(1,5,141,1),(2,5,58,1),(2,5,142,1),(4,5,143,1),(5,5,45,1),(6,5,49,1),(7,5,144,1),(9,5,5,1),(9,5,145,1),(10,5,147,1),(11,5,148,1),(12,5,149,1),(12,5,150,1),(15,5,36,1),(15,5,108,1),(16,5,8,1),(16,5,69,1),(16,5,70,1),(16,5,71,1),(16,5,76,1),(16,5,77,1),(16,5,79,1),(16,5,80,1),(16,5,81,1),(16,5,86,1),(16,5,87,1),(16,5,89,1),(16,5,90,1),(16,5,91,1),(16,5,152,1),(17,5,13,1),(17,5,14,1),(17,5,20,1),(17,5,153,1),(17,5,154,1),(17,5,155,1),(18,5,10,1),(18,5,156,1),(20,5,126,1),(21,5,157,1),(21,5,158,1),(21,5,159,1),(21,5,160,1),(21,5,161,1),(21,5,162,1),(21,5,163,1),(21,5,164,1),(21,5,165,1),(21,5,166,1),(21,5,167,1),(21,5,168,1),(21,5,169,1),(21,5,170,1),(21,5,171,1),(22,5,172,1),(23,5,47,1),(27,5,44,1),(37,5,12,1),(37,5,16,1),(47,5,173,1),(50,5,60,1),(50,5,174,1),(50,5,175,1),(51,5,1,1),(51,5,25,1),(51,5,95,1),(51,5,178,1),(51,5,179,1),(51,5,180,1),(51,5,181,1),(51,5,182,1),(51,5,183,1),(51,5,184,1),(51,5,185,1),(51,5,186,1),(51,5,187,1),(51,5,188,1),(51,5,189,1),(51,5,190,1),(51,5,191,1),(51,5,192,1),(53,5,134,1),(54,5,177,1),(59,5,52,1),(61,5,23,1),(62,5,100,1),(62,5,104,1),(62,5,105,1),(62,5,220,1),(62,5,221,1),(62,5,222,1),(62,5,223,1),(62,5,224,1),(62,5,225,1),(62,5,226,1),(62,5,227,1),(66,5,26,1),(66,5,28,1),(66,5,30,1),(66,5,35,1),(66,5,55,1),(66,5,57,1),(66,5,64,1),(66,5,67,1),(66,5,115,1),(66,5,239,1),(66,5,240,1),(66,5,241,1),(67,5,7,1),(67,5,43,1),(68,5,33,1),(68,5,38,1),(68,5,40,1),(68,5,93,1),(68,5,242,1),(68,5,243,1),(69,5,244,1),(69,5,245,1),(69,5,246,1),(69,5,247,1),(69,5,248,1),(70,5,32,1),(70,5,249,1),(70,5,250,1),(70,5,251,1),(70,5,252,1),(70,5,258,1),(71,5,210,1),(71,5,253,1),(71,5,254,1),(71,5,255,1),(75,5,17,1),(75,5,18,1),(75,5,19,1),(75,5,31,1),(75,5,97,1),(75,5,120,1),(75,5,121,1),(75,5,146,1),(75,5,151,1),(75,5,176,1),(75,5,177,1),(75,5,183,1),(75,5,210,1),(75,5,211,1),(75,5,212,1),(75,5,213,1),(75,5,214,1),(75,5,215,1),(75,5,216,1),(75,5,217,1),(75,5,218,1),(76,5,9,1),(79,5,38,1),(79,5,228,1),(79,5,229,1),(79,5,230,1),(79,5,231,1),(79,5,232,1),(79,5,233,1),(79,5,234,1),(79,5,235,1),(79,5,236,1),(79,5,237,1),(82,5,6,1),(82,5,256,1),(83,5,257,1),(85,5,107,1),(89,5,46,1),(89,5,53,1),(89,5,54,1),(89,5,63,1),(89,5,102,1),(89,5,259,1),(89,5,260,1),(89,5,261,1),(90,5,72,1),(90,5,262,1),(90,5,263,1),(91,5,264,1),(92,5,265,1),(1,5,134,2),(2,5,135,2),(2,5,141,2),(3,5,142,2),(4,5,136,2),(17,5,70,2),(21,5,156,2),(22,5,10,2),(26,5,5,2),(26,5,145,2),(28,5,44,2),(37,5,36,2),(51,5,137,2),(51,5,139,2),(51,5,147,2),(51,5,162,2),(51,5,171,2),(52,5,149,2),(52,5,150,2),(54,5,126,2),(59,5,8,2),(59,5,13,2),(59,5,14,2),(59,5,20,2),(59,5,58,2),(66,5,104,2),(67,5,25,2),(67,5,35,2),(68,5,26,2),(69,5,144,2),(69,5,157,2),(69,5,158,2),(69,5,159,2),(69,5,169,2),(70,5,241,2),(71,5,1,2),(71,5,190,2),(73,5,244,2),(73,5,245,2),(73,5,246,2),(73,5,247,2),(73,5,248,2),(75,5,7,2),(75,5,9,2),(75,5,23,2),(75,5,47,2),(75,5,52,2),(75,5,60,2),(75,5,149,2),(75,5,157,2),(76,5,210,2),(76,5,215,2),(77,5,17,2),(77,5,18,2),(77,5,19,2),(77,5,31,2),(77,5,146,2),(77,5,151,2),(77,5,176,2),(77,5,177,2),(77,5,212,2),(79,5,16,2),(82,5,217,2),(89,5,6,2),(89,5,38,2),(89,5,93,2),(89,5,257,2),(91,5,108,2),(91,5,260,2),(3,5,135,3),(3,5,141,3),(4,5,142,3),(14,5,156,3),(21,5,70,3),(24,5,10,3),(29,5,44,3),(51,5,60,3),(51,5,136,3),(60,5,13,3),(60,5,14,3),(60,5,20,3),(60,5,52,3),(67,5,36,3),(68,5,5,3),(68,5,25,3),(68,5,35,3),(68,5,58,3),(68,5,145,3),(69,5,171,3),(71,5,137,3),(73,5,144,3),(73,5,157,3),(73,5,158,3),(73,5,159,3),(73,5,169,3),(75,5,8,3),(75,5,156,3),(75,5,169,3),(77,5,7,3),(77,5,9,3),(77,5,23,3),(77,5,47,3),(77,5,215,3),(78,5,17,3),(78,5,18,3),(78,5,19,3),(78,5,31,3),(78,5,146,3),(78,5,151,3),(78,5,176,3),(78,5,177,3),(78,5,212,3),(82,5,26,3),(82,5,104,3),(85,5,1,3),(91,5,38,3),(91,5,257,3),(4,5,135,4),(5,5,141,4),(30,5,44,4),(61,5,13,4),(61,5,14,4),(61,5,20,4),(71,5,25,4),(73,5,171,4),(76,5,10,4),(76,5,60,4),(77,5,8,4),(77,5,52,4),(78,5,7,4),(78,5,9,4),(78,5,23,4),(78,5,47,4),(78,5,156,4),(78,5,215,4),(82,5,58,4),(85,5,31,4),(85,5,35,4),(88,5,5,4),(88,5,145,4),(89,5,1,4),(91,5,36,4),(92,5,26,4),(31,5,44,5),(52,5,60,5),(62,5,10,5),(68,5,141,5),(71,5,13,5),(71,5,14,5),(78,5,8,5),(78,5,52,5),(79,5,141,5),(86,5,31,5),(86,5,35,5),(89,5,20,5),(89,5,47,5),(32,5,44,6),(66,5,10,6),(75,5,141,6),(76,5,8,6),(79,5,60,6),(90,5,35,6),(33,5,44,7),(66,5,60,7),(67,5,10,7),(91,5,141,7),(34,5,44,8),(68,5,60,8),(77,5,10,8),(35,5,44,9),(69,5,60,9),(78,5,10,9),(36,5,44,10),(68,5,10,10),(70,5,60,10),(38,5,44,11),(73,5,60,11),(79,5,10,11),(39,5,44,12),(71,5,10,12),(82,5,60,12),(40,5,44,13),(73,5,10,13),(41,5,44,14),(75,5,10,14),(42,5,44,15),(89,5,10,15),(43,5,44,16),(90,5,10,16),(44,5,44,17),(45,5,44,18),(46,5,44,19),(47,5,44,20),(48,5,44,21),(49,5,44,22);

--
-- Table structure for table `pre3303_hook_module_exceptions`
--

CREATE TABLE `pre3303_hook_module_exceptions` (
  `id_hook_module_exceptions` int(10) unsigned NOT NULL AUTO_INCREMENT,
  `id_shop` int(11) unsigned NOT NULL DEFAULT '1',
  `id_module` int(10) unsigned NOT NULL,
  `id_hook` int(10) unsigned NOT NULL,
  `file_name` varchar(255) DEFAULT NULL,
  PRIMARY KEY (`id_hook_module_exceptions`),
  KEY `id_module` (`id_module`),
  KEY `id_hook` (`id_hook`)
) ENGINE=InnoDB DEFAULT CHARSET=utf8;

--
-- Dumping data for table `pre3303_hook_module_exceptions`
--


--
-- Table structure for table `pre3303_image`
--

CREATE TABLE `pre3303_image` (
  `id_image` int(10) unsigned NOT NULL AUTO_INCREMENT,
  `id_product` int(10) unsigned NOT NULL,
  `position` smallint(2) unsigned NOT NULL DEFAULT '0',
  `cover` tinyint(1) unsigned DEFAULT NULL,
  PRIMARY KEY (`id_image`),
  UNIQUE KEY `id_product_cover` (`id_product`,`cover`),
  UNIQUE KEY `idx_product_image` (`id_image`,`id_product`,`cover`),
  KEY `image_product` (`id_product`)
) ENGINE=InnoDB AUTO_INCREMENT=1050 DEFAULT CHARSET=utf8;

--
-- Dumping data for table `pre3303_image`
--

INSERT INTO `pre3303_image` VALUES (3,2574,1,1),(4,2576,1,1),(5,2577,1,1),(6,2578,1,1),(7,2579,1,1),(8,2580,1,1),(9,2582,1,1),(10,2583,1,1),(11,2585,1,1),(12,2586,1,1),(13,2587,1,1),(14,2588,1,1),(15,2589,1,1),(16,2590,1,1),(17,2617,1,NULL),(18,2619,1,1),(19,2621,1,1),(20,2624,1,1),(21,2694,1,NULL),(22,2695,1,NULL),(23,2696,1,NULL),(24,2697,1,NULL),(25,2702,1,NULL),(27,2705,1,NULL),(28,2706,1,NULL),(29,0,1,NULL),(30,2747,1,1),(31,2748,1,1),(32,2749,1,1),(33,2750,1,1),(34,2753,1,1),(35,2754,1,NULL),(36,2756,1,1),(37,2757,1,1),(38,2758,1,1),(39,2759,1,1),(40,2760,1,1),(41,2763,1,1),(43,2937,1,1),(44,2977,1,1),(45,3052,1,NULL),(46,0,1,NULL),(47,3096,1,1),(48,3097,1,1),(49,3310,1,1),(50,3325,1,1),(51,3329,1,1),(52,3364,1,1),(53,3535,1,1),(54,3556,1,1),(55,3650,1,1),(56,3661,1,1),(57,3662,1,1),(58,3818,1,NULL),(59,3820,1,1),(60,3836,1,1),(61,3846,1,1),(62,3955,1,NULL),(63,3957,1,NULL),(64,3966,1,1),(65,3974,1,1),(66,3980,1,1),(67,3982,1,1),(68,3996,1,1),(69,4000,1,1),(70,4008,1,1),(71,4010,1,1),(72,4016,1,1),(73,4026,1,1),(74,4028,1,NULL),(75,4030,1,NULL),(76,4034,1,NULL),(77,4039,1,NULL),(78,4059,1,1),(79,4070,1,1),(80,4072,1,1),(81,4074,1,1),(82,4081,1,1),(83,4082,1,1),(84,4118,1,1),(85,4214,1,1),(86,4216,1,1),(87,4220,1,1),(88,4287,1,1),(89,4298,1,1),(92,4462,1,1),(93,4475,1,1),(94,4474,1,1),(95,4482,1,1),(96,4487,1,NULL),(97,4547,1,1),(98,4588,1,NULL),(99,4737,1,1),(100,4739,1,1),(101,4742,1,1),(102,4744,1,1),(103,4746,1,1),(104,4748,1,1),(105,4793,1,1),(106,4795,1,1),(107,4830,1,NULL),(108,4832,1,NULL),(109,4835,1,1),(110,0,1,NULL),(111,4839,1,1),(112,4841,1,1),(113,4843,1,NULL),(114,4847,1,1),(115,4851,1,1),(116,4853,1,1),(117,4858,1,1),(118,4860,1,1),(119,4872,1,1),(120,4874,1,1),(121,4878,1,1),(122,4883,1,1),(123,4885,1,1),(124,4890,1,NULL),(125,4892,1,NULL),(126,4896,1,1),(127,4898,1,1),(128,4910,1,1),(129,4917,1,1),(130,4919,1,1),(131,4921,1,1),(132,4923,1,1),(133,4925,1,1),(134,4927,1,1),(135,4929,1,NULL),(136,4931,1,1),(137,4933,1,1),(138,4944,1,1),(139,4947,1,1),(140,4950,1,1),(141,4953,1,1),(142,4959,1,NULL),(143,4963,1,NULL),(144,4965,1,1),(145,0,1,NULL),(146,4983,1,1),(147,4987,1,1),(148,5031,1,1),(149,5049,1,1),(150,5057,1,1),(151,5058,1,1),(154,5140,1,1),(155,5141,1,1),(156,5142,1,1),(157,5144,1,1),(158,5145,1,1),(159,5146,1,1),(160,5149,1,1),(161,5151,1,1),(162,5154,1,1),(163,5155,1,1),(165,5162,1,1),(166,5163,1,1),(167,5164,1,1),(168,5165,1,1),(169,5166,1,1),(171,5169,1,1),(172,5170,1,1),(173,5286,1,1),(174,5299,1,1),(175,5301,1,1),(176,5302,1,1),(177,5303,1,1),(178,5338,1,1),(179,5432,1,1),(180,5436,1,NULL),(181,5440,1,NULL),(182,0,1,NULL),(183,5445,1,1),(184,5453,1,1),(185,5455,1,1),(186,5459,1,1),(187,5462,1,1),(188,5464,1,1),(189,5487,1,1),(190,5497,1,1),(191,5498,1,1),(192,5499,1,1),(193,5500,1,1),(194,5501,1,1),(195,5502,1,1),(196,5503,1,1),(198,5530,1,1),(201,5560,1,1),(202,5566,1,1),(203,5568,1,1),(204,5564,1,1),(205,5562,1,1),(206,5578,1,1),(207,5580,1,1),(208,5582,1,1),(209,5584,1,1),(210,5586,1,1),(211,5589,1,1),(212,5595,1,1),(213,5683,1,1),(214,5703,1,1),(216,5740,1,1),(217,5744,1,1),(218,5756,1,1),(219,5759,1,1),(220,5758,1,1),(221,5757,1,1),(222,5763,1,1),(223,5776,1,1),(224,5777,1,1),(225,5778,1,1),(226,5779,1,1),(227,5824,1,1),(228,5864,1,1),(229,5865,1,1),(230,5867,1,1),(231,5875,1,1),(232,5876,1,1),(233,5877,1,1),(234,5878,1,1),(235,5879,1,1),(236,5881,1,1),(237,5884,1,1),(238,5885,1,1),(239,5899,1,1),(240,5902,1,NULL),(241,0,1,NULL),(242,5905,1,1),(243,5909,1,NULL),(244,5911,1,1),(245,5935,1,1),(246,5943,1,1),(247,5944,1,NULL),(248,5945,1,1),(249,5956,1,1),(250,5960,1,1),(251,5975,1,NULL),(252,5977,1,1),(253,5980,1,1),(254,5982,1,1),(255,5983,1,1),(256,5988,1,1),(257,5993,1,1),(258,5994,1,1),(259,5995,1,NULL),(260,6012,1,1),(261,6017,1,1),(262,6019,1,1),(266,5722,1,1),(267,6028,1,1),(270,6031,1,1),(271,6030,1,1),(272,2546,1,1),(273,2547,1,1),(274,6032,1,1),(278,2705,2,1),(280,2703,2,1),(281,2844,2,1),(282,5524,1,1),(283,5524,2,NULL),(284,5524,3,NULL),(286,5522,1,1),(287,5522,2,NULL),(288,5113,2,1),(289,5523,1,1),(291,6033,1,1),(292,4320,1,1),(293,6034,1,1),(294,6034,2,NULL),(297,6035,1,1),(298,6035,2,NULL),(300,5028,1,1),(301,5020,1,1),(302,5018,1,1),(303,5016,1,1),(306,6045,1,1),(308,6046,1,1),(312,6042,1,1),(313,6043,1,1),(317,6054,1,1),(318,6053,1,1),(319,6047,1,1),(320,6044,1,1),(321,6061,1,1),(322,6061,2,NULL),(324,6051,1,1),(325,6052,1,1),(326,6051,2,NULL),(327,6036,1,1),(328,6050,1,1),(329,6048,1,1),(330,6048,2,NULL),(331,6057,1,1),(332,6057,2,NULL),(333,6057,3,NULL),(334,6057,4,NULL),(335,6058,1,1),(336,6058,2,NULL),(337,6056,1,1),(338,6038,1,1),(339,6040,1,1),(340,6040,2,NULL),(341,6040,3,NULL),(342,6040,4,NULL),(343,6040,5,NULL),(344,6040,6,NULL),(345,6040,7,NULL),(346,6040,8,NULL),(347,6040,9,NULL),(348,6064,1,1),(349,6065,1,1),(351,6066,1,1),(352,6067,1,1),(353,6068,1,1),(354,6063,1,1),(355,6069,1,1),(356,6070,1,1),(357,6071,1,1),(358,6072,1,1),(360,6074,1,1),(367,5527,1,1),(368,6084,1,1),(370,6092,1,1),(372,6093,1,1),(373,6093,2,NULL),(375,6083,1,1),(376,6082,1,1),(377,6081,1,1),(378,6080,1,1),(379,6079,1,1),(380,6090,1,1),(381,6089,1,1),(382,6094,1,1),(384,6095,1,1),(386,6096,1,1),(388,6097,1,1),(390,6098,1,1),(392,6099,1,1),(394,6100,1,1),(396,6101,1,1),(398,6102,1,1),(400,6103,1,1),(402,6104,1,1),(405,6106,1,1),(407,6107,1,1),(410,6109,1,1),(412,6110,1,1),(413,6103,2,NULL),(414,6110,2,NULL),(415,6109,2,NULL),(416,6104,2,NULL),(417,6102,2,NULL),(418,6101,2,NULL),(419,6100,2,NULL),(420,6099,2,NULL),(421,6098,2,NULL),(422,6097,2,NULL),(423,6096,2,NULL),(424,6095,2,NULL),(425,6094,2,NULL),(426,6090,2,NULL),(427,6089,2,NULL),(429,6111,1,1),(430,6077,1,1),(431,6112,1,1),(433,6113,1,1),(435,6114,1,1),(437,6115,1,1),(439,6116,1,1),(441,6117,1,1),(443,6118,1,1),(445,6119,1,NULL),(447,6119,2,1),(448,6120,1,NULL),(450,6120,2,1),(451,6121,1,NULL),(453,6121,2,1),(456,6123,1,NULL),(457,6123,2,1),(459,6124,1,NULL),(460,6124,2,1),(461,6125,1,NULL),(463,6125,2,1),(464,6126,1,NULL),(466,6126,2,1),(467,6127,1,NULL),(470,6127,2,1),(471,5530,2,NULL),(472,5530,3,NULL),(473,5530,4,NULL),(474,5530,5,NULL),(475,5530,6,NULL),(476,5530,7,NULL),(477,5530,8,NULL),(478,5530,9,NULL),(479,5530,10,NULL),(480,5530,11,NULL),(481,5530,12,NULL),(482,5530,13,NULL),(483,4034,2,1),(485,4030,2,1),(486,3071,1,1),(487,4028,2,1),(488,4039,2,1),(489,4843,2,1),(490,4832,2,1),(491,3955,2,1),(492,3957,2,1),(493,4830,2,1),(494,5902,2,1),(495,5903,1,1),(496,4588,2,1),(499,6128,1,1),(501,6129,1,1),(503,6130,1,1),(505,6131,1,1),(507,6132,1,1),(508,4979,1,1),(509,4963,2,1),(510,4959,2,1),(511,4487,2,1),(512,3818,2,1),(514,6133,1,1),(516,6134,1,1),(518,6135,1,1),(520,6136,1,1),(522,6137,1,1),(524,6138,1,1),(526,6139,1,1),(528,6140,1,1),(530,5995,2,1),(531,5944,2,1),(532,2702,2,1),(533,2754,2,1),(534,2694,2,NULL),(535,2694,3,1),(536,2696,2,1),(537,2696,3,NULL),(538,2697,2,1),(539,2695,2,1),(540,2706,2,1),(541,2706,3,NULL),(542,2706,4,NULL),(543,5442,1,1),(544,5440,2,1),(545,5436,2,1),(546,5975,2,1),(547,5909,2,NULL),(548,4837,1,1),(549,3052,2,1),(550,4890,2,1),(551,4892,2,1),(554,6141,1,1),(556,6142,1,1),(558,6143,1,1),(560,6144,1,1),(562,6145,1,1),(564,6146,1,1),(566,6147,1,1),(569,6148,1,1),(572,6149,1,1),(574,6150,1,1),(576,6151,1,1),(578,6152,1,1),(580,6153,1,1),(582,6154,1,1),(584,6155,1,1),(586,6156,1,1),(587,2617,2,1),(588,2746,1,1),(589,6157,1,1),(590,4929,2,1),(592,6158,1,1),(593,6158,2,NULL),(595,6162,1,1),(597,6163,1,1),(599,6164,1,1),(601,6165,1,1),(602,6165,2,NULL),(605,6166,1,1),(610,6168,1,NULL),(612,6169,1,1),(614,6170,1,1),(616,6171,1,NULL),(618,6172,1,NULL),(620,6173,1,1),(622,6174,1,1),(624,6175,1,1),(626,6176,1,1),(628,6177,1,1),(630,6178,1,1),(632,6179,1,1),(634,6180,1,1),(635,6181,1,1),(637,6182,1,1),(639,6183,1,1),(641,6184,1,1),(645,6187,1,1),(646,6167,1,1),(648,6189,1,1),(651,6190,1,1),(653,6191,1,1),(655,6192,1,1),(659,6194,1,1),(660,6195,1,1),(661,6196,1,1),(663,6197,1,1),(664,6196,2,NULL),(666,6198,1,1),(669,6199,1,1),(670,6202,1,1),(671,6203,1,NULL),(672,6204,1,NULL),(673,6205,1,NULL),(674,6206,1,NULL),(675,6207,1,NULL),(677,6209,1,NULL),(678,6210,1,NULL),(680,6210,2,1),(681,6213,1,1),(682,6214,1,1),(684,6215,1,1),(685,6216,1,1),(686,6218,1,1),(688,6219,1,1),(690,6220,1,1),(692,6221,1,1),(694,6222,1,1),(696,6223,1,1),(698,6224,1,1),(700,6225,1,1),(702,6226,1,1),(704,6227,1,1),(706,6228,1,1),(708,6229,1,1),(710,6230,1,1),(712,6231,1,1),(713,6232,1,1),(714,6233,1,1),(715,6234,1,1),(716,6235,1,1),(717,6236,1,1),(718,6237,1,1),(719,6238,1,1),(720,6239,1,1),(722,6241,1,1),(724,6242,1,1),(726,6243,1,1),(728,6244,1,1),(730,6245,1,1),(731,6246,1,1),(737,6249,1,1),(738,6248,1,1),(740,6250,1,1),(741,6251,1,1),(742,6252,1,1),(744,6253,1,1),(746,6254,1,1),(748,6255,1,1),(749,6206,2,1),(750,6209,2,1),(751,6204,2,1),(752,6205,2,1),(753,6203,2,1),(754,6207,2,1),(756,6256,1,1),(758,6257,1,1),(761,6258,1,1),(763,6259,1,1),(765,6260,1,1),(766,6261,1,1),(768,6262,1,1),(770,6263,1,1),(772,6264,1,1),(774,6265,1,1),(776,6266,1,1),(778,6267,1,1),(780,6268,1,1),(782,6269,1,1),(784,6270,1,1),(786,6271,1,1),(788,6272,1,1),(790,6273,1,1),(792,6274,1,1),(794,6275,1,1),(796,6276,1,1),(798,6277,1,1),(800,6278,1,1),(802,6279,1,1),(804,6280,1,1),(806,6281,1,1),(808,6282,1,1),(810,6283,1,1),(812,6284,1,1),(814,6288,1,1),(816,6289,1,1),(818,6290,1,1),(820,6291,1,1),(822,6292,1,1),(824,6293,1,1),(826,6294,1,1),(828,6295,1,1),(829,6296,1,1),(831,6297,1,1),(833,6298,1,1),(834,6299,1,1),(836,6300,1,1),(837,6301,1,1),(839,6302,1,1),(841,6303,1,1),(843,6304,1,1),(845,6305,1,1),(846,6306,1,1),(848,6308,1,1),(849,6307,1,1),(851,6309,1,1),(852,6310,1,1),(853,6311,1,1),(854,6312,1,1),(857,6315,1,1),(858,6317,1,1),(860,6318,1,1),(862,6319,1,1),(866,6321,1,1),(868,6322,1,1),(870,6323,1,1),(872,6324,1,1),(874,6325,1,1),(876,6326,1,1),(878,6327,1,NULL),(880,6328,1,1),(881,6327,2,1),(882,6329,1,NULL),(884,6329,2,1),(885,6330,1,NULL),(887,6330,2,1),(888,6331,1,NULL),(890,6331,2,1),(891,6332,1,NULL),(893,6332,2,1),(894,6334,1,1),(896,6335,1,1),(897,6172,2,1),(898,6171,2,1),(899,6168,2,1),(901,6336,1,1),(903,6337,1,1),(905,6338,1,1),(907,6339,1,1),(908,6320,1,1),(910,6340,1,1),(912,6341,1,1),(914,6342,1,1),(916,5909,3,1),(918,6344,1,1),(922,6350,1,1),(923,6353,1,1),(924,6354,1,1),(926,6357,1,1),(928,6358,1,1),(930,6359,1,1),(932,6360,1,1),(934,6361,1,1),(936,6362,1,1),(937,6363,1,1),(939,6364,1,1),(941,6365,1,1),(943,6366,1,1),(945,6367,1,1),(947,6368,1,1),(949,6369,1,1),(951,6370,1,1),(953,6371,1,1),(955,6372,1,1),(957,6373,1,1),(959,6374,1,1),(961,6375,1,1),(964,6377,1,1),(966,6378,1,1),(968,6379,1,1),(970,6380,1,1),(972,6381,1,1),(974,6382,1,1),(976,6383,1,1),(977,6385,1,1),(979,6386,1,1),(981,6387,1,1),(983,6388,1,1),(985,6389,1,1),(987,6390,1,1),(989,6391,1,1),(991,6393,1,1),(994,6394,1,1),(995,6398,1,1),(997,6399,1,1),(999,6400,1,1),(1000,6405,1,1),(1001,6405,2,NULL),(1002,6405,3,NULL),(1003,6405,4,NULL),(1004,6405,5,NULL),(1006,6407,1,1),(1007,6409,1,1),(1008,6410,1,1),(1009,6411,1,1),(1010,6412,1,1),(1012,6413,1,1),(1013,6414,1,NULL),(1015,6414,2,NULL),(1016,6414,3,1),(1017,6415,1,1),(1020,6193,1,1),(1026,4965,2,NULL),(1027,6416,1,1),(1028,6416,2,NULL),(1029,6417,1,1),(1030,6417,2,NULL),(1033,6419,1,1),(1034,6419,2,NULL),(1037,6420,1,1),(1039,6421,1,1),(1043,6423,1,1),(1045,6424,1,1),(1048,6425,1,1),(1049,6422,1,1);

--
