-- Table structure for table `pre3303_cart`
--

CREATE TABLE `pre3303_cart` (
  `id_cart` int(10) unsigned NOT NULL AUTO_INCREMENT,
  `id_shop_group` int(11) unsigned NOT NULL DEFAULT '1',
  `id_shop` int(11) unsigned NOT NULL DEFAULT '1',
  `id_carrier` int(10) unsigned NOT NULL,
  `delivery_option` text NOT NULL,
  `id_lang` int(10) unsigned NOT NULL,
  `id_address_delivery` int(10) unsigned NOT NULL,
  `id_address_invoice` int(10) unsigned NOT NULL,
  `id_currency` int(10) unsigned NOT NULL,
  `id_customer` int(10) unsigned NOT NULL,
  `id_guest` int(10) unsigned NOT NULL,
  `secure_key` varchar(32) NOT NULL DEFAULT '-1',
  `recyclable` tinyint(1) unsigned NOT NULL DEFAULT '1',
  `gift` tinyint(1) unsigned NOT NULL DEFAULT '0',
  `gift_message` text,
  `mobile_theme` tinyint(1) NOT NULL DEFAULT '0',
  `allow_seperated_package` tinyint(1) unsigned NOT NULL DEFAULT '0',
  `date_add` datetime NOT NULL,
  `date_upd` datetime NOT NULL,
  `checkout_session_data` mediumtext,
  PRIMARY KEY (`id_cart`),
  KEY `cart_customer` (`id_customer`),
  KEY `id_address_delivery` (`id_address_delivery`),
  KEY `id_address_invoice` (`id_address_invoice`),
  KEY `id_carrier` (`id_carrier`),
  KEY `id_lang` (`id_lang`),
  KEY `id_currency` (`id_currency`),
  KEY `id_guest` (`id_guest`),
  KEY `id_shop_group` (`id_shop_group`),
  KEY `id_shop_2` (`id_shop`,`date_upd`),
  KEY `id_shop` (`id_shop`,`date_add`)
) ENGINE=InnoDB AUTO_INCREMENT=481 DEFAULT CHARSET=utf8;

--
-- Dumping data for table `pre3303_cart`
--

INSERT INTO `pre3303_cart` VALUES (2,1,4,1,'{\"6024\":\"1,\"}',1,6024,6024,1,6024,2,'aebe1109ecefedc9e321d8cd263458d1',0,0,'',0,0,'2018-07-15 22:09:12','2018-07-16 18:43:39','{\"checkout-personal-information-step\":{\"step_is_reachable\":true,\"step_is_complete\":true},\"checkout-addresses-step\":{\"step_is_reachable\":true,\"step_is_complete\":true,\"use_same_address\":true},\"checkout-delivery-step\":{\"step_is_reachable\":true,\"step_is_complete\":true},\"checkout-payment-step\":{\"step_is_reachable\":true,\"step_is_complete\":false},\"checksum\":\"a7b72b06f200d19c089213a90babea9faf9b7c0c\"}'),(3,1,4,1,'{\"6024\":\"1,\"}',1,6024,6024,1,6024,2,'aebe1109ecefedc9e321d8cd263458d1',0,0,'',0,0,'2018-07-16 19:42:27','2018-07-16 22:26:41','{\"checkout-personal-information-step\":{\"step_is_reachable\":true,\"step_is_complete\":true},\"checkout-addresses-step\":{\"step_is_reachable\":true,\"step_is_complete\":true,\"use_same_address\":true},\"checkout-delivery-step\":{\"step_is_reachable\":true,\"step_is_complete\":true},\"checkout-payment-step\":{\"step_is_reachable\":true,\"step_is_complete\":false},\"checksum\":\"e214025b2bd0834193069231a33dca9e1acaa4b8\"}'),(14,0,4,1,'{\"6026\":\"1,\"}',1,6026,6026,1,6025,0,'00663f2c0993794191291d5071f706f3',0,0,'',0,0,'2018-07-25 23:28:32','2018-07-25 23:34:59',NULL),(28,1,4,21,'{\"6084\":\"21,\"}',1,6084,6084,1,6180,15596,'d4eb9f573fe917b9316eb67e5a0760d4',0,0,'',0,0,'2018-09-20 17:25:16','2018-09-20 17:41:14','{\"checkout-personal-information-step\":{\"step_is_reachable\":true,\"step_is_complete\":true},\"checkout-addresses-step\":{\"step_is_reachable\":true,\"step_is_complete\":true,\"use_same_address\":true},\"checkout-delivery-step\":{\"step_is_reachable\":true,\"step_is_complete\":true},\"checkout-payment-step\":{\"step_is_reachable\":true,\"step_is_complete\":false},\"checksum\":\"003a8c5f480ee5f7669df70f471460747cd435ba\"}'),(30,1,4,21,'{\"6084\":\"21,\"}',1,6084,6085,1,6180,15596,'d4eb9f573fe917b9316eb67e5a0760d4',0,0,'',0,0,'2018-09-20 19:13:48','2018-09-20 19:16:09','{\"checkout-personal-information-step\":{\"step_is_reachable\":true,\"step_is_complete\":true},\"checkout-addresses-step\":{\"step_is_reachable\":true,\"step_is_complete\":true,\"use_same_address\":false},\"checkout-delivery-step\":{\"step_is_reachable\":true,\"step_is_complete\":true},\"checkout-payment-step\":{\"step_is_reachable\":true,\"step_is_complete\":false},\"checksum\":\"7ef9d3df23084eba82458d058d05a90f32db3cf2\"}'),(31,0,5,24,'{\"6086\":\"24,\"}',1,6086,6086,1,6181,0,'c4ead40932c3a1d83d4df18d124663c2',0,0,'',0,0,'2018-09-21 16:52:36','2018-09-21 17:16:05',NULL),(38,0,2,21,'[\"21,\"]',1,6091,6091,1,6187,0,'7fad1f626f8e0cb11102409a8a43cd13',0,0,'',0,0,'2018-10-04 16:35:56','2018-10-04 16:38:01',NULL),(41,0,5,21,'{\"6092\":\"21,\"}',1,6092,6092,1,6188,0,'b3f459db167b5a80ac64d9d6261ed167',0,0,'',0,0,'2018-10-05 14:27:11','2018-10-05 14:53:20',NULL),(43,0,5,21,'{\"6093\":\"21,\"}',1,6093,6093,1,6189,0,'5183ca0e640699f449a138e9c19faf4c',0,0,'',0,0,'2018-10-05 15:34:26','2018-10-05 15:37:15',NULL),(44,0,4,21,'{\"6094\":\"21,\"}',1,6094,6094,1,6190,0,'c8ab7c976202b376e0a69b1ce0e63f5d',0,0,'',0,0,'2018-10-06 11:27:31','2018-10-06 11:34:42',NULL),(56,0,4,38,'{\"6094\":\"38,\"}',1,6094,6094,1,6190,0,'c8ab7c976202b376e0a69b1ce0e63f5d',0,0,'',0,0,'2018-10-06 13:47:27','2018-10-06 13:52:16',NULL),(57,0,2,36,'{\"6095\":\"36,\"}',1,6095,6095,1,6191,0,'bc34657f9acba47ef57a88c97372493f',0,0,'',0,0,'2018-10-12 19:01:44','2018-10-12 19:10:25',NULL),(60,0,2,36,'{\"6096\":\"36,\"}',1,6096,6096,1,6192,0,'4672703a655471a4c382022c1db59354',0,0,'',0,0,'2018-10-18 09:06:20','2018-10-18 09:09:36',NULL),(61,1,4,36,'{\"6098\":\"36,\"}',1,6098,6098,1,6193,38149,'b290be74b1d2600afb7ff1e67bc72ae5',0,0,'',0,0,'2018-10-18 15:47:57','2018-10-18 15:52:00','{\"checkout-personal-information-step\":{\"step_is_reachable\":true,\"step_is_complete\":true},\"checkout-addresses-step\":{\"step_is_reachable\":true,\"step_is_complete\":true,\"use_same_address\":true},\"checkout-delivery-step\":{\"step_is_reachable\":true,\"step_is_complete\":true},\"checkout-payment-step\":{\"step_is_reachable\":true,\"step_is_complete\":false},\"checksum\":\"9ab06e4dd034affcaef8885107394105f09ebba2\"}'),(62,1,4,36,'{\"6099\":\"36,\"}',1,6099,6099,1,6194,39039,'e3c706792ed9fcaed6144a4dd7a0b83e',0,0,'',0,0,'2018-10-20 10:27:34','2018-10-20 10:35:54','{\"checkout-personal-information-step\":{\"step_is_reachable\":true,\"step_is_complete\":true},\"checkout-addresses-step\":{\"step_is_reachable\":true,\"step_is_complete\":true,\"use_same_address\":true},\"checkout-delivery-step\":{\"step_is_reachable\":true,\"step_is_complete\":true},\"checkout-payment-step\":{\"step_is_reachable\":true,\"step_is_complete\":false},\"checksum\":\"bae5bcc5b719132b20b05bb886340be71b4abcbb\"}'),(67,0,2,36,'{\"6100\":\"36,\"}',1,6100,6100,1,6195,0,'0190e9932c921113366091b0f6a20b97',0,0,'',0,0,'2018-10-23 17:09:50','2018-10-23 17:12:43',NULL),(68,0,2,30,'{\"6101\":\"30,\"}',1,6101,6101,1,6196,0,'58510b997aa27b205b735d75c938d761',0,0,'',0,0,'2018-10-23 17:43:50','2018-10-23 17:54:43',NULL),(70,0,2,30,'{\"6103\":\"30,\"}',1,6103,6103,1,6197,0,'b5e490517d87c079c2faa9a61b2c1134',0,0,'',0,0,'2018-10-23 17:57:16','2018-10-23 17:58:36',NULL),(71,0,2,30,'{\"6104\":\"30,\"}',1,6104,6104,1,6198,0,'f7e3d686e11a0058afadab3bf4858414',0,0,'',0,0,'2018-10-23 18:19:56','2018-10-23 18:21:54',NULL),(72,0,2,36,'[\"36,\"]',1,6105,6105,1,6199,0,'058f46aa2b6cbd38b28bfb4067118a50',0,0,'',0,0,'2018-10-23 18:59:16','2018-10-23 19:02:22',NULL),(74,1,2,36,'{\"6105\":\"36,\"}',1,6105,6105,1,6199,40597,'058f46aa2b6cbd38b28bfb4067118a50',0,0,'',0,0,'2018-10-23 22:07:35','2018-10-24 14:42:58','{\"checkout-personal-information-step\":{\"step_is_reachable\":true,\"step_is_complete\":true},\"checkout-addresses-step\":{\"step_is_reachable\":true,\"step_is_complete\":true,\"use_same_address\":true},\"checkout-delivery-step\":{\"step_is_reachable\":true,\"step_is_complete\":true},\"checkout-payment-step\":{\"step_is_reachable\":true,\"step_is_complete\":false},\"checksum\":\"dae295f6d3ed9823ba6263eb9b8c27754e307232\"}'),(77,0,4,39,'{\"6106\":\"39,\"}',1,6106,6106,1,6200,0,'b31e335bd8f9acb38555766782e6269a',0,0,'',0,0,'2018-10-24 15:13:16','2018-10-24 15:41:34',NULL),(91,0,4,39,'{\"6108\":\"39,\"}',1,6108,6108,1,6201,0,'6360ffba11f4907c0bef0ebaa12a984b',0,0,'',0,0,'2018-10-24 15:47:19','2018-10-24 15:49:55',NULL),(94,0,4,39,'{\"6109\":\"39,\"}',1,6109,6109,1,6202,0,'e01db39ef43f4cb5a08cd8f102515644',0,0,'',0,0,'2018-10-24 15:54:13','2018-10-24 15:55:20',NULL),(95,0,4,39,'{\"6110\":\"39,\"}',1,6110,6110,1,6203,0,'de23ebeea58460334356bb6601939511',0,0,'',0,0,'2018-10-24 15:57:28','2018-10-24 16:00:30',NULL),(96,0,4,39,'{\"6111\":\"39,\"}',1,6111,6111,1,6204,0,'88dba5c06975efe0bfcd73cd2fe95efb',0,0,'',0,0,'2018-10-24 16:02:31','2018-10-24 16:04:33',NULL),(98,0,4,39,'{\"6112\":\"39,\"}',1,6112,6112,1,6205,0,'cfbaa0b743b6ab31f8189719e3fe630f',0,0,'',0,0,'2018-10-24 16:06:04','2018-10-24 16:08:38',NULL),(99,0,4,39,'{\"6113\":\"39,\"}',1,6113,6113,1,6206,0,'f905b66193c9b54d578c6a5d7f44f196',0,0,'',0,0,'2018-10-24 16:11:03','2018-10-24 16:14:23',NULL),(102,0,4,39,'{\"6114\":\"39,\"}',1,6114,6114,1,6207,0,'95eb391f6e8b399049b9b3a847c437b6',0,0,'',0,0,'2018-10-24 16:48:02','2018-10-24 16:49:01',NULL),(103,0,4,40,'{\"6115\":\"40,\"}',1,6115,6115,1,6208,0,'354cada37c66ac876f1bc441ee826a3e',0,0,'',0,0,'2018-10-24 16:50:33','2018-10-24 17:16:40',NULL),(105,0,4,39,'{\"6116\":\"39,\"}',1,6116,6116,1,6209,0,'2bc5cab1432bdd51143fb5955d50edc9',0,0,'',0,0,'2018-10-24 17:05:27','2018-10-24 17:07:05',NULL),(106,0,4,39,'{\"6117\":\"39,\"}',1,6117,6117,1,6210,0,'49d5f535f8354d8ae3f1c9c368675f95',0,0,'',0,0,'2018-10-24 17:08:37','2018-10-24 17:09:53',NULL),(107,0,4,39,'{\"6118\":\"39,\"}',1,6118,6118,1,6211,0,'cef6ab5df36436f440a9b519400513f9',0,0,'',0,0,'2018-10-24 17:10:58','2018-10-24 17:12:23',NULL),(108,0,4,40,'{\"6119\":\"40,\"}',1,6119,6119,1,6212,0,'61edfe43132b9610fc295f386e084b41',0,0,'',0,0,'2018-10-24 17:17:55','2018-10-24 17:19:54',NULL),(109,0,4,40,'{\"6120\":\"40,\"}',1,6120,6120,1,6213,0,'77f4a212378a6b1fc73022dd86d52eaa',0,0,'',0,0,'2018-10-24 17:21:34','2018-10-24 17:24:28',NULL),(110,0,4,40,'{\"6120\":\"40,\"}',1,6120,6120,1,6213,0,'77f4a212378a6b1fc73022dd86d52eaa',0,0,'',0,0,'2018-10-24 18:54:07','2018-10-24 18:55:25',NULL),(111,0,4,40,'{\"6119\":\"40,\"}',1,6119,6119,1,6212,0,'61edfe43132b9610fc295f386e084b41',0,0,'',0,0,'2018-10-24 18:56:22','2018-10-24 18:56:57',NULL),(114,0,4,36,'{\"6122\":\"36,\"}',1,6122,6122,1,6214,0,'a77ec8d81fa87aa35db79bfd86b41e33',0,0,'',0,0,'2018-10-25 16:16:06','2018-10-25 16:19:40',NULL),(119,1,4,39,'',1,6026,6026,1,6025,0,'00663f2c0993794191291d5071f706f3',0,0,'',0,0,'2018-10-30 18:58:07','2018-10-30 18:58:07',NULL),(121,1,4,39,'',1,6026,6026,1,6025,0,'00663f2c0993794191291d5071f706f3',0,0,'',0,0,'2018-10-30 18:58:27','2018-10-30 18:58:27',NULL),(122,1,4,39,'',1,6026,6026,1,6025,0,'00663f2c0993794191291d5071f706f3',0,0,'',0,0,'2018-10-30 18:58:43','2018-10-30 18:58:43',NULL),(124,1,4,39,'',1,6026,6026,1,6025,0,'00663f2c0993794191291d5071f706f3',0,0,'',0,0,'2018-10-30 18:59:48','2018-10-30 18:59:48',NULL),(126,0,2,36,'[\"36,\"]',1,6124,6124,1,6216,0,'de170f0fe6fa62f57b0c5021d507627b',0,0,'',0,0,'2018-11-02 14:32:25','2018-11-02 14:43:19',NULL),(127,0,2,36,'[\"36,\"]',1,6126,6126,1,6217,0,'fab3432fdc921ab07465a27db0823300',0,0,'',0,0,'2018-11-02 15:01:31','2018-11-02 17:40:00',NULL),(128,0,2,36,'{\"6129\":\"36,\"}',1,6129,6129,1,6219,0,'50dedf6d4f481975b4f437c91ac506b1',0,0,'',0,0,'2018-11-02 17:48:16','2018-11-02 17:50:56',NULL),(129,0,2,36,'{\"6130\":\"36,\"}',1,6130,6130,1,6218,0,'add0e344bda99b8e3a1172072e6efaec',0,0,'',0,0,'2018-11-02 17:56:18','2018-11-02 18:16:39',NULL),(130,1,4,0,'',1,0,0,1,0,48013,'',0,0,'',0,0,'2018-11-03 20:21:05','2018-11-03 20:21:05',NULL),(131,1,4,40,'{\"6131\":\"40,\"}',1,6131,6131,1,6220,49053,'172ea7af8bc0582b6242e1f2a6abeec1',0,0,'',0,0,'2018-11-04 15:53:40','2018-11-04 15:56:08','{\"checkout-personal-information-step\":{\"step_is_reachable\":true,\"step_is_complete\":true},\"checkout-addresses-step\":{\"step_is_reachable\":true,\"step_is_complete\":true,\"use_same_address\":true},\"checkout-delivery-step\":{\"step_is_reachable\":true,\"step_is_complete\":true},\"checkout-payment-step\":{\"step_is_reachable\":true,\"step_is_complete\":false},\"checksum\":\"d7bedccf5101bfff62fdd3abd1da555e4948cc80\"}'),(132,1,4,36,'{\"6132\":\"36,\"}',1,6132,6132,1,6221,49062,'a127c1cfed43adc569ae6abd67c07544',0,0,'',0,0,'2018-11-04 16:09:22','2018-11-04 16:13:23','{\"checkout-personal-information-step\":{\"step_is_reachable\":true,\"step_is_complete\":true},\"checkout-addresses-step\":{\"step_is_reachable\":true,\"step_is_complete\":true,\"use_same_address\":true},\"checkout-delivery-step\":{\"step_is_reachable\":true,\"step_is_complete\":true},\"checkout-payment-step\":{\"step_is_reachable\":true,\"step_is_complete\":false},\"checksum\":\"8a8fbb460dac761354f6b59aaa95a2fbb4543cff\"}'),(133,1,4,0,'',1,0,0,1,0,49291,'',0,0,'',0,0,'2018-11-04 21:54:41','2018-11-04 21:54:41',NULL),(134,1,4,0,'',1,0,0,1,0,49399,'',0,0,'',0,0,'2018-11-05 01:11:30','2018-11-05 01:11:30',NULL),(135,1,4,0,'',1,0,0,1,0,49767,'',0,0,'',0,0,'2018-11-05 17:41:42','2018-11-05 17:41:42',NULL),(136,1,4,0,'',1,0,0,1,0,50114,'',0,0,'',0,0,'2018-11-06 12:23:22','2018-11-06 12:23:22','{\"checkout-personal-information-step\":{\"step_is_reachable\":true,\"step_is_complete\":false},\"checkout-addresses-step\":{\"step_is_reachable\":false,\"step_is_complete\":false,\"use_same_address\":true},\"checkout-delivery-step\":{\"step_is_reachable\":false,\"step_is_complete\":false},\"checkout-payment-step\":{\"step_is_reachable\":false,\"step_is_complete\":false},\"checksum\":null}'),(137,1,4,0,'',1,0,0,1,0,50388,'',0,0,'',0,0,'2018-11-06 19:20:44','2018-11-06 19:20:44',NULL),(138,1,4,0,'',2,0,0,1,0,51873,'',0,0,'',0,0,'2018-11-07 15:10:49','2018-11-07 15:10:49',NULL),(139,1,2,0,'',1,0,0,1,0,51896,'',0,0,'',0,0,'2018-11-07 15:40:55','2018-11-07 15:40:55',NULL),(140,0,2,36,'[\"36,\"]',1,0,0,1,6222,0,'4bb1a8db4d055ea9c0b00afb27602212',0,0,'',0,0,'2018-11-07 16:12:21','2018-11-07 16:12:47',NULL),(141,1,4,40,'{\"6133\":\"40,\"}',1,6133,6133,1,6223,51903,'4e746a3f1bdecd24425a51cd3f2cdc1d',0,0,'',0,0,'2018-11-07 16:12:58','2018-11-07 16:16:27','{\"checkout-personal-information-step\":{\"step_is_reachable\":true,\"step_is_complete\":true},\"checkout-addresses-step\":{\"step_is_reachable\":true,\"step_is_complete\":true,\"use_same_address\":true},\"checkout-delivery-step\":{\"step_is_reachable\":true,\"step_is_complete\":true},\"checkout-payment-step\":{\"step_is_reachable\":true,\"step_is_complete\":false},\"checksum\":\"38498e2e116d45e676a64ae40ee2ff8eaa0cf5fd\"}'),(142,0,2,36,'[\"36,\"]',1,0,0,1,6222,0,'4bb1a8db4d055ea9c0b00afb27602212',0,0,'',0,0,'2018-11-07 16:15:13','2018-11-07 16:16:07',NULL),(143,0,2,36,'{\"6134\":\"36,\"}',1,6134,6134,1,6224,0,'530d9cbe8daa6cbe376864c8cd5254be',0,0,'',0,0,'2018-11-07 17:19:23','2018-11-07 17:20:20',NULL),(145,0,2,36,'{\"6130\":\"36,\"}',1,6130,6130,1,6218,0,'add0e344bda99b8e3a1172072e6efaec',0,0,'',0,0,'2018-11-07 17:34:19','2018-11-07 17:38:18',NULL),(146,0,2,36,'[\"36,\"]',1,0,0,1,6225,0,'9a7e286cba78d28ddb5d0961ec393ce2',0,0,'',0,0,'2018-11-07 17:45:20','2018-11-07 17:46:21',NULL),(147,0,2,36,'[\"36,\"]',1,6135,6135,1,6226,0,'dbb51f32e815940118b2409b42c81d56',0,0,'',0,0,'2018-11-07 17:51:12','2018-11-07 18:00:59',NULL),(148,0,2,36,'[\"36,\"]',1,6136,6136,1,6227,0,'a917d93b82453676db722d2a6ad4cc93',0,0,'',0,0,'2018-11-07 18:10:16','2018-11-07 18:16:12',NULL),(149,0,2,0,'',1,6101,6101,1,6196,0,'58510b997aa27b205b735d75c938d761',0,0,'',0,0,'2018-11-07 18:22:00','2018-11-07 18:23:31',NULL),(150,0,2,30,'{\"6101\":\"30,\"}',1,6101,6101,1,6196,0,'58510b997aa27b205b735d75c938d761',0,0,'',0,0,'2018-11-07 18:23:31','2018-11-07 18:23:31',NULL),(151,0,2,36,'[\"36,\"]',1,6137,6137,1,6228,0,'a39ba9097922e04e6f557e633cb84938',0,0,'',0,0,'2018-11-07 18:29:17','2018-11-07 18:38:05',NULL),(152,0,2,36,'[\"36,\"]',1,6139,6139,1,6229,0,'95ea6ef5401ab34f5bdb4ba0e8a9a4d2',0,0,'',0,0,'2018-11-08 13:23:44','2018-11-08 13:31:29',NULL),(154,1,4,0,'',1,0,0,1,0,54029,'',0,0,'',0,0,'2018-11-09 14:31:14','2018-11-09 14:31:15','{\"checkout-personal-information-step\":{\"step_is_reachable\":true,\"step_is_complete\":false},\"checkout-addresses-step\":{\"step_is_reachable\":false,\"step_is_complete\":false,\"use_same_address\":true},\"checkout-delivery-step\":{\"step_is_reachable\":false,\"step_is_complete\":false},\"checkout-payment-step\":{\"step_is_reachable\":false,\"step_is_complete\":false},\"checksum\":null}'),(155,0,4,0,'',1,6132,6132,1,6221,0,'a127c1cfed43adc569ae6abd67c07544',0,0,'',0,0,'2018-11-09 16:57:49','2018-11-09 17:01:41',NULL),(156,1,4,40,'{\"6141\":\"40,\"}',1,6141,6141,1,6232,54085,'bee8f13820b00b755baca065e2c905b5',0,0,'',0,0,'2018-11-09 17:12:09','2018-11-09 17:30:56','{\"checkout-personal-information-step\":{\"step_is_reachable\":true,\"step_is_complete\":true},\"checkout-addresses-step\":{\"step_is_reachable\":true,\"step_is_complete\":true,\"use_same_address\":true},\"checkout-delivery-step\":{\"step_is_reachable\":true,\"step_is_complete\":true},\"checkout-payment-step\":{\"step_is_reachable\":true,\"step_is_complete\":false},\"checksum\":\"e8071d3f51a606773b0f84f7c88bdde1b0f6c429\"}'),(157,1,4,40,'{\"6141\":\"40,\"}',1,6141,6141,1,6232,54085,'bee8f13820b00b755baca065e2c905b5',0,0,'',0,0,'2018-11-09 17:36:39','2018-11-09 17:39:34','{\"checkout-personal-information-step\":{\"step_is_reachable\":true,\"step_is_complete\":true},\"checkout-addresses-step\":{\"step_is_reachable\":true,\"step_is_complete\":true,\"use_same_address\":true},\"checkout-delivery-step\":{\"step_is_reachable\":true,\"step_is_complete\":true},\"checkout-payment-step\":{\"step_is_reachable\":true,\"step_is_complete\":false},\"checksum\":\"ef7bc8c2d79733d53ca458f62b0827e141831716\"}'),(158,0,4,36,'{\"6142\":\"36,\"}',1,6142,6142,1,6233,0,'471b04a2244e11181330def1536f2a4b',0,0,'',0,0,'2018-11-09 17:54:19','2018-11-09 18:03:59',NULL),(160,1,4,40,'{\"6143\":\"40,\"}',2,6143,6143,1,6234,55128,'d8cd31bd7de2817eb863af2a30bc75e9',0,0,'',0,0,'2018-11-10 12:25:23','2018-11-10 12:32:33','{\"checkout-personal-information-step\":{\"step_is_reachable\":true,\"step_is_complete\":true},\"checkout-addresses-step\":{\"step_is_reachable\":true,\"step_is_complete\":true,\"use_same_address\":true},\"checkout-delivery-step\":{\"step_is_reachable\":true,\"step_is_complete\":true},\"checkout-payment-step\":{\"step_is_reachable\":true,\"step_is_complete\":false},\"checksum\":\"2d09083d11a27e37b98698aae585bbdcaa1fc8fe\"}'),(161,1,4,0,'',1,6144,6144,1,6235,55129,'aff78688c42a51851a4a7fd5767ad70b',0,0,'',0,0,'2018-11-10 15:36:39','2018-11-10 15:38:30','{\"checkout-personal-information-step\":{\"step_is_reachable\":true,\"step_is_complete\":true},\"checkout-addresses-step\":{\"step_is_reachable\":true,\"step_is_complete\":true,\"use_same_address\":true},\"checkout-delivery-step\":{\"step_is_reachable\":true,\"step_is_complete\":false},\"checkout-payment-step\":{\"step_is_reachable\":false,\"step_is_complete\":false},\"checksum\":\"a94de429a3f4d1d0bea4701774bc561f4f29321a\"}'),(162,0,4,36,'{\"6145\":\"36,\"}',1,6145,6145,1,6236,0,'e97dddda699a3138bac5ff6d5d0971c0',0,0,'',0,0,'2018-11-10 16:06:27','2018-11-10 16:09:47',NULL),(163,0,4,40,'{\"6146\":\"40,\"}',1,6146,6146,1,6237,0,'7cfe7b579519641e66f4d355fd831ca8',0,0,'',0,0,'2018-11-10 17:52:51','2018-11-10 18:33:39',NULL),(166,1,4,0,'',1,0,0,1,0,55705,'',0,0,'',0,0,'2018-11-10 19:11:26','2018-11-10 19:11:26',NULL),(167,1,4,0,'',1,0,0,1,0,56802,'',0,0,'',0,0,'2018-11-12 21:43:58','2018-11-12 21:43:59',NULL),(168,1,4,0,'',1,0,0,1,0,57791,'',0,0,'',0,0,'2018-11-14 12:24:37','2018-11-14 12:24:37',NULL),(169,1,4,0,'',1,6099,6099,1,6194,57866,'e3c706792ed9fcaed6144a4dd7a0b83e',0,0,'',0,0,'2018-11-14 15:37:45','2018-11-14 15:37:45',NULL),(170,1,4,0,'',1,0,0,1,0,57879,'',0,0,'',0,0,'2018-11-14 17:51:13','2018-11-14 17:51:43',NULL),(171,1,4,0,'',1,0,0,1,0,58850,'',0,0,'',0,0,'2018-11-15 11:01:08','2018-11-15 11:01:08','{\"checkout-personal-information-step\":{\"step_is_reachable\":true,\"step_is_complete\":false},\"checkout-addresses-step\":{\"step_is_reachable\":false,\"step_is_complete\":false,\"use_same_address\":true},\"checkout-delivery-step\":{\"step_is_reachable\":false,\"step_is_complete\":false},\"checkout-payment-step\":{\"step_is_reachable\":false,\"step_is_complete\":false},\"checksum\":null}'),(172,1,4,0,'',1,0,0,1,6239,58868,'a60b1cfcedfe7a26dd54181306fd11ab',0,0,'',0,0,'2018-11-15 18:11:55','2018-11-15 18:32:45','{\"checkout-personal-information-step\":{\"step_is_reachable\":true,\"step_is_complete\":true},\"checkout-addresses-step\":{\"step_is_reachable\":true,\"step_is_complete\":false,\"use_same_address\":true},\"checkout-delivery-step\":{\"step_is_reachable\":false,\"step_is_complete\":false},\"checkout-payment-step\":{\"step_is_reachable\":false,\"step_is_complete\":false},\"checksum\":null}'),(173,1,4,0,'',1,0,0,1,0,52016,'',0,0,'',0,0,'2018-11-16 11:06:28','2018-11-16 11:06:29',NULL),(175,0,2,0,'',1,6095,6095,1,6191,0,'bc34657f9acba47ef57a88c97372493f',0,0,'',0,0,'2018-11-17 16:56:33','2018-11-28 14:51:17',NULL),(176,0,2,36,'[\"36,\"]',1,6148,6148,1,6240,0,'67a535322ac28b63a7b068c04434531a',0,0,'',0,0,'2018-11-17 17:02:14','2018-11-17 17:05:25',NULL),(177,0,2,36,'[\"36,\"]',1,6150,6150,1,6241,0,'7d6c6ac4889ce53423c1db249d57662b',0,0,'',0,0,'2018-11-17 18:00:16','2018-11-17 18:42:09',NULL),(178,0,2,36,'[\"36,\"]',1,6149,6149,1,6242,0,'cacef0ac08a08b501c623b177e40e75a',0,0,'',0,0,'2018-11-17 18:15:14','2018-11-17 18:25:17',NULL),(179,0,2,36,'[\"36,\"]',1,6151,6151,1,6243,0,'f757e45c9a56fd63fd057fcec483d86a',0,0,'',0,0,'2018-11-17 18:50:05','2018-11-17 18:54:26',NULL),(180,0,2,36,'[\"36,\"]',1,0,0,1,6244,0,'e76fe595473cd838700ef7ce6db7659d',0,0,'',0,0,'2018-11-17 18:56:49','2018-11-17 19:02:03',NULL),(181,0,2,36,'[\"36,\"]',1,6152,6152,1,6244,0,'e76fe595473cd838700ef7ce6db7659d',0,0,'',0,0,'2018-11-17 19:03:50','2018-11-17 19:10:35',NULL),(182,1,4,0,'',1,0,0,1,0,61073,'',0,0,'',0,0,'2018-11-17 20:22:23','2018-11-17 20:22:23',NULL),(183,1,4,0,'',1,0,0,1,0,61458,'',0,0,'',0,0,'2018-11-18 09:58:27','2018-11-30 13:58:51','{\"checkout-personal-information-step\":{\"step_is_reachable\":true,\"step_is_complete\":false},\"checkout-addresses-step\":{\"step_is_reachable\":false,\"step_is_complete\":false,\"use_same_address\":true},\"checkout-delivery-step\":{\"step_is_reachable\":false,\"step_is_complete\":false},\"checkout-payment-step\":{\"step_is_reachable\":false,\"step_is_complete\":false},\"checksum\":null}'),(184,0,2,41,'{\"6153\":\"41,\"}',1,6153,6153,1,6245,0,'41f780de609e3ea5003ba205ce5e7151',0,0,'',0,0,'2018-11-20 11:46:49','2018-11-20 11:53:05','{\"checkout-personal-information-step\":{\"step_is_reachable\":true,\"step_is_complete\":true},\"checkout-addresses-step\":{\"step_is_reachable\":true,\"step_is_complete\":false,\"use_same_address\":true},\"checkout-delivery-step\":{\"step_is_reachable\":false,\"step_is_complete\":false},\"checkout-payment-step\":{\"step_is_reachable\":false,\"step_is_complete\":false},\"checksum\":\"75d1066779b89d7e225597a39bd2a0020dc68d3b\"}'),(185,0,2,36,'{\"6154\":\"36,\"}',1,6154,6154,1,6246,0,'d60cb8251f07fa637eb6aa111c1e1d7e',0,0,'',0,0,'2018-11-20 14:43:44','2018-11-20 14:48:42',NULL),(186,0,2,36,'[\"36,\"]',1,6155,6155,1,6247,0,'dc68d83e622d385ce8ed94da59176b96',0,0,'',0,0,'2018-11-21 13:08:14','2018-11-21 13:26:52',NULL),(187,0,2,36,'[\"36,\"]',1,6156,6156,1,6248,0,'f1993c4ccb88cff2c2f1b6451c665c30',0,0,'',0,0,'2018-11-21 13:48:33','2018-11-21 13:56:40',NULL),(188,0,2,36,'[\"36,\"]',1,0,0,1,6249,0,'067607e06b69db029d436fb91c8f7201',0,0,'',0,0,'2018-11-21 14:00:20','2018-11-21 14:02:46',NULL),(189,0,2,36,'[\"36,\"]',1,6158,6158,1,6250,0,'58120f61cb6f30b897073890f162f3f6',0,0,'',0,0,'2018-11-21 14:22:06','2018-11-21 14:28:28',NULL),(190,0,2,36,'[\"36,\"]',1,6159,6159,1,6251,0,'6257c5ebcd859f9f0bddcfc6ed7fc307',0,0,'',0,0,'2018-11-21 14:42:24','2018-11-21 14:46:38',NULL),(191,0,2,36,'[\"36,\"]',1,6160,6160,1,6252,0,'cecca86deba604cded04fb214ed6bd07',0,0,'',0,0,'2018-11-21 15:03:02','2018-11-21 15:10:38',NULL),(192,0,2,36,'[\"36,\"]',1,6161,6161,1,6253,0,'ad3b6881d8821725cf4c65937b05b6e4',0,0,'',0,0,'2018-11-21 15:38:21','2018-11-21 15:57:26',NULL),(193,0,2,36,'[\"36,\"]',1,6162,6162,1,6254,0,'335c4ddfc072aeb4f90df0a92dd20060',0,0,'',0,0,'2018-11-21 16:00:45','2018-11-21 16:08:02',NULL),(194,0,2,36,'[\"36,\"]',1,6163,6163,1,6255,0,'f97f14921cae48a781937e874b2abc4d',0,0,'',0,0,'2018-11-21 16:14:12','2018-11-21 16:20:38',NULL),(195,0,2,36,'[\"36,\"]',1,6164,6164,1,6256,0,'537692be3e29969ca318ef98546ab6cf',0,0,'',0,0,'2018-11-21 16:27:20','2018-11-21 16:39:52',NULL),(196,0,2,36,'[\"36,\"]',1,6165,6165,1,6257,0,'9bb41582e3704f235294ed1ea58637e0',0,0,'',0,0,'2018-11-21 16:42:39','2018-11-21 16:51:33',NULL),(197,0,2,36,'[\"36,\"]',1,6166,6166,1,6258,0,'aba0873eb82fe4cba542c5d612890c4b',0,0,'',0,0,'2018-11-21 17:03:35','2018-11-21 17:06:59',NULL),(198,0,2,36,'[\"36,\"]',1,6167,6167,1,6259,0,'e02ddc012465a4cf7d60678d3ca91c4f',0,0,'',0,0,'2018-11-21 17:13:04','2018-11-21 17:18:34',NULL),(199,0,4,40,'{\"6168\":\"40,\"}',1,6168,6168,1,6260,0,'607a85e2facfe5079a7c245b963b8bce',0,0,'',0,0,'2018-11-22 14:10:07','2018-11-22 16:50:19',NULL),(200,0,4,0,'',1,6168,6168,1,6260,0,'607a85e2facfe5079a7c245b963b8bce',0,0,'',0,0,'2018-11-22 14:14:28','2018-11-22 16:49:48',NULL),(201,1,4,0,'',2,0,0,1,0,67059,'',0,0,'',0,0,'2018-11-22 15:27:49','2018-11-22 15:29:32',NULL),(202,1,4,0,'',1,0,0,1,0,67402,'',0,0,'',0,0,'2018-11-22 20:10:35','2018-11-22 20:10:35',NULL),(203,1,4,0,'',1,0,0,1,0,67339,'',0,0,'',0,0,'2018-11-22 20:46:02','2018-11-22 21:58:38',NULL),(204,1,4,0,'',1,0,0,1,0,67428,'',0,0,'',0,0,'2018-11-22 20:52:11','2018-11-22 20:52:12',NULL),(205,1,4,0,'',1,0,0,1,0,55113,'',0,0,'',0,0,'2018-11-22 23:25:38','2018-11-22 23:27:36',NULL),(206,1,4,0,'',1,0,0,1,0,67610,'',0,0,'',0,0,'2018-11-23 02:03:20','2018-11-23 02:03:20',NULL),(207,1,4,0,'',1,0,0,1,0,67716,'',0,0,'',0,0,'2018-11-23 06:40:02','2018-11-23 06:40:02',NULL),(208,1,4,0,'',1,0,0,1,0,67946,'',0,0,'',0,0,'2018-11-23 13:09:44','2018-11-23 13:11:33',NULL),(209,1,4,0,'',1,6141,6141,1,6232,67999,'bee8f13820b00b755baca065e2c905b5',0,0,'',0,0,'2018-11-23 14:23:09','2018-11-23 14:23:09',NULL),(210,1,4,40,'{\"6141\":\"40,\"}',1,6141,6141,1,6232,54085,'bee8f13820b00b755baca065e2c905b5',0,0,'',0,0,'2018-11-23 14:24:12','2018-11-23 14:24:12','{\"checkout-personal-information-step\":{\"step_is_reachable\":true,\"step_is_complete\":true},\"checkout-addresses-step\":{\"step_is_reachable\":true,\"step_is_complete\":false,\"use_same_address\":true},\"checkout-delivery-step\":{\"step_is_reachable\":false,\"step_is_complete\":false},\"checkout-payment-step\":{\"step_is_reachable\":false,\"step_is_complete\":false},\"checksum\":\"ef7bc8c2d79733d53ca458f62b0827e141831716\"}'),(211,1,4,0,'',1,0,0,1,0,66955,'',0,0,'',0,0,'2018-11-23 16:39:09','2018-11-23 16:39:09',NULL),(212,1,4,0,'',1,0,0,1,0,56529,'',0,0,'',0,0,'2018-11-23 18:27:15','2018-11-23 18:27:15',NULL),(213,0,4,36,'[\"36,\"]',1,6169,6169,1,6261,0,'535c74ab0d2559106735ccd2b88968b7',0,0,'',0,0,'2018-11-24 13:42:03','2018-12-05 11:29:01',NULL),(214,0,2,36,'[\"36,\"]',1,6170,6170,1,6262,0,'b3e29f7aee78d8b7b1aeb988181e1156',0,0,'',0,0,'2018-11-24 14:02:52','2018-11-24 14:08:42',NULL),(215,0,4,36,'{\"6173\":\"36,\"}',1,6173,6173,1,6263,0,'af97ddf4db9639dfc6a85ce95ae28f3f',0,0,'',0,0,'2018-11-24 14:18:16','2018-11-24 14:39:57',NULL),(216,1,4,40,'{\"6172\":\"40,\"}',1,6172,6172,1,6264,68762,'ceb12af79a28bf32bd0c7f8da6309f65',0,0,'',0,0,'2018-11-24 14:22:39','2018-11-24 14:25:17','{\"checkout-personal-information-step\":{\"step_is_reachable\":true,\"step_is_complete\":true},\"checkout-addresses-step\":{\"step_is_reachable\":true,\"step_is_complete\":true,\"use_same_address\":true},\"checkout-delivery-step\":{\"step_is_reachable\":true,\"step_is_complete\":true},\"checkout-payment-step\":{\"step_is_reachable\":true,\"step_is_complete\":false},\"checksum\":\"fdb8df5403018adb66040118a993d39eda0c684d\"}'),(217,0,4,0,'',1,6173,6173,1,6263,0,'af97ddf4db9639dfc6a85ce95ae28f3f',0,0,'',0,0,'2018-11-24 15:35:40','2018-11-24 15:36:07',NULL),(218,0,4,36,'{\"6173\":\"36,\"}',1,6173,6173,1,6263,0,'af97ddf4db9639dfc6a85ce95ae28f3f',0,0,'',0,0,'2018-11-24 15:37:20','2018-11-24 15:40:44',NULL),(219,0,4,0,'',1,0,0,1,6265,0,'88e71f699efe5f070099b585b7729d90',0,0,'',0,0,'2018-11-24 15:51:30','2018-11-24 15:51:30',NULL),(220,0,4,36,'[\"36,\"]',1,6175,6175,1,6266,0,'b184cb64a88f059cddcb2add5c13559d',0,0,'',0,0,'2018-11-24 15:53:53','2018-11-24 16:01:12',NULL),(221,1,4,0,'',1,0,0,1,0,68840,'',0,0,'',0,0,'2018-11-24 16:05:01','2018-11-24 16:05:01',NULL),(222,0,4,36,'[\"36,\"]',1,6176,6176,1,6267,0,'ece756564c3b36aedd71e49bd24c81a1',0,0,'',0,0,'2018-11-24 16:13:29','2018-11-24 16:19:50',NULL),(223,0,4,36,'{\"6177\":\"36,\"}',1,6177,6177,1,6268,0,'25b65a18a1a1023ac858102c3c074712',0,0,'',0,0,'2018-11-24 16:25:41','2018-11-24 16:28:59',NULL),(224,0,4,36,'[\"36,\"]',1,6178,6178,1,6269,0,'3e2143c2942bd0bdf03c73b6a0b75909',0,0,'',0,0,'2018-11-24 16:35:41','2018-11-24 16:45:03',NULL),(225,0,4,40,'{\"6179\":\"40,\"}',1,6179,6179,1,6270,0,'3e2143c2942bd0bdf03c73b6a0b75909',0,0,'',0,0,'2018-11-24 16:54:21','2018-11-26 16:25:08','{\"checkout-personal-information-step\":{\"step_is_reachable\":true,\"step_is_complete\":true},\"checkout-addresses-step\":{\"step_is_reachable\":true,\"step_is_complete\":true,\"use_same_address\":true},\"checkout-delivery-step\":{\"step_is_reachable\":true,\"step_is_complete\":true},\"checkout-payment-step\":{\"step_is_reachable\":true,\"step_is_complete\":false},\"checksum\":\"cf2be0c92669a6fb17bcb81a0a72a43bf2a4a22e\"}'),(226,0,4,36,'{\"6178\":\"36,\"}',1,6178,6178,1,6269,0,'3e2143c2942bd0bdf03c73b6a0b75909',0,0,'',0,0,'2018-11-24 16:57:55','2018-11-24 17:00:56',NULL),(227,0,4,36,'[\"36,\"]',1,6180,6180,1,6271,0,'f9fbec1da41ecae57d46f8d7329669a1',0,0,'',0,0,'2018-11-24 17:08:38','2018-11-24 17:13:32',NULL),(228,0,4,36,'[\"36,\"]',1,6181,6181,1,6272,0,'7a449f3e441c6415453a3228bbee5b6b',0,0,'',0,0,'2018-11-24 17:25:54','2018-11-24 17:27:43',NULL),(229,0,4,36,'{\"6181\":\"36,\"}',1,6181,6181,1,6272,0,'7a449f3e441c6415453a3228bbee5b6b',0,0,'',0,0,'2018-11-24 17:30:56','2018-11-24 17:31:40',NULL),(230,0,4,36,'{\"6024\":\"36,\"}',1,6024,6024,1,6026,0,'8ef826995237768fc1d7defb5f827eb8',0,0,'',0,0,'2018-11-24 17:35:22','2018-11-24 17:38:54',NULL),(231,0,4,0,'',1,0,0,1,6273,0,'72a1f9be1a4002427ade551ff18b7316',0,0,'',0,0,'2018-11-24 17:48:50','2018-11-24 17:58:04',NULL),(232,1,4,36,'{\"6182\":\"36,\"}',1,6182,6182,1,6274,68900,'0578fda48f0e05f6adb73b1b2d3bbede',0,0,'',0,0,'2018-11-24 18:02:16','2018-11-24 18:05:06','{\"checkout-personal-information-step\":{\"step_is_reachable\":true,\"step_is_complete\":true},\"checkout-addresses-step\":{\"step_is_reachable\":true,\"step_is_complete\":true,\"use_same_address\":true},\"checkout-delivery-step\":{\"step_is_reachable\":true,\"step_is_complete\":true},\"checkout-payment-step\":{\"step_is_reachable\":true,\"step_is_complete\":false},\"checksum\":\"ea63b633d74fd5f2ab0e692ac1a18f9c73ba2658\"}'),(233,0,4,36,'[\"36,\"]',1,6183,6183,1,6273,0,'72a1f9be1a4002427ade551ff18b7316',0,0,'',0,0,'2018-11-24 18:03:47','2018-11-24 18:07:39',NULL),(234,0,4,36,'{\"6185\":\"36,\"}',1,6185,6185,1,6275,0,'6bc355e3744477f311c1f5813551fcb4',0,0,'',0,0,'2018-11-24 18:16:30','2018-11-24 18:20:34',NULL),(235,0,4,36,'{\"6186\":\"36,\"}',1,6186,6186,1,6276,0,'5ed17a2e3ff4fee48608093b02c7f0b9',0,0,'',0,0,'2018-11-24 18:27:27','2018-11-24 18:32:34',NULL),(236,0,4,36,'{\"6182\":\"36,\"}',1,6182,6182,1,6274,0,'0578fda48f0e05f6adb73b1b2d3bbede',0,0,'',0,0,'2018-11-24 18:33:59','2018-11-24 18:34:20',NULL),(237,0,4,36,'[\"36,\"]',1,6179,6179,1,6270,0,'7a178fa67cf5fcf9b3b86a23f3df1e72',0,0,'',0,0,'2018-11-24 18:36:52','2018-11-24 18:48:43',NULL),(238,1,4,0,'',1,6179,6179,1,6270,68939,'79e7f14e3112a416eac0649dd89fcca8',0,0,'',0,0,'2018-11-24 18:51:25','2018-11-26 16:24:32',NULL),(239,0,4,36,'[\"36,\"]',1,6188,6188,1,6278,0,'d66db395d3888f013b9993128ded39f7',0,0,'',0,0,'2018-11-24 19:06:41','2018-11-24 19:20:20',NULL),(240,0,4,0,'',1,6187,6187,1,6277,0,'7a178fa67cf5fcf9b3b86a23f3df1e72',0,0,'',0,0,'2018-11-24 19:07:36','2018-11-24 19:10:40',NULL),(241,0,4,0,'',1,0,0,1,6278,0,'d66db395d3888f013b9993128ded39f7',0,0,'',0,0,'2018-11-24 19:11:44','2018-11-24 19:17:53',NULL),(242,1,4,0,'',1,0,0,1,0,69289,'',0,0,'',0,0,'2018-11-25 09:36:54','2018-11-25 09:36:54',NULL),(243,1,4,0,'',1,0,0,1,6279,69690,'ee14b027c149c29ae1522d6371f44604',0,0,'',0,0,'2018-11-25 10:15:31','2018-11-25 14:22:54',NULL),(244,1,4,0,'',1,0,0,1,0,69761,'',0,0,'',0,0,'2018-11-25 13:52:37','2018-11-25 13:52:37',NULL),(245,1,4,36,'{\"6237\":\"36,\"}',1,6237,6237,1,6323,69896,'b7294c5bf1743c6fc090385e5d376e22',0,0,'',0,0,'2018-11-25 20:22:04','2018-12-07 08:12:21','{\"checkout-personal-information-step\":{\"step_is_reachable\":true,\"step_is_complete\":true},\"checkout-addresses-step\":{\"step_is_reachable\":true,\"step_is_complete\":true,\"use_same_address\":true},\"checkout-delivery-step\":{\"step_is_reachable\":true,\"step_is_complete\":true},\"checkout-payment-step\":{\"step_is_reachable\":true,\"step_is_complete\":false},\"checksum\":\"eb55854667fe7411221fa0b302b3d754c7c33421\"}'),(246,1,4,0,'',1,6141,6141,1,6232,70270,'bee8f13820b00b755baca065e2c905b5',0,0,'',0,0,'2018-11-26 12:18:54','2018-11-26 12:18:54',NULL),(247,1,2,0,'',1,0,0,1,0,70563,'',0,0,'',0,0,'2018-11-26 19:21:49','2018-11-26 19:24:00','{\"checkout-personal-information-step\":{\"step_is_reachable\":true,\"step_is_complete\":false},\"checkout-addresses-step\":{\"step_is_reachable\":false,\"step_is_complete\":false,\"use_same_address\":true},\"checkout-delivery-step\":{\"step_is_reachable\":false,\"step_is_complete\":false},\"checkout-payment-step\":{\"step_is_reachable\":false,\"step_is_complete\":false},\"checksum\":null}'),(248,1,2,0,'',1,0,0,1,0,70570,'',0,0,'',0,0,'2018-11-26 19:48:17','2018-11-26 19:48:17','{\"checkout-personal-information-step\":{\"step_is_reachable\":true,\"step_is_complete\":false},\"checkout-addresses-step\":{\"step_is_reachable\":false,\"step_is_complete\":false,\"use_same_address\":true},\"checkout-delivery-step\":{\"step_is_reachable\":false,\"step_is_complete\":false},\"checkout-payment-step\":{\"step_is_reachable\":false,\"step_is_complete\":false},\"checksum\":null}'),(249,1,2,36,'{\"6189\":\"36,\"}',1,6189,6189,1,6280,70577,'d3942e1b61c0bd8973738e9aa6e5cb15',0,0,'',0,0,'2018-11-26 20:02:09','2018-11-26 20:10:51','{\"checkout-personal-information-step\":{\"step_is_reachable\":true,\"step_is_complete\":true},\"checkout-addresses-step\":{\"step_is_reachable\":true,\"step_is_complete\":true,\"use_same_address\":true},\"checkout-delivery-step\":{\"step_is_reachable\":true,\"step_is_complete\":true},\"checkout-payment-step\":{\"step_is_reachable\":true,\"step_is_complete\":false},\"checksum\":\"8f736b49b67adbfb8d20214a7fcc15e107f6e2ca\"}'),(250,1,2,36,'{\"6189\":\"36,\"}',1,6189,6189,1,6280,70577,'d3942e1b61c0bd8973738e9aa6e5cb15',0,0,'',0,0,'2018-11-26 20:16:35','2018-11-26 20:17:06','{\"checkout-personal-information-step\":{\"step_is_reachable\":true,\"step_is_complete\":true},\"checkout-addresses-step\":{\"step_is_reachable\":true,\"step_is_complete\":true,\"use_same_address\":true},\"checkout-delivery-step\":{\"step_is_reachable\":true,\"step_is_complete\":true},\"checkout-payment-step\":{\"step_is_reachable\":true,\"step_is_complete\":false},\"checksum\":\"8f736b49b67adbfb8d20214a7fcc15e107f6e2ca\"}'),(251,1,2,0,'',1,0,0,1,6281,70577,'25a0e04a268511008768129184ba915f',0,0,'',0,0,'2018-11-26 20:19:31','2018-11-26 20:20:24',NULL),(252,1,2,0,'',1,0,0,1,6281,70595,'25a0e04a268511008768129184ba915f',0,0,'',0,0,'2018-11-26 20:21:08','2018-11-26 20:23:00',NULL),(253,1,2,0,'',1,0,0,1,6281,70596,'25a0e04a268511008768129184ba915f',0,0,'',0,0,'2018-11-26 20:24:01','2018-11-26 20:24:58',NULL),(254,1,2,0,'',1,0,0,1,6281,70607,'25a0e04a268511008768129184ba915f',0,0,'',0,0,'2018-11-26 20:44:03','2018-11-26 22:57:46',NULL),(255,1,2,0,'',1,0,0,1,0,70394,'',0,0,'',0,0,'2018-11-26 23:57:52','2018-11-28 21:28:40',NULL),(256,1,2,36,'{\"6190\":\"36,\"}',1,6190,6190,1,6282,70992,'a01b4495f967439b4f8dad78082f519c',0,0,'',0,0,'2018-11-27 11:43:05','2018-11-27 12:17:47','{\"checkout-personal-information-step\":{\"step_is_reachable\":true,\"step_is_complete\":true},\"checkout-addresses-step\":{\"step_is_reachable\":true,\"step_is_complete\":true,\"use_same_address\":true},\"checkout-delivery-step\":{\"step_is_reachable\":true,\"step_is_complete\":true},\"checkout-payment-step\":{\"step_is_reachable\":true,\"step_is_complete\":false},\"checksum\":\"63e9c1894fdfc73132d64f6bf0229dff39f542c5\"}'),(257,0,2,41,'{\"6191\":\"41,\"}',1,6191,6191,1,6283,0,'af0687bab8631aeda38ea8e75da625f5',0,0,'',0,0,'2018-11-27 18:29:59','2018-11-27 18:30:36',NULL),(258,1,4,40,'{\"6192\":\"40,\"}',1,6192,6192,1,6284,69889,'68bb8ee8dfe8389319b46e36e0b17220',0,0,'',0,0,'2018-11-27 19:38:39','2018-11-27 19:42:51','{\"checkout-personal-information-step\":{\"step_is_reachable\":true,\"step_is_complete\":true},\"checkout-addresses-step\":{\"step_is_reachable\":true,\"step_is_complete\":true,\"use_same_address\":true},\"checkout-delivery-step\":{\"step_is_reachable\":true,\"step_is_complete\":true},\"checkout-payment-step\":{\"step_is_reachable\":true,\"step_is_complete\":false},\"checksum\":\"a77f13f36bc1d19b35cd3b45a3b8f23660590b79\"}'),(261,1,4,36,'',1,6026,6193,1,6025,0,'00663f2c0993794191291d5071f706f3',0,0,'',0,0,'2018-11-27 20:12:44','2018-11-27 20:12:44',NULL),(263,1,4,36,'{\"6194\":\"36,\"}',1,6194,6194,1,6285,71192,'305edf6914772733fb6bbbff032157bb',0,0,'',0,0,'2018-11-27 20:35:45','2018-11-27 20:37:54','{\"checkout-personal-information-step\":{\"step_is_reachable\":true,\"step_is_complete\":true},\"checkout-addresses-step\":{\"step_is_reachable\":true,\"step_is_complete\":true,\"use_same_address\":true},\"checkout-delivery-step\":{\"step_is_reachable\":true,\"step_is_complete\":true},\"checkout-payment-step\":{\"step_is_reachable\":true,\"step_is_complete\":false},\"checksum\":\"bb4ef9430848d3d139eb8c8f9de8a066e6103db1\"}'),(264,0,2,41,'{\"6157\":\"41,\"}',1,6157,6157,1,6249,0,'067607e06b69db029d436fb91c8f7201',0,0,'',0,0,'2018-11-27 20:43:03','2018-11-27 20:45:41',NULL),(265,1,2,0,'',1,0,0,1,0,71210,'',0,0,'',0,0,'2018-11-27 22:05:51','2018-11-27 22:05:52',NULL),(266,1,2,36,'{\"6195\":\"36,\"}',1,6195,6195,1,6286,71234,'49ec67bd2f0548c3c6dd6b38be3a3b2c',0,0,'',0,0,'2018-11-27 23:08:58','2018-11-27 23:12:14','{\"checkout-personal-information-step\":{\"step_is_reachable\":true,\"step_is_complete\":true},\"checkout-addresses-step\":{\"step_is_reachable\":true,\"step_is_complete\":true,\"use_same_address\":true},\"checkout-delivery-step\":{\"step_is_reachable\":true,\"step_is_complete\":true},\"checkout-payment-step\":{\"step_is_reachable\":true,\"step_is_complete\":false},\"checksum\":\"d596239615a4ed253caecb891a058088c623cc67\"}'),(267,0,2,41,'{\"6196\":\"41,\"}',1,6196,6196,1,6287,0,'9413c55b34e803f9e30ee76b745aacea',0,0,'',0,0,'2018-11-28 10:23:43','2018-11-28 10:25:46',NULL),(268,0,2,41,'{\"6197\":\"41,\"}',1,6197,6197,1,6288,0,'9041a97a06e131d8b4a13e47fd975e80',0,0,'',0,0,'2018-11-28 13:16:35','2018-11-28 13:20:14',NULL),(269,0,4,0,'',1,0,0,1,6024,0,'aebe1109ecefedc9e321d8cd263458d1',0,0,'',0,0,'2018-11-28 14:36:40','2018-11-28 14:36:40',NULL),(270,0,2,36,'{\"6157\":\"36,\"}',1,6157,6157,1,6249,0,'067607e06b69db029d436fb91c8f7201',0,0,'',0,0,'2018-11-28 14:52:21','2018-11-28 14:53:03',NULL),(271,1,4,40,'{\"6198\":\"40,\"}',1,6198,6198,1,6289,56555,'703d8d7ca17eb797044f079723a1de3a',0,0,'',0,0,'2018-11-28 16:14:43','2018-11-29 16:54:00','{\"checkout-personal-information-step\":{\"step_is_reachable\":true,\"step_is_complete\":true},\"checkout-addresses-step\":{\"step_is_reachable\":true,\"step_is_complete\":true,\"use_same_address\":true},\"checkout-delivery-step\":{\"step_is_reachable\":true,\"step_is_complete\":true},\"checkout-payment-step\":{\"step_is_reachable\":true,\"step_is_complete\":false},\"checksum\":\"b9dc1463a52085a96131d9fea76379a018da673e\"}'),(272,0,4,36,'[\"36,\"]',1,6199,6199,1,6290,0,'1339f9852674eaf8a55b42916d8975ba',0,0,'',0,0,'2018-11-29 13:15:13','2018-11-29 13:22:00',NULL),(273,0,4,36,'[\"36,\"]',1,6200,6200,1,6291,0,'26bb19598c2091293762993d581c3c23',0,0,'',0,0,'2018-11-29 13:27:45','2018-11-29 13:37:15',NULL),(274,0,4,36,'{\"6201\":\"36,\"}',1,6201,6201,1,6292,0,'ae259b264a59e9c92e7b2a45dac0c586',0,0,'',0,0,'2018-11-29 14:35:14','2018-11-29 14:46:30',NULL),(275,0,4,36,'{\"6202\":\"36,\"}',1,6202,6202,1,6293,0,'415b90dca44a500eada5278e2f5661e0',0,0,'',0,0,'2018-11-29 15:02:54','2018-11-29 15:57:20',NULL),(277,0,4,0,'',1,6202,6202,1,6293,0,'415b90dca44a500eada5278e2f5661e0',0,0,'',0,0,'2018-11-29 15:57:07','2018-11-29 15:57:07',NULL),(278,0,4,36,'{\"6203\":\"36,\"}',1,6203,6203,1,6294,0,'8e4a83d9d35aaa885f93120f059fd8d7',0,0,'',0,0,'2018-11-29 16:00:59','2018-11-29 16:02:55',NULL),(279,0,2,36,'[\"36,\"]',1,6204,6204,1,6295,0,'90dc3fa5922b750e473fea5df67bf91a',0,0,'',0,0,'2018-11-29 16:13:14','2018-11-29 16:14:33',NULL),(280,0,4,36,'{\"6205\":\"36,\"}',1,6205,6205,1,6297,0,'2a46b1faa8a6a62de0d3226bf875dcf4',0,0,'',0,0,'2018-11-29 16:25:59','2018-11-29 16:31:43',NULL),(281,0,4,0,'',1,6205,6205,1,6297,0,'2a46b1faa8a6a62de0d3226bf875dcf4',0,0,'',0,0,'2018-11-29 16:33:06','2018-11-29 16:33:06',NULL),(283,0,2,0,'',1,0,0,1,6299,0,'0bfd061a14e4b95828181546f38624e2',0,0,'',0,0,'2018-11-29 17:41:17','2018-11-30 16:39:41',NULL),(284,0,4,36,'{\"6214\":\"36,\"}',1,6214,6214,1,6298,0,'8b007b3970bc5dead3e1a1731ec6e74d',0,0,'',0,0,'2018-11-29 17:43:52','2018-11-30 16:50:10',NULL),(285,0,2,41,'{\"6208\":\"41,\"}',1,6208,6208,1,6301,0,'afcadaf42383b06ceb66d46d29198b01',0,0,'',0,0,'2018-11-29 20:01:13','2018-11-29 20:04:14',NULL),(287,0,2,36,'{\"6210\":\"36,\"}',1,6210,6210,1,6302,0,'0a1844321a030e94e4f18b81573d26cc',0,0,'',0,0,'2018-11-29 20:19:47','2018-11-29 20:21:14',NULL),(288,1,2,0,'',1,6195,6195,1,6286,71256,'49ec67bd2f0548c3c6dd6b38be3a3b2c',0,0,'',0,0,'2018-11-30 00:12:52','2018-11-30 00:12:52',NULL),(289,1,2,0,'',1,6220,6220,1,6310,72862,'a8da30e574ac0d671d16ca12a41aa7be',0,0,'',0,0,'2018-11-30 00:32:37','2018-12-01 09:08:42','{\"checkout-personal-information-step\":{\"step_is_reachable\":true,\"step_is_complete\":true},\"checkout-addresses-step\":{\"step_is_reachable\":true,\"step_is_complete\":true,\"use_same_address\":true},\"checkout-payment-step\":{\"step_is_reachable\":true,\"step_is_complete\":false},\"checksum\":\"be5323155151967153f09ea9db1ebef5959431a8\"}'),(290,1,4,0,'',1,0,0,1,0,73012,'',0,0,'',0,0,'2018-11-30 07:26:38','2018-11-30 07:26:38',NULL),(291,1,4,36,'{\"6213\":\"36,\"}',2,6213,6213,1,6305,73233,'c2a6332776997a009c9a01d855b7915c',0,0,'',0,0,'2018-11-30 11:11:00','2018-11-30 15:48:08','{\"checkout-personal-information-step\":{\"step_is_reachable\":true,\"step_is_complete\":true},\"checkout-addresses-step\":{\"step_is_reachable\":true,\"step_is_complete\":true,\"use_same_address\":true},\"checkout-delivery-step\":{\"step_is_reachable\":true,\"step_is_complete\":true},\"checkout-payment-step\":{\"step_is_reachable\":true,\"step_is_complete\":false},\"checksum\":\"21fdd22df59bf8f000a4df8a3f7a714c01ef69c4\"}'),(292,1,4,0,'',1,0,0,1,0,73284,'',0,0,'',0,0,'2018-11-30 11:41:41','2018-11-30 12:42:10',NULL),(293,1,4,0,'',1,0,0,1,0,73349,'',0,0,'',0,0,'2018-11-30 12:54:51','2018-11-30 12:54:51',NULL),(294,0,4,36,'{\"6211\":\"36,\"}',1,6211,6211,1,6303,0,'6ffb38531095cc6035035d1f7402bb2e',0,0,'',0,0,'2018-11-30 14:54:37','2018-11-30 15:14:07',NULL),(295,1,4,36,'{\"6212\":\"36,\"}',1,6212,6212,1,6304,73489,'c8f67a3d33e3f65ea62b2f5506de3b39',0,0,'',0,0,'2018-11-30 15:36:46','2018-11-30 15:39:19','{\"checkout-personal-information-step\":{\"step_is_reachable\":true,\"step_is_complete\":true},\"checkout-addresses-step\":{\"step_is_reachable\":true,\"step_is_complete\":true,\"use_same_address\":true},\"checkout-delivery-step\":{\"step_is_reachable\":true,\"step_is_complete\":true},\"checkout-payment-step\":{\"step_is_reachable\":true,\"step_is_complete\":false},\"checksum\":\"9b7e58e4533b708548c0a99c5c9da2d50e8ec628\"}'),(296,1,4,0,'',1,0,0,1,0,73514,'',0,0,'',0,0,'2018-11-30 16:38:48','2018-11-30 16:39:46',NULL),(297,1,4,40,'{\"6215\":\"40,\"}',1,6215,6215,1,6306,73517,'3d5b8531a86498f9f2329d786761336a',0,0,'',0,0,'2018-11-30 16:51:27','2018-11-30 16:58:39','{\"checkout-personal-information-step\":{\"step_is_reachable\":true,\"step_is_complete\":true},\"checkout-addresses-step\":{\"step_is_reachable\":true,\"step_is_complete\":true,\"use_same_address\":true},\"checkout-delivery-step\":{\"step_is_reachable\":true,\"step_is_complete\":true},\"checkout-payment-step\":{\"step_is_reachable\":true,\"step_is_complete\":false},\"checksum\":\"23da57ff0070a73112b7474f500bf1c58a4cc382\"}'),(298,1,4,36,'{\"6217\":\"36,\"}',1,6217,6217,1,6307,73524,'016e28d2837e62ef0baafaa674f8741c',0,0,'',0,0,'2018-11-30 17:38:39','2018-11-30 17:40:59','{\"checkout-personal-information-step\":{\"step_is_reachable\":true,\"step_is_complete\":true},\"checkout-addresses-step\":{\"step_is_reachable\":true,\"step_is_complete\":true,\"use_same_address\":true},\"checkout-delivery-step\":{\"step_is_reachable\":true,\"step_is_complete\":true},\"checkout-payment-step\":{\"step_is_reachable\":true,\"step_is_complete\":false},\"checksum\":\"0a0d60788ec801b017964b648b631a21fe611301\"}'),(299,1,4,36,'{\"6218\":\"36,\"}',1,6218,6218,1,6308,73556,'1263eea582abb461c501f41fb99422fd',0,0,'',0,0,'2018-11-30 18:08:35','2018-11-30 18:12:22','{\"checkout-personal-information-step\":{\"step_is_reachable\":true,\"step_is_complete\":true},\"checkout-addresses-step\":{\"step_is_reachable\":true,\"step_is_complete\":true,\"use_same_address\":true},\"checkout-delivery-step\":{\"step_is_reachable\":true,\"step_is_complete\":false},\"checkout-payment-step\":{\"step_is_reachable\":false,\"step_is_complete\":false},\"checksum\":\"337bc7d65aaec46da56e7f150ede6f0faaf1a974\"}'),(300,0,2,41,'{\"6219\":\"41,\"}',1,6219,6219,1,6309,0,'5fb4e0e30e6dcd3e4b73d4feaae5220e',0,0,'',0,0,'2018-11-30 18:19:50','2018-11-30 18:20:23',NULL),(301,1,4,0,'',1,0,0,1,0,73755,'',0,0,'',0,0,'2018-11-30 23:54:49','2018-11-30 23:54:50',NULL),(302,0,4,36,'{\"6181\":\"36,\"}',1,6181,6181,1,6272,0,'7a449f3e441c6415453a3228bbee5b6b',0,0,'',0,0,'2018-12-01 18:14:32','2018-12-01 18:30:45',NULL),(303,0,4,36,'{\"6181\":\"36,\"}',1,6181,6181,1,6272,0,'7a449f3e441c6415453a3228bbee5b6b',0,0,'',0,0,'2018-12-01 18:15:21','2018-12-01 18:15:21',NULL),(304,0,4,36,'{\"6181\":\"36,\"}',1,6181,6181,1,6272,0,'7a449f3e441c6415453a3228bbee5b6b',0,0,'',0,0,'2018-12-01 18:18:44','2018-12-01 18:20:30',NULL),(305,0,4,36,'{\"6181\":\"36,\"}',1,6181,6181,1,6272,0,'7a449f3e441c6415453a3228bbee5b6b',0,0,'',0,0,'2018-12-01 18:20:49','2018-12-01 18:31:40',NULL),(306,0,4,36,'{\"6181\":\"36,\"}',1,6181,6181,1,6272,0,'7a449f3e441c6415453a3228bbee5b6b',0,0,'',0,0,'2018-12-01 18:22:14','2018-12-01 18:22:15',NULL),(307,0,4,36,'{\"6181\":\"36,\"}',1,6181,6181,1,6272,0,'7a449f3e441c6415453a3228bbee5b6b',0,0,'',0,0,'2018-12-01 18:22:34','2018-12-06 16:51:55',NULL),(308,0,4,36,'{\"6181\":\"36,\"}',1,6181,6181,1,6272,0,'7a449f3e441c6415453a3228bbee5b6b',0,0,'',0,0,'2018-12-01 18:23:45','2018-12-06 16:34:26',NULL),(309,0,4,36,'{\"6181\":\"36,\"}',1,6181,6181,1,6272,0,'7a449f3e441c6415453a3228bbee5b6b',0,0,'',0,0,'2018-12-01 18:26:40','2018-12-06 16:32:21',NULL),(310,1,4,0,'',1,0,0,1,0,74798,'',0,0,'',0,0,'2018-12-01 22:56:40','2018-12-01 22:56:40',NULL),(311,1,4,0,'',1,0,0,1,0,74797,'',0,0,'',0,0,'2018-12-01 23:01:41','2018-12-01 23:01:41',NULL),(312,1,4,0,'',1,0,0,1,0,74817,'',0,0,'',0,0,'2018-12-01 23:54:37','2018-12-09 17:47:32','{\"checkout-personal-information-step\":{\"step_is_reachable\":true,\"step_is_complete\":false},\"checkout-addresses-step\":{\"step_is_reachable\":false,\"step_is_complete\":false,\"use_same_address\":true},\"checkout-delivery-step\":{\"step_is_reachable\":false,\"step_is_complete\":false},\"checkout-payment-step\":{\"step_is_reachable\":false,\"step_is_complete\":false},\"checksum\":null}'),(313,1,4,40,'{\"6227\":\"40,\"}',1,6227,6227,1,6313,75616,'1e182b358aa89c45375ce0455500ef82',0,0,'',0,0,'2018-12-02 12:40:20','2018-12-03 11:38:18','{\"checkout-personal-information-step\":{\"step_is_reachable\":true,\"step_is_complete\":true},\"checkout-addresses-step\":{\"step_is_reachable\":true,\"step_is_complete\":true,\"use_same_address\":true},\"checkout-delivery-step\":{\"step_is_reachable\":true,\"step_is_complete\":true},\"checkout-payment-step\":{\"step_is_reachable\":true,\"step_is_complete\":false},\"checksum\":\"97beef3f321497c3b6c66a63884d5b0a8f7d0e15\"}'),(314,1,4,40,'{\"6223\":\"40,\"}',1,6223,6223,1,6312,72792,'e6dd250e42e794a7164acd858241f305',0,0,'',0,0,'2018-12-02 14:15:31','2018-12-03 00:56:22','{\"checkout-personal-information-step\":{\"step_is_reachable\":true,\"step_is_complete\":true},\"checkout-addresses-step\":{\"step_is_reachable\":true,\"step_is_complete\":true,\"use_same_address\":true},\"checkout-delivery-step\":{\"step_is_reachable\":true,\"step_is_complete\":true},\"checkout-payment-step\":{\"step_is_reachable\":true,\"step_is_complete\":false},\"checksum\":\"2a7565ba0c24024851ba5fe8e1362e7b44896324\"}'),(315,1,4,0,'',1,0,0,1,0,73119,'',0,0,'',0,0,'2018-12-02 14:47:04','2018-12-17 13:27:07',NULL),(316,1,4,40,'{\"6222\":\"40,\"}',1,6222,6222,1,6311,75762,'c43785bcfa6aa987bf0960c556e8e68f',0,0,'',0,0,'2018-12-02 14:55:10','2018-12-02 15:02:28','{\"checkout-personal-information-step\":{\"step_is_reachable\":true,\"step_is_complete\":true},\"checkout-addresses-step\":{\"step_is_reachable\":true,\"step_is_complete\":true,\"use_same_address\":false},\"checkout-delivery-step\":{\"step_is_reachable\":true,\"step_is_complete\":true},\"checkout-payment-step\":{\"step_is_reachable\":true,\"step_is_complete\":false},\"checksum\":\"c48af69aac3ca8af1132434b6cad16ded10d7a39\"}'),(317,1,4,0,'',1,6227,6227,1,6313,76229,'1e182b358aa89c45375ce0455500ef82',0,0,'',0,0,'2018-12-03 11:43:10','2018-12-03 11:43:10',NULL),(318,1,4,0,'',1,0,0,1,0,76236,'',0,0,'',0,0,'2018-12-03 12:09:42','2018-12-03 12:17:58',NULL),(319,1,4,0,'',1,0,0,1,0,76333,'',0,0,'',0,0,'2018-12-03 16:20:54','2018-12-03 16:44:53',NULL),(320,0,2,36,'[\"36,\"]',1,6228,6228,1,6314,0,'144c8494fae79c5b5c9b236ba998a887',0,0,'',0,0,'2018-12-03 23:32:40','2018-12-03 23:39:08',NULL),(321,0,2,36,'[\"36,\"]',1,6229,6229,1,6315,0,'1194c35cefd73717e595a0ff4c7202bd',0,0,'',0,0,'2018-12-03 23:52:20','2018-12-03 23:54:03',NULL),(322,1,4,0,'',1,0,0,1,0,76816,'',0,0,'',0,0,'2018-12-04 11:29:06','2018-12-04 11:29:06',NULL),(323,0,4,36,'{\"6173\":\"36,\"}',1,6173,6173,1,6263,0,'af97ddf4db9639dfc6a85ce95ae28f3f',0,0,'',0,0,'2018-12-04 15:25:13','2018-12-04 15:27:55',NULL),(324,0,4,0,'',1,6173,6173,1,6263,0,'af97ddf4db9639dfc6a85ce95ae28f3f',0,0,'',0,0,'2018-12-04 15:27:54','2018-12-04 15:27:54',NULL),(325,0,4,36,'[\"36,\"]',1,6230,6230,1,6317,0,'802fc8f0e07bad8c7610f48956839743',0,0,'',0,0,'2018-12-04 15:49:28','2018-12-04 15:54:30',NULL),(326,0,4,0,'',1,6230,6230,1,6317,0,'802fc8f0e07bad8c7610f48956839743',0,0,'',0,0,'2018-12-04 15:54:30','2018-12-04 15:54:30',NULL),(327,0,4,36,'{\"6231\":\"36,\"}',1,6231,6231,1,6318,0,'754ad1216e78641011a113abf38ef93d',0,0,'',0,0,'2018-12-05 11:15:03','2018-12-05 11:16:16',NULL),(329,1,4,36,'',1,6169,6169,1,6261,0,'535c74ab0d2559106735ccd2b88968b7',0,0,'',0,0,'2018-12-05 11:31:20','2018-12-05 11:31:20',NULL),(332,1,4,36,'',1,6169,6169,1,6261,0,'535c74ab0d2559106735ccd2b88968b7',0,0,'',0,0,'2018-12-05 11:31:38','2018-12-05 11:31:38',NULL),(335,1,4,36,'',1,6169,6169,1,6261,0,'535c74ab0d2559106735ccd2b88968b7',0,0,'',0,0,'2018-12-05 11:32:19','2018-12-05 11:32:19',NULL),(338,1,4,36,'',1,6169,6169,1,6261,0,'535c74ab0d2559106735ccd2b88968b7',0,0,'',0,0,'2018-12-05 11:32:46','2018-12-05 11:32:46',NULL),(341,1,4,36,'',1,6169,6169,1,6261,0,'535c74ab0d2559106735ccd2b88968b7',0,0,'',0,0,'2018-12-05 11:33:57','2018-12-05 11:33:57',NULL),(344,1,4,36,'',1,6169,6169,1,6261,0,'535c74ab0d2559106735ccd2b88968b7',0,0,'',0,0,'2018-12-05 11:36:45','2018-12-05 11:36:46',NULL),(346,0,4,36,'[\"36,\"]',1,6232,6232,1,6319,0,'c00f4bf98a3604ce4f2751aca382915d',0,0,'',0,0,'2018-12-05 13:09:32','2018-12-05 13:13:07',NULL),(347,0,4,36,'{\"6233\":\"36,\"}',1,6233,6233,1,6320,0,'e4c3429053031a7435df977715ab09c2',0,0,'',0,0,'2018-12-05 13:10:23','2018-12-20 16:15:48',NULL),(348,0,4,0,'',1,6232,6232,1,6319,0,'c00f4bf98a3604ce4f2751aca382915d',0,0,'',0,0,'2018-12-05 13:21:55','2018-12-05 13:21:55',NULL),(349,0,4,36,'{\"6234\":\"36,\"}',1,6234,6234,1,6321,0,'0c3d97539dfaa90205a8ba576faaeefd',0,0,'',0,0,'2018-12-05 13:26:33','2018-12-05 13:30:11',NULL),(351,1,4,40,'{\"6236\":\"40,\"}',1,6236,6236,1,6322,77999,'9126983f3fc0c82e9f4b9d97ba4d74d6',0,0,'',0,0,'2018-12-05 20:36:40','2018-12-05 20:52:31','{\"checkout-personal-information-step\":{\"step_is_reachable\":true,\"step_is_complete\":true},\"checkout-addresses-step\":{\"step_is_reachable\":true,\"step_is_complete\":true,\"use_same_address\":true},\"checkout-delivery-step\":{\"step_is_reachable\":true,\"step_is_complete\":true},\"checkout-payment-step\":{\"step_is_reachable\":true,\"step_is_complete\":false},\"checksum\":\"33772b52b2e1b0f785c4fad1156ffeba1a8c30c5\"}'),(352,1,4,0,'',2,0,0,1,0,78285,'',0,0,'',0,0,'2018-12-06 08:23:43','2018-12-06 08:23:43',NULL),(354,1,4,0,'',1,6227,6227,1,6313,78737,'1e182b358aa89c45375ce0455500ef82',0,0,'',0,0,'2018-12-06 18:44:42','2018-12-06 18:44:42',NULL),(355,0,4,36,'{\"6181\":\"36,\"}',1,6181,6181,1,6272,0,'7a449f3e441c6415453a3228bbee5b6b',0,0,'',0,0,'2018-12-07 16:52:04','2018-12-07 16:52:55',NULL),(356,1,4,0,'',1,6227,6227,1,6313,80041,'1e182b358aa89c45375ce0455500ef82',0,0,'',0,0,'2018-12-07 18:27:46','2018-12-07 18:27:46',NULL),(357,0,2,36,'{\"6238\":\"36,\"}',1,6238,6238,1,6324,0,'97bf5d2f1983b9aa995585bb930d02fd',0,0,'',0,0,'2018-12-07 18:43:44','2018-12-07 18:46:58',NULL),(358,1,4,0,'',1,0,0,1,0,80500,'',0,0,'',0,0,'2018-12-08 11:55:03','2018-12-09 15:32:29',NULL),(359,0,4,36,'[\"36,\"]',1,6239,6239,1,6325,0,'c32e1fbdf524a79f66077d3ba0b1b027',0,0,'',0,0,'2018-12-08 19:47:13','2018-12-08 19:49:13',NULL),(360,0,4,36,'{\"6181\":\"36,\"}',1,6181,6181,1,6272,0,'7a449f3e441c6415453a3228bbee5b6b',0,0,'',0,0,'2018-12-08 19:54:52','2018-12-08 19:56:02',NULL),(361,1,4,0,'',1,0,0,1,0,81568,'',0,0,'',0,0,'2018-12-09 17:48:40','2018-12-09 17:48:40',NULL),(362,1,4,0,'',1,0,0,1,0,81725,'',0,0,'',0,0,'2018-12-09 22:20:24','2018-12-09 22:20:24',NULL),(363,1,4,0,'',1,0,0,1,0,81763,'',0,0,'',0,0,'2018-12-10 00:14:48','2018-12-10 00:14:48',NULL),(364,1,4,0,'',1,0,0,1,0,82096,'',0,0,'',0,0,'2018-12-10 09:33:47','2018-12-10 09:33:47',NULL),(365,1,4,0,'',1,0,0,1,0,82162,'',0,0,'',0,0,'2018-12-10 11:42:11','2018-12-10 11:42:11',NULL),(366,1,4,0,'',1,0,0,1,0,83431,'',0,0,'',0,0,'2018-12-11 14:47:13','2018-12-11 14:47:13',NULL),(367,1,4,0,'',1,0,0,1,0,67356,'',0,0,'',0,0,'2018-12-11 16:17:38','2018-12-11 16:19:32',NULL),(368,1,4,0,'',1,0,0,1,0,83470,'',0,0,'',0,0,'2018-12-11 16:30:10','2018-12-11 16:32:00',NULL),(369,1,4,40,'{\"6242\":\"40,\"}',1,6242,6242,1,6326,83518,'086cec358b9a43a882fa2386df92f363',0,0,'',0,0,'2018-12-11 16:37:18','2018-12-11 17:11:50','{\"checkout-personal-information-step\":{\"step_is_reachable\":true,\"step_is_complete\":true},\"checkout-addresses-step\":{\"step_is_reachable\":true,\"step_is_complete\":true,\"use_same_address\":true},\"checkout-delivery-step\":{\"step_is_reachable\":true,\"step_is_complete\":true},\"checkout-payment-step\":{\"step_is_reachable\":true,\"step_is_complete\":false},\"checksum\":\"129a085958a187bdd634dd490cf96e03317a8965\"}'),(370,1,4,0,'',1,0,0,1,0,71690,'',0,0,'',0,0,'2018-12-11 17:01:29','2018-12-11 17:01:29',NULL),(371,1,4,0,'',1,0,0,1,0,83625,'',0,0,'',0,0,'2018-12-11 18:37:17','2018-12-11 18:39:46',NULL),(372,1,4,0,'',1,0,0,1,0,83660,'',0,0,'',0,0,'2018-12-11 19:47:44','2018-12-11 20:05:05',NULL),(373,1,4,36,'{\"6243\":\"36,\"}',1,6243,6243,1,6327,83685,'3f4f718460eac3172d74fe46b05cd1a2',0,0,'',0,0,'2018-12-11 20:07:50','2018-12-11 20:11:50','{\"checkout-personal-information-step\":{\"step_is_reachable\":true,\"step_is_complete\":true},\"checkout-addresses-step\":{\"step_is_reachable\":true,\"step_is_complete\":true,\"use_same_address\":true},\"checkout-delivery-step\":{\"step_is_reachable\":true,\"step_is_complete\":true},\"checkout-payment-step\":{\"step_is_reachable\":true,\"step_is_complete\":false},\"checksum\":\"b3d2014fe9e0960dfb16c429af82ce3d47f94086\"}'),(378,1,4,36,'{\"6246\":\"36,\"}',1,6246,6246,1,6328,84370,'a5bbd27c079b2f2b97b1e4c61d2f2000',0,0,'',0,0,'2018-12-12 14:45:34','2018-12-12 14:49:47','{\"checkout-personal-information-step\":{\"step_is_reachable\":true,\"step_is_complete\":true},\"checkout-addresses-step\":{\"step_is_reachable\":true,\"step_is_complete\":true,\"use_same_address\":true},\"checkout-delivery-step\":{\"step_is_reachable\":true,\"step_is_complete\":true},\"checkout-payment-step\":{\"step_is_reachable\":true,\"step_is_complete\":false},\"checksum\":\"c7e532c15ae7480f4722ccddc0fc4b8413a1eed0\"}'),(379,1,2,0,'',1,6195,6195,1,6286,85190,'49ec67bd2f0548c3c6dd6b38be3a3b2c',0,0,'',0,0,'2018-12-13 12:02:22','2018-12-13 12:02:22',NULL),(380,0,4,36,'{\"6247\":\"36,\"}',1,6247,6247,1,6329,0,'3da5571d125ddf092247f37265d9d404',0,0,'',0,0,'2018-12-13 13:31:34','2018-12-13 13:50:30',NULL),(381,0,4,36,'{\"6247\":\"36,\"}',1,6247,6247,1,6329,0,'3da5571d125ddf092247f37265d9d404',0,0,'',0,0,'2018-12-13 13:47:56','2018-12-13 13:48:26',NULL),(382,0,4,36,'{\"6248\":\"36,\"}',1,6248,6248,1,6330,0,'93ec02d9adcfcc9d93f598827f8a3487',0,0,'',0,0,'2018-12-13 13:53:01','2018-12-13 14:00:28',NULL),(383,0,4,0,'',1,6248,6248,1,6330,0,'93ec02d9adcfcc9d93f598827f8a3487',0,0,'',0,0,'2018-12-13 13:57:46','2018-12-13 13:59:53',NULL),(384,1,2,0,'',1,6153,6153,1,6245,37652,'41f780de609e3ea5003ba205ce5e7151',0,0,'',0,0,'2018-12-13 14:36:49','2018-12-20 12:21:04','{\"checkout-personal-information-step\":{\"step_is_reachable\":true,\"step_is_complete\":true},\"checkout-addresses-step\":{\"step_is_reachable\":true,\"step_is_complete\":false,\"use_same_address\":true},\"checkout-delivery-step\":{\"step_is_reachable\":false,\"step_is_complete\":false},\"checkout-payment-step\":{\"step_is_reachable\":false,\"step_is_complete\":false},\"checksum\":\"36a9305f4845d9baaab8d3b2895f35684ca7add2\"}'),(385,1,4,0,'',1,0,0,1,0,85296,'',0,0,'',0,0,'2018-12-13 14:39:58','2018-12-13 14:39:58',NULL),(386,1,4,0,'',1,0,0,1,0,73254,'',0,0,'',0,0,'2018-12-13 14:44:27','2018-12-13 14:44:27',NULL),(387,1,4,0,'',1,0,0,1,0,85315,'',0,0,'',0,0,'2018-12-13 14:59:55','2018-12-13 21:35:17','{\"checkout-personal-information-step\":{\"step_is_reachable\":true,\"step_is_complete\":false},\"checkout-addresses-step\":{\"step_is_reachable\":false,\"step_is_complete\":false,\"use_same_address\":true},\"checkout-delivery-step\":{\"step_is_reachable\":false,\"step_is_complete\":false},\"checkout-payment-step\":{\"step_is_reachable\":false,\"step_is_complete\":false},\"checksum\":null}'),(388,1,4,0,'',1,0,0,1,0,85317,'',0,0,'',0,0,'2018-12-13 15:04:33','2018-12-13 15:04:33',NULL),(389,1,4,0,'',1,0,0,1,0,40986,'',0,0,'',0,0,'2018-12-13 15:07:17','2018-12-31 09:37:23',NULL),(390,1,4,0,'',1,0,0,1,0,85319,'',0,0,'',0,0,'2018-12-13 15:11:09','2018-12-13 17:47:53',NULL),(391,1,4,0,'',1,0,0,1,0,83485,'',0,0,'',0,0,'2018-12-13 15:28:47','2018-12-13 15:28:47','{\"checkout-personal-information-step\":{\"step_is_reachable\":true,\"step_is_complete\":false},\"checkout-addresses-step\":{\"step_is_reachable\":false,\"step_is_complete\":false,\"use_same_address\":true},\"checkout-delivery-step\":{\"step_is_reachable\":false,\"step_is_complete\":false},\"checkout-payment-step\":{\"step_is_reachable\":false,\"step_is_complete\":false},\"checksum\":null}'),(392,1,4,0,'',1,0,0,1,0,24753,'',0,0,'',0,0,'2018-12-13 15:28:48','2018-12-14 12:14:17','{\"checkout-personal-information-step\":{\"step_is_reachable\":true,\"step_is_complete\":false},\"checkout-addresses-step\":{\"step_is_reachable\":false,\"step_is_complete\":false,\"use_same_address\":true},\"checkout-delivery-step\":{\"step_is_reachable\":false,\"step_is_complete\":false},\"checkout-payment-step\":{\"step_is_reachable\":false,\"step_is_complete\":false},\"checksum\":null}'),(393,1,4,0,'',1,0,0,1,0,83483,'',0,0,'',0,0,'2018-12-13 16:03:33','2018-12-13 16:03:33',NULL),(394,1,4,36,'',1,6233,6233,1,6320,0,'e4c3429053031a7435df977715ab09c2',0,0,'',0,0,'2018-12-13 18:58:04','2018-12-13 18:58:04',NULL),(396,1,4,36,'{\"6249\":\"36,\"}',1,6249,6249,1,6331,84506,'826b6688515eef4b837e34612e8aa3e1',0,0,'',0,0,'2018-12-13 22:29:26','2018-12-13 22:32:11','{\"checkout-personal-information-step\":{\"step_is_reachable\":true,\"step_is_complete\":true},\"checkout-addresses-step\":{\"step_is_reachable\":true,\"step_is_complete\":true,\"use_same_address\":true},\"checkout-delivery-step\":{\"step_is_reachable\":true,\"step_is_complete\":true},\"checkout-payment-step\":{\"step_is_reachable\":true,\"step_is_complete\":false},\"checksum\":\"724d9968adc4b745097ee6aa0ee6a0f805eca31b\"}'),(397,1,4,40,'{\"6250\":\"40,\"}',1,6250,6250,1,6332,86512,'0240528939d2e726c7b556f5a86e9d35',0,0,'',0,0,'2018-12-14 07:02:36','2018-12-14 07:06:22','{\"checkout-personal-information-step\":{\"step_is_reachable\":true,\"step_is_complete\":true},\"checkout-addresses-step\":{\"step_is_reachable\":true,\"step_is_complete\":true,\"use_same_address\":true},\"checkout-delivery-step\":{\"step_is_reachable\":true,\"step_is_complete\":true},\"checkout-payment-step\":{\"step_is_reachable\":true,\"step_is_complete\":false},\"checksum\":\"000d4d7c6782d230332ed9f26e9273f1c1034982\"}'),(398,1,4,40,'{\"6251\":\"40,\"}',2,6251,6251,1,6333,86539,'ba4ef31fb1481ec9ff501d23227caec2',0,0,'',0,0,'2018-12-14 08:10:11','2018-12-14 08:31:14','{\"checkout-personal-information-step\":{\"step_is_reachable\":true,\"step_is_complete\":true},\"checkout-addresses-step\":{\"step_is_reachable\":true,\"step_is_complete\":true,\"use_same_address\":true},\"checkout-delivery-step\":{\"step_is_reachable\":true,\"step_is_complete\":true},\"checkout-payment-step\":{\"step_is_reachable\":true,\"step_is_complete\":false},\"checksum\":\"7dd7f7b8249d629cd5fa27537604e362049f8ca2\"}'),(399,1,4,40,'{\"6250\":\"40,\"}',1,6250,6250,1,6332,86612,'0240528939d2e726c7b556f5a86e9d35',0,0,'',0,0,'2018-12-14 10:31:39','2018-12-14 10:33:43','{\"checkout-personal-information-step\":{\"step_is_reachable\":true,\"step_is_complete\":true},\"checkout-addresses-step\":{\"step_is_reachable\":true,\"step_is_complete\":true,\"use_same_address\":true},\"checkout-delivery-step\":{\"step_is_reachable\":true,\"step_is_complete\":true},\"checkout-payment-step\":{\"step_is_reachable\":true,\"step_is_complete\":false},\"checksum\":\"dfe991cd3399d09a7c81fab75779d2bca6a91c72\"}'),(400,1,4,40,'{\"6250\":\"40,\"}',1,6250,6250,1,6332,86512,'0240528939d2e726c7b556f5a86e9d35',0,0,'',0,0,'2018-12-14 10:38:15','2018-12-14 10:39:02','{\"checkout-personal-information-step\":{\"step_is_reachable\":true,\"step_is_complete\":true},\"checkout-addresses-step\":{\"step_is_reachable\":true,\"step_is_complete\":true,\"use_same_address\":true},\"checkout-delivery-step\":{\"step_is_reachable\":true,\"step_is_complete\":true},\"checkout-payment-step\":{\"step_is_reachable\":true,\"step_is_complete\":false},\"checksum\":\"000d4d7c6782d230332ed9f26e9273f1c1034982\"}'),(401,0,4,36,'{\"6181\":\"36,\"}',1,6181,6181,1,6272,0,'7a449f3e441c6415453a3228bbee5b6b',0,0,'',0,0,'2018-12-14 18:51:43','2018-12-15 14:57:23',NULL),(402,1,4,0,'',1,0,0,1,0,85385,'',0,0,'',0,0,'2018-12-14 21:21:29','2018-12-15 18:14:31',NULL),(403,1,4,0,'',1,0,0,1,0,87158,'',0,0,'',0,0,'2018-12-15 01:46:49','2018-12-15 01:46:49',NULL),(404,1,4,40,'{\"6252\":\"40,\"}',1,6252,6252,1,6334,87314,'0c0c1b2988b7507b37421ac11fc6192e',0,0,'',0,0,'2018-12-15 07:39:54','2018-12-15 07:42:15','{\"checkout-personal-information-step\":{\"step_is_reachable\":true,\"step_is_complete\":true},\"checkout-addresses-step\":{\"step_is_reachable\":true,\"step_is_complete\":true,\"use_same_address\":true},\"checkout-delivery-step\":{\"step_is_reachable\":true,\"step_is_complete\":true},\"checkout-payment-step\":{\"step_is_reachable\":true,\"step_is_complete\":false},\"checksum\":\"65361dd43e905752cabf1fc6d1c20a1aad4cf4c2\"}'),(405,1,4,40,'{\"6254\":\"40,\"}',1,6254,6254,1,6336,87409,'d7793a6793d1d8cf67a13b7c62b89375',0,0,'',0,0,'2018-12-15 11:02:26','2018-12-15 11:05:33','{\"checkout-personal-information-step\":{\"step_is_reachable\":true,\"step_is_complete\":true},\"checkout-addresses-step\":{\"step_is_reachable\":true,\"step_is_complete\":true,\"use_same_address\":true},\"checkout-delivery-step\":{\"step_is_reachable\":true,\"step_is_complete\":true},\"checkout-payment-step\":{\"step_is_reachable\":true,\"step_is_complete\":false},\"checksum\":\"a4e7250607d52e2635445eb621f3cd8a5cf01469\"}'),(406,0,4,36,'[\"36,\"]',1,6255,6255,1,6337,0,'5647ab16b4dcedc8dfa5818e2db7b326',0,0,'',0,0,'2018-12-15 14:31:23','2018-12-15 14:34:39',NULL),(407,0,4,36,'{\"6181\":\"36,\"}',1,6181,6181,1,6272,0,'7a449f3e441c6415453a3228bbee5b6b',0,0,'',0,0,'2018-12-15 14:58:25','2018-12-15 14:58:40',NULL),(408,0,4,36,'{\"6181\":\"36,\"}',1,6181,6181,1,6272,0,'7a449f3e441c6415453a3228bbee5b6b',0,0,'',0,0,'2018-12-15 14:59:35','2018-12-15 15:01:50',NULL),(409,0,4,36,'[\"36,\"]',1,6256,6256,1,6338,0,'398621b65a2c039a74799abba90e7651',0,0,'',0,0,'2018-12-15 15:08:19','2018-12-15 15:15:47',NULL),(410,0,4,0,'',1,0,0,1,6338,0,'398621b65a2c039a74799abba90e7651',0,0,'',0,0,'2018-12-15 15:13:53','2018-12-15 15:13:53',NULL),(411,0,4,36,'[\"36,\"]',1,6257,6257,1,6339,0,'b3ce48786a2a4188b906599259e5a9ea',0,0,'',0,0,'2018-12-15 18:16:14','2018-12-15 18:21:58',NULL),(412,1,4,40,'{\"6259\":\"40,\"}',1,6259,6259,1,6340,87793,'0bfd25953ea2f44011f5d20279267fbe',0,0,'',0,0,'2018-12-15 19:11:34','2018-12-15 19:23:30','{\"checkout-personal-information-step\":{\"step_is_reachable\":true,\"step_is_complete\":true},\"checkout-addresses-step\":{\"step_is_reachable\":true,\"step_is_complete\":true,\"use_same_address\":true},\"checkout-delivery-step\":{\"step_is_reachable\":true,\"step_is_complete\":true},\"checkout-payment-step\":{\"step_is_reachable\":true,\"step_is_complete\":false},\"checksum\":\"5766a3f762172c57fc1c216d32c7d43877570226\"}'),(413,1,4,40,'{\"6260\":\"40,\"}',1,6260,6260,1,6341,87803,'c9f539dc7b1c71bc200ab6b33d860a3a',0,0,'',0,0,'2018-12-15 19:25:39','2018-12-15 19:27:56','{\"checkout-personal-information-step\":{\"step_is_reachable\":true,\"step_is_complete\":true},\"checkout-addresses-step\":{\"step_is_reachable\":true,\"step_is_complete\":true,\"use_same_address\":true},\"checkout-delivery-step\":{\"step_is_reachable\":true,\"step_is_complete\":true},\"checkout-payment-step\":{\"step_is_reachable\":true,\"step_is_complete\":false},\"checksum\":\"04993b9a891b25c96815347daa61d857d76db5b5\"}'),(414,1,4,0,'',1,0,0,1,0,87933,'',0,0,'',0,0,'2018-12-15 21:44:03','2018-12-15 21:44:03',NULL),(415,1,4,0,'',1,0,0,1,0,88457,'',0,0,'',0,0,'2018-12-16 13:20:41','2018-12-16 13:20:41',NULL),(416,1,4,40,'{\"6261\":\"40,\"}',1,6261,6261,1,6342,88419,'fc19b631b3d706f09169d5524748709c',0,0,'',0,0,'2018-12-16 14:00:07','2018-12-16 14:07:52','{\"checkout-personal-information-step\":{\"step_is_reachable\":true,\"step_is_complete\":true},\"checkout-addresses-step\":{\"step_is_reachable\":true,\"step_is_complete\":true,\"use_same_address\":true},\"checkout-delivery-step\":{\"step_is_reachable\":true,\"step_is_complete\":true},\"checkout-payment-step\":{\"step_is_reachable\":true,\"step_is_complete\":false},\"checksum\":\"a4a74a78da5f6730d507a20c92e9a1f08f4fd5d6\"}'),(417,1,4,0,'',1,0,0,1,0,88970,'',0,0,'',0,0,'2018-12-16 22:26:47','2018-12-16 22:26:47',NULL),(418,1,4,0,'',1,0,0,1,0,89323,'',0,0,'',0,0,'2018-12-17 12:08:26','2018-12-17 12:10:15',NULL),(419,1,4,0,'',1,0,0,1,0,89379,'',0,0,'',0,0,'2018-12-17 14:04:56','2018-12-17 14:04:56',NULL),(420,0,4,40,'{\"6262\":\"40,\"}',1,6262,6262,1,6343,0,'564b7689a03c630cffaa227e68cbbab7',0,0,'',0,0,'2018-12-17 14:51:28','2018-12-17 14:56:40',NULL),(421,0,4,0,'',1,6262,6262,1,6343,0,'564b7689a03c630cffaa227e68cbbab7',0,0,'',0,0,'2018-12-17 14:56:27','2018-12-17 14:56:27',NULL),(422,0,4,40,'{\"6263\":\"40,\"}',1,6263,6263,1,6344,0,'6b5dc32ab5dbebace7117b65f726f62b',0,0,'',0,0,'2018-12-17 14:58:47','2018-12-17 15:02:32',NULL),(423,0,4,0,'',1,6263,6263,1,6344,0,'6b5dc32ab5dbebace7117b65f726f62b',0,0,'',0,0,'2018-12-17 15:02:23','2018-12-17 15:02:23',NULL),(424,0,4,36,'[\"36,\"]',1,6264,6264,1,6345,0,'5ae3843b9774f1dde254ce942043b645',0,0,'',0,0,'2018-12-17 15:48:36','2018-12-17 15:50:40',NULL),(425,1,4,36,'{\"6265\":\"36,\"}',1,6265,6265,1,6346,89475,'bb0c08e486759bb5ad20fc79b0664151',0,0,'',0,0,'2018-12-17 17:07:17','2018-12-17 17:14:25','{\"checkout-personal-information-step\":{\"step_is_reachable\":true,\"step_is_complete\":true},\"checkout-addresses-step\":{\"step_is_reachable\":true,\"step_is_complete\":true,\"use_same_address\":true},\"checkout-delivery-step\":{\"step_is_reachable\":true,\"step_is_complete\":true},\"checkout-payment-step\":{\"step_is_reachable\":true,\"step_is_complete\":false},\"checksum\":\"660e6a069fae070620c892f0633dd20ae03e7835\"}'),(426,1,4,36,'{\"6266\":\"36,\"}',1,6266,6266,1,6346,89475,'bb0c08e486759bb5ad20fc79b0664151',0,0,'',0,0,'2018-12-17 17:16:57','2018-12-17 17:18:04','{\"checkout-personal-information-step\":{\"step_is_reachable\":true,\"step_is_complete\":true},\"checkout-addresses-step\":{\"step_is_reachable\":true,\"step_is_complete\":true,\"use_same_address\":true},\"checkout-delivery-step\":{\"step_is_reachable\":true,\"step_is_complete\":true},\"checkout-payment-step\":{\"step_is_reachable\":true,\"step_is_complete\":false},\"checksum\":\"cb52024ed5c4af0c5b1a58591325f224472606b3\"}'),(427,1,4,36,'{\"6266\":\"36,\"}',1,6266,6266,1,6346,89475,'bb0c08e486759bb5ad20fc79b0664151',0,0,'',0,0,'2018-12-17 17:20:37','2018-12-17 17:21:19','{\"checkout-personal-information-step\":{\"step_is_reachable\":true,\"step_is_complete\":true},\"checkout-addresses-step\":{\"step_is_reachable\":true,\"step_is_complete\":true,\"use_same_address\":true},\"checkout-delivery-step\":{\"step_is_reachable\":true,\"step_is_complete\":true},\"checkout-payment-step\":{\"step_is_reachable\":true,\"step_is_complete\":false},\"checksum\":\"cb52024ed5c4af0c5b1a58591325f224472606b3\"}'),(428,1,4,36,'{\"6266\":\"36,\"}',1,6266,6266,1,6346,89475,'bb0c08e486759bb5ad20fc79b0664151',0,0,'',0,0,'2018-12-17 17:24:15','2018-12-17 17:24:49','{\"checkout-personal-information-step\":{\"step_is_reachable\":true,\"step_is_complete\":true},\"checkout-addresses-step\":{\"step_is_reachable\":true,\"step_is_complete\":true,\"use_same_address\":true},\"checkout-delivery-step\":{\"step_is_reachable\":true,\"step_is_complete\":true},\"checkout-payment-step\":{\"step_is_reachable\":true,\"step_is_complete\":false},\"checksum\":\"cb52024ed5c4af0c5b1a58591325f224472606b3\"}'),(429,1,4,36,'{\"6266\":\"36,\"}',1,6266,6266,1,6346,89475,'bb0c08e486759bb5ad20fc79b0664151',0,0,'',0,0,'2018-12-17 17:29:13','2018-12-17 17:30:02','{\"checkout-personal-information-step\":{\"step_is_reachable\":true,\"step_is_complete\":true},\"checkout-addresses-step\":{\"step_is_reachable\":true,\"step_is_complete\":true,\"use_same_address\":true},\"checkout-delivery-step\":{\"step_is_reachable\":true,\"step_is_complete\":true},\"checkout-payment-step\":{\"step_is_reachable\":true,\"step_is_complete\":false},\"checksum\":\"cb52024ed5c4af0c5b1a58591325f224472606b3\"}'),(430,1,4,36,'{\"6266\":\"36,\"}',1,6266,6266,1,6346,89475,'bb0c08e486759bb5ad20fc79b0664151',0,0,'',0,0,'2018-12-17 17:31:56','2018-12-17 17:34:20','{\"checkout-personal-information-step\":{\"step_is_reachable\":true,\"step_is_complete\":true},\"checkout-addresses-step\":{\"step_is_reachable\":true,\"step_is_complete\":true,\"use_same_address\":true},\"checkout-delivery-step\":{\"step_is_reachable\":true,\"step_is_complete\":true},\"checkout-payment-step\":{\"step_is_reachable\":true,\"step_is_complete\":false},\"checksum\":\"cb52024ed5c4af0c5b1a58591325f224472606b3\"}'),(431,1,4,0,'',1,0,0,1,0,93301,'',0,0,'',0,0,'2018-12-17 21:00:29','2018-12-17 21:00:29',NULL),(432,1,4,0,'',1,6240,6240,1,6326,94022,'086cec358b9a43a882fa2386df92f363',0,0,'',0,0,'2018-12-18 14:37:51','2018-12-18 14:37:51',NULL),(433,1,4,40,'{\"6242\":\"40,\"}',1,6242,6242,1,6326,83518,'086cec358b9a43a882fa2386df92f363',0,0,'',0,0,'2018-12-18 14:38:06','2018-12-18 14:38:14','{\"checkout-personal-information-step\":{\"step_is_reachable\":true,\"step_is_complete\":true},\"checkout-addresses-step\":{\"step_is_reachable\":true,\"step_is_complete\":true,\"use_same_address\":true},\"checkout-delivery-step\":{\"step_is_reachable\":true,\"step_is_complete\":false},\"checkout-payment-step\":{\"step_is_reachable\":false,\"step_is_complete\":false},\"checksum\":\"129a085958a187bdd634dd490cf96e03317a8965\"}'),(434,0,4,36,'{\"6181\":\"36,\"}',1,6181,6181,1,6272,0,'7a449f3e441c6415453a3228bbee5b6b',0,0,'',0,0,'2018-12-18 17:35:38','2018-12-18 17:36:10',NULL),(435,0,4,36,'{\"6181\":\"36,\"}',1,6181,6181,1,6272,0,'7a449f3e441c6415453a3228bbee5b6b',0,0,'',0,0,'2018-12-18 18:05:44','2018-12-18 18:06:23',NULL),(436,0,4,36,'{\"6181\":\"36,\"}',1,6181,6181,1,6272,0,'7a449f3e441c6415453a3228bbee5b6b',0,0,'',0,0,'2018-12-18 18:32:39','2018-12-18 18:33:38',NULL),(437,0,2,36,'{\"6134\":\"36,\"}',1,6134,6134,1,6224,0,'530d9cbe8daa6cbe376864c8cd5254be',0,0,'',0,0,'2018-12-18 18:40:50','2018-12-18 18:41:30',NULL),(438,1,4,0,'',1,0,0,1,0,94204,'',0,0,'',0,0,'2018-12-18 20:08:43','2018-12-18 20:09:41',NULL),(439,1,4,0,'',1,0,0,1,0,94309,'',0,0,'',0,0,'2018-12-18 23:39:04','2018-12-18 23:39:36',NULL),(440,1,4,0,'',1,0,0,1,0,94372,'',0,0,'',0,0,'2018-12-19 02:10:14','2018-12-19 02:10:14',NULL),(441,1,4,0,'',1,0,0,1,0,94703,'',0,0,'',0,0,'2018-12-19 11:15:03','2018-12-19 11:15:03',NULL),(442,1,4,0,'',1,0,0,1,0,95423,'',0,0,'',0,0,'2018-12-20 11:53:22','2018-12-20 11:57:50',NULL),(443,0,4,36,'[\"36,\"]',1,6267,6267,1,6347,0,'2db5cc92531324a4f8fdf5d856e22755',0,0,'',0,0,'2018-12-20 13:50:47','2018-12-20 13:52:19',NULL),(444,1,4,0,'',1,0,0,1,0,95519,'',0,0,'',0,0,'2018-12-20 14:54:19','2018-12-20 14:54:46',NULL),(445,1,4,0,'',1,6266,6266,1,6346,89475,'bb0c08e486759bb5ad20fc79b0664151',0,0,'',0,0,'2018-12-20 15:52:34','2018-12-20 17:46:04',NULL),(447,0,4,36,'[\"36,\"]',1,6268,6268,1,6348,0,'fd8594b2583f5522d2c7e4aacbb87b31',0,0,'',0,0,'2018-12-20 16:30:28','2018-12-20 16:34:03',NULL),(448,0,4,0,'',1,0,0,1,6349,0,'a89f12dd3b0c5d6091fc84ebc0cf8440',0,0,'',0,0,'2018-12-20 16:31:33','2018-12-20 16:33:53',NULL),(449,0,2,36,'[\"36,\"]',1,6269,6269,1,6350,0,'ba3cc9a6fbab17ac194b35e667b41d33',0,0,'',0,0,'2018-12-20 16:37:01','2018-12-20 16:40:03',NULL),(450,0,4,36,'[\"36,\"]',1,6270,6270,1,6351,0,'a62d1f73a48020a45c1687b6b8169421',0,0,'',0,0,'2018-12-20 16:37:09','2018-12-20 16:41:02',NULL),(451,0,4,36,'[\"36,\"]',1,6271,6271,1,6352,0,'c80bef162383977fcbc7b6631f2bb6c0',0,0,'',0,0,'2018-12-20 17:08:09','2018-12-20 17:09:40',NULL),(452,0,4,36,'{\"6181\":\"36,\"}',1,6181,6181,1,6272,0,'7a449f3e441c6415453a3228bbee5b6b',0,0,'',0,0,'2018-12-20 17:59:50','2018-12-20 18:03:57',NULL),(453,1,4,0,'',2,0,0,1,0,95801,'',0,0,'',0,0,'2018-12-20 21:45:10','2018-12-20 21:45:22',NULL),(454,0,2,36,'[\"36,\"]',1,6272,6272,1,6353,0,'de306d84530d1a4a930515c29733c438',0,0,'',0,0,'2018-12-21 13:50:49','2018-12-21 13:52:10',NULL),(455,1,4,0,'',1,0,0,1,0,96343,'',0,0,'',0,0,'2018-12-21 14:26:27','2018-12-21 14:26:37',NULL),(456,0,4,36,'[\"36,\"]',1,6273,6273,1,6354,0,'0acf4b1ebad12a95ddba1c54473be23c',0,0,'',0,0,'2018-12-21 17:21:15','2018-12-21 17:24:32',NULL),(457,0,4,36,'{\"6273\":\"36,\"}',1,6273,6273,1,6354,0,'0acf4b1ebad12a95ddba1c54473be23c',0,0,'',0,0,'2018-12-21 17:25:15','2018-12-21 17:25:58',NULL),(458,0,2,36,'{\"6158\":\"36,\"}',1,6158,6158,1,6250,0,'58120f61cb6f30b897073890f162f3f6',0,0,'',0,0,'2018-12-21 17:39:55','2018-12-21 17:44:15',NULL),(459,1,4,0,'',2,0,0,1,0,96643,'',0,0,'',0,0,'2018-12-21 22:14:58','2018-12-21 22:14:58',NULL),(460,1,2,0,'',1,0,0,1,0,97558,'',0,0,'',0,0,'2018-12-22 09:43:12','2018-12-22 09:43:51',NULL),(461,0,4,36,'[\"36,\"]',1,6274,6274,1,6355,0,'2a22b8ab208ae2bbf167377ab649df91',0,0,'',0,0,'2018-12-22 16:55:49','2018-12-22 16:57:06',NULL),(462,0,4,36,'{\"6181\":\"36,\"}',1,6181,6181,1,6272,0,'7a449f3e441c6415453a3228bbee5b6b',0,0,'',0,0,'2018-12-22 17:14:05','2018-12-22 17:14:47',NULL),(463,0,4,36,'[\"36,\"]',1,6275,6275,1,6356,0,'ec980e96b2708885d2afec21e2f0ac88',0,0,'',0,0,'2018-12-22 17:16:10','2018-12-22 17:19:55',NULL),(464,1,4,0,'',1,0,0,1,0,96146,'',0,0,'',0,0,'2018-12-22 21:10:23','2018-12-24 18:26:15','{\"checkout-personal-information-step\":{\"step_is_reachable\":true,\"step_is_complete\":false},\"checkout-addresses-step\":{\"step_is_reachable\":false,\"step_is_complete\":false,\"use_same_address\":true},\"checkout-delivery-step\":{\"step_is_reachable\":false,\"step_is_complete\":false},\"checkout-payment-step\":{\"step_is_reachable\":false,\"step_is_complete\":false},\"checksum\":null}'),(465,1,4,0,'',1,0,0,1,0,99636,'',0,0,'',0,0,'2018-12-23 10:26:18','2018-12-23 10:26:18','{\"checkout-personal-information-step\":{\"step_is_reachable\":true,\"step_is_complete\":false},\"checkout-addresses-step\":{\"step_is_reachable\":false,\"step_is_complete\":false,\"use_same_address\":true},\"checkout-delivery-step\":{\"step_is_reachable\":false,\"step_is_complete\":false},\"checkout-payment-step\":{\"step_is_reachable\":false,\"step_is_complete\":false},\"checksum\":null}'),(466,1,4,40,'{\"6276\":\"40,\"}',1,6276,6276,1,6357,99854,'6b02595c1ca03f5866ad75962bb12e89',0,0,'',0,0,'2018-12-23 18:53:23','2018-12-23 19:52:37','{\"checkout-personal-information-step\":{\"step_is_reachable\":true,\"step_is_complete\":true},\"checkout-addresses-step\":{\"step_is_reachable\":true,\"step_is_complete\":true,\"use_same_address\":true},\"checkout-delivery-step\":{\"step_is_reachable\":true,\"step_is_complete\":true},\"checkout-payment-step\":{\"step_is_reachable\":true,\"step_is_complete\":false},\"checksum\":\"7a9a28869385f591295c1be1db323e48bc55bbde\"}'),(467,1,4,0,'',2,0,0,1,0,99970,'',0,0,'',0,0,'2018-12-23 22:29:07','2018-12-23 22:30:45',NULL),(468,1,4,0,'',1,0,0,1,6358,99904,'a651739703dbfc10e93ac8f59b2680cd',0,0,'',0,0,'2018-12-24 10:25:47','2018-12-24 10:41:53',NULL),(469,0,4,40,'{\"6277\":\"40,\"}',1,6277,6277,1,6359,0,'143a5e334fea2e9070a64ec0628460dd',0,0,'',0,0,'2018-12-24 14:38:10','2018-12-24 14:40:07',NULL),(470,0,4,40,'{\"6278\":\"40,\"}',1,6278,6278,1,6360,0,'ff8bd29b0cf38203c0f25b3bdddc603d',0,0,'',0,0,'2018-12-24 14:46:31','2018-12-24 14:51:42',NULL),(471,1,4,0,'',1,0,0,1,0,49507,'',0,0,'',0,0,'2018-12-27 14:30:50','2018-12-27 14:30:50',NULL),(472,1,4,0,'',1,0,0,1,0,103763,'',0,0,'',0,0,'2018-12-27 16:22:08','2018-12-27 16:22:08',NULL),(473,1,4,40,'{\"6279\":\"40,\"}',1,6279,6279,1,6361,103868,'ffeca5269a146905c550ca3115f40f08',0,0,'',0,0,'2018-12-27 18:58:14','2018-12-27 19:00:45','{\"checkout-personal-information-step\":{\"step_is_reachable\":true,\"step_is_complete\":true},\"checkout-addresses-step\":{\"step_is_reachable\":true,\"step_is_complete\":true,\"use_same_address\":true},\"checkout-delivery-step\":{\"step_is_reachable\":true,\"step_is_complete\":true},\"checkout-payment-step\":{\"step_is_reachable\":true,\"step_is_complete\":false},\"checksum\":\"11f9b937b15162bb8e8c2f066d90d517d7a5f03f\"}'),(474,1,4,0,'',1,6279,6279,1,6361,103911,'ffeca5269a146905c550ca3115f40f08',0,0,'',0,0,'2018-12-27 19:44:27','2018-12-27 19:44:27',NULL),(475,0,4,0,'',1,0,0,1,6362,0,'1a70457aac9e51b63ef55db6697b7850',0,0,'',0,0,'2019-01-18 16:43:28','2019-01-18 16:43:28',NULL),(476,0,2,36,'[\"36,\"]',1,0,0,1,6363,0,'aaeefe6cb0a77ad54c6f4efad3870bd6',0,0,'',0,0,'2019-01-18 17:07:47','2019-01-18 17:27:25',NULL),(477,0,2,36,'[\"36,\"]',1,0,0,1,6363,0,'aaeefe6cb0a77ad54c6f4efad3870bd6',0,0,'',0,0,'2019-01-18 17:16:37','2019-01-18 17:27:16',NULL),(478,0,2,36,'[\"36,\"]',1,0,0,1,6363,0,'aaeefe6cb0a77ad54c6f4efad3870bd6',0,0,'',0,0,'2019-01-18 17:25:42','2019-01-18 17:32:53',NULL),(479,0,2,36,'[\"36,\"]',1,0,0,1,6363,0,'aaeefe6cb0a77ad54c6f4efad3870bd6',0,0,'',0,0,'2019-01-18 17:32:39','2019-01-18 17:40:06',NULL),(480,0,2,0,'',1,0,0,1,6363,0,'aaeefe6cb0a77ad54c6f4efad3870bd6',0,0,'',0,0,'2019-01-18 17:36:42','2019-01-18 17:38:39',NULL);

--
-- Table structure for table `pre3303_cart_cart_rule`
--

CREATE TABLE `pre3303_cart_cart_rule` (
  `id_cart` int(10) unsigned NOT NULL,
  `id_cart_rule` int(10) unsigned NOT NULL,
  PRIMARY KEY (`id_cart`,`id_cart_rule`),
  KEY `id_cart_rule` (`id_cart_rule`)
) ENGINE=InnoDB DEFAULT CHARSET=utf8;

--
-- Dumping data for table `pre3303_cart_cart_rule`
--

INSERT INTO `pre3303_cart_cart_rule` VALUES (179,5),(184,6),(185,7),(186,9),(187,10),(190,13),(196,16),(199,17),(202,18),(203,18),(204,18),(205,18),(206,18),(207,18),(208,18),(210,18),(211,18),(212,18),(216,18),(239,18),(242,18),(244,18),(257,37),(264,40),(267,41),(268,42),(274,45),(275,46),(280,47),(285,48),(287,49),(294,50),(325,51),(346,52),(349,54),(420,55),(469,56),(470,57);

--
-- Table structure for table `pre3303_cart_product`
--

CREATE TABLE `pre3303_cart_product` (
  `id_cart` int(10) unsigned NOT NULL,
  `id_product` int(10) unsigned NOT NULL,
  `id_address_delivery` int(10) unsigned NOT NULL DEFAULT '0',
  `id_shop` int(10) unsigned NOT NULL DEFAULT '1',
  `id_product_attribute` int(10) unsigned NOT NULL DEFAULT '0',
  `id_customization` int(10) unsigned NOT NULL DEFAULT '0',
  `quantity` int(10) unsigned NOT NULL DEFAULT '0',
  `date_add` datetime NOT NULL,
  PRIMARY KEY (`id_cart`,`id_product`,`id_product_attribute`,`id_customization`,`id_address_delivery`),
  KEY `id_product_attribute` (`id_product_attribute`),
  KEY `id_cart_order` (`id_cart`,`date_add`,`id_product`,`id_product_attribute`)
) ENGINE=InnoDB DEFAULT CHARSET=utf8;

--
-- Dumping data for table `pre3303_cart_product`
--

INSERT INTO `pre3303_cart_product` VALUES (3,6017,6024,4,0,0,1,'2018-07-16 21:53:17'),(3,6019,6024,4,0,0,1,'2018-07-16 21:53:07'),(14,4793,6026,4,0,0,3,'2018-07-25 23:29:00'),(28,6200,6084,4,0,0,1,'2018-09-20 17:40:11'),(30,6201,6084,4,0,0,1,'2018-09-20 19:13:48'),(31,6202,6086,5,0,0,1,'2018-09-21 16:55:14'),(38,6222,6091,2,0,0,1,'2018-10-04 16:36:34'),(41,6175,6092,5,0,0,1,'2018-10-05 14:53:00'),(43,6173,6093,5,0,0,1,'2018-10-05 15:35:25'),(44,2580,6094,4,0,0,1,'2018-10-06 11:34:05'),(56,2580,6094,4,0,0,1,'2018-10-06 13:47:49'),(57,6239,6095,2,0,0,1,'2018-10-12 19:07:32'),(57,6241,6095,2,0,0,1,'2018-10-12 19:07:39'),(57,6249,6095,2,0,0,1,'2018-10-12 19:07:49'),(60,6168,6096,2,0,0,1,'2018-10-18 09:08:08'),(60,6171,6096,2,0,0,1,'2018-10-18 09:07:58'),(60,6312,6096,2,0,0,1,'2018-10-18 09:07:40'),(61,6301,6098,4,0,0,1,'2018-10-18 15:47:57'),(62,6301,6099,4,0,0,1,'2018-10-20 10:27:34'),(67,6332,6100,2,0,0,1,'2018-10-23 17:10:10'),(68,6331,6101,2,0,0,1,'2018-10-23 17:49:59'),(70,6284,6103,2,0,0,1,'2018-10-23 17:57:28'),(71,6132,6104,2,0,0,1,'2018-10-23 18:20:14'),(72,6265,0,2,0,0,1,'2018-10-23 18:59:54'),(72,6270,0,2,0,0,1,'2018-10-23 18:59:44'),(74,6265,6105,2,0,0,1,'2018-10-24 14:36:52'),(74,6270,6105,2,0,0,1,'2018-10-24 14:37:16'),(77,5058,6106,4,0,0,1,'2018-10-24 15:16:14'),(91,5058,6108,4,0,0,1,'2018-10-24 15:47:43'),(94,5058,6109,4,0,0,1,'2018-10-24 15:54:32'),(95,3096,6110,4,0,0,1,'2018-10-24 15:57:38'),(96,3096,6111,4,0,0,1,'2018-10-24 16:02:48'),(98,3096,6112,4,0,0,1,'2018-10-24 16:07:25'),(99,3096,6113,4,0,0,1,'2018-10-24 16:12:44'),(102,3096,6114,4,0,0,1,'2018-10-24 16:48:15'),(103,3096,6115,4,0,0,1,'2018-10-24 16:53:32'),(105,3096,6116,4,0,0,1,'2018-10-24 17:06:23'),(106,3096,6117,4,0,0,1,'2018-10-24 17:09:31'),(107,3096,6118,4,0,0,1,'2018-10-24 17:11:57'),(108,4795,6119,4,0,0,1,'2018-10-24 17:19:12'),(109,4795,6120,4,0,0,1,'2018-10-24 17:24:05'),(110,4793,6120,4,0,0,1,'2018-10-24 18:54:20'),(111,4793,6119,4,0,0,1,'2018-10-24 18:56:36'),(114,4947,6122,4,0,0,1,'2018-10-25 16:17:21'),(119,3096,6026,4,0,0,9,'2018-10-30 18:58:07'),(122,4793,6026,4,0,0,2,'2018-10-30 18:58:43'),(124,5058,6026,4,0,0,3,'2018-10-30 18:59:48'),(126,6129,6124,2,0,0,1,'2018-11-02 14:36:02'),(127,6337,6126,2,0,0,1,'2018-11-02 15:03:23'),(128,6338,6129,2,0,0,1,'2018-11-02 17:50:34'),(129,6228,6130,2,0,0,1,'2018-11-02 18:16:14'),(130,6344,0,4,0,0,1,'2018-11-03 20:21:05'),(131,6344,6131,4,0,0,1,'2018-11-04 15:53:40'),(132,6344,6132,4,0,0,1,'2018-11-04 16:09:22'),(133,6344,0,4,0,0,3,'2018-11-04 21:54:41'),(134,3096,0,4,0,0,1,'2018-11-05 01:11:30'),(135,4016,0,4,0,0,1,'2018-11-05 17:41:42'),(136,6344,0,4,0,0,1,'2018-11-06 12:23:22'),(137,5058,0,4,0,0,1,'2018-11-06 19:20:44'),(138,6344,0,4,0,0,1,'2018-11-07 15:10:49'),(139,6350,0,2,0,0,1,'2018-11-07 15:40:55'),(140,6342,0,2,0,0,1,'2018-11-07 16:12:47'),(141,6344,6133,4,0,0,1,'2018-11-07 16:12:58'),(142,6342,0,2,0,0,1,'2018-11-07 16:16:07'),(143,6342,6134,2,0,0,1,'2018-11-07 17:20:20'),(145,6221,6130,2,0,0,1,'2018-11-07 17:35:10'),(145,6228,6130,2,0,0,1,'2018-11-07 17:34:52'),(146,6319,0,2,0,0,1,'2018-11-07 17:46:21'),(147,6218,6135,2,0,0,1,'2018-11-07 17:52:17'),(147,6219,6135,2,0,0,1,'2018-11-07 17:52:34'),(147,6220,6135,2,0,0,1,'2018-11-07 17:52:44'),(147,6224,6135,2,0,0,1,'2018-11-07 17:53:16'),(148,6325,0,2,0,0,1,'2018-11-07 18:13:08'),(151,6280,6137,2,0,0,1,'2018-11-07 18:31:59'),(152,6342,6139,2,0,0,1,'2018-11-08 13:28:53'),(154,3096,0,4,0,0,1,'2018-11-09 14:31:14'),(156,4016,6141,4,0,0,1,'2018-11-09 17:15:04'),(157,6344,6141,4,0,0,1,'2018-11-09 17:36:40'),(158,5777,6142,4,0,0,1,'2018-11-09 18:03:59'),(160,2585,6143,4,0,0,1,'2018-11-10 12:25:23'),(161,6344,6144,4,0,0,1,'2018-11-10 15:36:39'),(162,6354,6145,4,0,0,1,'2018-11-10 16:09:46'),(163,3661,6146,4,0,0,1,'2018-11-10 18:31:48'),(163,6356,6146,4,0,0,1,'2018-11-10 18:32:11'),(166,5142,0,4,0,0,1,'2018-11-10 19:11:26'),(167,5524,0,4,6,0,1,'2018-11-12 21:43:58'),(168,6344,0,4,0,0,1,'2018-11-14 12:24:37'),(171,6344,0,4,0,0,1,'2018-11-15 11:01:08'),(172,3096,0,4,0,0,1,'2018-11-15 18:32:37'),(173,4298,0,4,0,0,1,'2018-11-16 11:06:29'),(176,6339,0,2,0,0,1,'2018-11-17 17:03:11'),(177,6173,0,2,0,0,1,'2018-11-17 18:37:02'),(178,6334,6149,2,0,0,1,'2018-11-17 18:16:46'),(179,6342,6151,2,0,0,2,'2018-11-17 18:51:42'),(180,6320,0,2,0,0,1,'2018-11-17 19:01:52'),(181,6332,6152,2,0,0,1,'2018-11-17 19:04:11'),(182,3096,0,4,0,0,1,'2018-11-17 20:22:23'),(183,6344,0,4,0,0,1,'2018-11-18 09:58:27'),(184,6278,6153,2,0,0,1,'2018-11-20 11:47:29'),(184,6381,6153,2,0,0,1,'2018-11-20 11:47:08'),(185,6311,6154,2,0,0,1,'2018-11-20 14:46:35'),(186,6317,6155,2,0,0,1,'2018-11-21 13:19:39'),(187,6342,6156,2,0,0,1,'2018-11-21 13:49:09'),(188,6311,0,2,0,0,1,'2018-11-21 14:02:46'),(189,5909,0,2,0,0,1,'2018-11-21 14:25:12'),(190,6232,6159,2,0,0,1,'2018-11-21 14:43:49'),(191,6254,6160,2,0,0,1,'2018-11-21 15:07:27'),(192,6209,6161,2,0,0,1,'2018-11-21 15:50:26'),(193,6233,6162,2,0,0,1,'2018-11-21 16:03:52'),(194,6253,6163,2,0,0,1,'2018-11-21 16:16:00'),(195,6255,6164,2,0,0,1,'2018-11-21 16:32:11'),(196,6380,6165,2,0,0,1,'2018-11-21 16:45:50'),(197,6261,0,2,0,0,1,'2018-11-21 17:04:30'),(197,6264,0,2,0,0,1,'2018-11-21 17:04:42'),(198,6371,0,2,0,0,1,'2018-11-21 17:15:21'),(199,2588,6168,4,0,0,1,'2018-11-22 14:11:02'),(199,6392,6168,4,0,0,1,'2018-11-22 16:50:10'),(201,2705,0,4,0,0,1,'2018-11-22 15:27:49'),(202,6344,0,4,0,0,1,'2018-11-22 20:10:35'),(203,6344,0,4,0,0,2,'2018-11-22 20:46:02'),(204,2589,0,4,0,0,1,'2018-11-22 20:52:11'),(205,5058,0,4,0,0,1,'2018-11-22 23:27:36'),(206,5145,0,4,0,0,1,'2018-11-23 02:03:20'),(207,5142,0,4,0,0,1,'2018-11-23 06:40:02'),(208,4793,0,4,0,0,1,'2018-11-23 13:11:33'),(208,6344,0,4,0,0,1,'2018-11-23 13:09:44'),(210,6344,6141,4,0,0,1,'2018-11-23 14:24:12'),(211,6182,0,4,0,0,1,'2018-11-23 16:39:09'),(212,6183,0,4,0,0,1,'2018-11-23 18:27:15'),(213,4072,0,4,0,0,1,'2018-11-24 13:43:18'),(214,6363,0,2,0,0,1,'2018-11-24 14:03:28'),(215,6294,6173,4,0,0,1,'2018-11-24 14:28:08'),(215,6296,6173,4,0,0,1,'2018-11-24 14:27:17'),(216,5824,6172,4,0,0,1,'2018-11-24 14:22:39'),(217,6294,6173,4,0,0,1,'2018-11-24 15:36:07'),(218,6294,6173,4,0,0,1,'2018-11-24 15:38:59'),(218,6296,6173,4,0,0,1,'2018-11-24 15:37:59'),(220,6297,0,4,0,0,1,'2018-11-24 15:57:57'),(221,4858,0,4,0,0,1,'2018-11-24 16:05:01'),(222,6195,0,4,0,0,1,'2018-11-24 16:17:18'),(222,6301,0,4,0,0,1,'2018-11-24 16:17:36'),(223,6301,0,4,0,0,1,'2018-11-24 16:26:12'),(224,4883,0,4,0,0,1,'2018-11-24 16:37:41'),(224,6197,0,4,0,0,1,'2018-11-24 16:37:55'),(225,6385,6179,4,0,0,1,'2018-11-24 17:02:28'),(226,4885,6178,4,0,0,1,'2018-11-24 16:58:21'),(227,2579,0,4,0,0,1,'2018-11-24 17:09:14'),(227,6198,0,4,0,0,1,'2018-11-24 17:09:39'),(228,5145,0,4,0,0,1,'2018-11-24 17:26:39'),(229,6395,6181,4,0,0,1,'2018-11-24 17:31:39'),(230,6301,6024,4,0,0,1,'2018-11-24 17:35:51'),(231,2579,0,4,0,0,1,'2018-11-24 17:58:04'),(232,4010,6182,4,0,0,1,'2018-11-24 18:02:16'),(233,2579,0,4,0,0,1,'2018-11-24 18:04:42'),(233,6396,0,4,0,0,1,'2018-11-24 18:04:16'),(234,6196,0,4,82,0,1,'2018-11-24 18:18:53'),(235,4885,0,4,0,0,1,'2018-11-24 18:29:26'),(236,4010,6182,4,0,0,1,'2018-11-24 18:34:20'),(237,6301,6179,4,0,0,1,'2018-11-24 18:45:31'),(239,3310,0,4,0,0,1,'2018-11-24 19:08:46'),(239,4983,0,4,0,0,1,'2018-11-24 19:07:24'),(239,6183,0,4,0,0,1,'2018-11-24 19:18:33'),(239,6184,0,4,0,0,1,'2018-11-24 19:08:00'),(240,6350,6187,4,0,0,1,'2018-11-24 19:10:40'),(242,6344,0,4,0,0,1,'2018-11-25 09:36:54'),(244,6344,0,4,0,0,1,'2018-11-25 13:52:37'),(245,3096,6237,4,0,0,1,'2018-11-25 20:22:04'),(247,6398,0,2,0,0,1,'2018-11-26 19:21:49'),(248,6398,0,2,0,0,1,'2018-11-26 19:48:17'),(249,6398,6189,2,0,0,1,'2018-11-26 20:02:09'),(250,6398,6189,2,0,0,1,'2018-11-26 20:16:35'),(256,6398,6190,2,0,0,1,'2018-11-27 11:43:05'),(257,5154,6191,2,0,0,1,'2018-11-27 18:30:09'),(258,6400,6192,4,0,0,3,'2018-11-27 19:38:39'),(261,6401,6026,4,0,0,1,'2018-11-27 20:12:44'),(263,6402,6194,4,0,0,1,'2018-11-27 20:35:45'),(264,4925,6157,2,0,0,1,'2018-11-27 20:44:17'),(264,6386,6157,2,0,0,1,'2018-11-27 20:44:55'),(265,6398,0,2,0,0,1,'2018-11-27 22:05:52'),(266,6398,6195,2,0,0,1,'2018-11-27 23:08:58'),(267,6178,6196,2,0,0,1,'2018-11-28 10:25:28'),(268,6340,6197,2,0,0,1,'2018-11-28 13:17:19'),(270,4896,6157,2,0,0,1,'2018-11-28 14:52:47'),(271,3096,6198,4,0,0,1,'2018-11-28 16:14:43'),(272,6350,0,4,0,0,1,'2018-11-29 13:16:00'),(273,6301,0,4,0,0,1,'2018-11-29 13:28:54'),(274,6301,6201,4,0,0,1,'2018-11-29 14:39:04'),(275,6301,6202,4,0,0,1,'2018-11-29 15:03:17'),(278,6301,0,4,0,0,1,'2018-11-29 16:01:26'),(279,6366,0,2,0,0,1,'2018-11-29 16:13:37'),(280,6301,6205,4,0,0,1,'2018-11-29 16:28:19'),(284,6396,0,4,0,0,1,'2018-11-30 16:44:11'),(285,6149,6208,2,0,0,1,'2018-11-29 20:01:39'),(287,6398,6210,2,0,0,1,'2018-11-29 20:21:05'),(289,6403,6220,2,0,0,1,'2018-11-30 00:32:37'),(290,6344,0,4,0,0,1,'2018-11-30 07:26:38'),(291,6399,6213,4,0,0,1,'2018-11-30 11:11:00'),(292,6399,0,4,0,0,1,'2018-11-30 11:41:41'),(293,6089,0,4,78,0,1,'2018-11-30 12:54:51'),(294,6407,6211,4,0,0,1,'2018-11-30 15:12:55'),(295,6405,6212,4,0,0,1,'2018-11-30 15:36:46'),(296,5744,0,4,0,0,1,'2018-11-30 16:39:46'),(297,6405,6215,4,0,0,1,'2018-11-30 16:51:27'),(298,6399,6217,4,0,0,2,'2018-11-30 17:38:39'),(299,5169,6218,4,0,0,1,'2018-11-30 18:08:53'),(299,5170,6218,4,0,0,1,'2018-11-30 18:08:35'),(300,6205,6219,2,0,0,1,'2018-11-30 18:20:00'),(301,6399,0,4,0,0,1,'2018-11-30 23:54:50'),(303,5744,6181,4,0,0,1,'2018-12-01 18:15:21'),(304,5744,6181,4,0,0,1,'2018-12-01 18:20:30'),(306,5740,6181,4,0,0,1,'2018-12-01 18:22:14'),(307,5740,6181,4,0,0,1,'2018-12-06 16:50:46'),(307,5744,6181,4,0,0,1,'2018-12-06 16:51:15'),(308,3325,6181,4,0,0,1,'2018-12-06 16:34:26'),(309,3325,6181,4,0,0,1,'2018-12-06 16:32:20'),(310,6344,0,4,0,0,1,'2018-12-01 22:56:40'),(311,4987,0,4,0,0,1,'2018-12-01 23:01:41'),(312,6399,0,4,0,0,1,'2018-12-01 23:54:37'),(313,6399,6227,4,0,0,1,'2018-12-02 12:40:20'),(314,5146,6223,4,0,0,1,'2018-12-02 14:18:13'),(314,6399,6223,4,0,0,1,'2018-12-02 14:15:31'),(316,6399,6222,4,0,0,1,'2018-12-02 14:55:55'),(316,6405,6222,4,0,0,1,'2018-12-02 14:55:10'),(318,6038,0,4,0,0,1,'2018-12-03 12:17:58'),(318,6399,0,4,0,0,1,'2018-12-03 12:09:42'),(318,6400,0,4,0,0,1,'2018-12-03 12:10:06'),(320,4059,0,2,0,0,1,'2018-12-03 23:37:54'),(321,5977,0,2,0,0,1,'2018-12-03 23:52:44'),(322,6344,0,4,0,0,1,'2018-12-04 11:29:06'),(323,6294,6173,4,0,0,1,'2018-12-04 15:25:34'),(325,2588,6230,4,0,0,1,'2018-12-04 15:49:38'),(327,2588,0,4,0,0,1,'2018-12-05 11:15:20'),(329,4072,6169,4,0,0,1,'2018-12-05 11:31:20'),(332,4070,6169,4,0,0,1,'2018-12-05 11:31:38'),(335,4070,6169,4,0,0,1,'2018-12-05 11:32:19'),(338,4072,6169,4,0,0,1,'2018-12-05 11:32:46'),(341,5776,6169,4,0,0,1,'2018-12-05 11:33:57'),(344,3662,6169,4,0,0,1,'2018-12-05 11:36:45'),(346,6396,6232,4,0,0,1,'2018-12-05 13:11:29'),(347,6396,6233,4,0,0,1,'2018-12-05 13:23:09'),(349,6407,6234,4,0,0,1,'2018-12-05 13:27:00'),(351,5142,6236,4,0,0,1,'2018-12-05 20:36:40'),(351,5162,6236,4,0,0,1,'2018-12-05 20:46:52'),(352,2577,0,4,0,0,1,'2018-12-06 08:23:43'),(355,6344,6181,4,0,0,1,'2018-12-07 16:52:55'),(357,6283,6238,2,0,0,1,'2018-12-07 18:44:03'),(358,5049,0,4,0,0,1,'2018-12-08 11:55:03'),(359,6344,0,4,0,0,1,'2018-12-08 19:47:34'),(360,5777,6181,4,0,0,1,'2018-12-08 19:56:02'),(361,6344,0,4,0,0,1,'2018-12-09 17:48:40'),(362,6344,0,4,0,0,1,'2018-12-09 22:20:24'),(363,6030,0,4,0,0,1,'2018-12-10 00:14:48'),(364,6030,0,4,0,0,1,'2018-12-10 09:33:47'),(365,6414,0,4,0,0,1,'2018-12-10 11:42:11'),(366,6412,0,4,0,0,1,'2018-12-11 14:47:13'),(368,2588,0,4,0,0,1,'2018-12-11 16:32:00'),(368,3096,0,4,0,0,1,'2018-12-11 16:31:28'),(368,6407,0,4,0,0,1,'2018-12-11 16:30:11'),(369,6414,6242,4,0,0,1,'2018-12-11 16:37:18'),(370,6414,0,4,0,0,2,'2018-12-11 17:01:29'),(372,6400,0,4,0,0,1,'2018-12-11 20:05:05'),(372,6414,0,4,0,0,1,'2018-12-11 19:47:44'),(373,6414,6243,4,0,0,1,'2018-12-11 20:07:50'),(378,6414,6246,4,0,0,1,'2018-12-12 14:45:34'),(380,6030,6247,4,0,0,1,'2018-12-13 13:50:03'),(380,6426,6247,4,0,0,1,'2018-12-13 13:50:30'),(381,6426,6247,4,0,0,1,'2018-12-13 13:48:26'),(382,6354,6248,4,0,0,1,'2018-12-13 13:56:06'),(382,6426,6248,4,0,0,1,'2018-12-13 14:00:28'),(385,6412,0,4,0,0,1,'2018-12-13 14:39:58'),(386,6413,0,4,0,0,1,'2018-12-13 14:44:27'),(387,6121,0,4,0,0,1,'2018-12-13 21:35:17'),(387,6399,0,4,0,0,1,'2018-12-13 14:59:55'),(388,6409,0,4,0,0,1,'2018-12-13 15:04:33'),(390,4475,0,4,0,0,1,'2018-12-13 17:46:27'),(390,6181,0,4,0,0,1,'2018-12-13 17:47:53'),(391,6414,0,4,0,0,1,'2018-12-13 15:28:47'),(393,6412,0,4,0,0,1,'2018-12-13 16:03:33'),(394,6396,6233,4,0,0,4,'2018-12-13 18:58:04'),(396,6413,6249,4,0,0,1,'2018-12-13 22:29:26'),(397,6414,6250,4,0,0,1,'2018-12-14 07:02:36'),(398,6414,6251,4,0,0,1,'2018-12-14 08:10:11'),(399,6414,6250,4,0,0,1,'2018-12-14 10:31:39'),(400,6414,6250,4,0,0,1,'2018-12-14 10:38:15'),(401,6427,6181,4,0,0,5,'2018-12-15 14:53:03'),(403,4950,0,4,0,0,1,'2018-12-15 01:46:49'),(404,6344,6252,4,0,0,1,'2018-12-15 07:39:54'),(405,6414,6254,4,0,0,1,'2018-12-15 11:02:26'),(406,6417,0,4,0,0,1,'2018-12-15 14:33:26'),(407,3096,6181,4,0,0,1,'2018-12-15 14:58:40'),(408,6427,6181,4,0,0,3,'2018-12-15 15:00:34'),(409,6344,0,4,0,0,1,'2018-12-15 15:08:35'),(409,6392,0,4,0,0,1,'2018-12-15 15:14:16'),(411,2585,0,4,0,0,1,'2018-12-15 18:20:00'),(411,6392,0,4,0,0,1,'2018-12-15 18:20:21'),(412,6414,6259,4,0,0,1,'2018-12-15 19:11:34'),(413,6414,6260,4,0,0,1,'2018-12-15 19:25:39'),(414,6412,0,4,0,0,1,'2018-12-15 21:44:03'),(415,6305,0,4,0,0,1,'2018-12-16 13:20:41'),(416,6414,6261,4,0,0,1,'2018-12-16 14:00:07'),(417,6400,0,4,0,0,1,'2018-12-16 22:26:47'),(418,5145,0,4,0,0,1,'2018-12-17 12:10:15'),(418,6405,0,4,0,0,1,'2018-12-17 12:08:26'),(419,6412,0,4,0,0,1,'2018-12-17 14:04:56'),(420,2588,6262,4,0,0,1,'2018-12-17 14:51:44'),(420,6392,6262,4,0,0,1,'2018-12-17 14:53:24'),(422,6182,6263,4,0,0,1,'2018-12-17 14:59:20'),(424,5703,0,4,0,0,1,'2018-12-17 15:49:31'),(425,6414,6265,4,0,0,1,'2018-12-17 17:07:17'),(426,6414,6266,4,0,0,1,'2018-12-17 17:16:57'),(427,6414,6266,4,0,0,1,'2018-12-17 17:20:38'),(428,6414,6266,4,0,0,1,'2018-12-17 17:24:15'),(429,6414,6266,4,0,0,1,'2018-12-17 17:29:13'),(430,6414,6266,4,0,0,1,'2018-12-17 17:31:56'),(431,5703,0,4,0,0,1,'2018-12-17 21:00:29'),(433,6414,6242,4,0,0,1,'2018-12-18 14:38:06'),(434,6183,6181,4,0,0,1,'2018-12-18 17:36:10'),(434,6184,6181,4,0,0,1,'2018-12-18 17:35:59'),(435,6301,6181,4,0,0,2,'2018-12-18 18:06:06'),(436,5884,6181,4,0,0,1,'2018-12-18 18:32:56'),(437,6275,6134,2,0,0,1,'2018-12-18 18:41:06'),(438,6399,0,4,0,0,12,'2018-12-18 20:08:43'),(439,6412,0,4,0,0,2,'2018-12-18 23:39:04'),(440,6344,0,4,0,0,1,'2018-12-19 02:10:14'),(441,6414,0,4,0,0,2,'2018-12-19 11:15:03'),(442,5524,0,4,6,0,1,'2018-12-20 11:53:22'),(442,5524,0,4,8,0,1,'2018-12-20 11:57:50'),(443,6414,0,4,0,0,1,'2018-12-20 13:51:11'),(447,3096,0,4,0,0,1,'2018-12-20 16:32:27'),(447,6392,0,4,0,0,1,'2018-12-20 16:32:52'),(448,4082,0,4,0,0,1,'2018-12-20 16:33:53'),(449,6152,6269,2,0,0,1,'2018-12-20 16:37:23'),(450,5166,0,4,0,0,1,'2018-12-20 16:38:53'),(450,6392,0,4,0,0,1,'2018-12-20 16:39:11'),(451,6414,0,4,0,0,1,'2018-12-20 17:08:29'),(452,6428,6181,4,0,0,3,'2018-12-20 18:03:56'),(453,5141,0,4,0,0,1,'2018-12-20 21:45:10'),(453,6344,0,4,0,0,1,'2018-12-20 21:45:22'),(454,6315,0,2,0,0,1,'2018-12-21 13:51:11'),(456,6181,0,4,0,0,1,'2018-12-21 17:21:51'),(457,6182,6273,4,0,0,1,'2018-12-21 17:25:48'),(458,6274,6158,2,0,0,1,'2018-12-21 17:43:59'),(459,5595,0,4,0,0,1,'2018-12-21 22:14:58'),(461,6400,0,4,0,0,1,'2018-12-22 16:56:04'),(462,5166,6181,4,0,0,1,'2018-12-22 17:14:47'),(463,5960,6275,4,0,0,1,'2018-12-22 17:18:19'),(465,6412,0,4,0,0,1,'2018-12-23 10:26:18'),(466,6344,6276,4,0,0,1,'2018-12-23 18:53:23'),(466,6405,6276,4,0,0,1,'2018-12-23 18:54:52'),(469,5703,6277,4,0,0,1,'2018-12-24 14:38:32'),(469,6392,6277,4,0,0,1,'2018-12-24 14:39:05'),(470,6392,6278,4,0,0,1,'2018-12-24 14:47:28'),(470,6412,6278,4,0,0,1,'2018-12-24 14:47:05'),(470,6413,6278,4,0,0,1,'2018-12-24 14:47:11'),(471,6412,0,4,0,0,1,'2018-12-27 14:30:50'),(472,6414,0,4,0,0,1,'2018-12-27 16:22:08'),(473,6414,6279,4,0,0,1,'2018-12-27 18:58:14');

--
-- Table structure for table `pre3303_cart_rule`
--

CREATE TABLE `pre3303_cart_rule` (
  `id_cart_rule` int(10) unsigned NOT NULL AUTO_INCREMENT,
  `id_customer` int(10) unsigned NOT NULL DEFAULT '0',
  `date_from` datetime NOT NULL,
  `date_to` datetime NOT NULL,
  `description` text,
  `quantity` int(10) unsigned NOT NULL DEFAULT '0',
  `quantity_per_user` int(10) unsigned NOT NULL DEFAULT '0',
  `priority` int(10) unsigned NOT NULL DEFAULT '1',
  `partial_use` tinyint(1) unsigned NOT NULL DEFAULT '0',
  `code` varchar(254) NOT NULL,
  `minimum_amount` decimal(17,2) NOT NULL DEFAULT '0.00',
  `minimum_amount_tax` tinyint(1) NOT NULL DEFAULT '0',
  `minimum_amount_currency` int(10) unsigned NOT NULL DEFAULT '0',
  `minimum_amount_shipping` tinyint(1) NOT NULL DEFAULT '0',
  `country_restriction` tinyint(1) unsigned NOT NULL DEFAULT '0',
  `carrier_restriction` tinyint(1) unsigned NOT NULL DEFAULT '0',
  `group_restriction` tinyint(1) unsigned NOT NULL DEFAULT '0',
  `cart_rule_restriction` tinyint(1) unsigned NOT NULL DEFAULT '0',
  `product_restriction` tinyint(1) unsigned NOT NULL DEFAULT '0',
  `shop_restriction` tinyint(1) unsigned NOT NULL DEFAULT '0',
  `free_shipping` tinyint(1) NOT NULL DEFAULT '0',
  `reduction_percent` decimal(5,2) NOT NULL DEFAULT '0.00',
  `reduction_amount` decimal(17,2) NOT NULL DEFAULT '0.00',
  `reduction_tax` tinyint(1) unsigned NOT NULL DEFAULT '0',
  `reduction_currency` int(10) unsigned NOT NULL DEFAULT '0',
  `reduction_product` int(10) NOT NULL DEFAULT '0',
  `reduction_exclude_special` tinyint(1) unsigned NOT NULL DEFAULT '0',
  `gift_product` int(10) unsigned NOT NULL DEFAULT '0',
  `gift_product_attribute` int(10) unsigned NOT NULL DEFAULT '0',
  `highlight` tinyint(1) unsigned NOT NULL DEFAULT '0',
  `active` tinyint(1) unsigned NOT NULL DEFAULT '0',
  `date_add` datetime NOT NULL,
  `date_upd` datetime NOT NULL,
  PRIMARY KEY (`id_cart_rule`),
  KEY `id_customer` (`id_customer`,`active`,`date_to`),
  KEY `group_restriction` (`group_restriction`,`active`,`date_to`),
  KEY `id_customer_2` (`id_customer`,`active`,`highlight`,`date_to`),
  KEY `group_restriction_2` (`group_restriction`,`active`,`highlight`,`date_to`)
) ENGINE=InnoDB AUTO_INCREMENT=58 DEFAULT CHARSET=utf8;

--
-- Dumping data for table `pre3303_cart_rule`
--

INSERT INTO `pre3303_cart_rule` VALUES (1,0,'2018-09-19 17:00:00','2019-12-31 17:00:00','',10,1,1,1,'Graffiti',0.00,0,1,0,0,0,0,0,0,0,1,0.00,0.00,0,1,0,0,0,0,0,1,'2018-09-19 17:27:04','2018-11-27 19:47:11'),(2,6237,'2018-11-10 18:32:29','2018-11-20 18:32:29','',0,1,1,1,'BO_ORDER_163',0.00,0,1,0,0,0,0,0,0,0,1,0.00,0.00,0,1,0,0,0,0,0,1,'2018-11-10 18:32:29','2018-11-10 18:33:05'),(5,6243,'2018-11-17 18:54:27','2018-11-27 18:54:27','',1,1,1,1,'BO_ORDER_179',0.00,0,1,0,0,0,0,0,0,0,1,0.00,0.00,0,1,0,0,0,0,0,1,'2018-11-17 18:54:27','2018-11-17 18:54:27'),(6,6245,'2018-11-20 11:49:26','2018-11-30 11:49:26','',0,1,1,1,'BO_ORDER_184',0.00,0,1,0,0,0,0,0,0,0,1,0.00,0.00,0,1,0,0,0,0,0,1,'2018-11-20 11:49:26','2018-11-20 11:55:05'),(7,6246,'2018-11-20 14:48:12','2018-11-30 14:48:12','',1,1,1,1,'BO_ORDER_185',0.00,0,1,0,0,0,0,0,0,0,1,0.00,0.00,0,1,0,0,0,0,0,1,'2018-11-20 14:48:12','2018-11-20 14:48:12'),(9,6247,'2018-11-21 13:26:52','2018-12-01 13:26:52','',1,1,1,1,'BO_ORDER_186',0.00,0,1,0,0,0,0,0,0,0,1,0.00,0.00,0,1,0,0,0,0,0,1,'2018-11-21 13:26:52','2018-11-21 13:26:52'),(10,6248,'2018-11-21 13:53:54','2018-12-01 13:53:54','',1,1,1,1,'BO_ORDER_187',0.00,0,1,0,0,0,0,0,0,0,1,0.00,0.00,0,1,0,0,0,0,0,1,'2018-11-21 13:53:54','2018-11-21 13:53:54'),(13,6251,'2018-11-21 14:46:38','2018-12-01 14:46:38','',1,1,1,1,'BO_ORDER_190',0.00,0,1,0,0,0,0,0,0,0,1,0.00,0.00,0,1,0,0,0,0,0,1,'2018-11-21 14:46:38','2018-11-21 14:46:38'),(14,6252,'2018-11-21 15:08:45','2018-12-01 15:08:45','',1,1,1,1,'BO_ORDER_191',0.00,0,1,0,0,0,0,0,0,0,1,0.00,0.00,0,1,0,0,0,0,0,1,'2018-11-21 15:08:45','2018-11-21 15:08:45'),(16,6257,'2018-11-21 16:00:00','2018-12-21 16:00:00','',0,1,1,0,'',0.00,0,1,0,0,0,0,0,1,0,0,0.00,300.00,0,1,6380,0,0,0,0,1,'2018-11-21 16:48:29','2018-11-21 16:51:50'),(17,6260,'2018-11-22 16:47:24','2018-12-02 16:47:24','',0,1,1,1,'BO_ORDER_199',0.00,0,1,0,0,0,0,0,0,0,1,0.00,0.00,0,1,0,0,0,0,0,1,'2018-11-22 16:47:24','2018-11-22 16:51:31'),(18,0,'2018-11-22 19:00:00','2018-11-25 23:00:00','',100,1,1,0,'',0.00,0,1,0,0,0,0,0,0,0,1,0.00,0.00,0,1,0,0,0,0,0,0,'2018-11-22 19:40:38','2018-12-04 16:01:31'),(37,6283,'2018-11-27 18:30:32','2018-12-07 18:30:32','',0,1,1,1,'BO_ORDER_257',0.00,0,1,0,0,0,0,0,0,0,1,0.00,0.00,0,1,0,0,0,0,0,1,'2018-11-27 18:30:32','2018-11-27 18:31:00'),(39,0,'2018-07-25 22:36:43','2018-11-27 21:12:11','',0,1,1,1,'',0.00,0,0,0,0,0,0,0,0,0,0,0.00,433.33,0,1,0,0,0,0,0,0,'2018-11-27 20:12:11','2018-11-27 20:12:11'),(40,6249,'2018-11-27 20:45:13','2018-12-07 20:45:13','',0,1,1,1,'BO_ORDER_264',0.00,0,1,0,0,0,0,0,0,0,1,0.00,0.00,0,1,0,0,0,0,0,1,'2018-11-27 20:45:13','2018-11-27 20:46:13'),(41,6287,'2018-11-28 10:25:44','2018-12-08 10:25:44','',0,1,1,1,'BO_ORDER_267',0.00,0,1,0,0,0,0,0,0,0,1,0.00,0.00,0,1,0,0,0,0,0,1,'2018-11-28 10:25:44','2018-11-28 10:26:08'),(42,6288,'2018-11-28 13:18:43','2018-12-08 13:18:43','',0,1,1,1,'BO_ORDER_268',0.00,0,1,0,0,0,0,0,0,0,1,0.00,0.00,0,1,0,0,0,0,0,1,'2018-11-28 13:18:43','2018-11-28 13:20:20'),(45,6292,'2018-11-29 14:00:00','2018-12-29 14:00:00','',1,1,1,1,'',0.00,0,1,0,0,0,0,0,0,0,1,0.00,0.00,0,1,0,0,0,0,0,0,'2018-11-29 14:46:25','2018-12-04 16:01:24'),(46,6293,'2018-11-29 15:57:21','2018-12-09 15:57:21','',1,1,1,1,'BO_ORDER_275',0.00,0,1,0,0,0,0,0,0,0,1,0.00,0.00,0,1,0,0,0,0,0,1,'2018-11-29 15:57:21','2018-11-29 15:57:21'),(47,6297,'2018-11-29 16:31:20','2018-12-09 16:31:20','',1,1,1,1,'BO_ORDER_280',0.00,0,1,0,0,0,0,0,0,0,1,0.00,0.00,0,1,0,0,0,0,0,1,'2018-11-29 16:31:20','2018-11-29 16:31:20'),(48,6301,'2018-11-29 20:04:11','2018-12-09 20:04:11','',0,1,1,1,'BO_ORDER_285',0.00,0,1,0,0,0,0,0,0,0,1,0.00,0.00,0,1,0,0,0,0,0,1,'2018-11-29 20:04:11','2018-11-29 20:04:31'),(49,6302,'2018-11-29 20:21:14','2018-12-09 20:21:14','',1,1,1,1,'BO_ORDER_287',0.00,0,1,0,0,0,0,0,0,0,1,0.00,0.00,0,1,0,0,0,0,0,1,'2018-11-29 20:21:14','2018-11-29 20:21:14'),(50,6303,'2018-11-30 15:14:07','2018-12-10 15:14:07','',1,1,1,1,'BO_ORDER_294',0.00,0,1,0,0,0,0,0,0,0,1,0.00,0.00,0,1,0,0,0,0,0,1,'2018-11-30 15:14:07','2018-11-30 15:14:07'),(51,6317,'2018-12-04 15:00:00','2019-01-04 15:00:00','',0,1,1,1,'',0.00,0,1,0,0,0,0,0,0,0,0,0.00,25.00,1,1,0,0,0,0,0,0,'2018-12-04 15:50:24','2018-12-04 16:01:14'),(52,6319,'2018-12-05 13:13:08','2018-12-15 13:13:08','',1,1,1,1,'BO_ORDER_346',0.00,0,1,0,0,0,0,0,0,0,1,0.00,0.00,0,1,0,0,0,0,0,1,'2018-12-05 13:13:08','2018-12-05 13:13:08'),(53,6320,'2018-12-05 13:23:56','2018-12-15 13:23:56','',1,1,1,1,'BO_ORDER_347',0.00,0,1,0,0,0,0,0,0,0,1,0.00,0.00,0,1,0,0,0,0,0,1,'2018-12-05 13:23:56','2018-12-05 13:23:56'),(54,6321,'2018-12-05 13:28:23','2018-12-15 13:28:23','',1,1,1,1,'BO_ORDER_349',0.00,0,1,0,0,0,0,0,0,0,1,0.00,0.00,0,1,0,0,0,0,0,1,'2018-12-05 13:28:23','2018-12-05 13:28:23'),(55,6343,'2018-12-17 14:56:40','2018-12-27 14:56:40','',0,1,1,1,'BO_ORDER_420',0.00,0,1,0,0,0,0,0,0,0,1,0.00,0.00,0,1,0,0,0,0,0,1,'2018-12-17 14:56:40','2018-12-17 14:56:56'),(56,6359,'2018-12-24 14:40:08','2019-01-03 14:40:08','',0,1,1,1,'BO_ORDER_469',0.00,0,1,0,0,0,0,0,0,0,1,0.00,0.00,0,1,0,0,0,0,0,1,'2018-12-24 14:40:08','2018-12-24 14:40:16'),(57,6360,'2018-12-24 14:51:42','2019-01-03 14:51:42','',0,1,1,1,'BO_ORDER_470',0.00,0,1,0,0,0,0,0,0,0,1,0.00,0.00,0,1,0,0,0,0,0,1,'2018-12-24 14:51:42','2018-12-24 14:52:10');

--
-- Table structure for table `pre3303_cart_rule_carrier`
--

CREATE TABLE `pre3303_cart_rule_carrier` (
  `id_cart_rule` int(10) unsigned NOT NULL,
  `id_carrier` int(10) unsigned NOT NULL,
  PRIMARY KEY (`id_cart_rule`,`id_carrier`)
) ENGINE=InnoDB DEFAULT CHARSET=utf8;

--
-- Dumping data for table `pre3303_cart_rule_carrier`
--


--
-- Table structure for table `pre3303_cart_rule_combination`
--

CREATE TABLE `pre3303_cart_rule_combination` (
  `id_cart_rule_1` int(10) unsigned NOT NULL,
  `id_cart_rule_2` int(10) unsigned NOT NULL,
  PRIMARY KEY (`id_cart_rule_1`,`id_cart_rule_2`),
  KEY `id_cart_rule_1` (`id_cart_rule_1`),
  KEY `id_cart_rule_2` (`id_cart_rule_2`)
) ENGINE=InnoDB DEFAULT CHARSET=utf8;

--
-- Dumping data for table `pre3303_cart_rule_combination`
--


--
-- Table structure for table `pre3303_cart_rule_country`
--

CREATE TABLE `pre3303_cart_rule_country` (
  `id_cart_rule` int(10) unsigned NOT NULL,
  `id_country` int(10) unsigned NOT NULL,
  PRIMARY KEY (`id_cart_rule`,`id_country`)
) ENGINE=InnoDB DEFAULT CHARSET=utf8;

--
-- Dumping data for table `pre3303_cart_rule_country`
--


--
-- Table structure for table `pre3303_cart_rule_group`
--

CREATE TABLE `pre3303_cart_rule_group` (
  `id_cart_rule` int(10) unsigned NOT NULL,
  `id_group` int(10) unsigned NOT NULL,
  PRIMARY KEY (`id_cart_rule`,`id_group`)
) ENGINE=InnoDB DEFAULT CHARSET=utf8;

--
-- Dumping data for table `pre3303_cart_rule_group`
--


--
-- Table structure for table `pre3303_cart_rule_lang`
--

CREATE TABLE `pre3303_cart_rule_lang` (
  `id_cart_rule` int(10) unsigned NOT NULL,
  `id_lang` int(10) unsigned NOT NULL,
  `name` varchar(254) NOT NULL,
  PRIMARY KEY (`id_cart_rule`,`id_lang`)
) ENGINE=InnoDB DEFAULT CHARSET=utf8;

--
-- Dumping data for table `pre3303_cart_rule_lang`
--

INSERT INTO `pre3303_cart_rule_lang` VALUES (1,1,'guide graffiti magazine'),(1,2,'guide graffiti magazine'),(2,1,'Livraison gratuite'),(2,2,'Livraison gratuite'),(5,1,'Livraison gratuite'),(5,2,'Livraison gratuite'),(6,1,'Livraison gratuite'),(6,2,'Livraison gratuite'),(7,1,'Livraison gratuite'),(7,2,'Livraison gratuite'),(9,1,'Livraison gratuite'),(9,2,'Livraison gratuite'),(10,1,'Livraison gratuite'),(10,2,'Livraison gratuite'),(13,1,'Livraison gratuite'),(13,2,'Livraison gratuite'),(14,1,'Livraison gratuite'),(14,2,'Livraison gratuite'),(16,1,'Romain Froquet'),(16,2,'Romain Froquet'),(17,1,'Livraison gratuite'),(17,2,'Livraison gratuite'),(18,1,'BLACK'),(18,2,'BLACK'),(37,1,'Livraison gratuite'),(37,2,'Livraison gratuite'),(39,1,'financiere loisirs 2'),(39,2,'financiere loisirs 2'),(40,1,'Livraison gratuite'),(40,2,'Livraison gratuite'),(41,1,'Livraison gratuite'),(41,2,'Livraison gratuite'),(42,1,'Livraison gratuite'),(42,2,'Livraison gratuite'),(45,1,'Chambraud'),(45,2,'Chambraud'),(46,1,'Livraison gratuite'),(46,2,'Livraison gratuite'),(47,1,'Livraison gratuite'),(47,2,'Livraison gratuite'),(48,1,'Livraison gratuite'),(48,2,'Livraison gratuite'),(49,1,'Livraison gratuite'),(49,2,'Livraison gratuite'),(50,1,'Livraison gratuite'),(50,2,'Livraison gratuite'),(51,1,'remise Artsper'),(51,2,'remise Artsper'),(52,1,'Livraison gratuite'),(52,2,'Livraison gratuite'),(53,1,'Livraison gratuite'),(53,2,'Livraison gratuite'),(54,1,'Livraison gratuite'),(54,2,'Livraison gratuite'),(55,1,'Livraison gratuite'),(55,2,'Livraison gratuite'),(56,1,'Livraison gratuite'),(56,2,'Livraison gratuite'),(57,1,'Livraison gratuite'),(57,2,'Livraison gratuite');

--
-- Table structure for table `pre3303_cart_rule_product_rule`
--

CREATE TABLE `pre3303_cart_rule_product_rule` (
  `id_product_rule` int(10) unsigned NOT NULL AUTO_INCREMENT,
  `id_product_rule_group` int(10) unsigned NOT NULL,
  `type` enum('products','categories','attributes','manufacturers','suppliers') NOT NULL,
  PRIMARY KEY (`id_product_rule`)
) ENGINE=InnoDB AUTO_INCREMENT=6 DEFAULT CHARSET=utf8;

--
-- Dumping data for table `pre3303_cart_rule_product_rule`
--

INSERT INTO `pre3303_cart_rule_product_rule` VALUES (5,5,'products');

--
-- Table structure for table `pre3303_cart_rule_product_rule_group`
--

CREATE TABLE `pre3303_cart_rule_product_rule_group` (
  `id_product_rule_group` int(10) unsigned NOT NULL AUTO_INCREMENT,
  `id_cart_rule` int(10) unsigned NOT NULL,
  `quantity` int(10) unsigned NOT NULL DEFAULT '1',
  PRIMARY KEY (`id_product_rule_group`)
) ENGINE=InnoDB AUTO_INCREMENT=6 DEFAULT CHARSET=utf8;

--
-- Dumping data for table `pre3303_cart_rule_product_rule_group`
--

INSERT INTO `pre3303_cart_rule_product_rule_group` VALUES (5,16,1);

--
-- Table structure for table `pre3303_cart_rule_product_rule_value`
--

CREATE TABLE `pre3303_cart_rule_product_rule_value` (
  `id_product_rule` int(10) unsigned NOT NULL,
  `id_item` int(10) unsigned NOT NULL,
  PRIMARY KEY (`id_product_rule`,`id_item`)
) ENGINE=InnoDB DEFAULT CHARSET=utf8;

--
-- Dumping data for table `pre3303_cart_rule_product_rule_value`
--

INSERT INTO `pre3303_cart_rule_product_rule_value` VALUES (5,6380);

--
-- Table structure for table `pre3303_cart_rule_shop`
--

CREATE TABLE `pre3303_cart_rule_shop` (
  `id_cart_rule` int(10) unsigned NOT NULL,
  `id_shop` int(10) unsigned NOT NULL,
  PRIMARY KEY (`id_cart_rule`,`id_shop`)
) ENGINE=InnoDB DEFAULT CHARSET=utf8;

--
-- Dumping data for table `pre3303_cart_rule_shop`
--


--
-- Table structure for table `pre3303_category`
--

CREATE TABLE `pre3303_category` (
  `id_category` int(10) unsigned NOT NULL AUTO_INCREMENT,
  `id_parent` int(10) unsigned NOT NULL,
  `id_shop_default` int(10) unsigned NOT NULL DEFAULT '1',
  `level_depth` tinyint(3) unsigned NOT NULL DEFAULT '0',
  `nleft` int(10) unsigned NOT NULL DEFAULT '0',
  `nright` int(10) unsigned NOT NULL DEFAULT '0',
  `active` tinyint(1) unsigned NOT NULL DEFAULT '0',
  `date_add` datetime NOT NULL,
  `date_upd` datetime NOT NULL,
  `position` int(10) unsigned NOT NULL DEFAULT '0',
  `is_root_category` tinyint(1) NOT NULL DEFAULT '0',
  PRIMARY KEY (`id_category`),
  KEY `category_parent` (`id_parent`),
  KEY `nleftrightactive` (`nleft`,`nright`,`active`),
  KEY `level_depth` (`level_depth`),
  KEY `nright` (`nright`),
  KEY `activenleft` (`active`,`nleft`),
  KEY `activenright` (`active`,`nright`)
) ENGINE=InnoDB AUTO_INCREMENT=231 DEFAULT CHARSET=utf8;

--
-- Dumping data for table `pre3303_category`
--

INSERT INTO `pre3303_category` VALUES (1,0,1,0,1,268,1,'2018-05-23 18:48:10','2018-05-23 18:48:10',0,0),(51,47,2,2,7,8,1,'2018-07-11 21:27:41','2018-07-11 22:01:52',0,0),(56,1,2,1,206,265,1,'2018-07-11 21:55:39','2018-09-07 16:27:16',0,1),(60,56,2,2,207,208,1,'2018-07-11 22:08:35','2018-09-07 11:32:45',0,0),(61,1,2,1,2,129,1,'2018-07-11 22:26:03','2018-09-07 11:33:58',1,1),(62,61,4,2,3,4,1,'2018-07-11 22:28:26','2018-07-26 17:37:25',0,0),(65,1,2,1,130,205,1,'2018-07-12 18:23:27','2018-09-07 11:35:49',1,1),(67,65,5,2,167,168,1,'2018-07-12 18:28:07','2018-08-25 16:23:01',0,0),(76,61,4,2,5,98,1,'2018-07-19 10:39:29','2018-08-03 01:42:16',1,0),(77,61,4,2,99,122,1,'2018-07-19 10:39:56','2018-08-03 01:41:49',2,0),(78,76,4,3,18,19,1,'2018-07-19 10:41:16','2018-08-01 15:41:39',27,0),(79,76,4,3,24,25,1,'2018-07-19 10:41:49','2018-08-01 17:11:24',40,0),(80,76,4,3,30,31,1,'2018-07-19 10:42:26','2018-08-01 19:39:36',34,0),(81,76,4,3,36,37,1,'2018-07-19 10:43:02','2018-08-01 17:11:24',41,0),(82,77,4,3,100,101,1,'2018-07-19 10:43:40','2018-07-26 15:23:11',3,0),(83,77,4,3,102,103,1,'2018-07-19 10:44:27','2018-07-26 15:22:50',0,0),(85,77,4,3,104,105,1,'2018-07-19 10:46:04','2018-07-26 15:23:11',4,0),(90,76,4,3,42,43,1,'2018-07-19 13:06:51','2018-08-01 15:41:39',23,0),(91,77,4,3,106,107,1,'2018-07-19 15:36:19','2018-07-26 15:23:11',1,0),(92,77,4,3,108,109,1,'2018-07-19 15:39:09','2018-07-26 15:22:59',5,0),(93,77,4,3,110,111,1,'2018-07-19 15:39:44','2018-07-26 15:22:59',6,0),(94,77,4,3,112,113,1,'2018-07-19 15:41:27','2018-07-26 15:23:11',2,0),(95,77,4,3,114,115,1,'2018-07-19 16:27:58','2018-07-19 17:23:52',7,0),(96,76,4,3,48,49,1,'2018-07-19 16:36:24','2018-08-01 15:41:39',31,0),(97,76,4,3,54,55,1,'2018-07-19 16:56:22','2018-08-01 17:11:41',33,0),(98,76,4,3,60,61,1,'2018-07-19 16:56:23','2018-08-01 15:41:50',21,0),(99,76,4,3,66,67,1,'2018-07-19 16:56:23','2018-08-01 17:11:24',42,0),(100,76,4,3,72,73,1,'2018-07-19 16:56:23','2018-08-01 15:41:39',26,0),(101,76,4,3,78,79,1,'2018-07-19 16:56:23','2018-08-01 15:41:50',17,0),(102,76,4,3,84,85,1,'2018-07-19 16:56:23','2018-07-26 15:37:40',24,0),(103,76,4,3,90,91,1,'2018-07-19 16:56:23','2018-08-01 17:11:24',38,0),(104,76,4,3,6,7,1,'2018-07-19 16:56:23','2018-08-01 15:41:39',29,0),(105,76,4,3,10,11,1,'2018-07-19 16:56:24','2018-11-22 11:29:19',15,0),(106,76,4,3,14,15,1,'2018-07-19 16:56:24','2018-08-01 15:41:50',19,0),(107,76,4,3,20,21,1,'2018-07-19 16:56:24','2018-08-01 15:41:39',22,0),(108,76,4,3,26,27,1,'2018-07-19 16:56:24','2018-07-28 16:48:46',1,0),(109,76,4,3,32,33,1,'2018-07-19 16:56:24','2018-08-01 17:11:24',44,0),(110,76,4,3,38,39,1,'2018-07-19 16:56:24','2018-08-01 17:11:24',37,0),(111,76,4,3,44,45,1,'2018-07-19 16:56:24','2018-08-01 15:41:50',18,0),(112,76,4,3,50,51,1,'2018-07-19 16:56:24','2018-08-01 15:41:39',28,0),(113,76,4,3,56,57,1,'2018-07-19 16:56:24','2018-08-01 15:41:50',20,0),(114,76,4,3,62,63,1,'2018-07-19 16:56:24','2018-07-31 18:20:09',7,0),(115,76,4,3,68,69,1,'2018-07-19 16:56:24','2018-08-01 15:41:50',12,0),(116,76,4,3,74,75,1,'2018-07-19 17:12:14','2018-08-01 15:41:50',16,0),(120,76,4,3,80,81,1,'2018-07-19 17:12:18','2018-07-31 18:19:51',3,0),(122,77,4,3,116,117,1,'2018-07-19 17:12:23','2018-07-19 17:23:52',8,0),(123,76,4,3,86,87,1,'2018-07-19 17:12:24','2018-08-01 17:11:24',39,0),(129,76,4,3,92,93,1,'2018-07-19 17:12:34','2018-08-01 15:41:50',11,0),(134,76,4,3,8,9,1,'2018-07-19 17:12:41','2018-07-31 18:20:09',8,0),(140,77,4,3,118,119,1,'2018-07-20 18:10:59','2018-07-20 18:10:59',0,0),(141,77,4,3,120,121,1,'2018-07-20 18:47:02','2018-07-20 18:47:02',0,0),(142,76,4,3,12,13,1,'2018-07-21 18:17:33','2018-08-01 15:41:50',13,0),(143,76,4,3,16,17,1,'2018-07-25 16:10:28','2018-08-01 15:41:39',25,0),(144,76,4,3,22,23,1,'2018-07-25 17:00:10','2018-07-31 18:20:09',5,0),(145,76,4,3,28,29,1,'2018-07-25 17:17:52','2018-08-01 17:11:24',43,0),(146,76,4,3,34,35,1,'2018-07-25 17:58:28','2018-07-28 16:48:46',2,0),(147,76,4,3,40,41,1,'2018-07-26 15:36:34','2018-07-31 18:20:09',9,0),(148,61,4,2,123,124,1,'2018-07-28 14:28:50','2018-08-02 17:36:38',3,0),(149,76,4,3,46,47,1,'2018-07-28 14:30:54','2018-07-31 18:20:09',6,0),(150,76,4,3,52,53,1,'2018-07-28 16:23:11','2018-08-01 15:41:50',14,0),(151,76,4,3,58,59,1,'2018-07-28 16:46:44','2018-07-28 18:43:35',0,0),(152,76,4,3,64,65,1,'2018-07-28 16:47:20','2018-08-01 19:39:36',35,0),(153,76,4,3,70,71,1,'2018-07-28 18:10:33','2018-08-01 19:39:36',36,0),(154,76,4,3,76,77,1,'2018-07-28 18:42:52','2018-08-01 15:41:39',24,0),(155,76,4,3,82,83,1,'2018-07-28 18:43:56','2018-07-31 18:20:09',4,0),(156,65,5,2,169,200,1,'2018-07-31 19:04:53','2018-08-24 14:25:26',1,0),(157,65,5,2,131,164,1,'2018-07-31 19:05:10','2018-08-24 14:25:26',2,0),(158,76,4,3,88,89,1,'2018-08-01 15:41:26','2018-08-01 15:41:50',10,0),(159,76,4,3,94,95,1,'2018-08-01 17:11:14','2018-08-01 19:39:59',32,0),(160,157,5,3,154,155,1,'2018-08-02 18:21:11','2018-08-17 18:31:48',13,0),(161,156,5,3,192,193,1,'2018-08-02 18:21:32','2018-08-17 18:31:26',13,0),(162,156,5,3,194,195,1,'2018-08-07 14:48:12','2018-08-17 18:31:18',3,0),(163,156,5,3,196,197,1,'2018-08-07 14:48:40','2018-08-17 18:31:18',3,0),(164,156,5,3,198,199,1,'2018-08-07 14:51:19','2018-08-17 18:31:18',6,0),(165,156,5,3,170,171,1,'2018-08-07 14:51:45','2018-08-17 18:31:26',6,0),(166,156,5,3,172,173,1,'2018-08-07 14:52:09','2018-08-17 18:31:26',6,0),(167,157,5,3,156,157,1,'2018-08-07 15:02:02','2018-08-11 14:55:06',0,0),(168,157,5,3,158,159,1,'2018-08-07 15:02:28','2018-08-11 15:57:20',3,0),(169,157,5,3,160,161,1,'2018-08-07 15:03:04','2018-08-17 18:31:48',6,0),(170,157,5,3,162,163,1,'2018-08-07 15:03:37','2018-08-17 18:31:48',6,0),(171,157,5,3,132,133,1,'2018-08-07 15:04:06','2018-08-17 18:31:48',12,0),(172,157,5,3,134,135,1,'2018-08-07 15:04:37','2018-08-17 18:31:48',4,0),(173,157,5,3,136,137,1,'2018-08-07 15:05:06','2018-08-17 18:31:48',11,0),(174,157,5,3,138,139,1,'2018-08-07 15:05:35','2018-08-11 15:57:20',4,0),(175,157,5,3,140,141,1,'2018-08-07 15:06:09','2018-08-17 18:31:48',8,0),(176,157,5,3,142,143,1,'2018-08-07 15:07:12','2018-08-11 14:55:14',1,0),(177,157,5,3,144,145,1,'2018-08-07 15:07:40','2018-08-17 18:31:48',7,0),(178,157,5,3,146,147,1,'2018-08-07 15:08:19','2018-08-17 18:31:48',2,0),(179,156,5,3,174,175,1,'2018-08-11 14:51:40','2018-08-11 14:54:21',0,0),(180,156,5,3,176,177,1,'2018-08-11 14:52:08','2018-08-11 14:52:51',1,0),(181,156,5,3,178,179,1,'2018-08-11 14:52:39','2018-08-17 18:31:18',7,0),(182,156,5,3,180,181,1,'2018-08-11 14:53:36','2018-08-17 18:31:26',3,0),(183,157,5,3,148,149,1,'2018-08-11 15:56:16','2018-08-11 15:57:20',2,0),(184,156,5,3,182,183,1,'2018-08-11 18:47:46','2018-08-17 18:31:26',8,0),(185,156,5,3,184,185,1,'2018-08-17 18:27:39','2018-08-17 18:31:18',3,0),(186,157,5,3,150,151,1,'2018-08-17 18:28:12','2018-08-17 18:31:48',5,0),(187,156,5,3,186,187,1,'2018-08-17 18:29:00','2018-08-17 18:31:26',9,0),(188,156,5,3,188,189,1,'2018-08-17 18:29:11','2018-08-17 18:31:03',2,0),(189,61,4,2,125,126,1,'2018-08-24 14:43:25','2018-08-24 14:43:25',0,0),(190,65,5,2,165,166,1,'2018-08-24 17:00:31','2018-08-24 17:00:31',0,0),(191,56,2,2,209,236,1,'2018-09-07 11:32:00','2018-09-07 11:32:00',0,0),(192,56,2,2,237,254,1,'2018-09-07 11:33:14','2018-09-07 11:33:14',0,0),(193,191,2,3,212,217,1,'2018-09-07 16:23:41','2018-10-31 15:30:21',1,0),(198,192,2,3,250,251,1,'2018-09-07 16:39:56','2018-10-31 15:38:31',6,0),(199,157,5,3,152,153,1,'2018-09-21 16:46:36','2018-09-21 16:46:36',0,0),(200,156,5,3,190,191,1,'2018-09-26 15:06:24','2018-09-26 15:06:24',0,0),(201,191,2,3,218,219,1,'2018-09-26 17:17:33','2018-10-31 15:30:21',2,0),(202,192,2,3,242,243,1,'2018-09-26 17:17:54','2018-10-31 15:38:38',2,0),(203,193,2,4,213,214,1,'2018-09-27 15:32:08','2018-09-27 15:32:08',0,0),(204,193,2,4,215,216,1,'2018-09-27 15:32:34','2018-09-27 15:32:34',0,0),(205,192,2,3,238,239,1,'2018-10-02 14:37:45','2018-10-31 15:31:13',0,0),(206,191,2,3,230,231,1,'2018-10-02 16:45:19','2018-10-31 15:37:41',8,0),(207,192,2,3,246,247,1,'2018-10-02 17:11:11','2018-10-31 15:38:31',4,0),(208,65,5,2,201,204,1,'2018-10-03 17:59:11','2018-10-03 17:59:11',0,0),(209,208,5,3,202,203,1,'2018-10-03 18:00:56','2018-10-03 18:00:56',0,0),(210,56,2,2,255,264,1,'2018-10-03 18:06:59','2018-10-03 18:06:59',0,0),(211,210,2,3,256,257,1,'2018-10-03 18:07:44','2018-10-03 18:07:44',0,0),(212,210,2,3,258,259,1,'2018-10-12 17:39:24','2018-10-12 17:39:24',0,0),(213,191,2,3,220,221,1,'2018-10-12 18:09:49','2018-10-31 15:37:56',3,0),(214,191,2,3,224,225,1,'2018-10-13 13:16:15','2018-10-31 15:37:58',1,0),(215,192,2,3,244,245,1,'2018-10-13 13:23:36','2018-10-31 15:38:38',3,0),(216,191,2,3,228,229,1,'2018-10-13 14:21:45','2018-10-31 15:37:41',2,0),(218,191,2,3,210,211,1,'2018-10-13 17:19:56','2018-10-31 15:30:21',0,0),(219,191,2,3,222,223,1,'2018-10-15 22:34:58','2018-10-31 15:37:56',4,0),(220,192,2,3,248,249,1,'2018-10-26 17:46:55','2018-10-31 15:38:31',0,0),(221,191,2,3,226,227,1,'2018-10-30 14:42:22','2018-10-31 15:37:58',6,0),(222,192,2,3,240,241,1,'2018-10-30 14:57:55','2018-10-31 15:31:13',1,0),(223,192,2,3,252,253,1,'2018-11-06 18:17:37','2018-11-06 18:17:37',0,0),(224,1,2,1,266,267,1,'2018-11-14 19:11:20','2018-11-14 19:11:20',0,1),(225,210,2,3,260,261,1,'2018-11-14 19:12:12','2018-11-14 19:12:38',2,0),(226,191,2,3,232,233,1,'2018-11-14 19:14:02','2018-11-14 19:14:02',0,0),(227,191,2,3,234,235,1,'2018-11-14 19:15:55','2018-11-14 19:15:55',0,0),(228,76,4,3,96,97,1,'2018-11-15 00:03:54','2018-11-15 00:03:54',0,0),(229,61,4,2,127,128,1,'2018-11-22 18:36:35','2018-11-22 18:36:35',0,0),(230,210,2,3,262,263,1,'2018-11-23 17:44:31','2018-11-23 17:44:31',0,0);

--
-- Table structure for table `pre3303_category_group`
--

CREATE TABLE `pre3303_category_group` (
  `id_category` int(10) unsigned NOT NULL,
  `id_group` int(10) unsigned NOT NULL,
  PRIMARY KEY (`id_category`,`id_group`),
  KEY `id_category` (`id_category`),
  KEY `id_group` (`id_group`)
) ENGINE=InnoDB DEFAULT CHARSET=utf8;

--
-- Dumping data for table `pre3303_category_group`
--

INSERT INTO `pre3303_category_group` VALUES (51,1),(51,2),(51,3),(51,4),(51,5),(51,6),(51,7),(56,1),(56,2),(56,3),(56,4),(56,5),(56,6),(56,7),(60,1),(60,2),(60,3),(60,4),(60,5),(60,6),(60,7),(60,8),(61,1),(61,2),(61,3),(61,4),(61,5),(61,6),(61,7),(61,8),(61,10),(62,1),(62,2),(62,3),(62,4),(62,5),(62,6),(62,7),(65,1),(65,2),(65,3),(65,4),(65,5),(65,6),(65,7),(67,1),(67,2),(67,3),(67,4),(67,5),(67,6),(67,7),(76,1),(76,2),(76,3),(76,4),(76,5),(76,6),(76,7),(76,8),(77,1),(77,2),(77,3),(77,4),(77,5),(77,6),(77,7),(77,8),(78,1),(78,2),(78,3),(79,1),(79,2),(79,3),(80,1),(80,2),(80,3),(81,1),(81,2),(81,3),(82,1),(82,2),(82,3),(83,1),(83,2),(83,3),(83,4),(83,5),(83,6),(83,7),(83,8),(85,1),(85,2),(85,3),(90,1),(90,2),(90,3),(91,1),(91,2),(91,3),(92,1),(92,2),(92,3),(93,1),(93,2),(93,3),(94,1),(94,2),(94,3),(95,1),(95,2),(95,3),(95,4),(95,5),(95,6),(95,7),(95,8),(96,1),(96,2),(96,3),(97,1),(97,2),(97,3),(98,1),(98,2),(98,3),(99,1),(99,2),(99,3),(100,1),(100,2),(100,3),(101,1),(101,2),(101,3),(102,1),(102,2),(102,3),(103,1),(103,2),(103,3),(104,1),(104,2),(104,3),(105,1),(105,2),(105,3),(105,4),(105,5),(105,6),(105,7),(105,8),(105,10),(106,1),(106,2),(106,3),(107,1),(107,2),(107,3),(108,1),(108,2),(108,3),(109,1),(109,2),(109,3),(110,1),(110,2),(110,3),(111,1),(111,2),(111,3),(112,1),(112,2),(112,3),(113,1),(113,2),(113,3),(114,1),(114,2),(114,3),(114,4),(114,5),(114,6),(114,7),(114,8),(115,1),(115,2),(115,3),(116,1),(116,2),(116,3),(116,4),(116,5),(116,6),(116,7),(116,8),(120,1),(120,2),(120,3),(120,4),(120,5),(120,6),(120,7),(120,8),(122,1),(122,2),(122,3),(123,1),(123,2),(123,3),(123,4),(123,5),(123,6),(123,7),(123,8),(129,1),(129,2),(129,3),(129,4),(129,5),(129,6),(129,7),(129,8),(134,1),(134,2),(134,3),(134,4),(134,5),(134,6),(134,7),(134,8),(140,1),(140,2),(140,3),(140,4),(140,5),(140,6),(140,7),(140,8),(141,1),(141,2),(141,3),(141,4),(141,5),(141,6),(141,7),(141,8),(142,1),(142,2),(142,3),(142,4),(142,5),(142,6),(142,7),(142,8),(143,1),(143,2),(143,3),(144,1),(144,2),(144,3),(144,4),(144,5),(144,6),(144,7),(144,8),(145,1),(145,2),(145,3),(145,4),(145,5),(145,6),(145,7),(145,8),(146,1),(146,2),(146,3),(146,4),(146,5),(146,6),(146,7),(146,8),(147,1),(147,2),(147,3),(148,8),(149,1),(149,2),(149,3),(149,4),(149,5),(149,6),(149,7),(149,8),(150,1),(150,2),(150,3),(150,4),(150,5),(150,6),(150,7),(150,8),(151,1),(151,2),(151,3),(151,4),(151,5),(151,6),(151,7),(151,8),(152,1),(152,2),(152,3),(152,4),(152,5),(152,6),(152,7),(152,8),(153,1),(153,2),(153,3),(153,4),(153,5),(153,6),(153,7),(153,8),(154,1),(154,2),(154,3),(154,4),(154,5),(154,6),(154,7),(154,8),(155,1),(155,2),(155,3),(155,4),(155,5),(155,6),(155,7),(155,8),(156,1),(156,2),(156,3),(156,4),(156,5),(156,6),(156,7),(156,8),(157,1),(157,2),(157,3),(157,4),(157,5),(157,6),(157,7),(157,8),(158,1),(158,2),(158,3),(159,1),(159,2),(159,3),(159,4),(159,5),(159,6),(159,7),(159,8),(160,1),(160,2),(160,3),(161,1),(161,2),(161,3),(162,1),(162,2),(162,3),(162,4),(162,5),(162,6),(162,7),(162,8),(163,1),(163,2),(163,3),(163,4),(163,5),(163,6),(163,7),(163,8),(164,1),(164,2),(164,3),(164,4),(164,5),(164,6),(164,7),(164,8),(165,1),(165,2),(165,3),(165,4),(165,5),(165,6),(165,7),(165,8),(166,1),(166,2),(166,3),(167,1),(167,2),(167,3),(167,4),(167,5),(167,6),(167,7),(167,8),(168,1),(168,2),(168,3),(168,4),(168,5),(168,6),(168,7),(168,8),(169,1),(169,2),(169,3),(169,4),(169,5),(169,6),(169,7),(169,8),(170,1),(170,2),(170,3),(170,4),(170,5),(170,6),(170,7),(170,8),(171,1),(171,2),(171,3),(171,4),(171,5),(171,6),(171,7),(171,8),(172,1),(172,2),(172,3),(172,4),(172,5),(172,6),(172,7),(172,8),(173,1),(173,2),(173,3),(173,4),(173,5),(173,6),(173,7),(173,8),(174,1),(174,2),(174,3),(174,4),(174,5),(174,6),(174,7),(174,8),(175,1),(175,2),(175,3),(175,4),(175,5),(175,6),(175,7),(175,8),(176,1),(176,2),(176,3),(176,4),(176,5),(176,6),(176,7),(176,8),(177,1),(177,2),(177,3),(177,4),(177,5),(177,6),(177,7),(177,8),(178,1),(178,2),(178,3),(178,4),(178,5),(178,6),(178,7),(178,8),(179,1),(179,2),(179,3),(179,4),(179,5),(179,6),(179,7),(179,8),(180,1),(180,2),(180,3),(180,4),(180,5),(180,6),(180,7),(180,8),(181,1),(181,2),(181,3),(181,4),(181,5),(181,6),(181,7),(181,8),(182,1),(182,2),(182,3),(182,4),(182,5),(182,6),(182,7),(182,8),(183,1),(183,2),(183,3),(183,4),(183,5),(183,6),(183,7),(183,8),(184,1),(184,2),(184,3),(185,1),(185,2),(185,3),(186,1),(186,2),(186,3),(187,1),(187,2),(187,3),(188,1),(188,2),(188,3),(189,1),(189,2),(189,3),(190,1),(190,2),(190,3),(191,1),(191,2),(191,3),(191,4),(191,5),(191,6),(191,7),(191,8),(192,1),(192,2),(192,3),(192,4),(192,5),(192,6),(192,7),(192,8),(193,1),(193,2),(193,3),(198,1),(198,2),(198,3),(198,4),(198,5),(198,6),(198,7),(198,8),(198,10),(199,1),(199,2),(199,3),(200,1),(200,2),(200,3),(201,1),(201,2),(201,3),(201,4),(201,5),(201,6),(201,7),(201,8),(201,10),(202,1),(202,2),(202,3),(202,4),(202,5),(202,6),(202,7),(202,8),(202,10),(203,1),(203,2),(203,3),(203,4),(203,5),(203,6),(203,7),(203,8),(204,1),(204,2),(204,3),(204,4),(204,5),(204,6),(204,7),(204,8),(205,1),(205,2),(205,3),(205,4),(205,5),(205,6),(205,7),(205,8),(205,10),(206,1),(206,2),(206,3),(207,1),(207,2),(207,3),(207,4),(207,5),(207,6),(207,7),(207,8),(207,10),(208,1),(208,2),(208,3),(208,4),(208,5),(208,6),(208,7),(208,8),(208,10),(209,4),(209,5),(210,1),(210,2),(210,3),(211,1),(211,2),(211,3),(212,1),(212,2),(212,3),(212,4),(212,5),(212,6),(212,7),(212,8),(212,10),(213,1),(213,2),(213,3),(214,1),(214,2),(214,3),(215,1),(215,2),(215,3),(215,4),(215,5),(215,6),(215,7),(215,8),(215,10),(216,1),(216,2),(216,3),(218,1),(218,2),(218,3),(219,1),(219,2),(219,3),(220,1),(220,2),(220,3),(221,1),(221,2),(221,3),(221,4),(221,5),(221,6),(221,7),(221,8),(221,10),(222,1),(222,2),(222,3),(223,1),(223,2),(223,3),(224,1),(224,2),(224,3),(225,1),(225,2),(225,3),(226,1),(226,2),(226,3),(227,1),(227,2),(227,3),(228,1),(228,2),(228,3),(229,1),(229,2),(229,3),(230,1),(230,2),(230,3);

--
-- Table structure for table `pre3303_category_lang`
--

CREATE TABLE `pre3303_category_lang` (
  `id_category` int(10) unsigned NOT NULL,
  `id_shop` int(11) unsigned NOT NULL DEFAULT '1',
  `id_lang` int(10) unsigned NOT NULL,
  `name` varchar(128) NOT NULL,
  `description` text,
  `link_rewrite` varchar(128) NOT NULL,
  `meta_title` varchar(128) DEFAULT NULL,
  `meta_keywords` varchar(255) DEFAULT NULL,
  `meta_description` varchar(255) DEFAULT NULL,
  PRIMARY KEY (`id_category`,`id_shop`,`id_lang`),
  KEY `category_name` (`name`)
) ENGINE=InnoDB DEFAULT CHARSET=utf8;

--
-- Dumping data for table `pre3303_category_lang`
--

INSERT INTO `pre3303_category_lang` VALUES (1,2,1,'Racine','','racine','','',''),(1,2,2,'Root','','racine','','',''),(1,4,1,'Racine','','racine','','',''),(1,4,2,'Root','','racine','','',''),(1,5,1,'Racine','','racine','','',''),(1,5,2,'Root','','racine','','',''),(51,2,1,'Accueil','','accueil','','',''),(51,2,2,'Accueil','','accueil','','',''),(51,4,1,'Accueil','','accueil','','',''),(51,4,2,'Accueil','','accueil','','',''),(51,5,1,'Accueil','','accueil','','',''),(51,5,2,'Accueil','','accueil','','',''),(56,2,1,'JKA','','jka','','',''),(56,2,2,'JK-Art','','jk-art','','',''),(56,4,1,'JKA','','jka','','',''),(56,4,2,'JK-Art','','jk-art','','',''),(56,5,1,'JKA','','jka','','',''),(56,5,2,'JK-Art','','jk-art','','',''),(60,2,1,'Tendances','','tendances','','',''),(60,2,2,'Trendy','','trendy','','',''),(60,4,1,'Accueil','','accueil','','',''),(60,4,2,'Accueil','','accueil','','',''),(60,5,1,'Accueil','','accueil','','',''),(60,5,2,'Accueil','','accueil','','',''),(61,2,1,'LithoOnline','','lithoonline','','',''),(61,2,2,'LithoOnline','','lithoonline','','',''),(61,4,1,'LithoOnline','','lithoonline','','',''),(61,4,2,'LithoOnline','','lithoonline','','',''),(61,5,1,'LithoOnline','','lithoonline','','',''),(61,5,2,'LithoOnline','','lithoonline','','',''),(62,2,1,'Accueil','','accueil','','',''),(62,2,2,'Accueil','','accueil','','',''),(62,4,1,'Tendances','','tendances','','',''),(62,4,2,'Trendy','','trendy','','',''),(62,5,1,'Accueil','','accueil','','',''),(62,5,2,'Accueil','','accueil','','',''),(65,2,1,'StreetArtStore','','streetartstore','','',''),(65,2,2,'StreetArtStore','','streetartstore','','',''),(65,4,1,'StreetArtStore','','streetartstore','','',''),(65,4,2,'StreetArtStore','','streetartstore','','',''),(65,5,1,'StreetArtStore','','streetartstore','','',''),(65,5,2,'StreetArtStore','','streetartstore','','',''),(67,2,1,'Tendances','','tendances','','',''),(67,2,2,'Accueil','','accueil','','',''),(67,4,1,'Tendances','','tendances','','',''),(67,4,2,'Accueil','','accueil','','',''),(67,5,1,'Tendances','','tendances','','',''),(67,5,2,'Trendy','','trendy','','',''),(76,2,1,'Artistes','','artistes','','',''),(76,2,2,'Artistes','','artistes','','',''),(76,4,1,'Artistes','','artistes','','',''),(76,4,2,'Artistes','','artistes','','',''),(76,5,1,'Artistes','','artistes','','',''),(76,5,2,'Artistes','','artistes','','',''),(77,2,1,'Techniques','','techniques','','',''),(77,2,2,'Techniques','','techniques','','',''),(77,4,1,'Techniques','','techniques','','',''),(77,4,2,'Techniques','','techniques','','',''),(77,5,1,'Techniques','','techniques','','',''),(77,5,2,'Techniques','','techniques','','',''),(78,2,1,'Jo di Bona','','jo-di-bona','','',''),(78,2,2,'Jo di Bona','','jo-di-bona','','',''),(78,4,1,'Jo di Bona','','jo-di-bona','','',''),(78,4,2,'Jo di Bona','','jo-di-bona','','',''),(78,5,1,'Jo di Bona','','jo-di-bona','','',''),(78,5,2,'Jo di Bona','','jo-di-bona','','',''),(79,2,1,'Shepard Fairey','','shepard-fairey','','',''),(79,2,2,'Shepard Fairey','','shepard-fairey','','',''),(79,4,1,'Shepard Fairey','','shepard-fairey','','',''),(79,4,2,'Shepard Fairey','','shepard-fairey','','',''),(79,5,1,'Shepard Fairey','','shepard-fairey','','',''),(79,5,2,'Shepard Fairey','','shepard-fairey','','',''),(80,2,1,'Philippe Hérard','','philippe-herard','','',''),(80,2,2,'Philippe Hérard','','philippe-herard','','',''),(80,4,1,'Philippe Hérard','','philippe-herard','','',''),(80,4,2,'Philippe Hérard','','philippe-herard','','',''),(80,5,1,'Philippe Hérard','','philippe-herard','','',''),(80,5,2,'Philippe Hérard','','philippe-herard','','',''),(81,2,1,'Speedy Graphito','','speedy-graphito','','',''),(81,2,2,'Speedy Graphito','','speedy-graphito','','',''),(81,4,1,'Speedy Graphito','','speedy-graphito','','',''),(81,4,2,'Speedy Graphito','','speedy-graphito','','',''),(81,5,1,'Speedy Graphito','','speedy-graphito','','',''),(81,5,2,'Speedy Graphito','','speedy-graphito','','',''),(82,2,1,'Lithographie','','lithographie','','',''),(82,2,2,'Lithographie','','lithographie','','',''),(82,4,1,'Lithographie','','lithographie','','',''),(82,4,2,'Lithographie','','lithographie','','',''),(82,5,1,'Lithographie','','lithographie','','',''),(82,5,2,'Lithographie','','lithographie','','',''),(83,2,1,'Digigraphie','','digigraphie','','',''),(83,2,2,'Digigraphie','','digigraphie','','',''),(83,4,1,'Estampe numérique','','estampe-numerique','','',''),(83,4,2,'Digigraphie','','digigraphie','','',''),(83,5,1,'Digigraphie','','digigraphie','','',''),(83,5,2,'Digigraphie','','digigraphie','','',''),(85,2,1,'Sérigraphie','','serigraphie','','',''),(85,2,2,'Sérigraphie','','serigraphie','','',''),(85,4,1,'Sérigraphie','','serigraphie','','',''),(85,4,2,'Sérigraphie','','serigraphie','','',''),(85,5,1,'Sérigraphie','','serigraphie','','',''),(85,5,2,'Sérigraphie','','serigraphie','','',''),(90,2,1,'Jana & JS','','jana-js','','',''),(90,2,2,'Jana & JS','','jana-js','','',''),(90,4,1,'Jana & JS','','jana-js','','',''),(90,4,2,'Jana & JS','','jana-js','','',''),(90,5,1,'Jana & JS','','jana-js','','',''),(90,5,2,'Jana & JS','','jana-js','','',''),(91,2,1,'Estampe rehaussée','','estampe-rehaussee','','',''),(91,2,2,'Estampe rehaussée','','estampe-rehaussee','','',''),(91,4,1,'Estampe rehaussée','','estampe-rehaussee','','',''),(91,4,2,'Estampe rehaussée','','estampe-rehaussee','','',''),(91,5,1,'Estampe rehaussée','','estampe-rehaussee','','',''),(91,5,2,'Estampe rehaussée','','estampe-rehaussee','','',''),(92,2,1,'Sculpture','','sculpture','','',''),(92,2,2,'Sculpture','','sculpture','','',''),(92,4,1,'Sculpture','','sculpture','','',''),(92,4,2,'Sculpture','','sculpture','','',''),(92,5,1,'Sculpture','','sculpture','','',''),(92,5,2,'Sculpture','','sculpture','','',''),(93,2,1,'Photographie','','photographie','','',''),(93,2,2,'Photographie','','photographie','','',''),(93,4,1,'Photographie','','photographie','','',''),(93,4,2,'Photographie','','photographie','','',''),(93,5,1,'Photographie','','photographie','','',''),(93,5,2,'Photographie','','photographie','','',''),(94,2,1,'Gravure','','gravure','','',''),(94,2,2,'Gravure','','gravure','','',''),(94,4,1,'Gravure','','gravure','','',''),(94,4,2,'Gravure','','gravure','','',''),(94,5,1,'Gravure','','gravure','','',''),(94,5,2,'Gravure','','gravure','','',''),(95,2,1,'Technique mixte','','technique-mixte','','',''),(95,2,2,'Technique mixte','','technique-mixte','','',''),(95,4,1,'Technique mixte','','technique-mixte','','',''),(95,4,2,'Technique mixte','','technique-mixte','','',''),(95,5,1,'Technique mixte','','technique-mixte','','',''),(95,5,2,'Technique mixte','','technique-mixte','','',''),(96,2,1,'Levalet','','levalet','','',''),(96,2,2,'Levalet','','levalet','','',''),(96,4,1,'Levalet','','levalet','','',''),(96,4,2,'Levalet','','levalet','','',''),(96,5,1,'Levalet','','levalet','','',''),(96,5,2,'Levalet','','levalet','','',''),(97,2,1,'Miss Tic','','miss-tic','','',''),(97,2,2,'Miss Tic','','miss-tic','','',''),(97,4,1,'Miss Tic','','miss-tic','','',''),(97,4,2,'Miss Tic','','miss-tic','','',''),(97,5,1,'Miss Tic','','miss-tic','','',''),(97,5,2,'Miss Tic','','miss-tic','','',''),(98,2,1,'Hush','','hush','','',''),(98,2,2,'Hush','','hush','','',''),(98,4,1,'Hush','','hush','','',''),(98,4,2,'Hush','','hush','','',''),(98,5,1,'Hush','','hush','','',''),(98,5,2,'Hush','','hush','','',''),(99,2,1,'Stoul','','stoul','','',''),(99,2,2,'Stoul','','stoul','','',''),(99,4,1,'Stoul','','stoul','','',''),(99,4,2,'Stoul','','stoul','','',''),(99,5,1,'Stoul','','stoul','','',''),(99,5,2,'Stoul','','stoul','','',''),(100,2,1,'Jérôme Mesnager','','jerome-mesnager','','',''),(100,2,2,'Jérôme Mesnager','','jerome-mesnager','','',''),(100,4,1,'Jérôme Mesnager','','jerome-mesnager','','',''),(100,4,2,'Jérôme Mesnager','','jerome-mesnager','','',''),(100,5,1,'Jérôme Mesnager','','jerome-mesnager','','',''),(100,5,2,'Jérôme Mesnager','','jerome-mesnager','','',''),(101,2,1,'Gottfried Salzmann','','gottfried-salzmann','','',''),(101,2,2,'Gottfried Salzmann','','gottfried-salzmann','','',''),(101,4,1,'Gottfried Salzmann','','gottfried-salzmann','','',''),(101,4,2,'Gottfried Salzmann','','gottfried-salzmann','','',''),(101,5,1,'Gottfried Salzmann','','gottfried-salzmann','','',''),(101,5,2,'Gottfried Salzmann','','gottfried-salzmann','','',''),(102,2,1,'Levalet','','levalet','','',''),(102,2,2,'Levalet','','levalet','','',''),(102,4,1,'Levalet','','levalet','','',''),(102,4,2,'Levalet','','levalet','','',''),(102,5,1,'Levalet','','levalet','','',''),(102,5,2,'Levalet','','levalet','','',''),(103,2,1,'Romain Froquet','','romain-froquet','','',''),(103,2,2,'Romain Froquet','','romain-froquet','','',''),(103,4,1,'Romain Froquet','','romain-froquet','','',''),(103,4,2,'Romain Froquet','','romain-froquet','','',''),(103,5,1,'Romain Froquet','','romain-froquet','','',''),(103,5,2,'Romain Froquet','','romain-froquet','','',''),(104,2,1,'Lek','','lek','','',''),(104,2,2,'Lek','','lek','','',''),(104,4,1,'Lek','','lek','','',''),(104,4,2,'Lek','','lek','','',''),(104,5,1,'Lek','','lek','','',''),(104,5,2,'Lek','','lek','','',''),(105,2,1,'EvazéSir','','evazesir','','',''),(105,2,2,'EvazéSir','','evazesir','','',''),(105,4,1,'EvazéSir','','evazesir','','',''),(105,4,2,'EvazéSir','','evazesir','','',''),(105,5,1,'EvazéSir','','evazesir','','',''),(105,5,2,'EvazéSir','','evazesir','','',''),(106,2,1,'Guy Denning','','guy-denning','','',''),(106,2,2,'Guy Denning','','guy-denning','','',''),(106,4,1,'Guy Denning','','guy-denning','','',''),(106,4,2,'Guy Denning','','guy-denning','','',''),(106,5,1,'Guy Denning','','guy-denning','','',''),(106,5,2,'Guy Denning','','guy-denning','','',''),(107,2,1,'Jacques Villeglé','','jacques-villegle','','',''),(107,2,2,'Jacques Villeglé','','jacques-villegle','','',''),(107,4,1,'Jacques Villeglé','','jacques-villegle','','',''),(107,4,2,'Jacques Villeglé','','jacques-villegle','','',''),(107,5,1,'Jacques Villeglé','','jacques-villegle','','',''),(107,5,2,'Jacques Villeglé','','jacques-villegle','','',''),(108,2,1,'Annabelle Tattu','','annabelle-tattu','','',''),(108,2,2,'Annabelle Tattu','','annabelle-tattu','','',''),(108,4,1,'Annabelle Tattu','','annabelle-tattu','','',''),(108,4,2,'Annabelle Tattu','','annabelle-tattu','','',''),(108,5,1,'Annabelle Tattu','','annabelle-tattu','','',''),(108,5,2,'Annabelle Tattu','','annabelle-tattu','','',''),(109,2,1,'Zenoy','','zenoy','','',''),(109,2,2,'Zenoy','','zenoy','','',''),(109,4,1,'Zenoy','','zenoy','','',''),(109,4,2,'Zenoy','','zenoy','','',''),(109,5,1,'Zenoy','','zenoy','','',''),(109,5,2,'Zenoy','','zenoy','','',''),(110,2,1,'René Botti','','rene-botti','','',''),(110,2,2,'René Botti','','rene-botti','','',''),(110,4,1,'René Botti','','rene-botti','','',''),(110,4,2,'René Botti','','rene-botti','','',''),(110,5,1,'René Botti','','rene-botti','','',''),(110,5,2,'René Botti','','rene-botti','','',''),(111,2,1,'Gregos','','gregos','','',''),(111,2,2,'Gregos','','gregos','','',''),(111,4,1,'Gregos','','gregos','','',''),(111,4,2,'Gregos','','gregos','','',''),(111,5,1,'Gregos','','gregos','','',''),(111,5,2,'Gregos','','gregos','','',''),(112,2,1,'JonOne','','jonone','','',''),(112,2,2,'JonOne','','jonone','','',''),(112,4,1,'JonOne','','jonone','','',''),(112,4,2,'JonOne','','jonone','','',''),(112,5,1,'JonOne','','jonone','','',''),(112,5,2,'JonOne','','jonone','','',''),(113,2,1,'Hervé Di Rosa','','herve-di-rosa','','',''),(113,2,2,'Hervé Di Rosa','','herve-di-rosa','','',''),(113,4,1,'Hervé Di Rosa','','herve-di-rosa','','',''),(113,4,2,'Hervé Di Rosa','','herve-di-rosa','','',''),(113,5,1,'Hervé Di Rosa','','herve-di-rosa','','',''),(113,5,2,'Hervé Di Rosa','','herve-di-rosa','','',''),(114,2,1,'Bault','','bault','','',''),(114,2,2,'Bault','','bault','','',''),(114,4,1,'Bault','','bault','','',''),(114,4,2,'Bault','','bault','','',''),(114,5,1,'Bault','','bault','','',''),(114,5,2,'Bault','','bault','','',''),(115,2,1,'Collaboration','','collaboration','','',''),(115,2,2,'Collaboration','','collaboration','','',''),(115,4,1,'Collaboration','','collaboration','','',''),(115,4,2,'Collaboration','','collaboration','','',''),(115,5,1,'Collaboration','','collaboration','','',''),(115,5,2,'Collaboration','','collaboration','','',''),(116,2,1,'FKDL','','fkdl','','',''),(116,2,2,'FKDL','','fkdl','','',''),(116,4,1,'FKDL','','fkdl','','',''),(116,4,2,'FKDL','','fkdl','','',''),(116,5,1,'FKDL','','fkdl','','',''),(116,5,2,'FKDL','','fkdl','','',''),(120,2,1,'Artiste Ouvrier','','artiste-ouvrier','','',''),(120,2,2,'Artiste Ouvrier','','artiste-ouvrier','','',''),(120,4,1,'Artiste Ouvrier','','artiste-ouvrier','','',''),(120,4,2,'Artiste Ouvrier','','artiste-ouvrier','','',''),(120,5,1,'Artiste Ouvrier','','artiste-ouvrier','','',''),(120,5,2,'Artiste Ouvrier','','artiste-ouvrier','','',''),(122,2,1,'Photeauforte','','photeauforte','','',''),(122,2,2,'Photeauforte','','photeauforte','','',''),(122,4,1,'Photeauforte','','photeauforte','','',''),(122,4,2,'Photeauforte','','photeauforte','','',''),(122,5,1,'Photeauforte','','photeauforte','','',''),(122,5,2,'Photeauforte','','photeauforte','','',''),(123,2,1,'Seen','','seen','','',''),(123,2,2,'Seen','','seen','','',''),(123,4,1,'Seen','','seen','','',''),(123,4,2,'Seen','','seen','','',''),(123,5,1,'Seen','','seen','','',''),(123,5,2,'Seen','','seen','','',''),(129,2,1,'Cleon Peterson','','cleon-peterson','','',''),(129,2,2,'Cleon Peterson','','cleon-peterson','','',''),(129,4,1,'Cleon Peterson','','cleon-peterson','','',''),(129,4,2,'Cleon Peterson','','cleon-peterson','','',''),(129,5,1,'Cleon Peterson','','cleon-peterson','','',''),(129,5,2,'Cleon Peterson','','cleon-peterson','','',''),(134,2,1,'C215','','c215','','',''),(134,2,2,'C215','','c215','','',''),(134,4,1,'C215','','c215','','',''),(134,4,2,'C215','','c215','','',''),(134,5,1,'C215','','c215','','',''),(134,5,2,'C215','','c215','','',''),(140,2,1,'Pochoir original','','pochoir-original','','',''),(140,2,2,'Pochoir original','','pochoir-original','','',''),(140,4,1,'Pochoir original','','pochoir-original','','',''),(140,4,2,'Pochoir original','','pochoir-original','','',''),(140,5,1,'Pochoir original','','pochoir-original','','',''),(140,5,2,'Pochoir original','','pochoir-original','','',''),(141,2,1,'Poster','','poster','','',''),(141,2,2,'Poster','','poster','','',''),(141,4,1,'Poster','','poster','','',''),(141,4,2,'Poster','','poster','','',''),(141,5,1,'Poster','','poster','','',''),(141,5,2,'Poster','','poster','','',''),(142,2,1,'Dran','','dran','','',''),(142,2,2,'Dran','','dran','','',''),(142,4,1,'Dran','','dran','','',''),(142,4,2,'Dran','','dran','','',''),(142,5,1,'Dran','','dran','','',''),(142,5,2,'Dran','','dran','','',''),(143,2,1,'Jef Aérosol','','jef-aerosol','','',''),(143,2,2,'Jef Aérosol','','jef-aerosol','','',''),(143,4,1,'Jef Aérosol','','jef-aerosol','','',''),(143,4,2,'Jef Aérosol','','jef-aerosol','','',''),(143,5,1,'Jef Aérosol','','jef-aerosol','','',''),(143,5,2,'Jef Aérosol','','jef-aerosol','','',''),(144,2,1,'Basto','','basto','','',''),(144,2,2,'Basto','','basto','','',''),(144,4,1,'Basto','','basto','','',''),(144,4,2,'Basto','','basto','','',''),(144,5,1,'Basto','','basto','','',''),(144,5,2,'Basto','','basto','','',''),(145,2,1,'Vhils','','vhils','','',''),(145,2,2,'Vhils','','vhils','','',''),(145,4,1,'Vhils','','vhils','','',''),(145,4,2,'Vhils','','vhils','','',''),(145,5,1,'Vhils','','vhils','','',''),(145,5,2,'Vhils','','vhils','','',''),(146,2,1,'Antonio Segui','','antonio-segui','','',''),(146,2,2,'Antonio Segui','','antonio-segui','','',''),(146,4,1,'Antonio Segui','','antonio-segui','','',''),(146,4,2,'Antonio Segui','','antonio-segui','','',''),(146,5,1,'Antonio Segui','','antonio-segui','','',''),(146,5,2,'Antonio Segui','','antonio-segui','','',''),(147,2,1,'César','','cesar','','',''),(147,2,2,'César','','cesar','','',''),(147,4,1,'César','','cesar','','',''),(147,4,2,'César','','cesar','','',''),(147,5,1,'César','','cesar','','',''),(147,5,2,'César','','cesar','','',''),(148,2,1,'Private','','private','','',''),(148,2,2,'Private','','private','','',''),(148,4,1,'Collection Privée','','collection-privee','','',''),(148,4,2,'Private','','private','','',''),(148,5,1,'Private','','private','','',''),(148,5,2,'Private','','private','','',''),(149,2,1,'Bathelemy Toguo','','bathelemy-toguo','','',''),(149,2,2,'Bathelemy Toguo','','bathelemy-toguo','','',''),(149,4,1,'Barthelemy Toguo','','barthelemy-toguo','','',''),(149,4,2,'Bathelemy Toguo','','bathelemy-toguo','','',''),(149,5,1,'Bathelemy Toguo','','bathelemy-toguo','','',''),(149,5,2,'Bathelemy Toguo','','bathelemy-toguo','','',''),(150,2,1,'Ernest Pignon Ernest','','ernest-pignon-ernest','','',''),(150,2,2,'Ernest Pignon Ernest','','ernest-pignon-ernest','','',''),(150,4,1,'Ernest Pignon Ernest','','ernest-pignon-ernest','','',''),(150,4,2,'Ernest Pignon Ernest','','ernest-pignon-ernest','','',''),(150,5,1,'Ernest Pignon Ernest','','ernest-pignon-ernest','','',''),(150,5,2,'Ernest Pignon Ernest','','ernest-pignon-ernest','','',''),(151,2,1,'Andre Seraiva','','andre-seraiva','','',''),(151,2,2,'Andre Seraiva','','andre-seraiva','','',''),(151,4,1,'Andre','','andre','','',''),(151,4,2,'Andre Seraiva','','andre-seraiva','','',''),(151,5,1,'Andre Seraiva','','andre-seraiva','','',''),(151,5,2,'Andre Seraiva','','andre-seraiva','','',''),(152,2,1,'Philippe Cognee','','philippe-cognee','','',''),(152,2,2,'Philippe Cognee','','philippe-cognee','','',''),(152,4,1,'Philippe Cognee','','philippe-cognee','','',''),(152,4,2,'Philippe Cognee','','philippe-cognee','','',''),(152,5,1,'Philippe Cognee','','philippe-cognee','','',''),(152,5,2,'Philippe Cognee','','philippe-cognee','','',''),(153,2,1,'Quik','','quik','','',''),(153,2,2,'Quik','','quik','','',''),(153,4,1,'Quik','','quik','','',''),(153,4,2,'Quik','','quik','','',''),(153,5,1,'Quik','','quik','','',''),(153,5,2,'Quik','','quik','','',''),(154,2,1,'Jean Miotte','','jean-miotte','','',''),(154,2,2,'Jean Miotte','','jean-miotte','','',''),(154,4,1,'Jean Miotte','','jean-miotte','','',''),(154,4,2,'Jean Miotte','','jean-miotte','','',''),(154,5,1,'Jean Miotte','','jean-miotte','','',''),(154,5,2,'Jean Miotte','','jean-miotte','','',''),(155,2,1,'Astro','','astro','','',''),(155,2,2,'Astro','','astro','','',''),(155,4,1,'Astro','','astro','','',''),(155,4,2,'Astro','','astro','','',''),(155,5,1,'Astro','','astro','','',''),(155,5,2,'Astro','','astro','','',''),(156,2,1,'Techniques','','techniques','','',''),(156,2,2,'Techniques','','techniques','','',''),(156,4,1,'Techniques','','techniques','','',''),(156,4,2,'Techniques','','techniques','','',''),(156,5,1,'Techniques','','techniques','','',''),(156,5,2,'Techniques','','techniques','','',''),(157,2,1,'Artistes','','artistes','','',''),(157,2,2,'Artistes','','artistes','','',''),(157,4,1,'Artistes','','artistes','','',''),(157,4,2,'Artistes','','artistes','','',''),(157,5,1,'Artistes','','artistes','','',''),(157,5,2,'Artistes','','artistes','','',''),(158,2,1,'Clet','','clet','','',''),(158,2,2,'Clet','','clet','','',''),(158,4,1,'Clet','','clet','','',''),(158,4,2,'Clet','','clet','','',''),(158,5,1,'Clet','','clet','','',''),(158,5,2,'Clet','','clet','','',''),(159,2,1,'Philippe Bonnant','','philippe-bonnant','','',''),(159,2,2,'Philippe Bonnant','','philippe-bonnant','','',''),(159,4,1,'Philippe Bonan','','philippe-bonan','','',''),(159,4,2,'Philippe Bonnant','','philippe-bonnant','','',''),(159,5,1,'Philippe Bonnant','','philippe-bonnant','','',''),(159,5,2,'Philippe Bonnant','','philippe-bonnant','','',''),(160,2,1,'Quik','','quik','','',''),(160,2,2,'Quik','','quik','','',''),(160,4,1,'Quik','','quik','','',''),(160,4,2,'Quik','','quik','','',''),(160,5,1,'Quik','','quik','','',''),(160,5,2,'Quik','','quik','','',''),(161,2,1,'Technique mixte','','technique-mixte','','',''),(161,2,2,'Technique mixte','','technique-mixte','','',''),(161,4,1,'Technique mixte','','technique-mixte','','',''),(161,4,2,'Technique mixte','','technique-mixte','','',''),(161,5,1,'Technique mixte','','technique-mixte','','',''),(161,5,2,'Technique mixte','','technique-mixte','','',''),(162,2,1,'Estampe numérique','','estampe-numerique','','',''),(162,2,2,'Estampe numérique','','estampe-numerique','','',''),(162,4,1,'Estampe numérique','','estampe-numerique','','',''),(162,4,2,'Estampe numérique','','estampe-numerique','','',''),(162,5,1,'Estampe numérique','','estampe-numerique','','',''),(162,5,2,'Estampe numérique','','estampe-numerique','','',''),(163,2,1,'Estampe rehaussée','','estampe-rehaussee','','',''),(163,2,2,'Estampe rehaussée','','estampe-rehaussee','','',''),(163,4,1,'Estampe rehaussée','','estampe-rehaussee','','',''),(163,4,2,'Estampe rehaussée','','estampe-rehaussee','','',''),(163,5,1,'Estampe rehaussée','','estampe-rehaussee','','',''),(163,5,2,'Estampe rehaussée','','estampe-rehaussee','','',''),(164,2,1,'Gravure','','gravure','','',''),(164,2,2,'Gravure','','gravure','','',''),(164,4,1,'Gravure','','gravure','','',''),(164,4,2,'Gravure','','gravure','','',''),(164,5,1,'Gravure','','gravure','','',''),(164,5,2,'Gravure','','gravure','','',''),(165,2,1,'Photographie','','photographie','','',''),(165,2,2,'Photographie','','photographie','','',''),(165,4,1,'Photographie','','photographie','','',''),(165,4,2,'Photographie','','photographie','','',''),(165,5,1,'Photographie','','photographie','','',''),(165,5,2,'Photographie','','photographie','','',''),(166,2,1,'Pochoir original','','pochoir-original','','',''),(166,2,2,'Pochoir original','','pochoir-original','','',''),(166,4,1,'Pochoir original','','pochoir-original','','',''),(166,4,2,'Pochoir original','','pochoir-original','','',''),(166,5,1,'Pochoir original','','pochoir-original','','',''),(166,5,2,'Pochoir original','','pochoir-original','','',''),(167,2,1,'Annabelle Tattu','','annabelle-tattu','','',''),(167,2,2,'Annabelle Tattu','','annabelle-tattu','','',''),(167,4,1,'Annabelle Tattu','','annabelle-tattu','','',''),(167,4,2,'Annabelle Tattu','','annabelle-tattu','','',''),(167,5,1,'Annabelle Tattu','','annabelle-tattu','','',''),(167,5,2,'Annabelle Tattu','','annabelle-tattu','','',''),(168,2,1,'Gregos','','gregos','','',''),(168,2,2,'Gregos','','gregos','','',''),(168,4,1,'Gregos','','gregos','','',''),(168,4,2,'Gregos','','gregos','','',''),(168,5,1,'Gregos','','gregos','','',''),(168,5,2,'Gregos','','gregos','','',''),(169,2,1,'Seen','','seen','','',''),(169,2,2,'Seen','','seen','','',''),(169,4,1,'Seen','','seen','','',''),(169,4,2,'Seen','','seen','','',''),(169,5,1,'Seen','','seen','','',''),(169,5,2,'Seen','','seen','','',''),(170,2,1,'Jo di Bona','','jo-di-bona','','',''),(170,2,2,'Jo di Bona','','jo-di-bona','','',''),(170,4,1,'Jo di Bona','','jo-di-bona','','',''),(170,4,2,'Jo di Bona','','jo-di-bona','','',''),(170,5,1,'Jo di Bona','','jo-di-bona','','',''),(170,5,2,'Jo di Bona','','jo-di-bona','','',''),(171,2,1,'Philippe Hérard','','philippe-herard','','',''),(171,2,2,'Philippe Hérard','','philippe-herard','','',''),(171,4,1,'Philippe Hérard','','philippe-herard','','',''),(171,4,2,'Philippe Hérard','','philippe-herard','','',''),(171,5,1,'Philippe Hérard','','philippe-herard','','',''),(171,5,2,'Philippe Hérard','','philippe-herard','','',''),(172,2,1,'Levalet','','levalet','','',''),(172,2,2,'Levalet','','levalet','','',''),(172,4,1,'Levalet','','levalet','','',''),(172,4,2,'Levalet','','levalet','','',''),(172,5,1,'Levalet','','levalet','','',''),(172,5,2,'Levalet','','levalet','','',''),(173,2,1,'Miss Tic','','miss-tic','','',''),(173,2,2,'Miss Tic','','miss-tic','','',''),(173,4,1,'Miss Tic','','miss-tic','','',''),(173,4,2,'Miss Tic','','miss-tic','','',''),(173,5,1,'Miss Tic','','miss-tic','','',''),(173,5,2,'Miss Tic','','miss-tic','','',''),(174,2,1,'Jana & Js','','jana-js','','',''),(174,2,2,'Jana & Js','','jana-js','','',''),(174,4,1,'Jana & Js','','jana-js','','',''),(174,4,2,'Jana & Js','','jana-js','','',''),(174,5,1,'Jana & Js','','jana-js','','',''),(174,5,2,'Jana & Js','','jana-js','','',''),(175,2,1,'Lek','','lek','','',''),(175,2,2,'Lek','','lek','','',''),(175,4,1,'Lek','','lek','','',''),(175,4,2,'Lek','','lek','','',''),(175,5,1,'Lek','','lek','','',''),(175,5,2,'Lek','','lek','','',''),(176,2,1,'EvazéSir','','evazesir','','',''),(176,2,2,'EvazéSir','','evazesir','','',''),(176,4,1,'EvazéSir','','evazesir','','',''),(176,4,2,'EvazéSir','','evazesir','','',''),(176,5,1,'EvazéSir','','evazesir','','',''),(176,5,2,'EvazéSir','','evazesir','','',''),(177,2,1,'JonOne','','jonone','','',''),(177,2,2,'JonOne','','jonone','','',''),(177,4,1,'JonOne','','jonone','','',''),(177,4,2,'JonOne','','jonone','','',''),(177,5,1,'JonOne','','jonone','','',''),(177,5,2,'JonOne','','jonone','','',''),(178,2,1,'Romain Froquet','','romain-froquet','','',''),(178,2,2,'Romain Froquet','','romain-froquet','','',''),(178,4,1,'Romain Froquet','','romain-froquet','','',''),(178,4,2,'Romain Froquet','','romain-froquet','','',''),(178,5,1,'Romain Froquet','','romain-froquet','','',''),(178,5,2,'Romain Froquet','','romain-froquet','','',''),(179,2,1,'Acrylique','','acrylique','','',''),(179,2,2,'Acrylique','','acrylique','','',''),(179,4,1,'Acrylique','','acrylique','','',''),(179,4,2,'Acrylique','','acrylique','','',''),(179,5,1,'Acrylique','','acrylique','','',''),(179,5,2,'Acrylic','','acrylic','','',''),(180,2,1,'Aérosol','','aerosol','','',''),(180,2,2,'Spray','','spray','','',''),(180,4,1,'Aérosol','','aerosol','','',''),(180,4,2,'Spray','','spray','','',''),(180,5,1,'Aérosol','','aerosol','','',''),(180,5,2,'Spray','','spray','','',''),(181,2,1,'Huile','','huile','','',''),(181,2,2,'Oil','','oil','','',''),(181,4,1,'Huile','','huile','','',''),(181,4,2,'Oil','','oil','','',''),(181,5,1,'Huile','','huile','','',''),(181,5,2,'Oil','','oil','','',''),(182,2,1,'Sculpture','','sculpture','','',''),(182,2,2,'Sculpture','','sculpture','','',''),(182,4,1,'Sculpture','','sculpture','','',''),(182,4,2,'Sculpture','','sculpture','','',''),(182,5,1,'Sculpture','','sculpture','','',''),(182,5,2,'Sculpture','','sculpture','','',''),(183,2,1,'Gottfried Salzmann','','gottfried-salzmann','','',''),(183,2,2,'Gottfried Salzmann','','gottfried-salzmann','','',''),(183,4,1,'Gottfried Salzmann','','gottfried-salzmann','','',''),(183,4,2,'Gottfried Salzmann','','gottfried-salzmann','','',''),(183,5,1,'Gottfried Salzmann','','gottfried-salzmann','','',''),(183,5,2,'Gottfried Salzmann','','gottfried-salzmann','','',''),(184,2,1,'Installation','','installation','','',''),(184,2,2,'Installation','','installation','','',''),(184,4,1,'Installation','','installation','','',''),(184,4,2,'Installation','','installation','','',''),(184,5,1,'Installation','','installation','','',''),(184,5,2,'Installation','','installation','','',''),(185,2,1,'Encre','','encre','','',''),(185,2,2,'Encre','','encre','','',''),(185,4,1,'Encre','','encre','','',''),(185,4,2,'Encre','','encre','','',''),(185,5,1,'Encre','','encre','','',''),(185,5,2,'Encre','','encre','','',''),(186,2,1,'Jean Rustin','','jean-rustin','','',''),(186,2,2,'Jean Rustin','','jean-rustin','','',''),(186,4,1,'Jean Rustin','','jean-rustin','','',''),(186,4,2,'Jean Rustin','','jean-rustin','','',''),(186,5,1,'Jean Rustin','','jean-rustin','','',''),(186,5,2,'Jean Rustin','','jean-rustin','','',''),(187,2,1,'Mine de plomb','','mine-de-plomb','','',''),(187,2,2,'Mine de plomb','','mine-de-plomb','','',''),(187,4,1,'Mine de plomb','','mine-de-plomb','','',''),(187,4,2,'Mine de plomb','','mine-de-plomb','','',''),(187,5,1,'Mine de plomb','','mine-de-plomb','','',''),(187,5,2,'Mine de plomb','','mine-de-plomb','','',''),(188,2,1,'Crayon','','crayon','','',''),(188,2,2,'Crayon','','crayon','','',''),(188,4,1,'Crayon','','crayon','','',''),(188,4,2,'Crayon','','crayon','','',''),(188,5,1,'Crayon','','crayon','','',''),(188,5,2,'Crayon','','crayon','','',''),(189,2,1,'Etiquettes','','etiquettes','','',''),(189,2,2,'Etiquettes','','etiquettes','','',''),(189,4,1,'Etiquettes','','etiquettes','','',''),(189,4,2,'Etiquettes','','etiquettes','','',''),(189,5,1,'Etiquettes','','etiquettes','','',''),(189,5,2,'Etiquettes','','etiquettes','','',''),(190,2,1,'Etiquettes','','etiquettes','','',''),(190,2,2,'Etiquettes','','etiquettes','','',''),(190,4,1,'Etiquettes','','etiquettes','','',''),(190,4,2,'Etiquettes','','etiquettes','','',''),(190,5,1,'Etiquettes','','etiquettes','','',''),(190,5,2,'Etiquettes','','etiquettes','','',''),(191,2,1,'Artistes','','artistes','','',''),(191,2,2,'Artistes','','artistes','','',''),(191,4,1,'Artistes','','artistes','','',''),(191,4,2,'Artistes','','artistes','','',''),(191,5,1,'Artistes','','artistes','','',''),(191,5,2,'Artistes','','artistes','','',''),(192,2,1,'Techniques','','techniques','','',''),(192,2,2,'Techniques','','techniques','','',''),(192,4,1,'Techniques','','techniques','','',''),(192,4,2,'Techniques','','techniques','','',''),(192,5,1,'Techniques','','techniques','','',''),(192,5,2,'Techniques','','techniques','','',''),(193,2,1,'EvazéSir','','evazesir','','',''),(193,2,2,'EvazéSir','','evazesir','','',''),(193,4,1,'EvazéSir','','evazesir','','',''),(193,4,2,'EvazéSir','','evazesir','','',''),(193,5,1,'EvazéSir','','evazesir','','',''),(193,5,2,'EvazéSir','','evazesir','','',''),(198,2,1,'Technique mixte','','technique-mixte','','',''),(198,2,2,'Mixed Media','','mixed-media','','',''),(198,4,1,'Technique mixte','','technique-mixte','','',''),(198,4,2,'Technique mixte','','technique-mixte','','',''),(198,5,1,'Technique mixte','','technique-mixte','','',''),(198,5,2,'Technique mixte','','technique-mixte','','',''),(199,2,1,'Stoul','','stoul','','',''),(199,2,2,'Stoul','','stoul','','',''),(199,4,1,'Stoul','','stoul','','',''),(199,4,2,'Stoul','','stoul','','',''),(199,5,1,'Stoul','','stoul','','',''),(199,5,2,'Stoul','','stoul','','',''),(200,2,1,'Aquarelle','','aquarelle','','',''),(200,2,2,'Aquarelle','','aquarelle','','',''),(200,4,1,'Aquarelle','','aquarelle','','',''),(200,4,2,'Aquarelle','','aquarelle','','',''),(200,5,1,'Aquarelle','','aquarelle','','',''),(200,5,2,'Aquarelle','','aquarelle','','',''),(201,2,1,'Gottfried Salzmann','','gottfried-salzmann','','',''),(201,2,2,'Gottfried Salzmann','','gottfried-salzmann','','',''),(201,4,1,'Gottfried Salzmann','','gottfried-salzmann','','',''),(201,4,2,'Gottfried Salzmann','','gottfried-salzmann','','',''),(201,5,1,'Gottfried Salzmann','','gottfried-salzmann','','',''),(201,5,2,'Gottfried Salzmann','','gottfried-salzmann','','',''),(202,2,1,'Aquarelle','','aquarelle','','',''),(202,2,2,'Watercolor','','watercolor','','',''),(202,4,1,'Aquarelle','','aquarelle','','',''),(202,4,2,'Aquarelle','','aquarelle','','',''),(202,5,1,'Aquarelle','','aquarelle','','',''),(202,5,2,'Aquarelle','','aquarelle','','',''),(203,2,1,'Alice','','alice','','',''),(203,2,2,'Alice','','alice','','',''),(203,4,1,'Alice','','alice','','',''),(203,4,2,'Alice','','alice','','',''),(203,5,1,'Alice','','alice','','',''),(203,5,2,'Alice','','alice','','',''),(204,2,1,'Georges','','georges','','',''),(204,2,2,'Georges','','georges','','',''),(204,4,1,'Georges','','georges','','',''),(204,4,2,'Georges','','georges','','',''),(204,5,1,'Georges','','georges','','',''),(204,5,2,'Georges','','georges','','',''),(205,2,1,'Acrylique','','acrylique','','',''),(205,2,2,'Acrylic','','acrylic','','',''),(205,4,1,'Acrylique','','acrylique','','',''),(205,4,2,'Acrylique','','acrylique','','',''),(205,5,1,'Acrylique','','acrylique','','',''),(205,5,2,'Acrylique','','acrylique','','',''),(206,2,1,'Romain Froquet','','romain-froquet','','',''),(206,2,2,'Romain Froquet','','romain-froquet','','',''),(206,4,1,'Romain Froquet','','romain-froquet','','',''),(206,4,2,'Romain Froquet','','romain-froquet','','',''),(206,5,1,'Romain Froquet','','romain-froquet','','',''),(206,5,2,'Romain Froquet','','romain-froquet','','',''),(207,2,1,'Encre','','encre','','',''),(207,2,2,'Ink','','ink','','',''),(207,4,1,'Encre','','encre','','',''),(207,4,2,'Encre','','encre','','',''),(207,5,1,'Encre','','encre','','',''),(207,5,2,'Encre','','encre','','',''),(208,2,1,'Evenements','','evenements','','',''),(208,2,2,'Evenements','','evenements','','',''),(208,4,1,'Evenements','','evenements','','',''),(208,4,2,'Evenements','','evenements','','',''),(208,5,1,'Evenements','','evenements','','',''),(208,5,2,'Evenements','','evenements','','',''),(209,2,1,'UAF Solo show 2018','','uaf-solo-show-2018','','',''),(209,2,2,'UAF Solo show 2018','','uaf-solo-show-2018','','',''),(209,4,1,'UAF Solo show 2018','','uaf-solo-show-2018','','',''),(209,4,2,'UAF Solo show 2018','','uaf-solo-show-2018','','',''),(209,5,1,'UAF Solo show 2018','','uaf-solo-show-2018','','',''),(209,5,2,'UAF Solo show 2018','','uaf-solo-show-2018','','',''),(210,2,1,'Evenements','','evenements','','',''),(210,2,2,'Evenements','','evenements','','',''),(210,4,1,'Evenements','','evenements','','',''),(210,4,2,'Evenements','','evenements','','',''),(210,5,1,'Evenements','','evenements','','',''),(210,5,2,'Evenements','','evenements','','',''),(211,2,1,'UAF Solo show 2018','','uaf-solo-show-2018','','',''),(211,2,2,'UAF Solo show 2018','','uaf-solo-show-2018','','',''),(211,4,1,'UAF Solo show 2018','','uaf-solo-show-2018','','',''),(211,4,2,'UAF Solo show 2018','','uaf-solo-show-2018','','',''),(211,5,1,'UAF Solo show 2018','','uaf-solo-show-2018','','',''),(211,5,2,'UAF Solo show 2018','','uaf-solo-show-2018','','',''),(212,2,1,'Art-Elysée Octobre 2018','','art-elysee-octobre-2018','','',''),(212,2,2,'Art-Elysée Octobre 2018','','art-elysee-octobre-2018','','',''),(212,4,1,'Art-Elysée Octobre 2018','','art-elysee-octobre-2018','','',''),(212,4,2,'Art-Elysée Octobre 2018','','art-elysee-octobre-2018','','',''),(212,5,1,'Art-Elysée Octobre 2018','','art-elysee-octobre-2018','','',''),(212,5,2,'Art-Elysée Octobre 2018','','art-elysee-octobre-2018','','',''),(213,2,1,'Jo di Bona','','jo-di-bona','','',''),(213,2,2,'Jo di Bona','','jo-di-bona','','',''),(213,4,1,'Jo di Bona','','jo-di-bona','','',''),(213,4,2,'Jo di Bona','','jo-di-bona','','',''),(213,5,1,'Jo di Bona','','jo-di-bona','','',''),(213,5,2,'Jo di Bona','','jo-di-bona','','',''),(214,2,1,'Levalet','','levalet','','',''),(214,2,2,'Levalet','','levalet','','',''),(214,4,1,'Levalet','','levalet','','',''),(214,4,2,'Levalet','','levalet','','',''),(214,5,1,'Levalet','','levalet','','',''),(214,5,2,'Levalet','','levalet','','',''),(215,2,1,'Crayon','','crayon','','',''),(215,2,2,'Pencil','','pencil','','',''),(215,4,1,'Crayon','','crayon','','',''),(215,4,2,'Crayon','','crayon','','',''),(215,5,1,'Crayon','','crayon','','',''),(215,5,2,'Crayon','','crayon','','',''),(216,2,1,'Philippe Hérard','','philippe-herard','','',''),(216,2,2,'Philippe Hérard','','philippe-herard','','',''),(216,4,1,'Philippe Hérard','','philippe-herard','','',''),(216,4,2,'Philippe Hérard','','philippe-herard','','',''),(216,5,1,'Philippe Hérard','','philippe-herard','','',''),(216,5,2,'Philippe Hérard','','philippe-herard','','',''),(218,2,1,'Bom K','','bom-k','','',''),(218,2,2,'Bom K','','bom-k','','',''),(218,4,1,'Bom K','','bom-k','','',''),(218,4,2,'Bom K','','bom-k','','',''),(218,5,1,'Bom K','','bom-k','','',''),(218,5,2,'Bom K','','bom-k','','',''),(219,2,1,'Lek','','lek','','',''),(219,2,2,'Lek','','lek','','',''),(219,4,1,'Lek','','lek','','',''),(219,4,2,'Lek','','lek','','',''),(219,5,1,'Lek','','lek','','',''),(219,5,2,'Lek','','lek','','',''),(220,2,1,'Installation','','installation','','',''),(220,2,2,'Installation','','installation','','',''),(220,4,1,'Installation','','installation','','',''),(220,4,2,'Installation','','installation','','',''),(220,5,1,'Installation','','installation','','',''),(220,5,2,'Installation','','installation','','',''),(221,2,1,'Miss Tic','','miss-tic','','',''),(221,2,2,'Miss Tic','','miss-tic','','',''),(221,4,1,'Miss Tic','','miss-tic','','',''),(221,4,2,'Miss Tic','','miss-tic','','',''),(221,5,1,'Miss Tic','','miss-tic','','',''),(221,5,2,'Miss Tic','','miss-tic','','',''),(222,2,1,'Aérosol','','aerosol','','',''),(222,2,2,'Aérosol','','aerosol','','',''),(222,4,1,'Aérosol','','aerosol','','',''),(222,4,2,'Aérosol','','aerosol','','',''),(222,5,1,'Aérosol','','aerosol','','',''),(222,5,2,'Aérosol','','aerosol','','',''),(223,2,1,'Estampe','','estampe','','',''),(223,2,2,'Estampe','','estampe','','',''),(223,4,1,'Estampe','','estampe','','',''),(223,4,2,'Estampe','','estampe','','',''),(223,5,1,'Estampe','','estampe','','',''),(223,5,2,'Estampe','','estampe','','',''),(224,2,1,'Variations','','variations','','',''),(224,2,2,'Variations','','variations','','',''),(224,4,1,'Variations','','variations','','',''),(224,4,2,'Variations','','variations','','',''),(224,5,1,'Variations','','variations','','',''),(224,5,2,'Variations','','variations','','',''),(225,2,1,'Exposition Variations','','exposition-variations','','',''),(225,2,2,'Variations','','variations','','',''),(225,4,1,'Variations','','variations','','',''),(225,4,2,'Variations','','variations','','',''),(225,5,1,'Variations','','variations','','',''),(225,5,2,'Variations','','variations','','',''),(226,2,1,'Kool Koor','','kool-koor','','',''),(226,2,2,'Kool Koor','','kool-koor','','',''),(226,4,1,'Kool Koor','','kool-koor','','',''),(226,4,2,'Kool Koor','','kool-koor','','',''),(226,5,1,'Kool Koor','','kool-koor','','',''),(226,5,2,'Kool Koor','','kool-koor','','',''),(227,2,1,'Lady M','','lady-m','','',''),(227,2,2,'Lady M','','lady-m','','',''),(227,4,1,'Lady M','','lady-m','','',''),(227,4,2,'Lady M','','lady-m','','',''),(227,5,1,'Lady M','','lady-m','','',''),(227,5,2,'Lady M','','lady-m','','',''),(228,2,1,'Lady M','','lady-m','','',''),(228,2,2,'Lady M','','lady-m','','',''),(228,4,1,'Lady M','','lady-m','','',''),(228,4,2,'Lady M','','lady-m','','',''),(228,5,1,'Lady M','','lady-m','','',''),(228,5,2,'Lady M','','lady-m','','',''),(229,2,1,'Black Friday','','black-friday','','',''),(229,2,2,'Black Friday','','black-friday','','',''),(229,4,1,'Black Friday','','black-friday','','',''),(229,4,2,'Black Friday','','black-friday','','',''),(229,5,1,'Black Friday','','black-friday','','',''),(229,5,2,'Black Friday','','black-friday','','',''),(230,2,1,'expogott','','expogott','','',''),(230,2,2,'expogott','','expogott','','',''),(230,4,1,'expogott','','expogott','','',''),(230,4,2,'expogott','','expogott','','',''),(230,5,1,'expogott','','expogott','','',''),(230,5,2,'expogott','','expogott','','','');

--
-- Table structure for table `pre3303_category_product`
--

CREATE TABLE `pre3303_category_product` (
  `id_category` int(10) unsigned NOT NULL,
  `id_product` int(10) unsigned NOT NULL,
  `position` int(10) unsigned NOT NULL DEFAULT '0',
  PRIMARY KEY (`id_category`,`id_product`),
  KEY `id_product` (`id_product`),
  KEY `id_category` (`id_category`,`position`)
) ENGINE=InnoDB DEFAULT CHARSET=utf8;

--
-- Dumping data for table `pre3303_category_product`
--

INSERT INTO `pre3303_category_product` VALUES (56,3052,0),(56,3836,0),(56,3846,0),(56,4059,0),(56,4214,0),(56,4216,0),(56,4837,0),(56,4890,0),(56,4892,0),(56,4896,0),(56,4898,0),(56,5149,0),(56,5151,0),(56,5154,0),(56,5155,0),(56,5578,0),(56,5580,0),(56,5582,0),(56,5943,0),(56,5944,0),(56,5956,0),(56,5975,0),(56,5977,0),(56,5980,0),(56,5982,0),(56,5983,0),(56,5988,0),(56,5993,0),(56,5994,0),(56,6213,0),(56,6214,1),(56,6215,2),(56,6216,3),(56,6218,4),(56,6219,5),(56,6220,6),(56,6221,7),(56,6222,8),(56,6223,9),(56,6224,10),(56,6225,11),(56,6226,12),(56,6227,13),(56,6228,14),(56,6229,15),(56,6230,16),(56,6231,17),(56,6232,18),(56,6233,19),(56,6234,20),(56,6235,21),(56,6236,22),(56,6237,23),(56,6238,24),(56,6239,25),(56,6241,26),(56,6242,27),(56,6243,28),(56,6244,29),(56,6245,30),(56,6246,31),(56,6248,32),(56,6249,33),(56,6250,34),(56,6251,35),(56,6252,36),(56,6253,37),(56,6254,38),(56,6255,39),(56,6256,40),(56,6257,41),(56,6258,42),(56,6259,43),(56,6260,44),(56,6205,45),(56,6261,46),(56,6262,47),(56,6263,48),(56,6264,49),(56,6265,50),(56,6266,51),(56,6267,52),(56,6268,53),(56,6269,54),(56,6270,55),(56,6271,56),(56,6272,57),(56,6273,58),(56,6274,59),(56,6275,60),(56,6276,61),(56,6277,62),(56,6278,63),(56,6279,64),(56,6280,65),(56,6281,66),(56,6282,67),(56,6283,68),(56,6284,69),(56,6206,70),(56,6302,71),(56,6303,72),(56,6306,73),(56,6307,74),(56,6308,75),(56,6309,76),(56,6310,77),(56,6311,78),(56,6312,79),(56,6315,80),(56,6317,81),(56,6318,82),(56,6319,83),(56,6320,84),(56,6321,85),(56,6322,86),(56,6323,87),(56,6324,88),(56,6325,89),(56,6326,90),(56,6327,91),(56,6328,92),(56,6329,93),(56,6330,94),(56,6331,95),(56,6332,96),(56,6334,97),(56,6335,98),(56,6168,99),(56,6171,100),(56,6172,101),(56,6336,102),(56,6337,103),(56,6338,104),(56,6339,105),(56,6340,106),(56,6341,107),(56,6342,108),(56,6132,109),(56,6187,110),(56,6180,111),(56,6179,112),(56,6178,113),(56,6177,114),(56,6176,115),(56,6175,116),(56,6174,117),(56,6173,118),(56,6170,119),(56,6169,120),(56,6167,121),(56,6166,122),(56,6165,123),(56,6164,124),(56,6163,125),(56,6162,126),(56,5442,127),(56,5440,128),(56,5436,129),(56,6140,130),(56,6139,131),(56,6138,132),(56,3071,133),(56,6128,134),(56,5903,135),(56,4843,136),(56,4832,137),(56,4830,138),(56,4588,139),(56,4039,140),(56,4034,141),(56,4030,142),(56,4028,143),(56,3957,144),(56,3955,145),(56,6136,146),(56,6137,147),(56,6135,148),(56,6134,149),(56,6133,150),(56,6131,151),(56,6130,152),(56,6129,153),(56,6158,154),(56,5945,155),(56,5432,156),(56,4933,157),(56,4931,158),(56,4929,159),(56,4927,160),(56,4925,161),(56,4923,162),(56,4921,163),(56,4919,164),(56,4917,165),(56,4910,166),(56,4847,167),(56,4026,168),(56,5995,169),(56,6147,170),(56,6156,171),(56,6155,172),(56,6154,173),(56,6153,174),(56,6152,175),(56,6151,176),(56,6150,177),(56,6149,178),(56,6148,179),(56,6146,180),(56,6145,181),(56,6144,182),(56,6143,183),(56,6142,184),(56,6141,185),(56,5911,186),(56,5909,187),(56,5905,188),(56,4979,189),(56,4963,190),(56,4959,191),(56,4487,192),(56,3820,193),(56,3818,194),(56,6345,195),(56,6350,196),(56,6357,197),(56,6358,198),(56,6359,199),(56,6360,200),(56,6361,201),(56,6362,202),(56,6363,203),(56,6364,204),(56,6365,205),(56,6366,206),(56,6367,207),(56,6368,208),(56,6369,209),(56,6370,210),(56,6371,211),(56,6372,212),(56,6373,213),(56,6374,214),(56,6375,215),(56,6377,216),(56,6378,217),(56,6379,218),(56,6380,219),(56,6381,220),(56,6382,221),(56,6383,222),(56,6386,223),(56,6387,224),(56,6388,225),(56,6389,226),(56,6390,227),(56,6391,228),(56,6393,229),(56,6394,230),(56,6398,231),(56,6403,232),(60,6210,0),(60,6350,1),(60,6398,2),(60,6388,3),(61,2546,0),(61,2547,1),(61,2574,2),(61,2576,3),(61,2577,4),(61,2578,5),(61,2579,6),(61,2580,7),(61,2583,8),(61,2585,9),(61,2586,10),(61,2587,11),(61,2588,12),(61,2589,13),(61,2590,14),(61,2703,15),(61,2705,16),(61,2763,17),(61,2844,18),(61,2977,19),(61,3096,20),(61,3097,21),(61,3310,22),(61,3325,23),(61,3329,24),(61,3364,25),(61,3535,26),(61,3556,27),(61,3650,28),(61,3661,29),(61,3662,30),(61,3966,31),(61,3974,32),(61,3980,33),(61,3982,34),(61,3996,35),(61,4000,36),(61,4008,37),(61,4010,38),(61,4016,39),(61,4070,40),(61,4072,41),(61,4074,42),(61,4081,43),(61,4082,44),(61,4118,45),(61,4220,46),(61,4287,47),(61,4298,48),(61,4320,49),(61,4462,51),(61,4475,52),(61,4474,53),(61,4482,54),(61,4547,55),(61,4742,56),(61,4744,57),(61,4746,58),(61,4748,59),(61,4793,60),(61,4795,61),(61,4839,62),(61,4841,63),(61,4858,64),(61,4860,65),(61,4872,66),(61,4874,67),(61,4878,68),(61,4883,69),(61,4885,70),(61,4944,71),(61,4947,72),(61,4950,73),(61,4953,74),(61,4965,75),(61,4983,76),(61,4987,77),(61,5016,78),(61,5018,79),(61,5020,80),(61,5028,81),(61,5031,82),(61,5049,83),(61,5057,84),(61,5058,85),(61,5113,87),(61,5140,88),(61,5141,89),(61,5142,90),(61,5144,91),(61,5145,92),(61,5146,93),(61,5162,94),(61,5163,95),(61,5164,96),(61,5165,97),(61,5166,98),(61,5169,99),(61,5170,100),(61,5338,101),(61,5445,102),(61,5453,103),(61,5455,104),(61,5459,105),(61,5462,106),(61,5464,107),(61,5487,108),(61,5497,109),(61,5498,110),(61,5499,111),(61,5500,112),(61,5501,113),(61,5502,114),(61,5503,115),(61,5530,116),(61,5560,117),(61,5566,118),(61,5568,119),(61,5564,120),(61,5562,121),(61,5589,122),(61,5595,123),(61,5683,124),(61,5703,125),(61,5722,126),(61,5740,127),(61,5744,128),(61,5756,129),(61,5759,130),(61,5758,131),(61,5757,132),(61,5763,133),(61,5776,134),(61,5777,135),(61,5778,136),(61,5779,137),(61,5824,138),(61,5864,139),(61,5865,140),(61,5867,141),(61,5875,142),(61,5876,143),(61,5877,144),(61,5878,145),(61,5879,146),(61,5881,147),(61,5884,148),(61,5885,149),(61,5899,150),(61,5935,151),(61,5960,152),(61,6012,153),(61,6017,154),(61,6019,155),(61,6025,156),(61,6026,157),(61,6027,158),(61,6028,159),(61,6030,160),(61,6031,161),(61,5522,162),(61,5523,163),(61,5524,164),(61,5525,165),(61,5526,166),(61,5527,167),(61,6032,168),(61,2582,169),(61,6033,170),(61,6034,171),(61,6035,172),(61,6036,173),(61,6037,174),(61,6038,175),(61,6040,176),(61,6042,177),(61,6043,178),(61,6044,179),(61,6045,180),(61,6046,181),(61,6047,182),(61,6048,183),(61,6050,184),(61,6051,185),(61,6052,186),(61,6053,187),(61,6054,188),(61,6056,189),(61,6057,190),(61,6058,191),(61,6059,192),(61,6061,193),(61,6063,194),(61,6064,195),(61,6065,196),(61,6066,197),(61,6067,198),(61,6068,199),(61,6069,200),(61,6070,201),(61,6071,202),(61,6072,203),(61,6074,204),(61,6077,205),(61,6079,206),(61,6080,207),(61,6081,208),(61,6082,209),(61,6083,210),(61,6084,211),(61,6089,212),(61,6090,213),(61,6092,214),(61,6093,215),(61,6094,216),(61,6095,217),(61,6096,218),(61,6097,219),(61,6098,220),(61,6099,221),(61,6100,222),(61,6101,223),(61,6102,224),(61,6103,225),(61,6104,226),(61,6106,227),(61,6107,228),(61,6109,229),(61,6110,230),(61,6111,231),(61,6114,232),(61,6115,233),(61,6116,234),(61,6117,235),(61,6119,236),(61,6120,237),(61,6121,238),(61,6123,239),(61,6124,240),(61,6125,241),(61,6126,242),(61,6127,243),(61,6181,244),(61,6182,245),(61,6183,246),(61,6184,247),(61,6189,248),(61,6190,249),(61,6191,250),(61,6192,251),(61,6193,252),(61,6194,253),(61,6195,254),(61,6196,255),(61,6197,256),(61,6198,257),(61,6199,258),(61,6200,259),(61,6201,260),(61,6288,261),(61,6289,262),(61,6290,263),(61,6291,264),(61,6292,265),(61,6293,266),(61,6294,267),(61,6295,268),(61,6296,269),(61,6297,270),(61,6298,271),(61,6299,272),(61,6300,273),(61,6301,274),(61,6304,275),(61,6305,276),(61,6344,277),(61,6350,278),(61,6353,279),(61,6354,280),(61,6356,281),(61,6385,282),(61,6392,283),(61,6395,284),(61,6396,285),(61,6399,286),(61,6400,287),(61,6401,288),(61,6402,289),(61,6403,290),(61,6405,291),(61,6407,292),(61,6409,293),(61,6410,294),(61,6411,295),(61,6412,296),(61,6413,297),(61,6414,298),(61,6415,299),(61,6416,300),(61,6417,301),(61,6419,302),(61,6420,303),(61,6421,304),(61,6422,305),(61,6423,306),(61,6424,307),(61,6425,308),(61,6426,309),(61,6427,310),(61,6428,311),(62,5163,0),(62,2588,1),(62,4746,2),(62,2590,3),(62,6344,4),(62,6350,5),(62,6104,6),(62,6053,7),(62,5763,8),(62,5530,9),(62,5960,10),(62,6066,11),(62,6354,12),(62,6399,13),(62,6400,14),(62,6405,15),(62,6407,16),(62,6412,17),(62,6413,18),(62,6414,19),(62,6424,20),(62,6425,21),(65,2617,0),(65,2619,1),(65,2621,2),(65,2624,3),(65,2694,4),(65,2695,5),(65,2696,6),(65,2697,7),(65,2702,8),(65,2706,9),(65,2746,10),(65,2747,11),(65,2748,12),(65,2749,13),(65,2750,14),(65,2753,15),(65,2754,16),(65,2756,17),(65,2757,18),(65,2758,19),(65,2759,20),(65,2760,21),(65,2937,22),(65,3052,23),(65,3071,24),(65,3818,25),(65,3820,26),(65,3836,27),(65,3846,28),(65,3955,29),(65,3957,30),(65,4026,31),(65,4028,32),(65,4030,33),(65,4034,34),(65,4039,35),(65,4059,36),(65,4214,37),(65,4216,38),(65,4487,39),(65,4588,40),(65,4737,41),(65,4739,42),(65,4830,43),(65,4832,44),(65,4837,45),(65,4843,46),(65,4847,47),(65,4851,48),(65,4853,49),(65,4890,50),(65,4892,51),(65,4896,52),(65,4898,53),(65,4910,54),(65,4917,55),(65,4919,56),(65,4921,57),(65,4923,58),(65,4925,59),(65,4927,60),(65,4929,61),(65,4931,62),(65,4933,63),(65,4959,64),(65,4963,65),(65,4979,66),(65,5149,67),(65,5151,68),(65,5154,69),(65,5155,70),(65,5286,71),(65,5299,72),(65,5301,73),(65,5302,74),(65,5303,75),(65,5432,76),(65,5436,77),(65,5440,78),(65,5442,79),(65,5578,80),(65,5580,81),(65,5582,82),(65,5902,83),(65,5903,84),(65,5905,85),(65,5909,86),(65,5911,87),(65,5943,88),(65,5944,89),(65,5945,90),(65,5956,91),(65,5975,92),(65,5977,93),(65,5980,94),(65,5982,95),(65,5983,96),(65,5988,97),(65,5993,98),(65,5994,99),(65,5995,100),(65,5520,101),(65,5521,102),(65,6112,103),(65,6113,104),(65,6118,105),(65,6128,106),(65,6129,107),(65,6130,108),(65,6131,109),(65,6132,110),(65,6133,111),(65,6134,112),(65,6135,113),(65,6136,114),(65,6137,115),(65,6138,116),(65,6139,117),(65,6140,118),(65,6141,119),(65,6142,120),(65,6143,121),(65,6144,122),(65,6145,123),(65,6146,124),(65,6147,125),(65,6148,126),(65,6149,127),(65,6150,128),(65,6151,129),(65,6152,130),(65,6153,131),(65,6154,132),(65,6155,133),(65,6156,134),(65,6157,135),(65,6158,136),(65,6162,137),(65,6163,138),(65,6164,139),(65,6165,140),(65,6166,141),(65,6167,142),(65,6168,143),(65,6169,144),(65,6170,145),(65,6171,146),(65,6172,147),(65,6173,148),(65,6174,149),(65,6175,150),(65,6176,151),(65,6177,152),(65,6178,153),(65,6179,154),(65,6180,155),(65,6187,156),(65,6202,157),(65,6203,158),(65,6204,159),(65,6205,160),(65,6206,161),(65,6207,162),(65,6208,163),(65,6209,164),(65,6210,165),(65,6345,166),(65,6357,167),(65,6358,168),(65,6359,169),(65,6360,170),(65,6361,171),(65,6362,172),(65,6383,173),(65,6386,174),(65,6387,175),(67,6132,0),(67,5975,1),(67,5909,2),(67,5440,3),(67,2753,4),(67,4927,5),(67,3955,6),(67,6148,7),(67,6157,8),(67,6345,9),(78,6028,0),(78,6031,1),(78,3052,2),(78,3836,3),(78,3846,4),(78,4059,5),(78,4214,6),(78,4216,7),(78,4837,8),(78,4890,9),(78,4892,10),(78,4896,11),(78,4898,12),(78,5149,13),(78,5151,14),(78,5154,15),(78,5155,16),(78,5166,17),(78,5578,18),(78,5580,19),(78,5582,20),(78,5589,21),(78,5595,22),(78,5683,23),(78,5703,24),(78,5722,25),(78,5756,26),(78,5759,27),(78,5758,28),(78,5757,29),(78,5935,30),(78,5943,31),(78,5944,32),(78,5956,33),(78,5960,34),(78,5975,35),(78,5977,36),(78,5980,37),(78,5982,38),(78,5983,39),(78,5988,40),(78,5993,41),(78,5994,42),(78,5995,43),(78,6030,44),(78,2844,45),(78,6354,46),(78,6400,47),(79,6027,0),(79,6017,1),(79,3096,2),(79,3097,3),(79,3364,4),(79,3966,5),(79,3974,6),(79,3980,7),(79,3982,8),(79,4000,9),(79,4008,10),(79,4010,11),(79,4016,12),(79,4298,13),(79,4793,14),(79,4795,15),(79,4858,16),(79,4860,17),(79,5140,18),(79,5141,19),(79,5142,20),(79,5144,21),(79,5145,22),(79,5146,23),(79,5445,24),(79,5453,25),(79,5455,26),(79,5459,27),(79,5462,28),(79,5464,29),(79,5487,30),(79,5497,31),(79,5498,32),(79,5499,33),(79,5500,34),(79,5501,35),(79,5502,36),(79,5503,37),(79,5560,38),(79,5564,39),(79,5562,40),(79,5824,41),(79,5864,42),(79,5865,43),(79,5867,44),(79,5875,45),(79,5876,46),(79,5877,47),(79,5878,48),(79,5879,49),(79,5881,50),(79,5884,51),(79,5885,52),(79,6012,53),(79,6019,54),(79,6025,55),(79,6026,56),(79,5568,57),(79,5566,58),(79,3996,59),(79,5523,60),(79,6033,61),(79,6042,62),(79,6043,63),(79,6040,64),(79,6074,65),(79,6106,66),(79,6107,67),(79,6344,68),(79,6405,69),(79,6420,70),(79,6421,71),(79,6422,72),(79,6423,73),(79,6424,74),(79,6425,75),(80,5164,0),(80,3071,1),(80,3662,2),(80,3955,3),(80,3957,4),(80,4028,5),(80,4030,6),(80,4034,7),(80,4039,8),(80,4070,9),(80,4072,10),(80,4074,11),(80,4588,12),(80,4830,13),(80,4832,14),(80,4843,15),(80,5049,16),(80,5057,17),(80,5058,18),(80,5162,19),(80,5163,20),(80,5165,21),(80,5776,22),(80,5902,23),(80,5903,24),(80,5113,25),(80,3650,26),(80,6032,27),(80,6128,28),(80,6129,29),(80,6130,30),(80,6131,31),(80,6132,32),(80,6133,33),(80,6134,34),(80,6135,35),(80,6136,36),(80,6137,37),(80,6138,38),(80,6139,39),(80,6140,40),(81,4987,0),(81,6044,1),(81,6181,2),(81,6182,3),(81,6183,4),(81,6184,5),(81,6353,6),(82,4987,0),(82,2546,1),(82,2547,2),(82,2574,3),(82,2576,4),(82,2577,5),(82,2578,6),(82,2579,7),(82,2580,8),(82,2583,9),(82,2585,10),(82,2586,11),(82,2587,12),(82,2588,13),(82,2589,14),(82,2590,15),(82,2844,16),(82,3310,17),(82,4081,18),(82,4082,19),(82,4872,20),(82,5031,21),(82,3650,22),(82,2582,23),(82,6044,24),(82,6045,25),(82,6046,26),(82,6050,27),(82,6051,28),(82,6063,29),(82,6064,30),(82,6114,31),(82,6115,32),(82,6116,33),(82,6189,34),(82,6190,35),(82,6193,36),(82,6194,37),(82,6195,38),(82,6197,39),(82,6198,40),(82,6199,41),(82,6200,42),(82,6201,43),(82,6301,44),(82,6305,45),(83,6028,0),(83,2977,1),(83,3661,2),(83,3662,3),(83,4320,4),(83,5049,5),(83,5057,6),(83,5058,7),(83,5722,8),(83,5756,9),(83,5759,10),(83,5758,11),(83,5757,12),(83,5165,13),(83,5164,14),(83,5960,15),(83,5935,16),(83,5899,17),(83,5779,18),(83,5778,19),(83,5777,20),(83,5776,21),(83,5763,22),(83,5744,23),(83,5740,24),(83,5703,25),(83,5683,26),(83,5595,27),(83,5589,28),(83,5170,29),(83,5169,30),(83,5166,31),(83,5163,32),(83,5162,33),(83,4475,34),(83,4474,35),(83,6038,36),(83,6056,37),(83,6070,38),(83,6089,39),(83,6094,40),(83,6095,41),(83,6096,42),(83,6097,43),(83,6098,44),(83,6099,45),(83,6100,46),(83,6101,47),(83,6102,48),(83,6103,49),(83,6104,50),(83,6109,51),(83,6110,52),(83,6119,53),(83,6120,54),(83,6121,55),(83,6123,56),(83,6124,57),(83,6125,58),(83,6126,59),(83,6127,60),(83,6181,61),(83,6182,62),(83,6183,63),(83,6184,64),(83,6288,65),(83,6289,66),(83,6290,67),(83,6291,68),(83,6292,69),(83,6293,70),(83,6294,71),(83,6295,72),(83,6296,73),(83,6297,74),(83,6298,75),(83,6299,76),(83,6300,77),(83,6304,78),(83,6350,79),(83,6353,80),(83,6354,81),(83,6385,82),(83,6399,83),(83,6400,84),(83,6407,85),(83,6410,86),(83,6409,87),(83,6412,88),(83,6413,89),(83,6414,90),(85,5876,0),(85,6017,1),(85,3364,2),(85,3556,3),(85,3966,4),(85,3974,5),(85,3980,6),(85,3982,7),(85,3996,8),(85,4000,9),(85,4008,10),(85,4118,11),(85,4298,12),(85,4742,13),(85,4744,14),(85,4746,15),(85,4748,16),(85,4793,17),(85,4795,18),(85,4858,19),(85,4860,20),(85,5016,21),(85,5018,22),(85,5020,23),(85,5028,24),(85,5445,25),(85,5453,26),(85,5455,27),(85,5459,28),(85,5462,29),(85,5464,30),(85,5487,31),(85,5497,32),(85,5498,33),(85,5499,34),(85,5500,35),(85,5501,36),(85,5502,37),(85,5503,38),(85,5560,39),(85,5566,40),(85,5568,41),(85,5564,42),(85,5562,43),(85,5824,44),(85,5864,45),(85,5865,46),(85,5867,47),(85,5875,48),(85,5877,49),(85,5878,50),(85,5879,51),(85,5881,52),(85,5884,53),(85,5885,54),(85,6012,55),(85,6019,56),(85,6025,57),(85,6026,58),(85,6027,59),(85,4010,60),(85,6042,61),(85,6043,62),(85,6047,63),(85,6053,64),(85,6059,65),(85,6065,66),(85,6066,67),(85,6067,68),(85,6068,69),(85,6074,70),(85,6106,71),(85,6107,72),(85,6111,73),(85,6415,74),(85,6421,75),(85,6423,76),(85,6425,77),(85,6424,78),(85,6420,79),(90,4737,0),(90,4739,1),(90,5016,2),(90,5018,3),(90,5020,4),(90,5028,5),(90,6032,6),(90,5524,7),(90,5526,8),(91,6031,0),(91,5530,1),(91,4074,2),(91,4072,3),(91,4070,4),(91,6030,5),(91,4748,6),(91,4746,7),(91,4744,8),(91,4742,9),(91,6048,10),(91,6058,11),(91,6057,12),(91,6059,13),(91,6068,14),(91,6072,15),(91,6196,16),(91,6411,17),(92,2703,0),(92,2705,1),(92,5527,2),(93,5113,0),(93,5524,1),(93,6079,2),(93,6080,3),(93,6082,4),(93,6081,5),(93,6083,6),(94,4874,0),(94,4878,1),(94,4883,2),(94,2763,3),(94,6052,4),(94,6036,5),(94,6054,6),(94,6061,7),(94,6069,8),(94,6071,9),(94,6092,10),(94,6093,11),(94,6191,12),(94,4885,13),(94,6196,14),(94,6192,15),(95,4287,0),(95,5522,1),(95,6037,2),(96,2546,0),(96,2547,1),(96,2977,2),(96,3310,3),(96,3661,4),(96,4320,5),(96,5763,6),(96,4462,7),(96,5899,8),(96,2844,9),(96,2587,10),(96,6056,11),(96,5113,12),(96,6070,13),(96,6305,14),(96,6399,15),(96,6411,16),(96,6410,17),(96,6409,18),(97,2588,0),(97,3556,1),(97,4475,2),(97,4474,3),(97,4482,4),(97,4547,5),(97,4944,6),(97,4947,7),(97,4950,8),(97,4953,9),(97,4965,10),(97,4983,11),(97,5338,12),(97,4462,13),(97,2587,14),(97,6034,15),(97,6035,16),(97,6077,17),(97,6416,18),(97,6417,19),(97,6419,20),(98,6065,0),(98,6066,1),(99,2580,0),(99,5031,1),(99,2844,2),(99,6057,3),(99,6305,4),(100,2586,0),(100,2587,1),(101,2579,0),(101,2763,1),(101,4872,2),(101,4874,3),(101,4878,4),(101,4883,5),(101,4885,6),(101,2844,7),(101,6189,8),(101,6190,9),(101,6191,10),(101,6192,11),(101,6193,12),(101,6194,13),(101,6195,14),(101,6196,15),(101,6197,16),(101,6198,17),(101,6199,18),(101,6288,19),(101,6289,20),(101,6290,21),(101,6291,22),(101,6292,23),(101,6293,24),(101,6294,25),(101,6295,26),(101,6296,27),(101,6297,28),(101,6298,29),(101,6299,30),(101,6300,31),(101,6301,32),(101,6304,33),(101,6305,34),(101,6350,35),(102,3329,0),(102,3325,1),(102,3650,2),(102,6032,3),(103,4081,0),(103,4082,1),(103,5740,2),(103,5744,3),(103,5777,4),(103,4462,5),(103,6032,6),(103,6114,7),(103,6115,8),(103,6116,9),(103,6117,10),(103,6407,11),(104,5169,0),(104,5170,1),(104,3535,2),(104,6037,3),(105,5778,0),(105,5779,1),(106,2585,0),(106,2844,1),(106,2582,2),(106,2587,3),(106,6305,4),(107,2583,0),(107,4462,1),(107,2844,2),(107,2590,3),(107,5525,4),(107,6305,5),(109,5530,0),(109,5899,1),(110,2574,0),(110,2844,1),(110,6036,2),(110,6050,3),(110,6051,4),(110,6052,5),(110,6305,6),(111,2578,0),(111,2703,1),(111,2705,2),(111,2844,3),(111,6058,4),(111,6305,5),(112,4742,0),(112,4744,1),(112,4746,2),(112,4748,3),(112,6059,4),(113,2576,0),(113,2844,1),(113,6061,2),(113,6305,3),(115,3535,0),(115,3650,1),(116,2844,0),(116,6305,1),(116,2577,2),(120,2589,0),(120,2587,1),(122,2763,0),(122,6192,1),(122,4885,2),(122,4878,3),(122,4874,4),(129,4118,0),(129,3996,1),(129,6047,2),(129,6053,3),(129,6111,4),(129,6415,5),(134,4839,0),(134,4841,1),(134,6412,2),(134,6413,3),(134,6414,4),(140,5338,0),(140,4983,1),(140,4950,2),(140,4947,3),(140,4944,4),(140,6034,5),(140,6035,6),(140,4841,7),(140,4839,8),(140,4953,9),(140,4965,10),(140,6077,11),(140,6416,12),(140,6417,13),(140,6419,14),(141,5146,0),(141,5145,1),(141,5144,2),(141,5142,3),(141,5141,4),(141,5140,5),(141,4016,6),(141,3097,7),(141,3096,8),(141,6040,9),(141,6084,10),(141,6090,11),(141,6117,12),(141,6344,13),(141,6405,14),(141,6422,15),(142,5522,0),(142,6089,1),(142,6090,2),(142,6094,3),(142,6095,4),(142,6096,5),(142,6097,6),(142,6098,7),(142,6099,8),(142,6100,9),(142,6101,10),(142,6102,11),(142,6103,12),(142,6104,13),(142,6109,14),(142,6110,15),(142,6119,16),(142,6120,17),(142,6121,18),(142,6123,19),(142,6124,20),(142,6125,21),(142,6126,22),(142,6127,23),(143,6038,0),(144,6045,0),(144,6046,1),(145,6048,0),(146,6054,0),(147,5527,0),(147,6084,1),(147,6092,2),(147,6093,3),(148,6063,0),(148,6064,1),(148,6067,2),(148,6068,3),(148,6069,4),(148,6070,5),(148,6071,6),(148,6072,7),(149,6063,0),(150,6064,0),(151,6067,0),(152,6071,0),(153,6072,0),(154,6069,0),(155,6068,0),(157,6113,0),(159,6079,0),(159,6080,1),(159,6082,2),(159,6081,3),(159,6083,4),(160,6112,0),(160,6113,1),(160,6118,2),(161,6112,0),(161,6113,1),(161,6118,2),(161,5909,3),(161,5977,4),(161,2753,5),(161,2754,6),(161,2756,7),(161,2757,8),(161,2758,9),(161,2759,10),(161,2760,11),(161,4851,12),(161,2694,13),(161,2695,14),(161,2696,15),(161,2697,16),(161,2702,17),(161,2706,18),(161,2746,19),(161,2747,20),(161,2748,21),(161,2749,22),(161,2750,23),(161,4737,24),(161,3052,25),(161,4837,26),(161,4890,27),(161,4847,28),(161,4898,29),(161,5154,30),(161,5578,31),(161,5580,32),(161,3836,33),(161,3846,34),(161,4059,35),(161,4214,36),(161,4216,37),(161,4892,38),(161,5149,39),(161,5151,40),(161,4896,41),(161,5155,42),(161,5582,43),(161,5943,44),(161,5956,45),(161,5975,46),(161,5980,47),(161,5982,48),(161,5983,49),(161,5988,50),(161,5993,51),(161,5994,52),(161,5995,53),(161,5286,54),(161,5299,55),(161,5301,56),(161,5302,57),(161,5303,58),(161,4026,59),(161,4910,60),(161,4917,61),(161,4919,62),(161,4921,63),(161,4923,64),(161,4927,65),(161,4929,66),(161,4933,67),(161,5432,68),(161,5945,69),(161,4979,70),(161,4963,71),(161,4959,72),(161,3818,73),(161,5903,74),(161,5902,75),(161,3957,76),(161,3955,77),(161,3071,78),(161,5911,79),(161,5905,80),(161,4853,81),(161,6141,82),(161,6142,83),(161,6143,84),(161,6144,85),(161,6145,86),(161,6146,87),(161,6147,88),(161,6148,89),(161,6149,90),(161,6150,91),(161,6151,92),(161,6152,93),(161,6153,94),(161,6158,95),(161,6162,96),(161,6163,97),(161,6164,98),(161,6165,99),(161,6166,100),(161,6168,101),(161,6169,102),(161,6170,103),(161,6171,104),(161,6172,105),(161,6173,106),(161,6174,107),(161,6175,108),(161,6176,109),(161,6177,110),(161,6178,111),(161,6179,112),(161,6180,113),(161,6187,114),(161,6203,115),(161,6206,116),(161,6357,117),(161,6358,118),(161,6359,119),(161,6360,120),(161,6361,121),(161,6362,122),(161,6383,123),(161,6386,124),(161,6387,125),(167,2617,0),(167,2619,1),(167,2621,2),(167,2624,3),(167,2753,4),(167,2754,5),(167,2756,6),(167,2757,7),(167,2758,8),(167,2759,9),(167,2760,10),(167,4851,11),(167,4853,12),(168,2694,0),(168,2695,1),(168,2696,2),(168,2697,3),(168,2702,4),(168,2706,5),(168,2746,6),(168,2747,7),(168,2748,8),(168,2749,9),(168,2750,10),(169,2937,0),(170,5977,0),(170,3052,1),(170,4837,2),(170,4890,3),(170,4898,4),(170,5154,5),(170,5578,6),(170,5580,7),(170,3836,8),(170,3846,9),(170,4059,10),(170,4214,11),(170,4216,12),(170,4892,13),(170,5149,14),(170,5151,15),(170,4896,16),(170,5155,17),(170,5582,18),(170,5943,19),(170,5956,20),(170,5975,21),(170,5980,22),(170,5982,23),(170,5983,24),(170,5988,25),(170,5993,26),(170,5994,27),(170,5995,28),(171,5903,0),(171,5902,1),(171,4843,2),(171,4832,3),(171,4830,4),(171,4588,5),(171,4039,6),(171,4034,7),(171,4030,8),(171,4028,9),(171,3957,10),(171,3955,11),(171,3071,12),(171,6128,13),(171,6129,14),(171,6130,15),(171,6131,16),(171,6132,17),(171,6133,18),(171,6134,19),(171,6135,20),(171,6136,21),(171,6137,22),(171,6138,23),(171,6139,24),(171,6140,25),(172,4847,0),(172,4026,1),(172,4910,2),(172,4917,3),(172,4919,4),(172,4921,5),(172,4923,6),(172,4925,7),(172,4927,8),(172,4929,9),(172,4931,10),(172,4933,11),(172,5432,12),(172,5945,13),(172,6158,14),(172,6386,15),(172,6387,16),(173,4979,0),(173,4963,1),(173,4959,2),(173,4487,3),(173,3820,4),(173,3818,5),(174,4737,0),(174,4739,1),(175,5286,0),(175,5299,1),(175,5301,2),(175,5302,3),(175,5303,4),(176,5436,0),(176,5440,1),(176,5442,2),(176,6162,3),(176,6163,4),(176,6164,5),(176,6165,6),(176,6166,7),(176,6167,8),(176,6168,9),(176,6169,10),(176,6170,11),(176,6171,12),(176,6172,13),(176,6173,14),(176,6174,15),(176,6175,16),(176,6176,17),(176,6177,18),(176,6178,19),(176,6179,20),(176,6180,21),(176,6187,22),(176,6345,23),(177,6157,0),(178,5909,0),(178,5911,1),(178,5905,2),(178,6141,3),(178,6142,4),(178,6143,5),(178,6144,6),(178,6145,7),(178,6146,8),(178,6147,9),(178,6148,10),(178,6149,11),(178,6150,12),(178,6151,13),(178,6152,14),(178,6153,15),(178,6154,16),(178,6155,17),(178,6156,18),(178,6357,19),(178,6358,20),(178,6359,21),(178,6360,22),(178,6361,23),(178,6362,24),(178,6383,25),(179,2617,0),(179,2619,1),(179,2621,2),(179,2624,3),(179,5436,4),(179,5440,5),(179,5442,6),(179,4739,7),(179,2937,8),(179,4843,9),(179,4832,10),(179,4830,11),(179,4588,12),(179,4039,13),(179,4034,14),(179,4030,15),(179,4028,16),(179,6128,17),(179,6129,18),(179,6130,19),(179,6131,20),(179,6132,21),(179,6133,22),(179,6134,23),(179,6135,24),(179,6136,25),(179,6137,26),(179,6138,27),(179,6139,28),(179,6140,29),(179,6154,30),(179,6155,31),(179,6156,32),(179,6167,33),(179,6202,34),(179,6204,35),(179,6205,36),(179,6345,37),(180,4487,0),(180,3820,1),(181,6157,0),(183,6203,0),(183,6204,1),(183,6205,2),(183,6206,3),(183,6207,4),(183,6208,5),(183,6209,6),(183,6210,7),(184,4925,0),(184,4931,1),(185,5520,0),(186,5520,0),(186,5521,1),(187,5521,0),(188,5521,0),(189,5744,0),(189,4070,1),(189,5776,2),(189,5162,3),(189,5163,4),(189,5164,5),(189,5165,6),(189,5865,7),(189,5875,8),(189,5824,9),(189,5884,10),(189,5453,11),(189,4793,12),(190,6128,0),(190,6130,1),(190,6129,2),(190,6131,3),(190,4979,4),(190,5975,5),(190,6147,6),(190,4929,7),(190,6158,8),(190,6162,9),(190,6165,10),(190,6166,11),(190,5909,12),(193,6180,0),(193,6187,1),(193,6218,2),(193,6219,3),(193,6220,4),(193,6221,5),(193,6222,6),(193,6223,7),(193,6224,8),(193,6225,9),(193,6226,10),(193,6227,11),(193,6228,12),(193,6229,13),(193,6230,14),(193,6231,15),(193,6168,16),(193,6171,17),(193,6172,18),(193,6179,19),(193,6178,20),(193,6177,21),(193,6176,22),(193,6175,23),(193,6174,24),(193,6173,25),(193,6170,26),(193,6169,27),(193,6167,28),(193,6166,29),(193,6165,30),(193,6164,31),(193,6163,32),(193,6162,33),(193,5442,34),(193,5440,35),(193,5436,36),(193,6345,37),(198,3052,0),(198,3836,0),(198,3846,0),(198,4059,0),(198,4214,0),(198,4216,0),(198,4837,0),(198,4890,0),(198,4892,0),(198,4896,0),(198,4898,0),(198,5149,0),(198,5151,0),(198,5154,0),(198,5155,0),(198,5578,0),(198,5580,0),(198,5582,0),(198,5943,0),(198,5944,0),(198,5956,0),(198,5975,0),(198,5977,0),(198,5980,0),(198,5982,0),(198,5983,0),(198,5988,0),(198,5993,0),(198,5994,0),(198,6218,0),(198,6219,1),(198,6220,2),(198,6221,3),(198,6222,4),(198,6223,5),(198,6224,6),(198,6225,7),(198,6226,8),(198,6227,9),(198,6228,10),(198,6229,11),(198,6230,12),(198,6231,13),(198,6261,14),(198,6262,15),(198,6263,16),(198,6264,17),(198,6273,18),(198,6274,19),(198,6272,20),(198,6275,21),(198,6276,22),(198,6277,23),(198,6278,24),(198,6279,25),(198,6280,26),(198,6281,27),(198,6282,28),(198,6283,29),(198,6284,30),(198,6206,31),(198,6306,32),(198,6307,33),(198,6308,34),(198,6309,35),(198,6311,36),(198,6312,37),(198,6327,38),(198,6329,39),(198,6330,40),(198,6331,41),(198,6332,42),(198,6334,43),(198,6335,44),(198,6168,45),(198,6171,46),(198,6172,47),(198,6339,48),(198,6340,49),(198,6341,50),(198,6342,51),(198,6187,52),(198,6180,53),(198,6179,54),(198,6178,55),(198,6177,56),(198,6176,57),(198,6175,58),(198,6174,59),(198,6173,60),(198,6170,61),(198,6169,62),(198,6167,63),(198,6166,64),(198,6165,65),(198,6164,66),(198,6163,67),(198,6162,68),(198,5442,69),(198,3071,70),(198,6128,71),(198,5903,72),(198,3957,73),(198,3955,74),(198,6131,75),(198,6130,76),(198,6129,77),(198,6158,78),(198,5945,79),(198,5432,80),(198,4929,81),(198,4927,82),(198,4923,83),(198,4921,84),(198,4919,85),(198,4917,86),(198,4910,87),(198,4847,88),(198,4026,89),(198,5995,90),(198,6147,91),(198,6153,92),(198,6152,93),(198,6151,94),(198,6150,95),(198,6149,96),(198,6148,97),(198,6146,98),(198,6145,99),(198,6144,100),(198,6143,101),(198,6142,102),(198,6141,103),(198,5911,104),(198,5909,105),(198,5905,106),(198,4979,107),(198,4963,108),(198,4959,109),(198,3818,110),(198,6357,111),(198,6358,112),(198,6359,113),(198,6360,114),(198,6361,115),(198,6362,116),(198,6367,117),(198,6368,118),(198,6369,119),(198,6370,120),(198,6371,121),(198,6372,122),(198,6373,123),(198,6374,124),(198,6375,125),(198,6377,126),(198,6378,127),(198,6379,128),(198,6380,129),(198,6381,130),(198,6382,131),(198,6383,132),(198,6386,133),(198,6387,134),(198,6388,135),(198,6389,136),(198,6390,137),(198,6391,138),(198,6393,139),(198,6394,140),(199,6202,0),(200,6207,0),(200,6208,1),(200,6209,2),(200,6210,3),(201,6210,0),(201,6213,1),(201,6214,2),(201,6215,3),(201,6216,4),(201,6232,5),(201,6233,6),(201,6234,7),(201,6235,8),(201,6236,9),(201,6237,10),(201,6238,11),(201,6239,12),(201,6241,13),(201,6242,14),(201,6243,15),(201,6244,16),(201,6245,17),(201,6246,18),(201,6248,19),(201,6249,20),(201,6250,21),(201,6251,22),(201,6252,23),(201,6253,24),(201,6254,25),(201,6255,26),(201,6206,27),(201,6209,28),(201,6204,29),(201,6205,30),(201,6203,31),(201,6207,32),(201,6256,33),(201,6257,34),(201,6258,35),(201,6259,36),(201,6260,37),(201,6208,38),(201,6302,39),(201,6303,40),(201,6350,41),(202,6210,0),(202,6213,1),(202,6214,2),(202,6215,3),(202,6216,4),(202,6232,5),(202,6233,6),(202,6234,7),(202,6235,8),(202,6236,9),(202,6237,10),(202,6238,11),(202,6239,12),(202,6241,13),(202,6242,14),(202,6243,15),(202,6244,16),(202,6245,17),(202,6246,18),(202,6248,19),(202,6249,20),(202,6250,21),(202,6251,22),(202,6252,23),(202,6253,24),(202,6254,25),(202,6255,26),(202,6256,27),(202,6257,28),(202,6258,29),(202,6259,30),(202,6260,31),(202,6209,32),(202,6302,33),(202,6303,34),(203,6218,0),(203,6219,1),(203,6220,2),(203,6223,3),(203,6221,4),(203,6222,5),(204,6231,0),(204,6230,1),(204,6229,2),(204,6228,3),(204,6227,4),(204,6226,5),(204,6225,6),(204,6224,7),(205,6205,0),(205,6317,1),(205,6318,2),(205,6319,3),(205,6320,4),(205,6321,5),(205,6322,6),(205,6323,7),(205,6324,8),(205,6325,9),(205,6326,10),(205,6328,11),(205,6132,12),(205,6315,13),(205,5436,14),(205,5440,15),(205,6140,16),(205,6139,17),(205,6138,18),(205,4843,19),(205,4832,20),(205,4830,21),(205,4588,22),(205,4039,23),(205,4034,24),(205,4030,25),(205,4028,26),(205,6136,27),(205,6137,28),(205,6135,29),(205,6134,30),(205,6133,31),(205,6156,32),(205,6155,33),(205,6154,34),(205,6345,35),(205,6363,36),(205,6364,37),(205,6365,38),(205,6366,39),(206,6261,0),(206,6262,1),(206,6263,2),(206,6264,3),(206,6265,4),(206,6266,5),(206,6267,6),(206,6268,7),(206,6269,8),(206,6270,9),(206,6271,10),(206,6272,11),(206,6273,12),(206,6274,13),(206,6275,14),(206,6276,15),(206,6277,16),(206,6278,17),(206,6279,18),(206,6280,19),(206,6281,20),(206,6282,21),(206,6283,22),(206,6284,23),(206,5909,24),(206,6147,25),(206,6156,26),(206,6155,27),(206,6154,28),(206,6153,29),(206,6152,30),(206,6151,31),(206,6150,32),(206,6149,33),(206,6148,34),(206,6146,35),(206,6145,36),(206,6144,37),(206,6143,38),(206,6142,39),(206,6141,40),(206,5911,41),(206,5905,42),(206,6380,43),(206,6381,44),(206,6382,45),(206,6398,46),(207,6265,0),(207,6266,1),(207,6267,2),(207,6268,3),(207,6269,4),(207,6270,5),(207,6271,6),(211,6261,0),(211,6262,1),(211,6263,2),(211,6264,3),(211,6265,4),(211,6266,5),(211,6267,6),(211,6268,7),(211,6269,8),(211,6270,9),(211,6271,10),(211,6272,11),(211,6273,12),(211,6274,13),(211,6275,14),(211,6276,15),(211,6277,16),(211,6278,17),(211,6279,18),(211,6280,19),(211,6281,20),(211,6282,21),(211,6283,22),(211,6284,23),(212,6306,0),(212,6307,1),(212,6308,2),(212,6309,3),(212,6310,4),(212,6311,5),(212,6312,6),(212,6315,7),(212,6317,8),(212,6318,9),(212,6319,10),(212,6320,11),(212,6321,12),(212,6322,13),(212,6323,14),(212,6324,15),(212,6325,16),(212,6326,17),(212,6327,18),(212,6328,19),(212,6329,20),(212,6330,21),(212,6331,22),(212,6332,23),(212,6334,24),(212,6335,25),(212,6168,26),(212,6171,27),(212,6172,28),(212,6205,29),(212,6216,30),(212,6236,31),(212,6250,32),(212,6336,33),(212,6337,34),(212,6338,35),(212,6339,36),(212,6340,37),(212,6341,38),(212,6342,39),(212,6218,40),(212,6226,41),(212,6132,42),(213,6306,0),(213,6307,1),(213,6308,2),(213,6309,3),(213,6340,4),(213,5995,5),(213,3846,6),(213,5993,7),(213,5994,8),(213,5988,9),(213,5983,10),(213,5982,11),(213,5975,12),(213,5956,13),(213,5944,14),(213,5943,15),(213,5582,16),(213,5580,17),(213,5578,18),(213,5155,19),(213,5154,20),(213,5151,21),(213,5149,22),(213,4898,23),(213,4896,24),(213,4892,25),(213,4890,26),(213,4837,27),(213,4216,28),(213,4214,29),(213,4059,30),(213,3836,31),(213,3052,32),(214,6310,0),(214,6311,1),(214,6312,2),(214,6158,3),(214,5945,4),(214,5432,5),(214,4933,6),(214,4931,7),(214,4929,8),(214,4927,9),(214,4925,10),(214,4923,11),(214,4921,12),(214,4919,13),(214,4917,14),(214,4910,15),(214,4847,16),(214,4026,17),(214,6386,18),(214,6387,19),(214,6388,20),(214,6389,21),(214,6390,22),(214,6391,23),(215,6310,0),(215,6336,1),(215,6337,2),(215,6338,3),(215,4933,4),(216,6315,0),(216,6317,1),(216,6318,2),(216,6319,3),(216,6320,4),(216,6321,5),(216,6322,6),(216,6323,7),(216,6324,8),(216,6325,9),(216,6326,10),(216,6327,11),(216,6328,12),(216,6329,13),(216,6330,14),(216,6331,15),(216,6332,16),(216,6132,17),(216,6140,18),(216,6139,19),(216,6138,20),(216,3071,21),(216,6128,22),(216,5903,23),(216,4843,24),(216,4832,25),(216,4830,26),(216,4588,27),(216,4039,28),(216,4034,29),(216,4030,30),(216,4028,31),(216,3957,32),(216,3955,33),(216,6136,34),(216,6137,35),(216,6135,36),(216,6134,37),(216,6133,38),(216,6131,39),(216,6130,40),(216,6129,41),(218,6334,0),(218,6335,1),(218,6336,2),(218,6337,3),(218,6338,4),(219,6339,0),(219,6341,1),(219,6342,2),(219,6367,3),(219,6368,4),(219,6369,5),(219,6370,6),(219,6371,7),(219,6372,8),(219,6373,9),(219,6374,10),(219,6375,11),(219,6377,12),(219,6378,13),(219,6379,14),(219,6393,15),(219,6394,16),(220,4931,0),(220,4925,1),(220,6389,2),(220,6390,3),(220,6391,4),(221,4979,0),(221,4963,1),(221,4959,2),(221,4487,3),(221,3820,4),(221,3818,5),(222,4487,0),(222,3820,1),(223,6350,0),(223,6398,1),(225,6357,0),(225,6358,1),(225,6359,2),(225,6360,3),(225,6361,4),(225,6362,5),(225,6363,6),(225,6364,7),(225,6365,8),(225,6366,9),(225,6367,10),(225,6368,11),(225,6369,12),(225,6370,13),(225,6371,14),(225,6372,15),(225,6373,16),(225,6374,17),(225,6375,18),(225,6377,19),(225,6378,20),(225,6379,21),(225,6380,22),(225,6381,23),(225,6382,24),(225,6283,25),(225,6282,26),(225,6279,27),(225,6278,28),(225,6277,29),(225,6276,30),(225,6273,31),(225,6272,32),(225,6271,33),(225,6152,34),(225,6269,35),(225,6268,36),(225,6267,37),(225,6266,38),(225,6264,39),(225,6263,40),(225,6262,41),(225,6261,42),(225,6383,43),(225,6341,44),(225,6398,45),(226,6357,0),(226,6358,1),(226,6359,2),(226,6360,3),(226,6361,4),(226,6362,5),(226,6383,6),(227,6363,0),(227,6364,1),(227,6365,2),(227,6366,3),(228,6385,0),(229,5140,0),(229,5145,1),(229,5142,2),(230,6350,0);

--
-- Table structure for table `pre3303_category_shop`
--

CREATE TABLE `pre3303_category_shop` (
  `id_category` int(11) NOT NULL,
  `id_shop` int(11) NOT NULL,
  `position` int(10) unsigned NOT NULL DEFAULT '0',
  PRIMARY KEY (`id_category`,`id_shop`)
) ENGINE=InnoDB DEFAULT CHARSET=utf8;

--
-- Dumping data for table `pre3303_category_shop`
--

INSERT INTO `pre3303_category_shop` VALUES (1,2,0),(1,4,0),(1,5,0),(56,2,0),(60,2,1),(61,4,1),(62,4,0),(65,4,0),(65,5,1),(67,4,0),(67,5,0),(76,4,1),(76,5,0),(77,4,2),(77,5,0),(78,4,27),(79,4,40),(80,4,34),(81,4,41),(82,4,3),(83,4,0),(85,4,4),(90,4,23),(91,4,1),(92,4,5),(93,4,6),(94,4,2),(95,4,7),(95,5,1),(96,4,31),(96,5,1),(97,4,33),(97,5,0),(98,4,21),(98,5,0),(99,4,42),(99,5,0),(100,4,26),(100,5,0),(101,4,17),(101,5,0),(102,5,0),(103,4,38),(103,5,0),(104,4,29),(104,5,0),(105,4,15),(105,5,0),(106,4,19),(106,5,0),(107,4,22),(107,5,0),(108,4,1),(108,5,0),(109,4,44),(109,5,0),(110,4,37),(110,5,0),(111,4,18),(111,5,0),(112,4,28),(112,5,0),(113,4,20),(113,5,0),(114,4,7),(114,5,0),(115,4,12),(115,5,0),(116,4,16),(116,5,2),(120,4,3),(120,5,5),(122,4,8),(122,5,7),(123,4,39),(123,5,8),(129,4,11),(129,5,14),(134,4,8),(134,5,19),(140,4,9),(141,4,10),(142,4,13),(143,4,25),(143,5,20),(144,4,5),(144,5,21),(145,4,43),(145,5,22),(146,4,2),(146,5,23),(147,4,9),(148,4,3),(148,5,1),(149,4,6),(150,4,14),(151,4,0),(152,4,35),(153,4,36),(153,5,24),(154,4,24),(155,4,4),(156,4,0),(156,5,1),(157,4,0),(157,5,2),(158,4,10),(159,4,32),(159,5,25),(160,5,13),(161,5,13),(162,5,4),(163,5,5),(164,5,6),(165,5,10),(166,5,11),(167,5,0),(168,5,3),(169,5,9),(170,5,6),(171,5,12),(172,5,10),(173,5,11),(174,5,4),(175,5,8),(176,5,1),(177,5,7),(178,5,14),(179,5,0),(180,5,1),(181,5,7),(182,5,12),(183,5,2),(184,5,8),(185,5,3),(186,5,5),(187,5,9),(188,5,2),(189,4,4),(190,5,3),(191,2,2),(192,2,3),(193,2,1),(198,2,6),(199,5,15),(200,5,14),(201,2,2),(202,2,2),(203,2,0),(204,2,1),(205,2,0),(206,2,8),(207,2,4),(208,2,1),(208,4,1),(208,5,4),(209,2,0),(209,4,0),(209,5,0),(210,2,4),(211,2,0),(212,2,1),(213,2,3),(214,2,5),(215,2,3),(216,2,7),(218,2,0),(219,2,4),(220,2,5),(221,2,6),(222,2,1),(223,2,7),(224,2,1),(225,2,2),(226,2,9),(227,2,10),(228,2,1),(228,4,45),(228,5,26),(229,4,5),(230,2,3);

--
-- Table structure for table `pre3303_cms`
--

CREATE TABLE `pre3303_cms` (
  `id_cms` int(10) unsigned NOT NULL AUTO_INCREMENT,
  `id_cms_category` int(10) unsigned NOT NULL,
  `position` int(10) unsigned NOT NULL DEFAULT '0',
  `active` tinyint(1) unsigned NOT NULL DEFAULT '0',
  `indexation` tinyint(1) unsigned NOT NULL DEFAULT '1',
  PRIMARY KEY (`id_cms`)
) ENGINE=InnoDB AUTO_INCREMENT=18 DEFAULT CHARSET=utf8;

--
-- Dumping data for table `pre3303_cms`
--

INSERT INTO `pre3303_cms` VALUES (1,1,0,0,0),(2,1,1,0,0),(3,1,2,0,0),(4,1,3,1,1),(5,1,4,0,0),(6,1,5,1,0),(7,1,6,1,0),(8,1,7,1,0),(9,1,8,0,0),(10,1,9,1,1),(11,1,10,1,1),(12,1,11,1,1),(13,1,12,1,0),(14,1,13,1,0),(15,1,14,1,0),(16,1,15,1,1),(17,1,16,1,0);

--
-- Table structure for table `pre3303_cms_category`
--

CREATE TABLE `pre3303_cms_category` (
  `id_cms_category` int(10) unsigned NOT NULL AUTO_INCREMENT,
  `id_parent` int(10) unsigned NOT NULL,
  `level_depth` tinyint(3) unsigned NOT NULL DEFAULT '0',
  `active` tinyint(1) unsigned NOT NULL DEFAULT '0',
  `date_add` datetime NOT NULL,
  `date_upd` datetime NOT NULL,
  `position` int(10) unsigned NOT NULL DEFAULT '0',
  PRIMARY KEY (`id_cms_category`),
  KEY `category_parent` (`id_parent`)
) ENGINE=InnoDB AUTO_INCREMENT=4 DEFAULT CHARSET=utf8;

--
-- Dumping data for table `pre3303_cms_category`
--

INSERT INTO `pre3303_cms_category` VALUES (1,0,1,1,'2018-05-23 18:48:10','2018-05-23 18:48:10',0),(2,1,2,1,'2018-07-13 15:59:44','2018-07-13 15:59:44',0),(3,1,2,1,'2018-07-13 16:02:06','2018-07-13 16:02:06',1);

--
-- Table structure for table `pre3303_cms_category_lang`
--

CREATE TABLE `pre3303_cms_category_lang` (
  `id_cms_category` int(10) unsigned NOT NULL,
  `id_lang` int(10) unsigned NOT NULL,
  `id_shop` int(10) unsigned NOT NULL DEFAULT '1',
  `name` varchar(128) NOT NULL,
  `description` text,
  `link_rewrite` varchar(128) NOT NULL,
  `meta_title` varchar(128) DEFAULT NULL,
  `meta_keywords` varchar(255) DEFAULT NULL,
  `meta_description` varchar(255) DEFAULT NULL,
  PRIMARY KEY (`id_cms_category`,`id_shop`,`id_lang`),
  KEY `category_name` (`name`)
) ENGINE=InnoDB DEFAULT CHARSET=utf8;

--
-- Dumping data for table `pre3303_cms_category_lang`
--

INSERT INTO `pre3303_cms_category_lang` VALUES (1,1,2,'Accueil','','accueil','','',''),(1,2,2,'Home','','accueil','','',''),(1,1,4,'Accueil','','accueil','','',''),(1,2,4,'Home','','accueil','','',''),(1,1,5,'Accueil','','accueil','','',''),(1,2,5,'Home','','accueil','','',''),(2,1,2,'Technique','','technique','','',''),(2,2,2,'Technique','','technique','','',''),(2,1,4,'Technique','','technique','','',''),(2,2,4,'Technique','','technique','','',''),(2,1,5,'Technique','','technique','','',''),(2,2,5,'Technique','','technique','','',''),(3,1,2,'Support','','support','','',''),(3,2,2,'Support','','support','','',''),(3,1,4,'Support','','support','','',''),(3,2,4,'Support','','support','','',''),(3,1,5,'Support','','support','','',''),(3,2,5,'Support','','support','','','');

--
-- Table structure for table `pre3303_cms_category_shop`
--

CREATE TABLE `pre3303_cms_category_shop` (
  `id_cms_category` int(10) unsigned NOT NULL AUTO_INCREMENT,
  `id_shop` int(11) unsigned NOT NULL,
  PRIMARY KEY (`id_cms_category`,`id_shop`),
  KEY `id_shop` (`id_shop`)
) ENGINE=InnoDB AUTO_INCREMENT=4 DEFAULT CHARSET=utf8;

--
-- Dumping data for table `pre3303_cms_category_shop`
--

INSERT INTO `pre3303_cms_category_shop` VALUES (1,2),(1,4),(2,4),(3,4),(1,5);

--
-- Table structure for table `pre3303_cms_lang`
--

CREATE TABLE `pre3303_cms_lang` (
  `id_cms` int(10) unsigned NOT NULL,
  `id_lang` int(10) unsigned NOT NULL,
  `id_shop` int(10) unsigned NOT NULL DEFAULT '1',
  `meta_title` varchar(128) NOT NULL,
  `meta_description` varchar(255) DEFAULT NULL,
  `meta_keywords` varchar(255) DEFAULT NULL,
  `content` longtext,
  `link_rewrite` varchar(128) NOT NULL,
  PRIMARY KEY (`id_cms`,`id_shop`,`id_lang`)
) ENGINE=InnoDB DEFAULT CHARSET=utf8;

--
-- Dumping data for table `pre3303_cms_lang`
--

INSERT INTO `pre3303_cms_lang` VALUES (1,1,2,'Livraison','Nos conditions de livraison','conditions, livraison, délais, expédition, colis','<h2>Expéditions et retours</h2><h3>Expédition de votre colis</h3><p>Les colis sont généralement expédiés dans un délai de 2 jours après réception du paiement. Ils sont expédiés via UPS avec un numéro de suivi et remis sans signature. Les colis peuvent également être expédiés via UPS Extra et remis contre signature. Veuillez nous contacter avant de choisir ce mode de livraison, car il induit des frais supplémentaires. Quel que soit le mode de livraison choisi, nous vous envoyons un lien pour suivre votre colis en ligne.</p><p>Les frais d\'expédition incluent les frais de préparation et d\'emballage ainsi que les frais de port. Les frais de préparation sont fixes, tandis que les frais de transport varient selon le poids total du colis. Nous vous recommandons de regrouper tous vos articles dans une seule commande. Nous ne pouvons regrouper deux commandes placées séparément et des frais d\'expédition s\'appliquent à chacune d\'entre elles. Votre colis est expédié à vos propres risques, mais une attention particulière est portée aux objets fragiles.<br /><br />Les dimensions des boîtes sont appropriées et vos articles sont correctement protégés.</p>','livraison'),(1,2,2,'Livraison','Nos conditions de livraison','conditions, livraison, délais, expédition, colis','<h2>Expéditions et retours</h2><h3>Expédition de votre colis</h3><p>Les colis sont généralement expédiés dans un délai de 2 jours après réception du paiement. Ils sont expédiés via UPS avec un numéro de suivi et remis sans signature. Les colis peuvent également être expédiés via UPS Extra et remis contre signature. Veuillez nous contacter avant de choisir ce mode de livraison, car il induit des frais supplémentaires. Quel que soit le mode de livraison choisi, nous vous envoyons un lien pour suivre votre colis en ligne.</p><p>Les frais d\'expédition incluent les frais de préparation et d\'emballage ainsi que les frais de port. Les frais de préparation sont fixes, tandis que les frais de transport varient selon le poids total du colis. Nous vous recommandons de regrouper tous vos articles dans une seule commande. Nous ne pouvons regrouper deux commandes placées séparément et des frais d\'expédition s\'appliquent à chacune d\'entre elles. Votre colis est expédié à vos propres risques, mais une attention particulière est portée aux objets fragiles.<br /><br />Les dimensions des boîtes sont appropriées et vos articles sont correctement protégés.</p>','livraison'),(1,1,4,'Livraison','Nos conditions de livraison','conditions, livraison, délais, expédition, colis','<p><strong>LIVRAISON</strong></p>\n<p><strong><em>1/ Conditions</em></strong></p>\n<p>La commande est expédiée dès réception du règlement sur notre compte société Lisit SAS.<br /> Les articles commandés sont livrés à l’adresse indiquée par le client.</p>\n<p>Si l’adresse de livraison s’avère incorrecte et oblige notre société à retourner la commande dans ses entrepôts, www.joelknafo-art.com pourra facturer au client les coûts administratifs et de transport associés au retour des commandes. Dans ce cas, le point de départ du nouveau délai de livraison sera lié à la réception par www.joelknafo-art.com des nouveaux éléments d’information concernant la nouvelle adresse.</p>\n<p>Le colis sera acheminé jusqu’au client par l’intermédiaire de notre transporteur habituel ou par le transporteur indiqué par le client, s’il en a préalablement émis le souhait.</p>\n<p>Il appartient au client de vérifier l’état de l’emballage ainsi que le contenu du ou des colis à la livraison.</p>\n<p>Dans tous les cas, les produits voyagent aux risques et périls du client (§ 5). Il appartient à ce dernier de vérifier le contenu du colis au moment de la livraison et de formuler les réserves d’usage sur le bordereau de livraison et, le cas échéant au transporteur par lettre recommandée dans les 3 jours suivant la réception du produit.</p>\n<p><strong><em>2 / Délais</em></strong></p>\n<p>Les délais de livraison moyens en France métropolitaine sont en général de 7 jours à compter de la date d’expédition par Lisit SAS, mais il ne constitue pas un délai légal de rigueur et la responsabilité de Lisit SAS ne pourra pas être engagée en cas de retard.</p>\n<p>Lisit SAS se réserve la possibilité d’annuler la commande s’il n’est pas en mesure de l’honorer et en informera le client par tout moyen à sa convenance.</p>\n<p>En cas de retard de livraison, le client sera également averti du délai supplémentaire.</p>\n<p>Nous ferons de notre mieux pour faire livrer votre envoi conformément à nos délais habituels de livraison. Néanmoins, si nous n’étions pas en mesure de vous donner satisfaction, nous vous précisons qu’en aucun cas le remboursement du produit ne pourra être exigé à Lisit SAS et que seule la prestation de livraison pourra, sous les réserves émises aux paragraphes 6.3 et 6.4, faire l’objet d’un remboursement.</p>\n<p>En cas de non respect de nos engagements et quelle qu’en soit la cause, Lisit SAS ne sera tenu qu’au seul remboursement de la prestation de livraison sous les réserves énoncées ci-dessus (Retard de Livraison) et en aucun cas des dommages indirects que le client viendrait à invoquer. Ces dommages indirects et pertes s’entendent notamment par toute perte de revenus, de bénéfices, d’intérêts ou de marchés et toute perte liée à l’impossibilité d’utiliser tout ou une partie de l’envoi.</p>\n<p><strong><em>3/ Conséquences du transfert de risques (§5)</em></strong></p>\n<p>Le contenu de la commande voyage aux risques du client. En aucun cas, Lisit SAS ne saurait être tenu responsable des dégradations de qualité des articles et de leurs emballages occasionnées durant le temps de transport.</p>\n<p>Si le colis est parvenu chez le client en mauvais état ou endommagé, celui-ci doit refuser le colis. Le transporteur se chargera d’informer Lisit SAS. A réception de cette information, Lisit SAS s’engage à rembourser le client du montant forfaitaire prévu par le transporteur ou du montant total de l’article si une assurance sur la valeur a prélablement été souscrite.</p>\n<p>Si le colis n’a pas été refusé, il est nécessaire d’apporter les réserves d’usage auprès de la société de distribution. Nous serons alors en mesure de réaliser un recours pour protéger nos intérêts mutuels.</p>\n<p>Si le client a accepté le colis sans réserves, en aucun cas il ne pourra exiger le remboursement du prix du produit endommagé ni du forfait de livraison.</p>','livraison'),(1,2,4,'Livraison','Nos conditions de livraison','conditions, livraison, délais, expédition, colis','<h2>Expéditions et retours</h2>\n<h3>Expédition de votre colis</h3>\n<p>Les colis sont généralement expédiés dans un délai de 2 jours après réception du paiement. Ils sont expédiés via UPS avec un numéro de suivi et remis sans signature. Les colis peuvent également être expédiés via UPS Extra et remis contre signature. Veuillez nous contacter avant de choisir ce mode de livraison, car il induit des frais supplémentaires. Quel que soit le mode de livraison choisi, nous vous envoyons un lien pour suivre votre colis en ligne.</p>\n<p>Les frais d\'expédition incluent les frais de préparation et d\'emballage ainsi que les frais de port. Les frais de préparation sont fixes, tandis que les frais de transport varient selon le poids total du colis. Nous vous recommandons de regrouper tous vos articles dans une seule commande. Nous ne pouvons regrouper deux commandes placées séparément et des frais d\'expédition s\'appliquent à chacune d\'entre elles. Votre colis est expédié à vos propres risques, mais une attention particulière est portée aux objets fragiles.<br /><br />Les dimensions des boîtes sont appropriées et vos articles sont correctement protégés.</p>','livraison'),(1,1,5,'Livraison','Nos conditions de livraison','conditions, livraison, délais, expédition, colis','<h2>Expéditions et retours</h2><h3>Expédition de votre colis</h3><p>Les colis sont généralement expédiés dans un délai de 2 jours après réception du paiement. Ils sont expédiés via UPS avec un numéro de suivi et remis sans signature. Les colis peuvent également être expédiés via UPS Extra et remis contre signature. Veuillez nous contacter avant de choisir ce mode de livraison, car il induit des frais supplémentaires. Quel que soit le mode de livraison choisi, nous vous envoyons un lien pour suivre votre colis en ligne.</p><p>Les frais d\'expédition incluent les frais de préparation et d\'emballage ainsi que les frais de port. Les frais de préparation sont fixes, tandis que les frais de transport varient selon le poids total du colis. Nous vous recommandons de regrouper tous vos articles dans une seule commande. Nous ne pouvons regrouper deux commandes placées séparément et des frais d\'expédition s\'appliquent à chacune d\'entre elles. Votre colis est expédié à vos propres risques, mais une attention particulière est portée aux objets fragiles.<br /><br />Les dimensions des boîtes sont appropriées et vos articles sont correctement protégés.</p>','livraison'),(1,2,5,'Livraison','Nos conditions de livraison','conditions, livraison, délais, expédition, colis','<h2>Expéditions et retours</h2><h3>Expédition de votre colis</h3><p>Les colis sont généralement expédiés dans un délai de 2 jours après réception du paiement. Ils sont expédiés via UPS avec un numéro de suivi et remis sans signature. Les colis peuvent également être expédiés via UPS Extra et remis contre signature. Veuillez nous contacter avant de choisir ce mode de livraison, car il induit des frais supplémentaires. Quel que soit le mode de livraison choisi, nous vous envoyons un lien pour suivre votre colis en ligne.</p><p>Les frais d\'expédition incluent les frais de préparation et d\'emballage ainsi que les frais de port. Les frais de préparation sont fixes, tandis que les frais de transport varient selon le poids total du colis. Nous vous recommandons de regrouper tous vos articles dans une seule commande. Nous ne pouvons regrouper deux commandes placées séparément et des frais d\'expédition s\'appliquent à chacune d\'entre elles. Votre colis est expédié à vos propres risques, mais une attention particulière est portée aux objets fragiles.<br /><br />Les dimensions des boîtes sont appropriées et vos articles sont correctement protégés.</p>','livraison'),(2,1,2,'Mentions légales','Mentions légales','mentions, légales, crédits','<h2>Mentions légales</h2><h3>Crédits</h3><p>Conception et production :</p><p>cette boutique en ligne a été créée à l\'aide du <a href=\"http://www.prestashop.com\">logiciel PrestaShop. </a>Rendez-vous sur le <a href=\"http://www.prestashop.com/blog/en/\">blog e-commerce de PrestaShop</a> pour vous tenir au courant des dernières actualités et obtenir des conseils sur la vente en ligne et la gestion d\'un site d\'e-commerce.</p>','mentions-legales'),(2,2,2,'Mentions légales','Mentions légales','mentions, légales, crédits','<h2>Mentions légales</h2><h3>Crédits</h3><p>Conception et production :</p><p>cette boutique en ligne a été créée à l\'aide du <a href=\"http://www.prestashop.com\">logiciel PrestaShop. </a>Rendez-vous sur le <a href=\"http://www.prestashop.com/blog/en/\">blog e-commerce de PrestaShop</a> pour vous tenir au courant des dernières actualités et obtenir des conseils sur la vente en ligne et la gestion d\'un site d\'e-commerce.</p>','mentions-legales'),(2,1,4,'Mentions légales','Mentions légales','mentions, légales, crédits','<h2>Mentions légales</h2><h3>Crédits</h3><p>Conception et production :</p><p>cette boutique en ligne a été créée à l\'aide du <a href=\"http://www.prestashop.com\">logiciel PrestaShop. </a>Rendez-vous sur le <a href=\"http://www.prestashop.com/blog/en/\">blog e-commerce de PrestaShop</a> pour vous tenir au courant des dernières actualités et obtenir des conseils sur la vente en ligne et la gestion d\'un site d\'e-commerce.</p>','mentions-legales'),(2,2,4,'Mentions légales','Mentions légales','mentions, légales, crédits','<h2>Mentions légales</h2><h3>Crédits</h3><p>Conception et production :</p><p>cette boutique en ligne a été créée à l\'aide du <a href=\"http://www.prestashop.com\">logiciel PrestaShop. </a>Rendez-vous sur le <a href=\"http://www.prestashop.com/blog/en/\">blog e-commerce de PrestaShop</a> pour vous tenir au courant des dernières actualités et obtenir des conseils sur la vente en ligne et la gestion d\'un site d\'e-commerce.</p>','mentions-legales'),(2,1,5,'Mentions légales','Mentions légales','mentions, légales, crédits','<h2>Mentions légales</h2><h3>Crédits</h3><p>Conception et production :</p><p>cette boutique en ligne a été créée à l\'aide du <a href=\"http://www.prestashop.com\">logiciel PrestaShop. </a>Rendez-vous sur le <a href=\"http://www.prestashop.com/blog/en/\">blog e-commerce de PrestaShop</a> pour vous tenir au courant des dernières actualités et obtenir des conseils sur la vente en ligne et la gestion d\'un site d\'e-commerce.</p>','mentions-legales'),(2,2,5,'Mentions légales','Mentions légales','mentions, légales, crédits','<h2>Mentions légales</h2><h3>Crédits</h3><p>Conception et production :</p><p>cette boutique en ligne a été créée à l\'aide du <a href=\"http://www.prestashop.com\">logiciel PrestaShop. </a>Rendez-vous sur le <a href=\"http://www.prestashop.com/blog/en/\">blog e-commerce de PrestaShop</a> pour vous tenir au courant des dernières actualités et obtenir des conseils sur la vente en ligne et la gestion d\'un site d\'e-commerce.</p>','mentions-legales'),(3,1,2,'Conditions d\'utilisation','Nos conditions d\'utilisation','conditions, utilisation, vente','<h1 class=\"page-heading\">Conditions d\'utilisation</h1>\n<h3 class=\"page-subheading\">Règle n° 1</h3>\n<p class=\"bottom-indent\">Lorem ipsum dolor sit amet conse ctetur adipisicing elit, sed do eiusmod tempor incididunt ut labore et dolore magna aliqua. Ut enim ad minim veniam, quis nostrud exercitation ullamco laboris nisi ut aliquip ex ea commodo consequat. Duis aute irure dolor in reprehenderit in voluptate velit esse cillum dolore eu fugiat nulla pariatur. Excepteur sint occaecat cupidatat non proident, sunt in culpa qui officia deserunt mollit anim id est laborum.</p>\n<h3 class=\"page-subheading\">Règle n° 2</h3>\n<p class=\"bottom-indent\">Sed do eiusmod tempor incididunt ut labore et dolore magna aliqua. Ut enim ad minim veniam, quis nostrud exercitation ullamco laboris nisi ut aliquip ex ea commodo consequat. Duis aute irure dolor in reprehenderit in voluptate velit esse cillum dolore eu fugiat nulla pariatur. Excepteur sint occaecat cupidatat non proident, sunt in culpa qui officia deserunt mollit anim id est laborum. Lorem ipsum dolor sit amet conse ctetur adipisicing elit, sed do eiusmod tempor incididunt ut labore et dolore magna aliqua. Ut enim ad minim veniam&#1102;</p>\n<h3 class=\"page-subheading\">Règle n° 3</h3>\n<p class=\"bottom-indent\">Tempor incididunt ut labore et dolore magna aliqua. Ut enim ad minim veniam, quis nostrud exercitation ullamco laboris nisi ut aliquip ex ea commodo consequat. Duis aute irure dolor in reprehenderit in voluptate velit esse cillum dolore eu fugiat nulla pariatur. Excepteur sint occaecat cupidatat non proident, sunt in culpa qui officia deserunt mollit anim id est laborum. Lorem ipsum dolor sit amet conse ctetur adipisicing elit, sed do eiusmod tempor incididunt ut labore et dolore magna aliqua. Ut enim ad minim veniam&#1102;</p>','conditions-utilisation'),(3,2,2,'Conditions d\'utilisation','Nos conditions d\'utilisation','conditions, utilisation, vente','<h1 class=\"page-heading\">Conditions d\'utilisation</h1>\n<h3 class=\"page-subheading\">Règle n° 1</h3>\n<p class=\"bottom-indent\">Lorem ipsum dolor sit amet conse ctetur adipisicing elit, sed do eiusmod tempor incididunt ut labore et dolore magna aliqua. Ut enim ad minim veniam, quis nostrud exercitation ullamco laboris nisi ut aliquip ex ea commodo consequat. Duis aute irure dolor in reprehenderit in voluptate velit esse cillum dolore eu fugiat nulla pariatur. Excepteur sint occaecat cupidatat non proident, sunt in culpa qui officia deserunt mollit anim id est laborum.</p>\n<h3 class=\"page-subheading\">Règle n° 2</h3>\n<p class=\"bottom-indent\">Sed do eiusmod tempor incididunt ut labore et dolore magna aliqua. Ut enim ad minim veniam, quis nostrud exercitation ullamco laboris nisi ut aliquip ex ea commodo consequat. Duis aute irure dolor in reprehenderit in voluptate velit esse cillum dolore eu fugiat nulla pariatur. Excepteur sint occaecat cupidatat non proident, sunt in culpa qui officia deserunt mollit anim id est laborum. Lorem ipsum dolor sit amet conse ctetur adipisicing elit, sed do eiusmod tempor incididunt ut labore et dolore magna aliqua. Ut enim ad minim veniam&#1102;</p>\n<h3 class=\"page-subheading\">Règle n° 3</h3>\n<p class=\"bottom-indent\">Tempor incididunt ut labore et dolore magna aliqua. Ut enim ad minim veniam, quis nostrud exercitation ullamco laboris nisi ut aliquip ex ea commodo consequat. Duis aute irure dolor in reprehenderit in voluptate velit esse cillum dolore eu fugiat nulla pariatur. Excepteur sint occaecat cupidatat non proident, sunt in culpa qui officia deserunt mollit anim id est laborum. Lorem ipsum dolor sit amet conse ctetur adipisicing elit, sed do eiusmod tempor incididunt ut labore et dolore magna aliqua. Ut enim ad minim veniam&#1102;</p>','conditions-utilisation'),(3,1,4,'Conditions d utilisation','Conditions d utilisation','conditions, utilisation, vente','','conditionsutilisation'),(3,2,4,'Conditions d\'utilisation','Nos conditions d\'utilisation','conditions, utilisation, vente','<h1 class=\"page-heading\">Conditions d\'utilisation</h1>\n<h3 class=\"page-subheading\">Règle n° 1</h3>\n<p class=\"bottom-indent\">Lorem ipsum dolor sit amet conse ctetur adipisicing elit, sed do eiusmod tempor incididunt ut labore et dolore magna aliqua. Ut enim ad minim veniam, quis nostrud exercitation ullamco laboris nisi ut aliquip ex ea commodo consequat. Duis aute irure dolor in reprehenderit in voluptate velit esse cillum dolore eu fugiat nulla pariatur. Excepteur sint occaecat cupidatat non proident, sunt in culpa qui officia deserunt mollit anim id est laborum.</p>\n<h3 class=\"page-subheading\">Règle n° 2</h3>\n<p class=\"bottom-indent\">Sed do eiusmod tempor incididunt ut labore et dolore magna aliqua. Ut enim ad minim veniam, quis nostrud exercitation ullamco laboris nisi ut aliquip ex ea commodo consequat. Duis aute irure dolor in reprehenderit in voluptate velit esse cillum dolore eu fugiat nulla pariatur. Excepteur sint occaecat cupidatat non proident, sunt in culpa qui officia deserunt mollit anim id est laborum. Lorem ipsum dolor sit amet conse ctetur adipisicing elit, sed do eiusmod tempor incididunt ut labore et dolore magna aliqua. Ut enim ad minim veniamю</p>\n<h3 class=\"page-subheading\">Règle n° 3</h3>\n<p class=\"bottom-indent\">Tempor incididunt ut labore et dolore magna aliqua. Ut enim ad minim veniam, quis nostrud exercitation ullamco laboris nisi ut aliquip ex ea commodo consequat. Duis aute irure dolor in reprehenderit in voluptate velit esse cillum dolore eu fugiat nulla pariatur. Excepteur sint occaecat cupidatat non proident, sunt in culpa qui officia deserunt mollit anim id est laborum. Lorem ipsum dolor sit amet conse ctetur adipisicing elit, sed do eiusmod tempor incididunt ut labore et dolore magna aliqua. Ut enim ad minim veniamю</p>','conditions-utilisation'),(3,1,5,'Conditions d\'utilisation','Nos conditions d\'utilisation','conditions, utilisation, vente','<h1 class=\"page-heading\">Conditions d\'utilisation</h1>\n<h3 class=\"page-subheading\">Règle n° 1</h3>\n<p class=\"bottom-indent\">Lorem ipsum dolor sit amet conse ctetur adipisicing elit, sed do eiusmod tempor incididunt ut labore et dolore magna aliqua. Ut enim ad minim veniam, quis nostrud exercitation ullamco laboris nisi ut aliquip ex ea commodo consequat. Duis aute irure dolor in reprehenderit in voluptate velit esse cillum dolore eu fugiat nulla pariatur. Excepteur sint occaecat cupidatat non proident, sunt in culpa qui officia deserunt mollit anim id est laborum.</p>\n<h3 class=\"page-subheading\">Règle n° 2</h3>\n<p class=\"bottom-indent\">Sed do eiusmod tempor incididunt ut labore et dolore magna aliqua. Ut enim ad minim veniam, quis nostrud exercitation ullamco laboris nisi ut aliquip ex ea commodo consequat. Duis aute irure dolor in reprehenderit in voluptate velit esse cillum dolore eu fugiat nulla pariatur. Excepteur sint occaecat cupidatat non proident, sunt in culpa qui officia deserunt mollit anim id est laborum. Lorem ipsum dolor sit amet conse ctetur adipisicing elit, sed do eiusmod tempor incididunt ut labore et dolore magna aliqua. Ut enim ad minim veniam&#1102;</p>\n<h3 class=\"page-subheading\">Règle n° 3</h3>\n<p class=\"bottom-indent\">Tempor incididunt ut labore et dolore magna aliqua. Ut enim ad minim veniam, quis nostrud exercitation ullamco laboris nisi ut aliquip ex ea commodo consequat. Duis aute irure dolor in reprehenderit in voluptate velit esse cillum dolore eu fugiat nulla pariatur. Excepteur sint occaecat cupidatat non proident, sunt in culpa qui officia deserunt mollit anim id est laborum. Lorem ipsum dolor sit amet conse ctetur adipisicing elit, sed do eiusmod tempor incididunt ut labore et dolore magna aliqua. Ut enim ad minim veniam&#1102;</p>','conditions-utilisation'),(3,2,5,'Conditions d\'utilisation','Nos conditions d\'utilisation','conditions, utilisation, vente','<h1 class=\"page-heading\">Conditions d\'utilisation</h1>\n<h3 class=\"page-subheading\">Règle n° 1</h3>\n<p class=\"bottom-indent\">Lorem ipsum dolor sit amet conse ctetur adipisicing elit, sed do eiusmod tempor incididunt ut labore et dolore magna aliqua. Ut enim ad minim veniam, quis nostrud exercitation ullamco laboris nisi ut aliquip ex ea commodo consequat. Duis aute irure dolor in reprehenderit in voluptate velit esse cillum dolore eu fugiat nulla pariatur. Excepteur sint occaecat cupidatat non proident, sunt in culpa qui officia deserunt mollit anim id est laborum.</p>\n<h3 class=\"page-subheading\">Règle n° 2</h3>\n<p class=\"bottom-indent\">Sed do eiusmod tempor incididunt ut labore et dolore magna aliqua. Ut enim ad minim veniam, quis nostrud exercitation ullamco laboris nisi ut aliquip ex ea commodo consequat. Duis aute irure dolor in reprehenderit in voluptate velit esse cillum dolore eu fugiat nulla pariatur. Excepteur sint occaecat cupidatat non proident, sunt in culpa qui officia deserunt mollit anim id est laborum. Lorem ipsum dolor sit amet conse ctetur adipisicing elit, sed do eiusmod tempor incididunt ut labore et dolore magna aliqua. Ut enim ad minim veniam&#1102;</p>\n<h3 class=\"page-subheading\">Règle n° 3</h3>\n<p class=\"bottom-indent\">Tempor incididunt ut labore et dolore magna aliqua. Ut enim ad minim veniam, quis nostrud exercitation ullamco laboris nisi ut aliquip ex ea commodo consequat. Duis aute irure dolor in reprehenderit in voluptate velit esse cillum dolore eu fugiat nulla pariatur. Excepteur sint occaecat cupidatat non proident, sunt in culpa qui officia deserunt mollit anim id est laborum. Lorem ipsum dolor sit amet conse ctetur adipisicing elit, sed do eiusmod tempor incididunt ut labore et dolore magna aliqua. Ut enim ad minim veniam&#1102;</p>','conditions-utilisation'),(4,1,2,'A propos','En savoir plus sur notre entreprise','à propos, informations','<h1 class=\"page-heading bottom-indent\">A propos</h1>\n<div class=\"row\">\n<div class=\"col-xs-12 col-sm-4\">\n<div class=\"cms-block\">\n<h3 class=\"page-subheading\">Litho.Online</h3>\n<p><strong class=\"dark\">Litho.online est une marque du groupe LISIT SAS, acteur majeur de la diffusion de l\'art contemporain en France et en Europe.</strong></p>\n<ul class=\"list-1\"><li>Œuvres de qualité</li>\n<li>Livraison dans le monde, dans un emballage protegé</li>\n<li><em class=\"icon-ok\"></em>Service client rigoureux</li>\n<li><em class=\"icon-ok\"></em>Remboursement garanti pendant 15 jours</li>\n</ul><p>Nous sommes également présent en Galerie située 21 rue véron à Paris. Un retrait en galerie est possible et vous invite à voir d\'autres œuvres exposées.</p>\n</div>\n</div>\n<div class=\"col-xs-12 col-sm-4\">\n<div class=\"cms-box\">\n<h3 class=\"page-subheading\">Notre équipe</h3>\n<p>Litho.Online propose des multiples sélectionnés par des Experts de l\'Art contemporain. Leurs connaissances garantissent un goût esthétique et l\'authenticité des œuvres sélectionnées.</p>\n<p><img src=\"https://litho.online/img/cms/Images/joel_knafo_site.jpg\" alt=\"\" style=\"margin-left:auto;margin-right:auto;\" width=\"126\" height=\"126\" /></p>\n<h3 class=\"page-subheading\">Nos Multiples</h3>\n</div>\n<div class=\"cms-box\">Les projets de multiples sont envisagés et proposés aux artistes renommés et émergents, pour rendre l\'Art accessible selon une gamme de prix adaptée.</div>\n<div class=\"cms-box\"><strong>Litho.Online</strong> diffuse des multiples issus de projets d\'artistes, mais aussi résulte d\'une collaboration initiée par la galerie partenaire StreetArt-Store.com. La proposition artistique se décline alors selon des supports variés : lithographies, sérigraphies, digigraphies ... datées et signées ... certaines sont ré-haussées par l\'artiste lui-même et en font des œuvres originales.</div>\n</div>\n</div>','a-propos'),(4,2,2,'A propos','En savoir plus sur notre entreprise','à propos, informations','<h1 class=\"page-heading bottom-indent\">A propos</h1>\n<div class=\"row\">\n<div class=\"col-xs-12 col-sm-4\">\n<div class=\"cms-block\">\n<h3 class=\"page-subheading\">Notre entreprise</h3>\n<p><strong class=\"dark\">Lorem ipsum dolor sit amet conse ctetur adipisicing elit, sed do eiusmod tempor incididun.</strong></p>\n<p>Lorem ipsum dolor sit amet conse ctetur adipisicing elit, sed do eiusmod tempor incididunt ut labore et dolore magna aliqua. Ut enim ad minim veniam. Lorem ipsum dolor sit amet conse ctetur adipisicing elit.</p>\n<ul class=\"list-1\"><li><em class=\"icon-ok\"></em>Produits haute qualité</li>\n<li><em class=\"icon-ok\"></em>Service client inégalé</li>\n<li><em class=\"icon-ok\"></em>Remboursement garanti pendant 30 jours</li>\n</ul></div>\n</div>\n<div class=\"col-xs-12 col-sm-4\">\n<div class=\"cms-box\">\n<h3 class=\"page-subheading\">Notre équipe</h3>\n<img title=\"cms-img\" src=\"../img/cms/cms-img.jpg\" alt=\"cms-img\" width=\"370\" height=\"192\" /><p><strong class=\"dark\">Lorem set sint occaecat cupidatat non </strong></p>\n<p>Eiusmod tempor incididunt ut labore et dolore magna aliqua. Ut enim ad minim veniam, quis nostrud exercitation ullamco laboris nisi ut aliquip ex ea commodo.</p>\n</div>\n</div>\n<div class=\"col-xs-12 col-sm-4\">\n<div class=\"cms-box\">\n<h3 class=\"page-subheading\">Témoignages</h3>\n<div class=\"testimonials\">\n<div class=\"inner\"><span class=\"before\">“</span>Lorem ipsum dolor sit amet conse ctetur adipisicing elit, sed do eiusmod tempor incididunt ut labore et dolore magna aliqua. Ut enim ad minim.<span class=\"after\">”</span></div>\n</div>\n<p><strong class=\"dark\">Lorem ipsum dolor sit</strong></p>\n<div class=\"testimonials\">\n<div class=\"inner\"><span class=\"before\">“</span>Excepteur sint occaecat cupidatat non proident, sunt in culpa qui officia deserunt mollit anim id est laborum. Lorem ipsum dolor sit amet conse ctetur adipisicing elit. Lorem ipsum dolor sit amet conse ctetur adipisicing elit, sed do eiusmod.<span class=\"after\">”</span></div>\n</div>\n<p><strong class=\"dark\">Ipsum dolor sit</strong></p>\n</div>\n</div>\n</div>','a-propos'),(4,1,4,'A propos Litho.Online','En savoir plus sur Litho.Online','à propos, informations','<h1 class=\"page-heading bottom-indent\">A propos</h1>\n<div class=\"row\">\n<div class=\"col-xs-12 col-sm-4\">\n<div class=\"cms-block\">\n<p><strong class=\"dark\">Litho.online édite et diffuse des éditions d\'art contemporain en France et à l\'international et œuvre pour rendre l\'art contemporain accessible au plus grand nombre.<br /></strong></p>\n<p>Les œuvres vendues sur notre<span style=\"text-decoration:underline;\"><strong> site internet Litho.Online</strong></span> sont toutes disponibles dans notre <em><strong>galerie située 21 rue Véron - 75018 Paris - Métro Abbesses.</strong></em></p>\n<p>L\'ensemble de nos éditions d\'art sont garanties par un certificat d\'authenticité remis lors de chaque nouvelle acquisition.</p>\n<p><strong class=\"dark\">Litho.Online s\'engage à :</strong></p>\n<ul class=\"list-1\"><li>Proposer des œuvres d\'art réalisées par les meilleurs ateliers et artisans</li>\n<li>Livrer dans le monde dans les meilleurs délais et dans des emballages garantissant le parfait acheminement</li>\n<li><em class=\"icon-ok\"></em>Répondre rapidement à toute demande postée sur notre site internet Litho.Online</li>\n<li>Garantir la disponibilité des œuvres en ligne et en galerie</li>\n<li>Délivrer un certificat d\'authenticité avec chaque œuvre</li>\n</ul><p></p>\n</div>\n</div>\n<div class=\"col-xs-12 col-sm-4\">\n<div class=\"cms-box\">\n<h3 class=\"page-subheading\">Notre équipe</h3>\n<p><strong>Litho.Online</strong> propose des éditions d\'art réalisées par une <strong>sélection rigoureuse d\'artistes</strong> émergents et confirmés de la scène française et internationale. Notre comité artistique garantit l\'authenticité des œuvres et la parfaite exécution des éditions. Leur engagement et leur expertise permettent aux acquéreurs de constituer une collection d\'œuvres rares et inédites réalisées en <strong>série très limitées</strong>.</p>\n<h3 class=\"page-subheading\">Nos éditions d\'art</h3>\n</div>\n<div class=\"cms-box\"><strong>Litho.Online</strong> propose une sélection de multiples et élabore avec des artistes contemporains de renom des <span style=\"text-decoration:underline;\">éditions d\'art en exclusivité.</span> <strong>Litho.Online</strong> travaille avec les meilleurs ateliers et artisans pour proposer des œuvres entre tradition et modernité selon une gamme de prix adaptée.</div>\n<div class=\"cms-box\"><strong>Litho.Online</strong> sélectionne pour chaque œuvre le support et la technique de réalisation la plus adaptée au sujet et à l\'univers de l\'artiste : Lithographie, sérigraphie, eau-forte, gravure, photographie, estampe numérique, sculpture...</div>\n<div class=\"cms-box\"></div>\n<div class=\"cms-box\"><strong>Litho.Online</strong> à la volonté d\'élaborer et de diffuser exclusivement des œuvres de qualité répondant aux exigences du monde de l\'art. Nos éditions sont signées et numérotées et certaines sont rehaussées par les artistes, ce qui en font des œuvres uniques.</div>\n<br class=\"cms-box\" /><div class=\"cms-box\"><em>Litho.Online est une marque de  LISIT, SAS au capital de 784 000 euros immatriculée au RCS Paris 512 848 573</em><strong class=\"dark\"><br /></strong></div>\n</div>\n</div>','a-propos'),(4,2,4,'About us','All about the company','à propos, informations','<h2><span id=\"result_box\" lang=\"en\" xml:lang=\"en\"><span title=\"Litho.online édite et diffuse des éditions d\'art contemporain en France et à l\'international et œuvre pour rendre l\'art contemporain accessible au plus grand nombre.\"><strong>About</strong> </span></span></h2>\n<p><span lang=\"en\" xml:lang=\"en\"><span title=\"Litho.online édite et diffuse des éditions d\'art contemporain en France et à l\'international et œuvre pour rendre l\'art contemporain accessible au plus grand nombre.\"><strong>Litho.online publishes and distributes contemporary art editions in France and abroad and works to make contemporary art accessible to as many people as possible.</strong><br /><br /></span><span title=\"Les œuvres vendues sur notre site internet Litho.Online sont toutes disponibles dans notre galerie située 21 rue Véron - 75018 Paris - Métro Abbesses.\">The works sold on our website Litho.Online are all available in our <strong>gallery located 21 rue Véron - 75018 Paris - Metro Abbesses.</strong><br /><br /></span><span title=\"L\'ensemble de nos éditions d\'art sont garanties par un certificat d\'authenticité remis lors de chaque nouvelle acquisition.\">All our art editions are guaranteed by a certificate of authenticity given at each new acquisition.<br /><br /></span><span title=\"Litho.Online s\'engage à :      \"><em><strong>Litho.Online is committed to:</strong></em><br /><br /></span></span></p>\n<ul><li><span lang=\"en\" xml:lang=\"en\"><span title=\"Litho.Online s\'engage à :      \">    </span><span title=\"Proposer des œuvres d\'art réalisées par les meilleurs ateliers et artisans     \">Propose works of art made by the best workshops and craftsmen</span></span></li>\n<li><span lang=\"en\" xml:lang=\"en\"><span title=\"Proposer des œuvres d\'art réalisées par les meilleurs ateliers et artisans     \">    </span><span title=\"Livrer dans le monde dans les meilleurs délais et dans des emballages garantissant le parfait acheminement     \">Deliver to the world as soon as possible and in packaging guaranteeing the perfect delivery</span></span></li>\n<li><span lang=\"en\" xml:lang=\"en\"><span title=\"Livrer dans le monde dans les meilleurs délais et dans des emballages garantissant le parfait acheminement     \">    </span><span title=\"Répondre rapidement à toute demande postée sur notre site internet Litho.Online     \">Respond quickly to any request posted on our website Litho.Online</span></span></li>\n<li><span lang=\"en\" xml:lang=\"en\"><span title=\"Répondre rapidement à toute demande postée sur notre site internet Litho.Online     \">    </span><span title=\"Garantir la disponibilité des œuvres en ligne et en galerie     \">Guarantee the availability of works online and in gallery</span></span></li>\n<li><span lang=\"en\" xml:lang=\"en\"><span title=\"Garantir la disponibilité des œuvres en ligne et en galerie     \">    </span><span title=\"Délivrer un certificat d\'authenticité avec chaque œuvre\">Issue a certificate of authenticity with each work</span></span></li>\n</ul><p><span lang=\"en\" xml:lang=\"en\"><span title=\"Délivrer un certificat d\'authenticité avec chaque œuvre\"></span></span><br /><span lang=\"en\" xml:lang=\"en\"><span title=\"Délivrer un certificat d\'authenticité avec chaque œuvre\"></span></span></p>\n<h2><span lang=\"en\" xml:lang=\"en\"><span title=\"Notre équipe\">Our team</span></span></h2>\n<p><span lang=\"en\" xml:lang=\"en\"><span title=\"Notre équipe\"><br /></span><span title=\"Litho.Online propose des éditions d\'art réalisées par une sélection rigoureuse d\'artistes émergents et confirmés de la scène française et internationale.\"><strong>Litho.Online</strong> offers editions of art made by a rigorous selection of emerging and confirmed artists from the French and international scene. </span><span title=\"Notre comité artistique garantit l\'authenticité des œuvres et la parfaite exécution des éditions.\">Our artistic committee guarantees the authenticity of the works and the perfect execution of the editions.</span></span></p>\n<p><span lang=\"en\" xml:lang=\"en\"><span title=\"Leur engagement et leur expertise permettent aux acquéreurs de constituer une collection d\'œuvres rares et inédites réalisées en série très limitées.\">Their commitment and expertise allow buyers to build a collection of rare and unpublished works produced in very limited series.</span></span></p>\n<h2><span lang=\"en\" xml:lang=\"en\"><span title=\"Leur engagement et leur expertise permettent aux acquéreurs de constituer une collection d\'œuvres rares et inédites réalisées en série très limitées.\"><br /></span><span title=\"Nos éditions d\'art\">Our art editions</span></span></h2>\n<p><span lang=\"en\" xml:lang=\"en\"><strong><span title=\"Nos éditions d\'art\"><br /></span></strong><span title=\"Litho.Online propose une sélection de multiples et élabore avec des artistes contemporains de renom des éditions d\'art en exclusivité.\"><strong>Litho.Online</strong> offers a selection of multiples and elaborates exclusive art editions with renowned contemporary artists. </span><span title=\"Litho.Online travaille avec les meilleurs ateliers et artisans pour proposer des œuvres entre tradition et modernité selon une gamme de prix adaptée.\">Litho.Online works with the best workshops and craftsmen to propose works between tradition and modernity according to an adapted price range.<br /></span><span title=\"Litho.Online sélectionne pour chaque œuvre le support et la technique de réalisation la plus adaptée au sujet et à l\'univers de l\'artiste : Lithographie, sérigraphie, eau-forte, gravure, photographie, estampe numérique, sculpture...\"><strong>Litho.Online</strong> selects for each work the support and the technique of realization most adapted to the subject and the universe of the artist: Lithography, serigraphy, etching, engraving, photography, digital print, sculpture ...<br /><br /></span><span title=\"Litho.Online à la volonté d\'élaborer et de diffuser exclusivement des œuvres de qualité répondant aux exigences du monde de l\'art.\"><strong>Litho.Online</strong> desires to develop and distribute exclusively quality works that meet the requirements of the art world. </span><span title=\"Nos éditions sont signées et numérotées et certaines sont rehaussées par les artistes, ce qui en font des œuvres uniques.\">Our editions are signed and numbered and some are enhanced by the artists, making them unique works.<br /><br /></span><em><span title=\"Litho.Online est une marque de  LISIT, SAS au capital de 784 000 euros immatriculée au RCS Paris 512 848 573\">Litho.Online is a trademark of LISIT, SAS with a capital of 784 000 euros registered in the RCS Paris 512 848 573</span></em></span></p>','a-propos'),(4,1,5,'A propos','En savoir plus sur notre entreprise','à propos, informations','<h1 class=\"page-heading bottom-indent\">A propos</h1>\n<div class=\"row\">\n<div class=\"col-xs-12 col-sm-4\">\n<div class=\"cms-block\">\n<h3 class=\"page-subheading\">Litho.Online</h3>\n<p><strong class=\"dark\">Litho.online est une marque du groupe LISIT SAS, acteur majeur de la diffusion de l\'art contemporain en France et en Europe.</strong></p>\n<ul class=\"list-1\"><li>Œuvres de qualité</li>\n<li>Livraison dans le monde, dans un emballage protegé</li>\n<li><em class=\"icon-ok\"></em>Service client rigoureux</li>\n<li><em class=\"icon-ok\"></em>Remboursement garanti pendant 15 jours</li>\n</ul><p>Nous sommes également présent en Galerie située 21 rue véron à Paris. Un retrait en galerie est possible et vous invite à voir d\'autres œuvres exposées.</p>\n</div>\n</div>\n<div class=\"col-xs-12 col-sm-4\">\n<div class=\"cms-box\">\n<h3 class=\"page-subheading\">Notre équipe</h3>\n<p>Litho.Online propose des multiples sélectionnés par des Experts de l\'Art contemporain. Leurs connaissances garantissent un goût esthétique et l\'authenticité des œuvres sélectionnées.</p>\n<p><img src=\"https://litho.online/img/cms/Images/joel_knafo_site.jpg\" alt=\"\" style=\"margin-left:auto;margin-right:auto;\" width=\"126\" height=\"126\" /></p>\n<h3 class=\"page-subheading\">Nos Multiples</h3>\n</div>\n<div class=\"cms-box\">Les projets de multiples sont envisagés et proposés aux artistes renommés et émergents, pour rendre l\'Art accessible selon une gamme de prix adaptée.</div>\n<div class=\"cms-box\"><strong>Litho.Online</strong> diffuse des multiples issus de projets d\'artistes, mais aussi résulte d\'une collaboration initiée par la galerie partenaire StreetArt-Store.com. La proposition artistique se décline alors selon des supports variés : lithographies, sérigraphies, digigraphies ... datées et signées ... certaines sont ré-haussées par l\'artiste lui-même et en font des œuvres originales.</div>\n</div>\n</div>','a-propos'),(4,2,5,'A propos','En savoir plus sur notre entreprise','à propos, informations','<h1 class=\"page-heading bottom-indent\">A propos</h1>\n<div class=\"row\">\n<div class=\"col-xs-12 col-sm-4\">\n<div class=\"cms-block\">\n<h3 class=\"page-subheading\">Notre entreprise</h3>\n<p><strong class=\"dark\">Lorem ipsum dolor sit amet conse ctetur adipisicing elit, sed do eiusmod tempor incididun.</strong></p>\n<p>Lorem ipsum dolor sit amet conse ctetur adipisicing elit, sed do eiusmod tempor incididunt ut labore et dolore magna aliqua. Ut enim ad minim veniam. Lorem ipsum dolor sit amet conse ctetur adipisicing elit.</p>\n<ul class=\"list-1\"><li><em class=\"icon-ok\"></em>Produits haute qualité</li>\n<li><em class=\"icon-ok\"></em>Service client inégalé</li>\n<li><em class=\"icon-ok\"></em>Remboursement garanti pendant 30 jours</li>\n</ul></div>\n</div>\n<div class=\"col-xs-12 col-sm-4\">\n<div class=\"cms-box\">\n<h3 class=\"page-subheading\">Notre équipe</h3>\n<img title=\"cms-img\" src=\"../img/cms/cms-img.jpg\" alt=\"cms-img\" width=\"370\" height=\"192\" /><p><strong class=\"dark\">Lorem set sint occaecat cupidatat non </strong></p>\n<p>Eiusmod tempor incididunt ut labore et dolore magna aliqua. Ut enim ad minim veniam, quis nostrud exercitation ullamco laboris nisi ut aliquip ex ea commodo.</p>\n</div>\n</div>\n<div class=\"col-xs-12 col-sm-4\">\n<div class=\"cms-box\">\n<h3 class=\"page-subheading\">Témoignages</h3>\n<div class=\"testimonials\">\n<div class=\"inner\"><span class=\"before\">“</span>Lorem ipsum dolor sit amet conse ctetur adipisicing elit, sed do eiusmod tempor incididunt ut labore et dolore magna aliqua. Ut enim ad minim.<span class=\"after\">”</span></div>\n</div>\n<p><strong class=\"dark\">Lorem ipsum dolor sit</strong></p>\n<div class=\"testimonials\">\n<div class=\"inner\"><span class=\"before\">“</span>Excepteur sint occaecat cupidatat non proident, sunt in culpa qui officia deserunt mollit anim id est laborum. Lorem ipsum dolor sit amet conse ctetur adipisicing elit. Lorem ipsum dolor sit amet conse ctetur adipisicing elit, sed do eiusmod.<span class=\"after\">”</span></div>\n</div>\n<p><strong class=\"dark\">Ipsum dolor sit</strong></p>\n</div>\n</div>\n</div>','a-propos'),(5,1,2,'Paiement sécurisé','Notre méthode de paiement sécurisé','paiement sécurisé, ssl, visa, mastercard, paypal','<h2>Paiement sécurisé</h2>\n<h3>Notre paiement sécurisé</h3><p>Avec SSL</p>\n<h3>Avec Visa/Mastercard/Paypal</h3><p>A propos de ce service</p>','paiement-securise'),(5,2,2,'Paiement sécurisé','Notre méthode de paiement sécurisé','paiement sécurisé, ssl, visa, mastercard, paypal','<h2>Paiement sécurisé</h2>\n<h3>Notre paiement sécurisé</h3><p>Avec SSL</p>\n<h3>Avec Visa/Mastercard/Paypal</h3><p>A propos de ce service</p>','paiement-securise'),(5,1,4,'Paiement sécurisé','Notre méthode de paiement sécurisé','paiement sécurisé, ssl, visa, mastercard, paypal','<h2>Paiement sécurisé</h2>\n<h3>Notre paiement sécurisé</h3><p>Avec SSL</p>\n<h3>Avec Visa/Mastercard/Paypal</h3><p>A propos de ce service</p>','paiement-securise'),(5,2,4,'Paiement sécurisé','Notre méthode de paiement sécurisé','paiement sécurisé, ssl, visa, mastercard, paypal','<h2>Paiement sécurisé</h2>\n<h3>Notre paiement sécurisé</h3><p>Avec SSL</p>\n<h3>Avec Visa/Mastercard/Paypal</h3><p>A propos de ce service</p>','paiement-securise'),(5,1,5,'Paiement sécurisé','Notre méthode de paiement sécurisé','paiement sécurisé, ssl, visa, mastercard, paypal','<h2>Paiement sécurisé</h2>\n<h3>Notre paiement sécurisé</h3><p>Avec SSL</p>\n<h3>Avec Visa/Mastercard/Paypal</h3><p>A propos de ce service</p>','paiement-securise'),(5,2,5,'Paiement sécurisé','Notre méthode de paiement sécurisé','paiement sécurisé, ssl, visa, mastercard, paypal','<h2>Paiement sécurisé</h2>\n<h3>Notre paiement sécurisé</h3><p>Avec SSL</p>\n<h3>Avec Visa/Mastercard/Paypal</h3><p>A propos de ce service</p>','paiement-securise'),(6,1,2,'Conditions d\'annulation','','','Veuillez ajouter vos conditions d\'annulation au site.','aeu-legal-revocation-terms'),(6,2,2,'Conditions d\'annulation','','','Veuillez ajouter vos conditions d\'annulation au site.','aeu-legal-revocation-terms'),(6,1,4,'Conditions d\'annulation','','','<p style=\"text-align:justify;\"><strong>Conditions Gérérales de Vente sur le site www.litho.online</strong></p>\n<p style=\"text-align:justify;\"></p>\n<p style=\"text-align:justify;\"><strong>1/ PREAMBULE </strong>:</p>\n<p style=\"text-align:justify;\">Les présentes dispositions constituent les conditions générales de vente s’appliquant aux commandes passées sur le site internet www.litho.online, le site de vente en ligne de la société Lisit SAS.</p>\n<p style=\"text-align:justify;\"></p>\n<p style=\"text-align:justify;\"><strong>2/APPLICATION DES CONDITIONS GENERALES DE VENTE </strong>:</p>\n<p style=\"text-align:justify;\">Toute commande emporte de plein droit votre adhésion à nos conditions générales de vente. Les parties conviennent que leurs relations seront régies exclusivement par le présent contrat. Aucune condition particulière ne peut, sauf acceptation formelle écrite de notre part, prévaloir contre nos conditions générales de ventes. Toute condition contraire posée par le client nous sera donc inopposable à défaut d’acceptation expresse de notre part. Le fait que nous ne nous prévalions pas, à quelque moment que ce soit, de l’une quelconque des présentes dispositions des conditions générales de vente, ne peut être interprété comme valant renonciation à se prévaloir ultérieurement de l’une quelconque desdites dispositions.</p>\n<p style=\"text-align:justify;\"></p>\n<p style=\"text-align:justify;\"><strong>3/INFORMATIQUE ET LIBERTE :</strong></p>\n<p style=\"text-align:justify;\"><span style=\"color:#d0121a;\">le site www.litho.online est en cours d\'enregistrement à la CNIL</span></p>\n<p style=\"text-align:justify;\">Conformément aux dispositions de la Loi n° 78-17 du 6 janvier 1978, le site www.litho.onine a fait l’objet d’une déclaration auprès de la Commission Nationale de l’Informatique et des Libertés. En application de la loi Informatique et Libertés, les informations qui vous sont demandées sont indispensables au traitement de votre commande et sont destinées aux services du site www.litho.online.</p>\n<p style=\"text-align:justify;\">Vous disposez d’un droit d’accès, de modification, de suppression et de rectification relatifs à vos données personnelles auprès de la société gérant le site www.litho.online : Lisit SAS – 6 rue Caulaincourt – 75018 Paris.</p>\n<p style=\"text-align:justify;\">La communication de ces informations pourra également être faite pour satisfaire aux obligations légales et réglementaires.</p>\n<p style=\"text-align:justify;\"></p>\n<p style=\"text-align:justify;\"><strong>4/PRIX</strong></p>\n<p style=\"text-align:justify;\">Les prix facturés sont ceux en vigueur au moment de l’enregistrement de la commande.<br /> Les prix sont indiqués en Euros, toutes taxes comprises hors frais de port.<br /> Ils comprennent notamment la TVA applicable. Les frais de port sont à la charge exclusive du client.</p>\n<p style=\"text-align:justify;\">Pour toute livraison en dehors de la France métropolitaine, les frais de douane et les taxes locales restent à la charge du client.</p>\n<p style=\"text-align:justify;\">Lisit SAS se réserve le droit de modifier ses prix à tout moment.</p>\n<p style=\"text-align:justify;\"></p>\n<p style=\"text-align:justify;\"><strong>5/ PRISE DE COMMANDE</strong></p>\n<p style=\"text-align:justify;\">Le contenu de la commande est celui spécifié dans l’acceptation de commande.</p>\n<p style=\"text-align:justify;\">L’acceptation de la commande (produit et prix) par notre société entraîne formation de la vente et donc réservation du contenu de la commande.</p>\n<ul style=\"text-align:justify;\"><li>Transfert de risques: il est effectif dès réception du paiement par Lisit SAS (validation du paiement à distance par notre banque, confirmation du transfert Paypal, réception du virement bancaire ou encaissement du chèque). Lisit SAS propose une assurance prise par ses soins concernant les risques liés au transport.</li>\n<li>Transfert de propriété: il est effectif après paiement et à l’issue du délai de rétraction mentionné à l’article 6.</li>\n</ul><p style=\"text-align:justify;\">Les ouvrages ou œuvres mis en vente sur le site <a href=\"http://www.elandarts.com/\">www.litho.online</a> sont en grande majorité des ‘Pièces uniques’ ou à tirage limité. Nous accordons une attention toute particulière à ne mettre en vente que des articles disponibles.</p>\n<p style=\"text-align:justify;\">Si toutefois, une commande était passée pour un article devenu indisponible, la vente ne saurait être formée. Au cas où le paiement serait effectif, nous rembourserons intégralement le montant payé.</p>\n<p style=\"text-align:justify;\"></p>\n<p style=\"text-align:justify;\"><strong>6/ FACTURATION, PAIEMENT</strong></p>\n<p style=\"text-align:justify;\">Le paiement de vos achats s’effectue :</p>\n<p style=\"text-align:justify;\">par Carte Bancaire ou via le système PAYPAL<br /> Les cartes bancaires portant les sigles “CB”, “Visa”, “Eurocard Mastercard” \"American Express\" sont acceptées.</p>\n<p style=\"text-align:justify;\">La facture des produits sera adressée avec chaque commande. Le client garantit Lisit SAS qu’il dispose des autorisations éventuellement nécessaires pour utiliser le mode de paiement choisi par lui, lors de la validation du bon de commande.</p>\n<p style=\"text-align:justify;\"></p>\n<p style=\"text-align:justify;\"><strong>7/ SATISFAIT OU REMBOURSE – RETOUR DES OEUVRES</strong></p>\n<p style=\"text-align:justify;\">En application des dispositions de l’article L.121-16 du Code de la Consommation, le client dispose d’un délai de sept jours francs à partir de la livraison de sa commande pour faire retour de l’article livré pour remboursement. <strong>Merci de nous le retourner dans l’état dans lequel vous l’avez reçu, dans son emballage d’origine.</strong> Veuillez nous avertir avant d’effectuer le retour. Le frais de transport du retour à Lisit SAS sont à la charge du client.</p>\n<p style=\"text-align:justify;\">Si le contenu de la commande en retour est dans un état identique à celui de départ initial, Lisit SAS vous adressera dans 1 délai de 1 à 3 semaines à compter du jour de réception du contenu de la commande le remboursement de la valeur de l’objet .</p>\n<p style=\"text-align:justify;\"></p>\n<p style=\"text-align:justify;\"><strong>8/ LIVRAISON</strong></p>\n<p style=\"text-align:justify;\"><strong><em>8-1/ Conditions</em></strong></p>\n<p style=\"text-align:justify;\">La commande est expédiée dès réception du règlement sur notre compte société Lisit SAS.<br /> Les articles commandés sont livrés à l’adresse indiquée par le client.</p>\n<p style=\"text-align:justify;\">Si l’adresse de livraison s’avère incorrecte et oblige notre société à retourner la commande dans ses entrepôts, www.litho.online pourra facturer au client les coûts administratifs et de transport associés au retour des commandes. Dans ce cas, le point de départ du nouveau délai de livraison sera lié à la réception par www.litho.online des nouveaux éléments d’information concernant la nouvelle adresse.</p>\n<p style=\"text-align:justify;\">Le colis sera acheminé jusqu’au client par l’intermédiaire de notre transporteur habituel ou par le transporteur indiqué par le client, s’il en a préalablement émis le souhait.</p>\n<p style=\"text-align:justify;\">Il appartient au client de vérifier l’état de l’emballage ainsi que le contenu du ou des colis à la livraison.</p>\n<p style=\"text-align:justify;\">Dans tous les cas, les produits voyagent aux risques et périls du client (§ 5). Il appartient à ce dernier de vérifier le contenu du colis au moment de la livraison et de formuler les réserves d’usage sur le bordereau de livraison et, le cas échéant au transporteur par lettre recommandée dans les 3 jours suivant la réception du produit.</p>\n<p style=\"text-align:justify;\"><strong><em>8-2 / Délais</em></strong></p>\n<p style=\"text-align:justify;\">Les délais de livraison moyens en France métropolitaine sont en général de 7 jours à compter de la date d’expédition par Lisit SAS, mais il ne constitue pas un délai légal de rigueur et la responsabilité de Lisit SAS ne pourra pas être engagée en cas de retard.</p>\n<p style=\"text-align:justify;\">Lisit SAS se réserve la possibilité d’annuler la commande s’il n’est pas en mesure de l’honorer et en informera le client par tout moyen à sa convenance.</p>\n<p style=\"text-align:justify;\">En cas de retard de livraison, le client sera également averti du délai supplémentaire.</p>\n<p style=\"text-align:justify;\">Nous ferons de notre mieux pour faire livrer votre envoi conformément à nos délais habituels de livraison. Néanmoins, si nous n’étions pas en mesure de vous donner satisfaction, nous vous précisons qu’en aucun cas le remboursement du produit ne pourra être exigé à Lisit SAS et que seule la prestation de livraison pourra, sous les réserves émises aux paragraphes 6.3 et 6.4, faire l’objet d’un remboursement.</p>\n<p style=\"text-align:justify;\">En cas de non respect de nos engagements et quelle qu’en soit la cause, Lisit SAS ne sera tenu qu’au seul remboursement de la prestation de livraison sous les réserves énoncées ci-dessus (Retard de Livraison) et en aucun cas des dommages indirects que le client viendrait à invoquer. Ces dommages indirects et pertes s’entendent notamment par toute perte de revenus, de bénéfices, d’intérêts ou de marchés et toute perte liée à l’impossibilité d’utiliser tout ou une partie de l’envoi.</p>\n<p style=\"text-align:justify;\"><strong><em>8-3/ Conséquences du transfert de risques (§5)</em></strong></p>\n<p style=\"text-align:justify;\">Le contenu de la commande voyage aux risques du client. En aucun cas, Lisit SAS ne saurait être tenu responsable des dégradations de qualité des articles et de leurs emballages occasionnées durant le temps de transport.</p>\n<p style=\"text-align:justify;\">Si le colis est parvenu chez le client en mauvais état ou endommagé, celui-ci doit refuser le colis. Le transporteur se chargera d’informer Lisit SAS. A réception de cette information, Lisit SAS s’engage à rembourser le client du montant forfaitaire prévu par le transporteur ou du montant total de l’article si une assurance sur la valeur a prélablement été souscrite.</p>\n<p style=\"text-align:justify;\">Si le colis n’a pas été refusé, il est nécessaire d’apporter les réserves d’usage auprès de la société de distribution. Nous serons alors en mesure de réaliser un recours pour protéger nos intérêts mutuels.</p>\n<p style=\"text-align:justify;\">Si le client a accepté le colis sans réserves, en aucun cas il ne pourra exiger le remboursement du prix du produit endommagé ni du forfait de livraison.</p>\n<p style=\"text-align:justify;\"></p>\n<p style=\"text-align:justify;\"><strong>9/ RESPONSABILITE</strong><br /> La responsabilité de Lisit SAS ne saurait être engagée en cas d’inexécution du contrat, en cas de rupture de stock ou d’indisponibilité du produit, de force majeure et, notamment en cas de grève totale ou partielle, inondation, incendie ou autres catastrophes naturelles et d’une manière générale tous événements ne permettant pas la bonne exécution de la commande.</p>\n<p style=\"text-align:justify;\"></p>\n<p style=\"text-align:justify;\"><strong>10/ PREUVE</strong></p>\n<p style=\"text-align:justify;\">Les registres informatisés, conservés dans les systèmes informatiques de Lisit SAS dans des conditions raisonnables de sécurité, seront considérés comme des preuves des communications, des commandes et des paiements intervenus entre les parties.</p>\n<p style=\"text-align:justify;\"></p>\n<p style=\"text-align:justify;\"><strong>11/ REGLEMENT DES LITIGES</strong></p>\n<p style=\"text-align:justify;\">Ces conditions générales de vente sont régies par la loi française aussi bien pour les règles de fonds que pour les règles de forme.</p>\n<p style=\"text-align:justify;\">Notre Service clientèle est à votre disposition pour le règlement de tout litige et à défaut d’une solution amiable, seuls seront compétents les Tribunaux du siège social de Lisit SAS.</p>\n<p style=\"text-align:justify;\"></p>\n<p style=\"text-align:justify;\"><strong>12/ ATTRIBUTION DE JURIDICTION</strong></p>\n<p style=\"text-align:justify;\">Toutes les dispositions contractuelles définies ci-dessus sont régies par la loi française. Le tribunal du siège social de Lisit SAS est seul compétent pour tout litige provenant de l’application des présentes conditions générales de vente. Les divers modes d’expédition ou de paiement, nos dispositions ou acceptations de règlement, ainsi que le lieu de livraison, ne peuvent opérer ni novation ni dérogation à cette clause attributive de juridiction.</p>\n<p style=\"text-align:justify;\"></p>\n<p style=\"text-align:center;\"><a href=\"http://www.elandarts.com/\">www.litho.online </a>est un site de la société Lisit SAS :</p>\n<p style=\"text-align:center;\">Siège social : 6 rue Caulaincourt – 75018 Paris - France<br /> tel : +33 (0)7 81 61 21 57</p>\n<p style=\"text-align:center;\">SAS au capital de 784 000 euros<br /> RCS Paris 512 848 573</p>\n<p style=\"text-align:justify;\"></p>','aeu-legal-revocation-terms'),(6,2,4,'Revocation Terms','','','<p><span id=\"result_box\" xml:lang=\"en\" lang=\"en\"><span title=\"Conditions Gérérales de Vente sur le site www.litho.online\"><strong>Terms and Conditions of Sale on the website www.litho.online</strong><br /><br /><br /></span><span title=\"1/ PREAMBULE :\">1. PREAMBLE :<br /><br /></span><span title=\"Les présentes dispositions constituent les conditions générales de vente s’appliquant aux commandes passées sur le site internet www.litho.online, le site de vente en ligne de la société Lisit SAS.\">These provisions constitute the general conditions of sale applicable to orders placed on the website www.litho.online, the online sales site of Lisit SAS.<br /><br /><br /></span><span title=\"2/APPLICATION DES CONDITIONS GENERALES DE VENTE :\">2 / APPLICATION OF THE GENERAL CONDITIONS OF SALE:<br /><br /></span><span title=\"Toute commande emporte de plein droit votre adhésion à nos conditions générales de vente.\">Any order automatically implies your acceptance of our general conditions of sale. </span><span title=\"Les parties conviennent que leurs relations seront régies exclusivement par le présent contrat.\">The parties agree that their relationship will be governed exclusively by this contract. </span><span title=\"Aucune condition particulière ne peut, sauf acceptation formelle écrite de notre part, prévaloir contre nos conditions générales de ventes.\">No special condition may, except in the case of a formal written acceptance by us, prevail against our general terms and conditions of sale. </span><span title=\"Toute condition contraire posée par le client nous sera donc inopposable à défaut d’acceptation expresse de notre part.\">Any contrary condition posed by the customer will be unenforceable unless expressly agreed to by us. </span><span title=\"Le fait que nous ne nous prévalions pas, à quelque moment que ce soit, de l’une quelconque des présentes dispositions des conditions générales de vente, ne peut être interprété comme valant renonciation à se prévaloir ultérieurement de l’une quelconque desdites dispositions.\">The fact that we do not avail ourselves, at any time, of any of the present provisions of the general conditions of sale, can not be interpreted as worth renouncing to avail later of any one of these provisions.<br /><br /><br /></span><span title=\"3/INFORMATIQUE ET LIBERTE :\">3 / COMPUTING AND FREEDOM:<br /><br /></span><span title=\"le site www.litho.online est en cours d\'enregistrement à la CNIL\">the website www.litho.online is being registered at the CNIL<br /><br /></span><span title=\"Conformément aux dispositions de la Loi n° 78-17 du 6 janvier 1978, le site www.litho.onine a fait l’objet d’une déclaration auprès de la Commission Nationale de l’Informatique et des Libertés.\">In accordance with the provisions of Law No. 78-17 of January 6, 1978, the website www.litho.onine was the subject of a declaration to the Commission Nationale Informatique et Libertés. </span><span title=\"En application de la loi Informatique et Libertés, les informations qui vous sont demandées sont indispensables au traitement de votre commande et sont destinées aux services du site www.litho.online.\">In application of the law Informatique et Libertés, the information which you are requested are essential to the treatment of your order and are intended for the services of the site www.litho.online.<br /><br /></span><span title=\"Vous disposez d’un droit d’accès, de modification, de suppression et de rectification relatifs à vos données personnelles auprès de la société gérant le site www.litho.online : Lisit SAS – 6 rue Caulaincourt – 75018 Paris.\">You have the right to access, modify, delete and rectify your personal data with the company managing the website www.litho.online: Lisit SAS - 6 rue Caulaincourt - 75018 Paris.<br /><br /></span><span title=\"La communication de ces informations pourra également être faite pour satisfaire aux obligations légales et réglementaires.\">The communication of this information may also be made to meet legal and regulatory obligations.<br /><br /><br /></span><span title=\"4/PRIX\">4 / PRICE<br /><br /></span><span title=\"Les prix facturés sont ceux en vigueur au moment de l’enregistrement de la commande.\">The prices charged are those in effect at the time of registration of the order.<br /></span><span title=\"Les prix sont indiqués en Euros, toutes taxes comprises hors frais de port.\">Prices are quoted in Euros, all taxes included excluding shipping costs.<br /></span><span title=\"Ils comprennent notamment la TVA applicable.\">They include the applicable VAT. </span><span title=\"Les frais de port sont à la charge exclusive du client.\">Shipping costs are the sole responsibility of the customer.<br /><br /></span><span title=\"Pour toute livraison en dehors de la France métropolitaine, les frais de douane et les taxes locales restent à la charge du client.\">For any delivery outside metropolitan France, customs fees and local taxes remain the responsibility of the customer.<br /><br /></span><span title=\"Lisit SAS se réserve le droit de modifier ses prix à tout moment.\">Lisit SAS reserves the right to change prices at any time.<br /><br /><br /></span><span title=\"5/ PRISE DE COMMANDE\">5 / ORDERING<br /><br /></span><span title=\"Le contenu de la commande est celui spécifié dans l’acceptation de commande.\">The content of the order is the one specified in the order acceptance.<br /><br /></span><span title=\"L’acceptation de la commande (produit et prix) par notre société entraîne formation de la vente et donc réservation du contenu de la commande.      \">The acceptance of the order (product and price) by our company leads training of the sale and thus reservation of the contents of the order.<br /><br />    </span><span title=\"Transfert de risques: il est effectif dès réception du paiement par Lisit SAS (validation du paiement à distance par notre banque, confirmation du transfert Paypal, réception du virement bancaire ou encaissement du chèque).\">Transfer of risks: it is effective upon receipt of payment by Lisit SAS (validation of remote payment by our bank, confirmation of transfer Paypal, receipt of bank transfer or cashing of the check). </span><span title=\"Lisit SAS propose une assurance prise par ses soins concernant les risques liés au transport.     \">Lisit SAS offers insurance taken by it concerning the risks related to transport.<br />    </span><span title=\"Transfert de propriété: il est effectif après paiement et à l’issue du délai de rétraction mentionné à l’article 6.\">Transfer of ownership: it is effective after payment and at the end of the withdrawal period mentioned in article 6.<br /><br /></span><span title=\"Les ouvrages ou œuvres mis en vente sur le site www.litho.online sont en grande majorité des ‘Pièces uniques’ ou à tirage limité.\">The works or works sold on the website www.litho.online are for the most part \'Unique Pieces\' or limited edition. </span><span title=\"Nous accordons une attention toute particulière à ne mettre en vente que des articles disponibles.\">We pay special attention to only selling items available.<br /><br /></span><span title=\"Si toutefois, une commande était passée pour un article devenu indisponible, la vente ne saurait être formée.\">If, however, an order is placed for an item that has become unavailable, the sale can not be made. </span><span title=\"Au cas où le paiement serait effectif, nous rembourserons intégralement le montant payé.\">In case the payment is effective, we will fully refund the amount paid.<br /><br /><br /></span><span title=\"6/ FACTURATION, PAIEMENT\">6 / INVOICING, PAYMENT<br /><br /></span><span title=\"Le paiement de vos achats s’effectue :\">The payment of your purchases is made:<br /><br /></span><span title=\"par Carte Bancaire ou via le système PAYPAL\">by Credit Card or via the PAYPAL system<br /></span><span title=\"Les cartes bancaires portant les sigles “CB”, “Visa”, “Eurocard Mastercard” &quot;American Express&quot; sont acceptées.\">Bank cards bearing the abbreviations \"CB\", \"Visa\", \"Eurocard Mastercard\" \"American Express\" are accepted.<br /><br /></span><span title=\"La facture des produits sera adressée avec chaque commande.\">The invoice of the products will be sent with each order. </span><span title=\"Le client garantit Lisit SAS qu’il dispose des autorisations éventuellement nécessaires pour utiliser le mode de paiement choisi par lui, lors de la validation du bon de commande.\">The customer guarantees Lisit SAS that he has the necessary authorizations to use the method of payment chosen by him, during the validation of the purchase order.<br /><br /><br /></span><span title=\"7/ SATISFAIT OU REMBOURSE – RETOUR DES OEUVRES\">7 / SATISFIED OR REFUND - RETURN OF THE WORKS<br /><br /></span><span title=\"En application des dispositions de l’article L.121-16 du Code de la Consommation, le client dispose d’un délai de sept jours francs à partir de la livraison de sa commande pour faire retour de l’article livré pour remboursement.\">In application of the provisions of Article L.121-16 of the Consumer Code, the customer has a period of seven days from the delivery of his order to return the item delivered for refund. </span><span title=\"Merci de nous le retourner dans l’état dans lequel vous l’avez reçu, dans son emballage d’origine.\">Thank you for returning it to us in the condition in which you received it, in its original packaging. </span><span title=\"Veuillez nous avertir avant d’effectuer le retour.\">Please warn us before returning. </span><span title=\"Le frais de transport du retour à Lisit SAS sont à la charge du client.\">Return shipping costs to Lisit SAS are the responsibility of the customer.<br /><br /></span><span title=\"Si le contenu de la commande en retour est dans un état identique à celui de départ initial, Lisit SAS vous adressera dans 1 délai de 1 à 3 semaines à compter du jour de réception du contenu de la commande le remboursement de la valeur de l\'\">If the content of the return order is in a state identical to the initial one, Lisit SAS will send you within 1 to 3 weeks from the day of receipt of the order content the refund of the value of the order. </span><span title=\"objet .\">object.</span></span></p>\n<p><span xml:lang=\"en\" lang=\"en\"><span title=\"objet .\"></span></span><span xml:lang=\"en\" lang=\"en\"><span title=\"objet .\"><span xml:lang=\"en\" lang=\"en\"><span title=\"8/ LIVRAISON\">8 / DELIVERY<br /><br /></span><span title=\"8-1/ Conditions\">8-1 / Conditions<br /><br /></span><span title=\"La commande est expédiée dès réception du règlement sur notre compte société Lisit SAS.\">The order is shipped upon receipt of payment on our Lisit SAS company account.<br /></span><span title=\"Les articles commandés sont livrés à l’adresse indiquée par le client.\">The ordered items are delivered to the address indicated by the customer.<br /><br /></span><span title=\"Si l’adresse de livraison s’avère incorrecte et oblige notre société à retourner la commande dans ses entrepôts, www.litho.online pourra facturer au client les coûts administratifs et de transport associés au retour des commandes.\">If the delivery address proves to be incorrect and forces our company to return the order to its warehouses, www.litho.online will be able to invoice the customer for the administrative and transport costs associated with returning orders. </span><span title=\"Dans ce cas, le point de départ du nouveau délai de livraison sera lié à la réception par www.litho.online des nouveaux éléments d’information concernant la nouvelle adresse.\">In this case, the starting point of the new delivery period will be linked to the receipt by www.litho.online of new information concerning the new address.<br /><br /></span><span title=\"Le colis sera acheminé jusqu’au client par l’intermédiaire de notre transporteur habituel ou par le transporteur indiqué par le client, s’il en a préalablement émis le souhait.\">The parcel will be forwarded to the customer through our usual carrier or by the carrier indicated by the customer, if he has previously expressed the wish.<br /><br /></span><span title=\"Il appartient au client de vérifier l’état de l’emballage ainsi que le contenu du ou des colis à la livraison.\">It is the customer\'s responsibility to check the condition of the packaging and the contents of the package (s) upon delivery.<br /><br /></span><span title=\"Dans tous les cas, les produits voyagent aux risques et périls du client (§ 5).\">In all cases, the products travel at the risk and peril of the customer (§ 5). </span><span title=\"Il appartient à ce dernier de vérifier le contenu du colis au moment de la livraison et de formuler les réserves d’usage sur le bordereau de livraison et, le cas échéant au transporteur par lettre recommandée dans les 3 jours suivant la réception du produit.\">It is up to the latter to check the contents of the package at the time of delivery and to formulate the usual reservations on the delivery note and, where applicable, the carrier by registered letter within 3 days of receipt of the product.<br /><br /></span><span title=\"8-2 / Délais\">8-2 / Deadlines<br /><br /></span><span title=\"Les délais de livraison moyens en France métropolitaine sont en général de 7 jours à compter de la date d\'expédition par Lisit SAS, mais il ne constitue pas un délai légal de rigueur et la responsabilité de Lisit SAS ne pourra pas être engagée en cas de\">The average delivery times in mainland France are generally 7 days from the date of shipment by Lisit SAS, but it does not constitute a legal deadline of rigor and the responsibility of Lisit SAS can not be engaged in case of </span><span title=\"retard.\">delay.<br /><br /></span><span title=\"Lisit SAS se réserve la possibilité d’annuler la commande s’il n’est pas en mesure de l’honorer et en informera le client par tout moyen à sa convenance.\">Lisit SAS reserves the right to cancel the order if it is unable to honor it and will inform the customer by any means at its convenience.<br /><br /></span><span title=\"En cas de retard de livraison, le client sera également averti du délai supplémentaire.\">In case of late delivery, the customer will also be notified of the additional delay.<br /><br /></span><span title=\"Nous ferons de notre mieux pour faire livrer votre envoi conformément à nos délais habituels de livraison.\">We will do our best to have your shipment delivered in accordance with our usual delivery times. </span><span title=\"Néanmoins, si nous n\'étions pas en mesure de vous donner satisfaction, nous vous précisons qu\'en aucun cas le remboursement du produit ne pourra être exigé à Lisit SAS et que seule la prestation de livraison pourra, sous les réserves émises aux paragraphes 6.3\">Nevertheless, if we were not able to give you satisfaction, we specify to you that in no case the refund of the product will be able to be demanded to Lisit SAS and that only the delivery service will be able, under the reservations emitted with the paragraphs 6.3 </span><span title=\"et 6.4, faire l\'objet d\'un remboursement.\">and 6.4, be reimbursed.<br /><br /></span><span title=\"En cas de non respect de nos engagements et quelle qu\'en soit la cause, Lisit SAS ne sera tenu qu\'au seul remboursement de la prestation de livraison sous les réserves énoncées ci-dessus (Retard de Livraison) et en aucun cas des dommages\">In case of non-compliance with our commitments and whatever the cause, Lisit SAS will be held only to the reimbursement of the delivery service subject to the reservations set out above (Delayed Delivery) and in no event damages </span><span title=\"indirects que le client viendrait à invoquer.\">which the customer would come to rely on. </span><span title=\"Ces dommages indirects et pertes s’entendent notamment par toute perte de revenus, de bénéfices, d’intérêts ou de marchés et toute perte liée à l’impossibilité d’utiliser tout ou une partie de l’envoi.\">These indirect damages and losses include any loss of income, profits, interest or markets and any loss related to the inability to use all or part of the shipment.<br /><br /></span><span title=\"8-3/ Conséquences du transfert de risques (§5)\">8-3 / Consequences of the transfer of risks (§5)<br /><br /></span><span title=\"Le contenu de la commande voyage aux risques du client.\">The content of the order travels at the customer\'s risk. </span><span title=\"En aucun cas, Lisit SAS ne saurait être tenu responsable des dégradations de qualité des articles et de leurs emballages occasionnées durant le temps de transport.\">In any case, Lisit SAS can not be held responsible for the deterioration of the quality of the articles and their packaging caused during the transport time.<br /><br /></span><span title=\"Si le colis est parvenu chez le client en mauvais état ou endommagé, celui-ci doit refuser le colis.\">If the parcel arrived at the customer in bad condition or damaged, it must refuse the parcel. </span><span title=\"Le transporteur se chargera d’informer Lisit SAS.\">The carrier will be responsible for informing Lisit SAS. </span><span title=\"A réception de cette information, Lisit SAS s’engage à rembourser le client du montant forfaitaire prévu par le transporteur ou du montant total de l’article si une assurance sur la valeur a prélablement été souscrite.\">Upon receipt of this information, Lisit SAS agrees to reimburse the customer the lump sum provided by the carrier or the total amount of the article if insurance on the value has been previously subscribed.<br /><br /></span><span title=\"Si le colis n’a pas été refusé, il est nécessaire d’apporter les réserves d’usage auprès de la société de distribution.\">If the package has not been refused, it is necessary to bring the usual reserves to the distribution company. </span><span title=\"Nous serons alors en mesure de réaliser un recours pour protéger nos intérêts mutuels.\">We will then be able to make a recourse to protect our mutual interests.<br /><br /></span><span title=\"Si le client a accepté le colis sans réserves, en aucun cas il ne pourra exiger le remboursement du prix du produit endommagé ni du forfait de livraison.\">If the customer has accepted the package without reservations, under no circumstances will he be able to demand the refund of the price of the damaged product or the delivery package.<br /><br /><br /></span><span title=\"9/ RESPONSABILITE\">9 / RESPONSIBILITY<br /></span><span title=\"La responsabilité de Lisit SAS ne saurait être engagée en cas d\'inexécution du contrat, en cas de rupture de stock ou d\'indisponibilité du produit, de force majeure et, notamment en cas de grève totale ou partielle, inondation, incendie ou autres catastrophes\">The responsibility of Lisit SAS can not be held liable in case of breach of contract, in case of stock shortage or unavailability of the product, force majeure and, especially in case of total or partial strike, flood, fire or other disasters </span><span title=\"naturelles et d\'une manière générale tous événements ne permettant pas la bonne exécution de la commande.\">natural and in a general way any events not allowing the good execution of the order.<br /><br /><br /></span><span title=\"10/ PREUVE\">10 / PROOF<br /><br /></span><span title=\"Les registres informatisés, conservés dans les systèmes informatiques de Lisit SAS dans des conditions raisonnables de sécurité, seront considérés comme des preuves des communications, des commandes et des paiements intervenus entre les parties.\">The computerized records stored in Lisit SAS \'computer systems under reasonable security conditions will be considered as proof of communications, orders and payments between the parties.<br /><br /><br /></span><span title=\"11/ REGLEMENT DES LITIGES\">11 / SETTLEMENT OF DISPUTES<br /><br /></span><span title=\"Ces conditions générales de vente sont régies par la loi française aussi bien pour les règles de fonds que pour les règles de forme.\">These general conditions of sale are governed by French law both for the rules of funds and for the rules of form.<br /><br /></span><span title=\"Notre Service clientèle est à votre disposition pour le règlement de tout litige et à défaut d’une solution amiable, seuls seront compétents les Tribunaux du siège social de Lisit SAS.\">Our Customer Service is at your disposal for the settlement of any dispute and in the absence of an amicable solution, only the Courts of the head office of Lisit SAS will be competent.<br /><br /></span><span title=\"Les divers modes d’expédition ou de paiement, nos dispositions ou acceptations de\"></span></span></span></span></p>\n<p><span xml:lang=\"en\" lang=\"en\"><span title=\"objet .\"><span xml:lang=\"en\" lang=\"en\"><span title=\"Notre Service clientèle est à votre disposition pour le règlement de tout litige et à défaut d’une solution amiable, seuls seront compétents les Tribunaux du siège social de Lisit SAS.\"><span xml:lang=\"en\" lang=\"en\"><span>12 / ATTRIBUTION OF JURISDICTION</span><br /><br /><span>All the contractual provisions defined above are governed by French law.</span> <span>The court of the head office of Lisit SAS is only competent for any dispute resulting from the application of these general conditions of sale.</span> <span>The various modes of shipment or payment, our provisions or acceptances of payment, and the place of delivery, can not operate novation nor derogation to this clause attributive of jurisdiction.</span><br /><br /><br /><span>www.litho.online is a site of Lisit SAS:</span><br /><br /><span>Registered office: 6 rue Caulaincourt - 75018 Paris</span> - FRANCE<br /><span>tel: +33 (0) 7 81 61 21 57</span><br /><br /><span>SAS with capital of 784 000 euros</span><br /><span>RCS Paris 512 848 573</span></span></span></span></span></span></p>','aeu-legal-revocation-terms'),(6,1,5,'Conditions d\'annulation','','','Veuillez ajouter vos conditions d\'annulation au site.','aeu-legal-revocation-terms'),(6,2,5,'Conditions d\'annulation','','','Veuillez ajouter vos conditions d\'annulation au site.','aeu-legal-revocation-terms'),(7,1,2,'Politique de confidentialité','','','<p class=\"MsoNormal\" style=\"line-height:normal;\"><span style=\"font-size:12pt;font-family:\'Times New Roman\', serif;\">Modifié le 12 novembre 2018</span></p>\n<p class=\"MsoNormal\" style=\"line-height:normal;\"><span style=\"font-size:12pt;font-family:\'Times New Roman\', serif;\">La présente politique de confidentialité définit et vous informe de la manière dont LISIT SAS ou ses marques utilise et protège les informations que vous nous transmettez, le cas échéant, lorsque vous utilisez le présent site accessible à partir des URL suivantes : *.joelknafo-art.com, litho.online, streetart-store.com (ci-après le « Site »).</span></p>\n<p class=\"MsoNormal\" style=\"line-height:normal;\"><span style=\"font-size:12pt;font-family:\'Times New Roman\', serif;\">Cette politique de confidentialité est susceptible d’être modifiée ou complétée à tout moment par LISIT SAS, notamment en vue de se conformer à toute évolution législative, règlementaire, jurisprudentielle ou technologique. Dans un tel cas, la date de sa mise à jour sera clairement identifiée en tête de la présente politique. Ces modifications engagent l’Utilisateur dès leur mise en ligne. Il convient par conséquent que l’Utilisateur consulte régulièrement la présente politique de confidentialité et d’utilisation des cookies afin de prendre connaissance de ses éventuelles modifications.</span></p>\n<p class=\"MsoNormal\" style=\"line-height:normal;\"><b><span style=\"font-size:13.5pt;font-family:\'Times New Roman\', serif;\">I. DONNEES PERSONNELLES</span></b></p>\n<p class=\"MsoNormal\" style=\"line-height:normal;\"><span style=\"font-size:12pt;font-family:\'Times New Roman\', serif;\">D’une manière générale, il vous est possible de visiter le Site sans communiquer aucune information personnelle vous concernant. En toute hypothèse, vous êtes en aucune manière obligé de transmettre ces informations à LISIT SAS. Néanmoins, en cas de refus, il se peut que vous ne puissiez pas bénéficier de certaines informations ou services que vous avez demandé. A ce titre en effet, LISIT SAS peut être amené dans certains cas à vous demander de renseigner (ci-après vos « Informations Personnelles ») :</span></p>\n<ul type=\"disc\"><li class=\"MsoNormal\" style=\"line-height:normal;\"><span style=\"font-size:12pt;font-family:\'Times New Roman\', serif;\">prénom et nom de famille ;</span></li>\n<li class=\"MsoNormal\" style=\"line-height:normal;\"><span style=\"font-size:12pt;font-family:\'Times New Roman\', serif;\">adresse de courrier électronique ;</span></li>\n<li class=\"MsoNormal\" style=\"line-height:normal;\"><span style=\"font-size:12pt;font-family:\'Times New Roman\', serif;\">sexe ;</span></li>\n<li class=\"MsoNormal\" style=\"line-height:normal;\"><span style=\"font-size:12pt;font-family:\'Times New Roman\', serif;\">numéro de téléphone ;</span></li>\n<li class=\"MsoNormal\" style=\"line-height:normal;\"><span style=\"font-size:12pt;font-family:\'Times New Roman\', serif;\">adresse postale ;</span></li>\n<li class=\"MsoNormal\" style=\"line-height:normal;\"><span style=\"font-size:12pt;font-family:\'Times New Roman\', serif;\">âge/date de naissance ;</span></li>\n<li class=\"MsoNormal\" style=\"line-height:normal;\"><span style=\"font-size:12pt;font-family:\'Times New Roman\', serif;\">informations de paiement (sur les Supports commerce électronique) ;</span></li>\n<li class=\"MsoNormal\" style=\"line-height:normal;\"><span style=\"font-size:12pt;font-family:\'Times New Roman\', serif;\">votre historique d’achats (sur les Supports commerce électronique) ;</span></li>\n<li class=\"MsoNormal\" style=\"line-height:normal;\"><span style=\"font-size:12pt;font-family:\'Times New Roman\', serif;\">toute demande particulière que vous pourriez nous adresser (principalement pour des besoins d’archivage) ;</span></li>\n<li class=\"MsoNormal\" style=\"line-height:normal;\"><span style=\"font-size:12pt;font-family:\'Times New Roman\', serif;\">des informations liées à des sondages que nous utilisons à des fins scientifiques et statistiques.</span></li>\n</ul><p class=\"MsoNormal\" style=\"line-height:normal;\"><span style=\"font-size:12pt;font-family:\'Times New Roman\', serif;\">En fournissant ces informations, vous acceptez expressément qu’elles soient traitées par LISIT SAS, aux fins indiquées au point 2 ci-dessous ainsi qu’aux fins rappelées à la fin de chaque formulaire.</span></p>\n<p class=\"MsoNormal\" style=\"line-height:normal;\"><span style=\"font-size:12pt;font-family:\'Times New Roman\', serif;\">Conformément au Règlement Général sur la Protection des Données (General Data Protection Régulation) adopté par le Parlement européen le 14 avril 2016, et à la Loi Informatique et Libertés du 6 janvier 1978 modifiée, LISIT SAS vous informe des points suivants :</span></p>\n<p class=\"MsoNormal\" style=\"line-height:normal;\"><b><span style=\"font-size:12pt;font-family:\'Times New Roman\', serif;\">1. Identité du responsable du traitement</span></b><span style=\"font-size:12pt;font-family:\'Times New Roman\', serif;\"></span></p>\n<p class=\"MsoNormal\" style=\"line-height:normal;\"><span style=\"font-size:12pt;font-family:\'Times New Roman\', serif;\">Le responsable du traitement est la société LISIT SAS, ayant son siège social au 6 rue Caulaincourt 75018 Paris – France. Tél. : + 33 (0)7 81 61 21 57; Email : </span><a href=\"mailto:galerie@joelknafo-art.com\">galerie@joelknafo-art.com</a><span style=\"font-size:12pt;font-family:\'Times New Roman\', serif;\"></span></p>\n<p class=\"MsoNormal\" style=\"line-height:normal;\"><b><span style=\"font-size:12pt;font-family:\'Times New Roman\', serif;\">2. Finalités du traitement</span></b><span style=\"font-size:12pt;font-family:\'Times New Roman\', serif;\"></span></p>\n<p class=\"MsoNormal\" style=\"line-height:normal;\"><span style=\"font-size:12pt;font-family:\'Times New Roman\', serif;\">LISIT SAS est susceptible de traiter vos Informations Personnelles :</span></p>\n<ul type=\"disc\"><li class=\"MsoNormal\" style=\"line-height:normal;\"><span style=\"font-size:12pt;font-family:\'Times New Roman\', serif;\">(a) aux fins de vous fournir les informations ou les services que vous avez demandé de recevoir (commande d\'un produit en vente sur notre Site ou envoi de nos newsletter suite à inscription de votre part) ; et/ou</span></li>\n<li class=\"MsoNormal\" style=\"line-height:normal;\"><span style=\"font-size:12pt;font-family:\'Times New Roman\', serif;\">(b) aux fins de recueillir des informations nous permettant d’améliorer notre Site, nos produits et services (notamment par le biais de cookies) ; et/ou</span></li>\n<li class=\"MsoNormal\" style=\"line-height:normal;\"><span style=\"font-size:12pt;font-family:\'Times New Roman\', serif;\">(c) aux fins de pouvoir vous contacter à propos de différents évènements relatifs à LISIT SAS, incluant notamment la mise à jour des produits et le support client.</span></li>\n</ul><p class=\"MsoNormal\" style=\"line-height:normal;\"><b><span style=\"font-size:12pt;font-family:\'Times New Roman\', serif;\">3. Destinataires</span></b><span style=\"font-size:12pt;font-family:\'Times New Roman\', serif;\"></span></p>\n<p class=\"MsoNormal\" style=\"line-height:normal;\"><span style=\"font-size:12pt;font-family:\'Times New Roman\', serif;\">Seul LISIT SAS est destinataire de vos Informations Personnelles. Celles-ci, que ce soit sous forme individuelle ou agrégée, ne sont jamais transmises à un tiers, nonobstant les sous-traitants auxquels LISIT SAS fait appel (vous trouverez de plus amples informations à leur sujet au point 7 ci-dessous). Ni LISIT SAS, ni l’un quelconque de ses sous-traitants, ne procèdent à la commercialisation des données personnelles des visiteurs et Utilisateurs de son Site.</span></p>\n<p class=\"MsoNormal\" style=\"line-height:normal;\"><b><span style=\"font-size:12pt;font-family:\'Times New Roman\', serif;\">4. Durée de conservation</span></b><span style=\"font-size:12pt;font-family:\'Times New Roman\', serif;\"></span></p>\n<p class=\"MsoNormal\" style=\"line-height:normal;\"><span style=\"font-size:12pt;font-family:\'Times New Roman\', serif;\">Vos Informations Personnelles sont conservées par LISIT SAS uniquement pour le temps correspondant à la finalité de la collecte tel qu’indiqué en 2 ci-dessus qui ne saurait en tout état de cause excéder 24 mois.</span></p>\n<p class=\"MsoNormal\" style=\"line-height:normal;\"><b><span style=\"font-size:12pt;font-family:\'Times New Roman\', serif;\">5. Droits Informatique et Libertés</span></b><span style=\"font-size:12pt;font-family:\'Times New Roman\', serif;\"></span></p>\n<p class=\"MsoNormal\" style=\"line-height:normal;\"><span style=\"font-size:12pt;font-family:\'Times New Roman\', serif;\">Vous disposez des droits suivants concernant vos Informations Personnelles, que vous pouvez exercer en nous écrivant à l’adresse email (galerie@joelknafo-art.com), à l’adresse postale (cf point 1) ou en utilisant le formulaire de contact présent sur le Site dans le menu « Nous contacter »</span></p>\n<p class=\"MsoNormal\" style=\"line-height:normal;\"><span style=\"text-decoration:underline;\"><span style=\"font-size:12pt;font-family:\'Times New Roman\', serif;\">Droit d’accès et de communication des données</span></span><span style=\"font-size:12pt;font-family:\'Times New Roman\', serif;\"></span></p>\n<p class=\"MsoNormal\" style=\"line-height:normal;\"><span style=\"font-size:12pt;font-family:\'Times New Roman\', serif;\">Vous avez la faculté d’accéder aux Informations Personnelles qui vous concernent. Cependant, en raison de l’obligation de sécurité et de confidentialité dans le traitement des données à caractère personnel qui incombe à LISIT SAS, vous êtes informé que votre demande sera traitée sous réserve que vous rapportiez la preuve de votre identité, notamment par la production d’un scan de votre titre d’identité valide (en cas de demande par notre formulaire électronique dédié) ou d’une photocopie signée de votre titre d’identité valide (en cas de demande adressée par écrit).</span></p>\n<p class=\"MsoNormal\" style=\"line-height:normal;\"><span style=\"font-size:12pt;font-family:\'Times New Roman\', serif;\">LISIT SAS vous informe qu’il sera en droit, le cas échéant, de s’opposer aux demandes manifestement abusives (de par leur nombre, leur caractère répétitif ou systématique). Pour vous aider dans votre démarche, notamment si vous désirez exercer votre droit d’accès par le biais d’une demande écrite à l’adresse postale mentionnée au point 1, vous trouverez en cliquant sur le lien suivant un modèle de courrier élaboré par la Commission Nationale de l’Informatique et des Libertés (la « CNIL »).</span></p>\n<p class=\"MsoNormal\" style=\"line-height:normal;\"><span style=\"font-size:12pt;font-family:\'Times New Roman\', serif;\">https://www.cnil.fr/fr/modele/courrier/exercer-son-droit-dacces</span></p>\n<p class=\"MsoNormal\" style=\"line-height:normal;\"><span style=\"text-decoration:underline;\"><span style=\"font-size:12pt;font-family:\'Times New Roman\', serif;\">Droit de rectification des données</span></span><span style=\"font-size:12pt;font-family:\'Times New Roman\', serif;\"></span></p>\n<p class=\"MsoNormal\" style=\"line-height:normal;\"><span style=\"font-size:12pt;font-family:\'Times New Roman\', serif;\">Au titre de ce droit, la législation vous habilite à demander la rectification, la mise à jour, le verrouillage ou encore l’effacement des données vous concernant qui peuvent s’avérer le cas échéant inexactes, erronées, incomplètes ou obsolètes. Egalement, vous pouvez définir des directives générales et particulières relatives au sort des données à caractère personnel après votre décès. Le cas échéant, les héritiers d’une personne décédée peuvent exiger de prendre en considération le décès de leur proche et/ou de procéder aux mises à jour nécessaires. Pour vous aider dans votre démarche, notamment si vous désirez exercer, pour votre propre compte ou pour le compte de l’un de vos proches décédé, votre droit de rectification par le biais d’une demande écrite à l’adresse postale mentionnée au point 1, vous trouverez en cliquant sur le lien suivant un modèle de courrier élaboré par la CNIL.</span></p>\n<p class=\"MsoNormal\" style=\"line-height:normal;\"><span style=\"font-size:12pt;font-family:\'Times New Roman\', serif;\">https://www.cnil.fr/fr/modele/courrier/rectifier-des-donnees-inexactes-obsoletes-ou-perimees</span></p>\n<p class=\"MsoNormal\" style=\"line-height:normal;\"><span style=\"text-decoration:underline;\"><span style=\"font-size:12pt;font-family:\'Times New Roman\', serif;\">Droit d’opposition</span></span><span style=\"font-size:12pt;font-family:\'Times New Roman\', serif;\"></span></p>\n<p class=\"MsoNormal\" style=\"line-height:normal;\"><span style=\"font-size:12pt;font-family:\'Times New Roman\', serif;\">L’exercice de ce droit n’est possible que dans l’une des deux situations suivantes : Lorsque l’exercice de ce droit est fondé sur des motifs légitimes ; ou Lorsque l’exercice de ce droit vise à faire obstacle à ce que les données recueillies soient utilisées à des fins de prospection commerciale. Pour vous aider dans votre démarche, notamment si vous désirez exercer votre droit d’opposition par le biais d’une demande écrite adressée à l’adresse postale indiquée au point 1, vous trouverez en cliquant sur le lien suivant un modèle de courrier élaboré par la CNIL.</span></p>\n<p class=\"MsoNormal\" style=\"line-height:normal;\"><span style=\"font-size:12pt;font-family:\'Times New Roman\', serif;\">https://www.cnil.fr/fr/modele/courrier/supprimer-des-informations-vous-concernant-dun-site-internet</span></p>\n<p class=\"MsoNormal\" style=\"line-height:normal;\"><b><span style=\"font-size:12pt;font-family:\'Times New Roman\', serif;\">6. Délais de réponse</span></b><span style=\"font-size:12pt;font-family:\'Times New Roman\', serif;\"></span></p>\n<p class=\"MsoNormal\" style=\"line-height:normal;\"><span style=\"font-size:12pt;font-family:\'Times New Roman\', serif;\">LISIT SAS s’engage à répondre à votre demande d’accès, de rectification ou d’opposition ou toute autre demande complémentaire d’informations dans un délai raisonnable qui ne saurait dépasser 1 mois à compter de la réception de votre demande.</span></p>\n<p class=\"MsoNormal\" style=\"line-height:normal;\"><b><span style=\"font-size:12pt;font-family:\'Times New Roman\', serif;\">7. Prestataires habilités et transfert vers un pays tiers de l’Union Européenne</span></b><span style=\"font-size:12pt;font-family:\'Times New Roman\', serif;\"></span></p>\n<p class=\"MsoNormal\" style=\"line-height:normal;\"><span style=\"font-size:12pt;font-family:\'Times New Roman\', serif;\">LISIT SAS vous informe qu’il a recours à ses prestataires habilités pour faciliter le recueil et le traitement des données que vous nous avez communiqué. Ces prestataires peuvent être situés en dehors de l’Union Européenne et ont communication des données recueillies par le biais des divers formulaires présents sur le Site (à l’exception du formulaire vous permettant d’exercer vos droits Informatique et Libertés qui est proposé et exploité par LISIT SAS).</span></p>\n<p class=\"MsoNormal\" style=\"line-height:normal;\"><b><span style=\"font-size:12pt;font-family:\'Times New Roman\', serif;\">8. Plainte auprès de l’autorité compétente</span></b><span style=\"font-size:12pt;font-family:\'Times New Roman\', serif;\"></span></p>\n<p class=\"MsoNormal\" style=\"line-height:normal;\"><span style=\"font-size:12pt;font-family:\'Times New Roman\', serif;\">Si vous considérez que LISIT SAS ne respecte pas ses obligations au regard de vos Informations Personnelles, vous pouvez adresser une plainte ou une demande auprès de l’autorité compétente. En France, l’autorité compétente est la CNIL à laquelle vous pouvez adresser une demande par voie électronique en cliquant sur le lien suivant :</span></p>\n<p class=\"MsoNormal\" style=\"line-height:normal;\"><span style=\"font-size:12pt;font-family:\'Times New Roman\', serif;\">https://www.cnil.fr/fr/plaintes/internet.</span></p>\n<p class=\"MsoNormal\" style=\"line-height:normal;\"><b><span style=\"font-size:13.5pt;font-family:\'Times New Roman\', serif;\">II. POLITIQUE RELATIVE AUX COOKIES</span></b></p>\n<p class=\"MsoNormal\" style=\"line-height:normal;\"><span style=\"font-size:12pt;font-family:\'Times New Roman\', serif;\">Lors de votre première connexion sur le site web de LISIT SAS, vous êtes avertis par un bandeau en bas de votre écran que des informations relatives à votre navigation sont susceptibles d’être enregistrées dans des fichiers dénommés « cookies ». Notre politique d’utilisation des cookies vous permet de mieux comprendre les dispositions que nous mettons en œuvre en matière de navigation sur notre site web. Elle vous informe notamment sur l’ensemble des cookies présents sur notre site web, leur finalité (partie I.) et vous donne la marche à suivre pour les paramétrer (partie II.)</span></p>\n<p class=\"MsoNormal\" style=\"line-height:normal;\"><b><span style=\"font-size:12pt;font-family:\'Times New Roman\', serif;\">1. Informations générales sur les cookies présents sur le site de LISIT SAS</span></b><span style=\"font-size:12pt;font-family:\'Times New Roman\', serif;\"></span></p>\n<p class=\"MsoNormal\" style=\"line-height:normal;\"><span style=\"font-size:12pt;font-family:\'Times New Roman\', serif;\">LISIT SAS, en tant qu’éditeur du présent site web, pourra procéder à l’implantation d’un cookie sur le disque dur de votre terminal (ordinateur, tablette, mobile etc.) afin de vous garantir une navigation fluide et optimale sur notre site Internet. Les « cookies » (ou témoins de connexion) sont des petits fichiers texte de taille limitée qui nous permettent de reconnaître votre ordinateur, votre tablette ou votre mobile aux fins de personnaliser les services que nous vous proposons.</span></p>\n<p class=\"MsoNormal\" style=\"line-height:normal;\"><span style=\"font-size:12pt;font-family:\'Times New Roman\', serif;\">Les informations recueillies par le biais des cookies ne permettent en aucune manière de vous identifier nominativement. Elles sont utilisées exclusivement pour nos besoins propres afin d’améliorer l’interactivité et la performance de notre site web et de vous adresser des contenus adaptés à vos centres d’intérêts. Aucune de ces informations ne fait l’objet d’une communication auprès de tiers sauf lorsque LISIT SAS a obtenu au préalable votre consentement ou bien lorsque la divulgation de ces informations est requise par la loi, sur ordre d’un tribunal ou toute autorité administrative ou judiciaire habilitée à en connaître.</span></p>\n<p class=\"MsoNormal\" style=\"line-height:normal;\"><span style=\"font-size:12pt;font-family:\'Times New Roman\', serif;\">Pour mieux vous éclairer sur les informations que les cookies identifient, vous trouverez ci-dessous la liste des différents types de cookies susceptibles d’être utilisés sur le site web de LISIT SAS, leur nom, leur finalité ainsi que leur durée de conservation.</span></p>\n<p class=\"MsoNormal\" style=\"line-height:normal;\"><b><span style=\"font-size:12pt;font-family:\'Times New Roman\', serif;\">2. Configuration de vos préférences sur les cookies</span></b><span style=\"font-size:12pt;font-family:\'Times New Roman\', serif;\"></span></p>\n<p class=\"MsoNormal\" style=\"line-height:normal;\"><span style=\"font-size:12pt;font-family:\'Times New Roman\', serif;\">Vous pouvez accepter ou refuser le dépôt de cookies à tout moment. Lors de votre première connexion sur le site web de LISIT SAS, une bannière présentant brièvement des informations relatives au dépôt de cookies et de technologies similaires apparaît en bas de votre écran. Cette bannière vous avertit qu’en poursuivant votre navigation sur le site web de LISIT SAS (en chargeant une nouvelle page ou en cliquant sur divers éléments du site par exemple), vous acceptez le dépôt de cookies sur votre terminal. Vous êtes également réputé avoir donné votre accord au dépôt de cookies en cliquant sur l’icône « X » à droite de la bannière figurant en bas de votre écran.</span></p>\n<p class=\"MsoNormal\" style=\"line-height:normal;\"><span style=\"font-size:12pt;font-family:\'Times New Roman\', serif;\">Selon le type de cookie en cause, le recueil de votre consentement au dépôt et à la lecture de cookies sur votre terminal peut être impératif.</span></p>\n<p class=\"MsoNormal\" style=\"line-height:normal;\"><span style=\"text-decoration:underline;\"><span style=\"font-size:12pt;font-family:\'Times New Roman\', serif;\">a. Les cookies exemptés de consentement</span></span><span style=\"font-size:12pt;font-family:\'Times New Roman\', serif;\"></span></p>\n<p class=\"MsoNormal\" style=\"line-height:normal;\"><span style=\"font-size:12pt;font-family:\'Times New Roman\', serif;\">Conformément aux recommandations de la Commission Nationale de l’Informatique et des Libertés (CNIL), certains cookies sont dispensés du recueil préalable de votre consentement dans la mesure où ils sont strictement nécessaires au fonctionnement du site internet ou ont pour finalité exclusive de permettre ou faciliter la communication par voie électronique.</span></p>\n<p class=\"MsoNormal\" style=\"line-height:normal;\"><span style=\"font-size:12pt;font-family:\'Times New Roman\', serif;\">Il s’agit notamment des cookies d’identifiant de session, d’authentification, de session d’équilibrage de charge ainsi que des cookies de personnalisation de votre interface. Ces cookies sont intégralement soumis à la présente politique dans la mesure où ils sont émis et gérés par LISIT SAS.</span></p>\n<p class=\"MsoNormal\" style=\"line-height:normal;\"><span style=\"text-decoration:underline;\"><span style=\"font-size:12pt;font-family:\'Times New Roman\', serif;\">b. Les cookies nécessitant le recueil préalable de votre consentement</span></span><span style=\"font-size:12pt;font-family:\'Times New Roman\', serif;\"></span></p>\n<p class=\"MsoNormal\" style=\"line-height:normal;\"><span style=\"font-size:12pt;font-family:\'Times New Roman\', serif;\">Cette exigence concerne les cookies émis par des tiers et qui sont qualifiés de « persistants » dans la mesure où ils demeurent dans votre terminal jusqu’à leur effacement ou leur date d’expiration. De tels cookies étant émis par des tiers, leur utilisation et leur dépôt sont soumis à leurs propres politiques de confidentialité dont vous trouverez un lien ci-dessous. Cette famille de cookie regroupe les cookies publicitaires (auxquels LISIT SAS n’a pas recours) ainsi que les cookies de partage de réseaux sociaux (notamment de Facebook, YouTube, Twitter et LinkedIn). Les cookies de partage des réseaux sociaux sont émis et gérés par l’éditeur du réseau social concerné.</span></p>\n<p class=\"MsoNormal\" style=\"line-height:normal;\"><span style=\"font-size:12pt;font-family:\'Times New Roman\', serif;\">Sous réserve de votre consentement, ces cookies vous permettent de partager facilement une partie du contenu publié sur le site de LISIT SAS, notamment par l’intermédiaire d’un « bouton » applicatif de partage selon le réseau social concerné. Quatre types de cookies de partage des réseaux sociaux sont présents sur le site de LISIT SAS :</span></p>\n<ul type=\"disc\"><li class=\"MsoNormal\" style=\"line-height:normal;\"><span style=\"font-size:12pt;font-family:\'Times New Roman\', serif;\">Facebook et Instagram, dont vous pouvez consulter la politique en matière de cookies en cliquant sur le lien suivant : https://fr-fr.facebook.com/policies/cookies/</span></li>\n<li class=\"MsoNormal\" style=\"line-height:normal;\"><span style=\"font-size:12pt;font-family:\'Times New Roman\', serif;\">LinkedIn, dont vous trouverez la politique relative aux cookies en cliquant sur le lien suivant : https://www.linkedin.com/legal/cookie-policy?_l=fr_FR</span></li>\n<li class=\"MsoNormal\" style=\"line-height:normal;\"><span style=\"font-size:12pt;font-family:\'Times New Roman\', serif;\">Twitter, dont vous trouverez les options dédiées au contrôle ou à la restriction de l’utilisation des cookies ainsi que la politique d’utilisation des cookies : https://support.twitter.com/articles/20170518#</span></li>\n<li class=\"MsoNormal\" style=\"line-height:normal;\"><span style=\"font-size:12pt;font-family:\'Times New Roman\', serif;\">YouTube, dont vous trouverez l’aide nécessaire pour supprimer les cookies à partir du navigateur Google Chrome en cliquant sur le lien suivant : https://support.google.com/youtube/answer/32050?hl=fr mais également la politique complète en matière de cookies à partir du lien suivant : https://www.google.fr/intl/fr/policies/technologies/cookies/</span></li>\n</ul><p class=\"MsoNormal\" style=\"line-height:normal;\"><span style=\"text-decoration:underline;\"><span style=\"font-size:12pt;font-family:\'Times New Roman\', serif;\">c. Vous disposez de divers outils de paramétrage des cookies</span></span><span style=\"font-size:12pt;font-family:\'Times New Roman\', serif;\"></span></p>\n<p class=\"MsoNormal\" style=\"line-height:normal;\"><span style=\"font-size:12pt;font-family:\'Times New Roman\', serif;\">La plupart des navigateurs Internet sont configurés par défaut de façon à ce que le dépôt de cookies soit autorisé. Votre navigateur vous offre l’opportunité de modifier ces paramètres standards de manière à ce que l’ensemble des cookies soit rejeté systématiquement ou bien à ce qu’une partie seulement des cookies soit acceptée ou refusée en fonction de leur émetteur.</span></p>\n<p class=\"MsoNormal\" style=\"line-height:normal;\"><span style=\"font-size:12pt;font-family:\'Times New Roman\', serif;\">ATTENTION : Nous attirons votre attention sur le fait que le refus du dépôt de cookies sur votre terminal est néanmoins susceptible d’altérer votre expérience d’utilisateur ainsi que votre accès à certains services ou fonctionnalités du présent site web. Le cas échéant, LISIT SAS décline toute responsabilité concernant les conséquences liées à la dégradation de vos conditions de navigation qui interviennent en raison de votre choix de refuser, supprimer ou bloquer les cookies nécessaires au fonctionnement du site. Ces conséquences ne sauraient constituer un dommage et vous ne pourrez prétendre à aucune indemnité de ce fait. Votre navigateur vous permet également de supprimer les cookies existants sur votre terminal ou encore de vous signaler lorsque de nouveaux cookies sont susceptibles d’être déposés sur votre terminal. Ces paramétrages n’ont pas d’incidence sur votre navigation mais vous font perdre tout le bénéfice apporté par le cookie. Veuillez ci-dessous prendre connaissance des multiples outils mis à votre disposition afin que vous puissiez paramétrer les cookies déposés sur votre terminal.</span></p>\n<p class=\"MsoNormal\" style=\"line-height:normal;\"><span style=\"text-decoration:underline;\"><span style=\"font-size:12pt;font-family:\'Times New Roman\', serif;\">d. Le paramétrage de votre navigateur Internet</span></span><span style=\"font-size:12pt;font-family:\'Times New Roman\', serif;\"></span></p>\n<p class=\"MsoNormal\" style=\"line-height:normal;\"><span style=\"font-size:12pt;font-family:\'Times New Roman\', serif;\">Chaque navigateur Internet propose ses propres paramètres de gestion des cookies. Pour savoir de quelle manière modifier vos préférences en matière de cookies, vous trouverez ci-dessous les liens vers l’aide nécessaire pour accéder au menu de votre navigateur prévu à cet effet :</span></p>\n<ul type=\"disc\"><li class=\"MsoNormal\" style=\"line-height:normal;\"><span style=\"font-size:12pt;font-family:\'Times New Roman\', serif;\">Chrome : https://support.google.com/chrome/answer/95647?hl=fr</span></li>\n<li class=\"MsoNormal\" style=\"line-height:normal;\"><span style=\"font-size:12pt;font-family:\'Times New Roman\', serif;\">Firefox : https://support.mozilla.org/fr/kb/activer-desactiver-cookies</span></li>\n<li class=\"MsoNormal\" style=\"line-height:normal;\"><span style=\"font-size:12pt;font-family:\'Times New Roman\', serif;\">Internet Explorer : https://support.microsoft.com/fr-fr/help/17442/windows-internet-explorer-delete-manage-cookies#ie=ie-11</span></li>\n<li class=\"MsoNormal\" style=\"line-height:normal;\"><span style=\"font-size:12pt;font-family:\'Times New Roman\', serif;\">Opera : http://help.opera.com/Windows/10.20/fr/cookies.html</span></li>\n<li class=\"MsoNormal\" style=\"line-height:normal;\"><span style=\"font-size:12pt;font-family:\'Times New Roman\', serif;\">Safari : https://support.apple.com/kb/PH21411?viewlocale=fr_FR&amp;locale=fr_FR</span></li>\n</ul><p class=\"MsoNormal\" style=\"line-height:normal;\"><span style=\"font-size:12pt;font-family:\'Times New Roman\', serif;\">Pour de plus amples informations concernant les outils de maîtrise des cookies, vous pouvez consulter le site internet de la CNIL : https://www.cnil.fr/fr/cookies-les-outils-pour-les-maitriser.</span></p>\n<p class=\"MsoNormal\" style=\"line-height:normal;\"><span style=\"font-size:12pt;font-family:\'Times New Roman\', serif;\">A moins qu’un consentement exprès ne soit requis par les lois de votre pays en matière de protection des données personnelles, en utilisant les présents Supports (tels qu’ils sont définis ci-dessus), vous consentez à ce que nous collections et utilisions vos données personnelles de la manière décrite dans la présente Politique et au transfert de vos données personnelles vers d’autres pays que le vôtre (y compris vers des pays situés en dehors de l’Union Européenne).</span></p>','aeu-legal-privacy'),(7,2,2,'Politique de confidentialité','','','<p>Veuillez insérer ici votre contenu sur la confidentialité. Si vous avez activé des modules liés aux réseaux sociaux, pensez à indiquer les informations sur les données collectées par des tiers.</p>','aeu-legal-privacy'),(7,1,4,'Politique de confidentialité','','','<p style=\"text-align:justify;\"><!-- [if gte mso 9]><xml>\n <o:OfficeDocumentSettings>\n  <o:AllowPNG/>\n </o:OfficeDocumentSettings>\n</xml><![endif]--><!-- [if gte mso 9]><xml>\n <w:WordDocument>\n  <w:View>Normal</w:View>\n  <w:Zoom>0</w:Zoom>\n  <w:TrackMoves/>\n  <w:TrackFormatting/>\n  <w:HyphenationZone>21</w:HyphenationZone>\n  <w:PunctuationKerning/>\n  <w:ValidateAgainstSchemas/>\n  <w:SaveIfXMLInvalid>false</w:SaveIfXMLInvalid>\n  <w:IgnoreMixedContent>false</w:IgnoreMixedContent>\n  <w:AlwaysShowPlaceholderText>false</w:AlwaysShowPlaceholderText>\n  <w:DoNotPromoteQF/>\n  <w:LidThemeOther>FR</w:LidThemeOther>\n  <w:LidThemeAsian>X-NONE</w:LidThemeAsian>\n  <w:LidThemeComplexScript>X-NONE</w:LidThemeComplexScript>\n  <w:Compatibility>\n   <w:BreakWrappedTables/>\n   <w:SnapToGridInCell/>\n   <w:WrapTextWithPunct/>\n   <w:UseAsianBreakRules/>\n   <w:DontGrowAutofit/>\n   <w:SplitPgBreakAndParaMark/>\n   <w:EnableOpenTypeKerning/>\n   <w:DontFlipMirrorIndents/>\n   <w:OverrideTableStyleHps/>\n  </w:Compatibility>\n  <m:mathPr>\n   <m:mathFont m:val=\"Cambria Math\"/>\n   <m:brkBin m:val=\"before\"/>\n   <m:brkBinSub m:val=\"-\"/>\n   <m:smallFrac m:val=\"off\"/>\n   <m:dispDef/>\n   <m:lMargin m:val=\"0\"/>\n   <m:rMargin m:val=\"0\"/>\n   <m:defJc m:val=\"centerGroup\"/>\n   <m:wrapIndent m:val=\"1440\"/>\n   <m:intLim m:val=\"subSup\"/>\n   <m:naryLim m:val=\"undOvr\"/>\n  </m:mathPr></w:WordDocument>\n</xml><![endif]--><!-- [if gte mso 9]><xml>\n <w:LatentStyles DefLockedState=\"false\" DefUnhideWhenUsed=\"false\"\n  DefSemiHidden=\"false\" DefQFormat=\"false\" DefPriority=\"99\"\n  LatentStyleCount=\"375\">\n  <w:LsdException Locked=\"false\" Priority=\"0\" QFormat=\"true\" Name=\"Normal\"/>\n  <w:LsdException Locked=\"false\" Priority=\"9\" QFormat=\"true\" Name=\"heading 1\"/>\n  <w:LsdException Locked=\"false\" Priority=\"9\" SemiHidden=\"true\"\n   UnhideWhenUsed=\"true\" QFormat=\"true\" Name=\"heading 2\"/>\n  <w:LsdException Locked=\"false\" Priority=\"9\" SemiHidden=\"true\"\n   UnhideWhenUsed=\"true\" QFormat=\"true\" Name=\"heading 3\"/>\n  <w:LsdException Locked=\"false\" Priority=\"9\" SemiHidden=\"true\"\n   UnhideWhenUsed=\"true\" QFormat=\"true\" Name=\"heading 4\"/>\n  <w:LsdException Locked=\"false\" Priority=\"9\" SemiHidden=\"true\"\n   UnhideWhenUsed=\"true\" QFormat=\"true\" Name=\"heading 5\"/>\n  <w:LsdException Locked=\"false\" Priority=\"9\" SemiHidden=\"true\"\n   UnhideWhenUsed=\"true\" QFormat=\"true\" Name=\"heading 6\"/>\n  <w:LsdException Locked=\"false\" Priority=\"9\" SemiHidden=\"true\"\n   UnhideWhenUsed=\"true\" QFormat=\"true\" Name=\"heading 7\"/>\n  <w:LsdException Locked=\"false\" Priority=\"9\" SemiHidden=\"true\"\n   UnhideWhenUsed=\"true\" QFormat=\"true\" Name=\"heading 8\"/>\n  <w:LsdException Locked=\"false\" Priority=\"9\" SemiHidden=\"true\"\n   UnhideWhenUsed=\"true\" QFormat=\"true\" Name=\"heading 9\"/>\n  <w:LsdException Locked=\"false\" SemiHidden=\"true\" UnhideWhenUsed=\"true\"\n   Name=\"index 1\"/>\n  <w:LsdException Locked=\"false\" SemiHidden=\"true\" UnhideWhenUsed=\"true\"\n   Name=\"index 2\"/>\n  <w:LsdException Locked=\"false\" SemiHidden=\"true\" UnhideWhenUsed=\"true\"\n   Name=\"index 3\"/>\n  <w:LsdException Locked=\"false\" SemiHidden=\"true\" UnhideWhenUsed=\"true\"\n   Name=\"index 4\"/>\n  <w:LsdException Locked=\"false\" SemiHidden=\"true\" UnhideWhenUsed=\"true\"\n   Name=\"index 5\"/>\n  <w:LsdException Locked=\"false\" SemiHidden=\"true\" UnhideWhenUsed=\"true\"\n   Name=\"index 6\"/>\n  <w:LsdException Locked=\"false\" SemiHidden=\"true\" UnhideWhenUsed=\"true\"\n   Name=\"index 7\"/>\n  <w:LsdException Locked=\"false\" SemiHidden=\"true\" UnhideWhenUsed=\"true\"\n   Name=\"index 8\"/>\n  <w:LsdException Locked=\"false\" SemiHidden=\"true\" UnhideWhenUsed=\"true\"\n   Name=\"index 9\"/>\n  <w:LsdException Locked=\"false\" Priority=\"39\" SemiHidden=\"true\"\n   UnhideWhenUsed=\"true\" Name=\"toc 1\"/>\n  <w:LsdException Locked=\"false\" Priority=\"39\" SemiHidden=\"true\"\n   UnhideWhenUsed=\"true\" Name=\"toc 2\"/>\n  <w:LsdException Locked=\"false\" Priority=\"39\" SemiHidden=\"true\"\n   UnhideWhenUsed=\"true\" Name=\"toc 3\"/>\n  <w:LsdException Locked=\"false\" Priority=\"39\" SemiHidden=\"true\"\n   UnhideWhenUsed=\"true\" Name=\"toc 4\"/>\n  <w:LsdException Locked=\"false\" Priority=\"39\" SemiHidden=\"true\"\n   UnhideWhenUsed=\"true\" Name=\"toc 5\"/>\n  <w:LsdException Locked=\"false\" Priority=\"39\" SemiHidden=\"true\"\n   UnhideWhenUsed=\"true\" Name=\"toc 6\"/>\n  <w:LsdException Locked=\"false\" Priority=\"39\" SemiHidden=\"true\"\n   UnhideWhenUsed=\"true\" Name=\"toc 7\"/>\n  <w:LsdException Locked=\"false\" Priority=\"39\" SemiHidden=\"true\"\n   UnhideWhenUsed=\"true\" Name=\"toc 8\"/>\n  <w:LsdException Locked=\"false\" Priority=\"39\" SemiHidden=\"true\"\n   UnhideWhenUsed=\"true\" Name=\"toc 9\"/>\n  <w:LsdException Locked=\"false\" SemiHidden=\"true\" UnhideWhenUsed=\"true\"\n   Name=\"Normal Indent\"/>\n  <w:LsdException Locked=\"false\" SemiHidden=\"true\" UnhideWhenUsed=\"true\"\n   Name=\"footnote text\"/>\n  <w:LsdException Locked=\"false\" SemiHidden=\"true\" UnhideWhenUsed=\"true\"\n   Name=\"annotation text\"/>\n  <w:LsdException Locked=\"false\" SemiHidden=\"true\" UnhideWhenUsed=\"true\"\n   Name=\"header\"/>\n  <w:LsdException Locked=\"false\" SemiHidden=\"true\" UnhideWhenUsed=\"true\"\n   Name=\"footer\"/>\n  <w:LsdException Locked=\"false\" SemiHidden=\"true\" UnhideWhenUsed=\"true\"\n   Name=\"index heading\"/>\n  <w:LsdException Locked=\"false\" Priority=\"35\" SemiHidden=\"true\"\n   UnhideWhenUsed=\"true\" QFormat=\"true\" Name=\"caption\"/>\n  <w:LsdException Locked=\"false\" SemiHidden=\"true\" UnhideWhenUsed=\"true\"\n   Name=\"table of figures\"/>\n  <w:LsdException Locked=\"false\" SemiHidden=\"true\" UnhideWhenUsed=\"true\"\n   Name=\"envelope address\"/>\n  <w:LsdException Locked=\"false\" SemiHidden=\"true\" UnhideWhenUsed=\"true\"\n   Name=\"envelope return\"/>\n  <w:LsdException Locked=\"false\" SemiHidden=\"true\" UnhideWhenUsed=\"true\"\n   Name=\"footnote reference\"/>\n  <w:LsdException Locked=\"false\" SemiHidden=\"true\" UnhideWhenUsed=\"true\"\n   Name=\"annotation reference\"/>\n  <w:LsdException Locked=\"false\" SemiHidden=\"true\" UnhideWhenUsed=\"true\"\n   Name=\"line number\"/>\n  <w:LsdException Locked=\"false\" SemiHidden=\"true\" UnhideWhenUsed=\"true\"\n   Name=\"page number\"/>\n  <w:LsdException Locked=\"false\" SemiHidden=\"true\" UnhideWhenUsed=\"true\"\n   Name=\"endnote reference\"/>\n  <w:LsdException Locked=\"false\" SemiHidden=\"true\" UnhideWhenUsed=\"true\"\n   Name=\"endnote text\"/>\n  <w:LsdException Locked=\"false\" SemiHidden=\"true\" UnhideWhenUsed=\"true\"\n   Name=\"table of authorities\"/>\n  <w:LsdException Locked=\"false\" SemiHidden=\"true\" UnhideWhenUsed=\"true\"\n   Name=\"macro\"/>\n  <w:LsdException Locked=\"false\" SemiHidden=\"true\" UnhideWhenUsed=\"true\"\n   Name=\"toa heading\"/>\n  <w:LsdException Locked=\"false\" SemiHidden=\"true\" UnhideWhenUsed=\"true\"\n   Name=\"List\"/>\n  <w:LsdException Locked=\"false\" SemiHidden=\"true\" UnhideWhenUsed=\"true\"\n   Name=\"List Bullet\"/>\n  <w:LsdException Locked=\"false\" SemiHidden=\"true\" UnhideWhenUsed=\"true\"\n   Name=\"List Number\"/>\n  <w:LsdException Locked=\"false\" SemiHidden=\"true\" UnhideWhenUsed=\"true\"\n   Name=\"List 2\"/>\n  <w:LsdException Locked=\"false\" SemiHidden=\"true\" UnhideWhenUsed=\"true\"\n   Name=\"List 3\"/>\n  <w:LsdException Locked=\"false\" SemiHidden=\"true\" UnhideWhenUsed=\"true\"\n   Name=\"List 4\"/>\n  <w:LsdException Locked=\"false\" SemiHidden=\"true\" UnhideWhenUsed=\"true\"\n   Name=\"List 5\"/>\n  <w:LsdException Locked=\"false\" SemiHidden=\"true\" UnhideWhenUsed=\"true\"\n   Name=\"List Bullet 2\"/>\n  <w:LsdException Locked=\"false\" SemiHidden=\"true\" UnhideWhenUsed=\"true\"\n   Name=\"List Bullet 3\"/>\n  <w:LsdException Locked=\"false\" SemiHidden=\"true\" UnhideWhenUsed=\"true\"\n   Name=\"List Bullet 4\"/>\n  <w:LsdException Locked=\"false\" SemiHidden=\"true\" UnhideWhenUsed=\"true\"\n   Name=\"List Bullet 5\"/>\n  <w:LsdException Locked=\"false\" SemiHidden=\"true\" UnhideWhenUsed=\"true\"\n   Name=\"List Number 2\"/>\n  <w:LsdException Locked=\"false\" SemiHidden=\"true\" UnhideWhenUsed=\"true\"\n   Name=\"List Number 3\"/>\n  <w:LsdException Locked=\"false\" SemiHidden=\"true\" UnhideWhenUsed=\"true\"\n   Name=\"List Number 4\"/>\n  <w:LsdException Locked=\"false\" SemiHidden=\"true\" UnhideWhenUsed=\"true\"\n   Name=\"List Number 5\"/>\n  <w:LsdException Locked=\"false\" Priority=\"10\" QFormat=\"true\" Name=\"Title\"/>\n  <w:LsdException Locked=\"false\" SemiHidden=\"true\" UnhideWhenUsed=\"true\"\n   Name=\"Closing\"/>\n  <w:LsdException Locked=\"false\" SemiHidden=\"true\" UnhideWhenUsed=\"true\"\n   Name=\"Signature\"/>\n  <w:LsdException Locked=\"false\" Priority=\"1\" SemiHidden=\"true\"\n   UnhideWhenUsed=\"true\" Name=\"Default Paragraph Font\"/>\n  <w:LsdException Locked=\"false\" SemiHidden=\"true\" UnhideWhenUsed=\"true\"\n   Name=\"Body Text\"/>\n  <w:LsdException Locked=\"false\" SemiHidden=\"true\" UnhideWhenUsed=\"true\"\n   Name=\"Body Text Indent\"/>\n  <w:LsdException Locked=\"false\" SemiHidden=\"true\" UnhideWhenUsed=\"true\"\n   Name=\"List Continue\"/>\n  <w:LsdException Locked=\"false\" SemiHidden=\"true\" UnhideWhenUsed=\"true\"\n   Name=\"List Continue 2\"/>\n  <w:LsdException Locked=\"false\" SemiHidden=\"true\" UnhideWhenUsed=\"true\"\n   Name=\"List Continue 3\"/>\n  <w:LsdException Locked=\"false\" SemiHidden=\"true\" UnhideWhenUsed=\"true\"\n   Name=\"List Continue 4\"/>\n  <w:LsdException Locked=\"false\" SemiHidden=\"true\" UnhideWhenUsed=\"true\"\n   Name=\"List Continue 5\"/>\n  <w:LsdException Locked=\"false\" SemiHidden=\"true\" UnhideWhenUsed=\"true\"\n   Name=\"Message Header\"/>\n  <w:LsdException Locked=\"false\" Priority=\"11\" QFormat=\"true\" Name=\"Subtitle\"/>\n  <w:LsdException Locked=\"false\" SemiHidden=\"true\" UnhideWhenUsed=\"true\"\n   Name=\"Salutation\"/>\n  <w:LsdException Locked=\"false\" SemiHidden=\"true\" UnhideWhenUsed=\"true\"\n   Name=\"Date\"/>\n  <w:LsdException Locked=\"false\" SemiHidden=\"true\" UnhideWhenUsed=\"true\"\n   Name=\"Body Text First Indent\"/>\n  <w:LsdException Locked=\"false\" SemiHidden=\"true\" UnhideWhenUsed=\"true\"\n   Name=\"Body Text First Indent 2\"/>\n  <w:LsdException Locked=\"false\" SemiHidden=\"true\" UnhideWhenUsed=\"true\"\n   Name=\"Note Heading\"/>\n  <w:LsdException Locked=\"false\" SemiHidden=\"true\" UnhideWhenUsed=\"true\"\n   Name=\"Body Text 2\"/>\n  <w:LsdException Locked=\"false\" SemiHidden=\"true\" UnhideWhenUsed=\"true\"\n   Name=\"Body Text 3\"/>\n  <w:LsdException Locked=\"false\" SemiHidden=\"true\" UnhideWhenUsed=\"true\"\n   Name=\"Body Text Indent 2\"/>\n  <w:LsdException Locked=\"false\" SemiHidden=\"true\" UnhideWhenUsed=\"true\"\n   Name=\"Body Text Indent 3\"/>\n  <w:LsdException Locked=\"false\" SemiHidden=\"true\" UnhideWhenUsed=\"true\"\n   Name=\"Block Text\"/>\n  <w:LsdException Locked=\"false\" SemiHidden=\"true\" UnhideWhenUsed=\"true\"\n   Name=\"Hyperlink\"/>\n  <w:LsdException Locked=\"false\" SemiHidden=\"true\" UnhideWhenUsed=\"true\"\n   Name=\"FollowedHyperlink\"/>\n  <w:LsdException Locked=\"false\" Priority=\"22\" QFormat=\"true\" Name=\"Strong\"/>\n  <w:LsdException Locked=\"false\" Priority=\"20\" QFormat=\"true\" Name=\"Emphasis\"/>\n  <w:LsdException Locked=\"false\" SemiHidden=\"true\" UnhideWhenUsed=\"true\"\n   Name=\"Document Map\"/>\n  <w:LsdException Locked=\"false\" SemiHidden=\"true\" UnhideWhenUsed=\"true\"\n   Name=\"Plain Text\"/>\n  <w:LsdException Locked=\"false\" SemiHidden=\"true\" UnhideWhenUsed=\"true\"\n   Name=\"E-mail Signature\"/>\n  <w:LsdException Locked=\"false\" SemiHidden=\"true\" UnhideWhenUsed=\"true\"\n   Name=\"HTML Top of Form\"/>\n  <w:LsdException Locked=\"false\" SemiHidden=\"true\" UnhideWhenUsed=\"true\"\n   Name=\"HTML Bottom of Form\"/>\n  <w:LsdException Locked=\"false\" SemiHidden=\"true\" UnhideWhenUsed=\"true\"\n   Name=\"Normal (Web)\"/>\n  <w:LsdException Locked=\"false\" SemiHidden=\"true\" UnhideWhenUsed=\"true\"\n   Name=\"HTML Acronym\"/>\n  <w:LsdException Locked=\"false\" SemiHidden=\"true\" UnhideWhenUsed=\"true\"\n   Name=\"HTML Address\"/>\n  <w:LsdException Locked=\"false\" SemiHidden=\"true\" UnhideWhenUsed=\"true\"\n   Name=\"HTML Cite\"/>\n  <w:LsdException Locked=\"false\" SemiHidden=\"true\" UnhideWhenUsed=\"true\"\n   Name=\"HTML Code\"/>\n  <w:LsdException Locked=\"false\" SemiHidden=\"true\" UnhideWhenUsed=\"true\"\n   Name=\"HTML Definition\"/>\n  <w:LsdException Locked=\"false\" SemiHidden=\"true\" UnhideWhenUsed=\"true\"\n   Name=\"HTML Keyboard\"/>\n  <w:LsdException Locked=\"false\" SemiHidden=\"true\" UnhideWhenUsed=\"true\"\n   Name=\"HTML Preformatted\"/>\n  <w:LsdException Locked=\"false\" SemiHidden=\"true\" UnhideWhenUsed=\"true\"\n   Name=\"HTML Sample\"/>\n  <w:LsdException Locked=\"false\" SemiHidden=\"true\" UnhideWhenUsed=\"true\"\n   Name=\"HTML Typewriter\"/>\n  <w:LsdException Locked=\"false\" SemiHidden=\"true\" UnhideWhenUsed=\"true\"\n   Name=\"HTML Variable\"/>\n  <w:LsdException Locked=\"false\" SemiHidden=\"true\" UnhideWhenUsed=\"true\"\n   Name=\"Normal Table\"/>\n  <w:LsdException Locked=\"false\" SemiHidden=\"true\" UnhideWhenUsed=\"true\"\n   Name=\"annotation subject\"/>\n  <w:LsdException Locked=\"false\" SemiHidden=\"true\" UnhideWhenUsed=\"true\"\n   Name=\"No List\"/>\n  <w:LsdException Locked=\"false\" SemiHidden=\"true\" UnhideWhenUsed=\"true\"\n   Name=\"Outline List 1\"/>\n  <w:LsdException Locked=\"false\" SemiHidden=\"true\" UnhideWhenUsed=\"true\"\n   Name=\"Outline List 2\"/>\n  <w:LsdException Locked=\"false\" SemiHidden=\"true\" UnhideWhenUsed=\"true\"\n   Name=\"Outline List 3\"/>\n  <w:LsdException Locked=\"false\" SemiHidden=\"true\" UnhideWhenUsed=\"true\"\n   Name=\"Table Simple 1\"/>\n  <w:LsdException Locked=\"false\" SemiHidden=\"true\" UnhideWhenUsed=\"true\"\n   Name=\"Table Simple 2\"/>\n  <w:LsdException Locked=\"false\" SemiHidden=\"true\" UnhideWhenUsed=\"true\"\n   Name=\"Table Simple 3\"/>\n  <w:LsdException Locked=\"false\" SemiHidden=\"true\" UnhideWhenUsed=\"true\"\n   Name=\"Table Classic 1\"/>\n  <w:LsdException Locked=\"false\" SemiHidden=\"true\" UnhideWhenUsed=\"true\"\n   Name=\"Table Classic 2\"/>\n  <w:LsdException Locked=\"false\" SemiHidden=\"true\" UnhideWhenUsed=\"true\"\n   Name=\"Table Classic 3\"/>\n  <w:LsdException Locked=\"false\" SemiHidden=\"true\" UnhideWhenUsed=\"true\"\n   Name=\"Table Classic 4\"/>\n  <w:LsdException Locked=\"false\" SemiHidden=\"true\" UnhideWhenUsed=\"true\"\n   Name=\"Table Colorful 1\"/>\n  <w:LsdException Locked=\"false\" SemiHidden=\"true\" UnhideWhenUsed=\"true\"\n   Name=\"Table Colorful 2\"/>\n  <w:LsdException Locked=\"false\" SemiHidden=\"true\" UnhideWhenUsed=\"true\"\n   Name=\"Table Colorful 3\"/>\n  <w:LsdException Locked=\"false\" SemiHidden=\"true\" UnhideWhenUsed=\"true\"\n   Name=\"Table Columns 1\"/>\n  <w:LsdException Locked=\"false\" SemiHidden=\"true\" UnhideWhenUsed=\"true\"\n   Name=\"Table Columns 2\"/>\n  <w:LsdException Locked=\"false\" SemiHidden=\"true\" UnhideWhenUsed=\"true\"\n   Name=\"Table Columns 3\"/>\n  <w:LsdException Locked=\"false\" SemiHidden=\"true\" UnhideWhenUsed=\"true\"\n   Name=\"Table Columns 4\"/>\n  <w:LsdException Locked=\"false\" SemiHidden=\"true\" UnhideWhenUsed=\"true\"\n   Name=\"Table Columns 5\"/>\n  <w:LsdException Locked=\"false\" SemiHidden=\"true\" UnhideWhenUsed=\"true\"\n   Name=\"Table Grid 1\"/>\n  <w:LsdException Locked=\"false\" SemiHidden=\"true\" UnhideWhenUsed=\"true\"\n   Name=\"Table Grid 2\"/>\n  <w:LsdException Locked=\"false\" SemiHidden=\"true\" UnhideWhenUsed=\"true\"\n   Name=\"Table Grid 3\"/>\n  <w:LsdException Locked=\"false\" SemiHidden=\"true\" UnhideWhenUsed=\"true\"\n   Name=\"Table Grid 4\"/>\n  <w:LsdException Locked=\"false\" SemiHidden=\"true\" UnhideWhenUsed=\"true\"\n   Name=\"Table Grid 5\"/>\n  <w:LsdException Locked=\"false\" SemiHidden=\"true\" UnhideWhenUsed=\"true\"\n   Name=\"Table Grid 6\"/>\n  <w:LsdException Locked=\"false\" SemiHidden=\"true\" UnhideWhenUsed=\"true\"\n   Name=\"Table Grid 7\"/>\n  <w:LsdException Locked=\"false\" SemiHidden=\"true\" UnhideWhenUsed=\"true\"\n   Name=\"Table Grid 8\"/>\n  <w:LsdException Locked=\"false\" SemiHidden=\"true\" UnhideWhenUsed=\"true\"\n   Name=\"Table List 1\"/>\n  <w:LsdException Locked=\"false\" SemiHidden=\"true\" UnhideWhenUsed=\"true\"\n   Name=\"Table List 2\"/>\n  <w:LsdException Locked=\"false\" SemiHidden=\"true\" UnhideWhenUsed=\"true\"\n   Name=\"Table List 3\"/>\n  <w:LsdException Locked=\"false\" SemiHidden=\"true\" UnhideWhenUsed=\"true\"\n   Name=\"Table List 4\"/>\n  <w:LsdException Locked=\"false\" SemiHidden=\"true\" UnhideWhenUsed=\"true\"\n   Name=\"Table List 5\"/>\n  <w:LsdException Locked=\"false\" SemiHidden=\"true\" UnhideWhenUsed=\"true\"\n   Name=\"Table List 6\"/>\n  <w:LsdException Locked=\"false\" SemiHidden=\"true\" UnhideWhenUsed=\"true\"\n   Name=\"Table List 7\"/>\n  <w:LsdException Locked=\"false\" SemiHidden=\"true\" UnhideWhenUsed=\"true\"\n   Name=\"Table List 8\"/>\n  <w:LsdException Locked=\"false\" SemiHidden=\"true\" UnhideWhenUsed=\"true\"\n   Name=\"Table 3D effects 1\"/>\n  <w:LsdException Locked=\"false\" SemiHidden=\"true\" UnhideWhenUsed=\"true\"\n   Name=\"Table 3D effects 2\"/>\n  <w:LsdException Locked=\"false\" SemiHidden=\"true\" UnhideWhenUsed=\"true\"\n   Name=\"Table 3D effects 3\"/>\n  <w:LsdException Locked=\"false\" SemiHidden=\"true\" UnhideWhenUsed=\"true\"\n   Name=\"Table Contemporary\"/>\n  <w:LsdException Locked=\"false\" SemiHidden=\"true\" UnhideWhenUsed=\"true\"\n   Name=\"Table Elegant\"/>\n  <w:LsdException Locked=\"false\" SemiHidden=\"true\" UnhideWhenUsed=\"true\"\n   Name=\"Table Professional\"/>\n  <w:LsdException Locked=\"false\" SemiHidden=\"true\" UnhideWhenUsed=\"true\"\n   Name=\"Table Subtle 1\"/>\n  <w:LsdException Locked=\"false\" SemiHidden=\"true\" UnhideWhenUsed=\"true\"\n   Name=\"Table Subtle 2\"/>\n  <w:LsdException Locked=\"false\" SemiHidden=\"true\" UnhideWhenUsed=\"true\"\n   Name=\"Table Web 1\"/>\n  <w:LsdException Locked=\"false\" SemiHidden=\"true\" UnhideWhenUsed=\"true\"\n   Name=\"Table Web 2\"/>\n  <w:LsdException Locked=\"false\" SemiHidden=\"true\" UnhideWhenUsed=\"true\"\n   Name=\"Table Web 3\"/>\n  <w:LsdException Locked=\"false\" SemiHidden=\"true\" UnhideWhenUsed=\"true\"\n   Name=\"Balloon Text\"/>\n  <w:LsdException Locked=\"false\" Priority=\"39\" Name=\"Table Grid\"/>\n  <w:LsdException Locked=\"false\" SemiHidden=\"true\" UnhideWhenUsed=\"true\"\n   Name=\"Table Theme\"/>\n  <w:LsdException Locked=\"false\" SemiHidden=\"true\" Name=\"Placeholder Text\"/>\n  <w:LsdException Locked=\"false\" Priority=\"1\" QFormat=\"true\" Name=\"No Spacing\"/>\n  <w:LsdException Locked=\"false\" Priority=\"60\" Name=\"Light Shading\"/>\n  <w:LsdException Locked=\"false\" Priority=\"61\" Name=\"Light List\"/>\n  <w:LsdException Locked=\"false\" Priority=\"62\" Name=\"Light Grid\"/>\n  <w:LsdException Locked=\"false\" Priority=\"63\" Name=\"Medium Shading 1\"/>\n  <w:LsdException Locked=\"false\" Priority=\"64\" Name=\"Medium Shading 2\"/>\n  <w:LsdException Locked=\"false\" Priority=\"65\" Name=\"Medium List 1\"/>\n  <w:LsdException Locked=\"false\" Priority=\"66\" Name=\"Medium List 2\"/>\n  <w:LsdException Locked=\"false\" Priority=\"67\" Name=\"Medium Grid 1\"/>\n  <w:LsdException Locked=\"false\" Priority=\"68\" Name=\"Medium Grid 2\"/>\n  <w:LsdException Locked=\"false\" Priority=\"69\" Name=\"Medium Grid 3\"/>\n  <w:LsdException Locked=\"false\" Priority=\"70\" Name=\"Dark List\"/>\n  <w:LsdException Locked=\"false\" Priority=\"71\" Name=\"Colorful Shading\"/>\n  <w:LsdException Locked=\"false\" Priority=\"72\" Name=\"Colorful List\"/>\n  <w:LsdException Locked=\"false\" Priority=\"73\" Name=\"Colorful Grid\"/>\n  <w:LsdException Locked=\"false\" Priority=\"60\" Name=\"Light Shading Accent 1\"/>\n  <w:LsdException Locked=\"false\" Priority=\"61\" Name=\"Light List Accent 1\"/>\n  <w:LsdException Locked=\"false\" Priority=\"62\" Name=\"Light Grid Accent 1\"/>\n  <w:LsdException Locked=\"false\" Priority=\"63\" Name=\"Medium Shading 1 Accent 1\"/>\n  <w:LsdException Locked=\"false\" Priority=\"64\" Name=\"Medium Shading 2 Accent 1\"/>\n  <w:LsdException Locked=\"false\" Priority=\"65\" Name=\"Medium List 1 Accent 1\"/>\n  <w:LsdException Locked=\"false\" SemiHidden=\"true\" Name=\"Revision\"/>\n  <w:LsdException Locked=\"false\" Priority=\"34\" QFormat=\"true\"\n   Name=\"List Paragraph\"/>\n  <w:LsdException Locked=\"false\" Priority=\"29\" QFormat=\"true\" Name=\"Quote\"/>\n  <w:LsdException Locked=\"false\" Priority=\"30\" QFormat=\"true\"\n   Name=\"Intense Quote\"/>\n  <w:LsdException Locked=\"false\" Priority=\"66\" Name=\"Medium List 2 Accent 1\"/>\n  <w:LsdException Locked=\"false\" Priority=\"67\" Name=\"Medium Grid 1 Accent 1\"/>\n  <w:LsdException Locked=\"false\" Priority=\"68\" Name=\"Medium Grid 2 Accent 1\"/>\n  <w:LsdException Locked=\"false\" Priority=\"69\" Name=\"Medium Grid 3 Accent 1\"/>\n  <w:LsdException Locked=\"false\" Priority=\"70\" Name=\"Dark List Accent 1\"/>\n  <w:LsdException Locked=\"false\" Priority=\"71\" Name=\"Colorful Shading Accent 1\"/>\n  <w:LsdException Locked=\"false\" Priority=\"72\" Name=\"Colorful List Accent 1\"/>\n  <w:LsdException Locked=\"false\" Priority=\"73\" Name=\"Colorful Grid Accent 1\"/>\n  <w:LsdException Locked=\"false\" Priority=\"60\" Name=\"Light Shading Accent 2\"/>\n  <w:LsdException Locked=\"false\" Priority=\"61\" Name=\"Light List Accent 2\"/>\n  <w:LsdException Locked=\"false\" Priority=\"62\" Name=\"Light Grid Accent 2\"/>\n  <w:LsdException Locked=\"false\" Priority=\"63\" Name=\"Medium Shading 1 Accent 2\"/>\n  <w:LsdException Locked=\"false\" Priority=\"64\" Name=\"Medium Shading 2 Accent 2\"/>\n  <w:LsdException Locked=\"false\" Priority=\"65\" Name=\"Medium List 1 Accent 2\"/>\n  <w:LsdException Locked=\"false\" Priority=\"66\" Name=\"Medium List 2 Accent 2\"/>\n  <w:LsdException Locked=\"false\" Priority=\"67\" Name=\"Medium Grid 1 Accent 2\"/>\n  <w:LsdException Locked=\"false\" Priority=\"68\" Name=\"Medium Grid 2 Accent 2\"/>\n  <w:LsdException Locked=\"false\" Priority=\"69\" Name=\"Medium Grid 3 Accent 2\"/>\n  <w:LsdException Locked=\"false\" Priority=\"70\" Name=\"Dark List Accent 2\"/>\n  <w:LsdException Locked=\"false\" Priority=\"71\" Name=\"Colorful Shading Accent 2\"/>\n  <w:LsdException Locked=\"false\" Priority=\"72\" Name=\"Colorful List Accent 2\"/>\n  <w:LsdException Locked=\"false\" Priority=\"73\" Name=\"Colorful Grid Accent 2\"/>\n  <w:LsdException Locked=\"false\" Priority=\"60\" Name=\"Light Shading Accent 3\"/>\n  <w:LsdException Locked=\"false\" Priority=\"61\" Name=\"Light List Accent 3\"/>\n  <w:LsdException Locked=\"false\" Priority=\"62\" Name=\"Light Grid Accent 3\"/>\n  <w:LsdException Locked=\"false\" Priority=\"63\" Name=\"Medium Shading 1 Accent 3\"/>\n  <w:LsdException Locked=\"false\" Priority=\"64\" Name=\"Medium Shading 2 Accent 3\"/>\n  <w:LsdException Locked=\"false\" Priority=\"65\" Name=\"Medium List 1 Accent 3\"/>\n  <w:LsdException Locked=\"false\" Priority=\"66\" Name=\"Medium List 2 Accent 3\"/>\n  <w:LsdException Locked=\"false\" Priority=\"67\" Name=\"Medium Grid 1 Accent 3\"/>\n  <w:LsdException Locked=\"false\" Priority=\"68\" Name=\"Medium Grid 2 Accent 3\"/>\n  <w:LsdException Locked=\"false\" Priority=\"69\" Name=\"Medium Grid 3 Accent 3\"/>\n  <w:LsdException Locked=\"false\" Priority=\"70\" Name=\"Dark List Accent 3\"/>\n  <w:LsdException Locked=\"false\" Priority=\"71\" Name=\"Colorful Shading Accent 3\"/>\n  <w:LsdException Locked=\"false\" Priority=\"72\" Name=\"Colorful List Accent 3\"/>\n  <w:LsdException Locked=\"false\" Priority=\"73\" Name=\"Colorful Grid Accent 3\"/>\n  <w:LsdException Locked=\"false\" Priority=\"60\" Name=\"Light Shading Accent 4\"/>\n  <w:LsdException Locked=\"false\" Priority=\"61\" Name=\"Light List Accent 4\"/>\n  <w:LsdException Locked=\"false\" Priority=\"62\" Name=\"Light Grid Accent 4\"/>\n  <w:LsdException Locked=\"false\" Priority=\"63\" Name=\"Medium Shading 1 Accent 4\"/>\n  <w:LsdException Locked=\"false\" Priority=\"64\" Name=\"Medium Shading 2 Accent 4\"/>\n  <w:LsdException Locked=\"false\" Priority=\"65\" Name=\"Medium List 1 Accent 4\"/>\n  <w:LsdException Locked=\"false\" Priority=\"66\" Name=\"Medium List 2 Accent 4\"/>\n  <w:LsdException Locked=\"false\" Priority=\"67\" Name=\"Medium Grid 1 Accent 4\"/>\n  <w:LsdException Locked=\"false\" Priority=\"68\" Name=\"Medium Grid 2 Accent 4\"/>\n  <w:LsdException Locked=\"false\" Priority=\"69\" Name=\"Medium Grid 3 Accent 4\"/>\n  <w:LsdException Locked=\"false\" Priority=\"70\" Name=\"Dark List Accent 4\"/>\n  <w:LsdException Locked=\"false\" Priority=\"71\" Name=\"Colorful Shading Accent 4\"/>\n  <w:LsdException Locked=\"false\" Priority=\"72\" Name=\"Colorful List Accent 4\"/>\n  <w:LsdException Locked=\"false\" Priority=\"73\" Name=\"Colorful Grid Accent 4\"/>\n  <w:LsdException Locked=\"false\" Priority=\"60\" Name=\"Light Shading Accent 5\"/>\n  <w:LsdException Locked=\"false\" Priority=\"61\" Name=\"Light List Accent 5\"/>\n  <w:LsdException Locked=\"false\" Priority=\"62\" Name=\"Light Grid Accent 5\"/>\n  <w:LsdException Locked=\"false\" Priority=\"63\" Name=\"Medium Shading 1 Accent 5\"/>\n  <w:LsdException Locked=\"false\" Priority=\"64\" Name=\"Medium Shading 2 Accent 5\"/>\n  <w:LsdException Locked=\"false\" Priority=\"65\" Name=\"Medium List 1 Accent 5\"/>\n  <w:LsdException Locked=\"false\" Priority=\"66\" Name=\"Medium List 2 Accent 5\"/>\n  <w:LsdException Locked=\"false\" Priority=\"67\" Name=\"Medium Grid 1 Accent 5\"/>\n  <w:LsdException Locked=\"false\" Priority=\"68\" Name=\"Medium Grid 2 Accent 5\"/>\n  <w:LsdException Locked=\"false\" Priority=\"69\" Name=\"Medium Grid 3 Accent 5\"/>\n  <w:LsdException Locked=\"false\" Priority=\"70\" Name=\"Dark List Accent 5\"/>\n  <w:LsdException Locked=\"false\" Priority=\"71\" Name=\"Colorful Shading Accent 5\"/>\n  <w:LsdException Locked=\"false\" Priority=\"72\" Name=\"Colorful List Accent 5\"/>\n  <w:LsdException Locked=\"false\" Priority=\"73\" Name=\"Colorful Grid Accent 5\"/>\n  <w:LsdException Locked=\"false\" Priority=\"60\" Name=\"Light Shading Accent 6\"/>\n  <w:LsdException Locked=\"false\" Priority=\"61\" Name=\"Light List Accent 6\"/>\n  <w:LsdException Locked=\"false\" Priority=\"62\" Name=\"Light Grid Accent 6\"/>\n  <w:LsdException Locked=\"false\" Priority=\"63\" Name=\"Medium Shading 1 Accent 6\"/>\n  <w:LsdException Locked=\"false\" Priority=\"64\" Name=\"Medium Shading 2 Accent 6\"/>\n  <w:LsdException Locked=\"false\" Priority=\"65\" Name=\"Medium List 1 Accent 6\"/>\n  <w:LsdException Locked=\"false\" Priority=\"66\" Name=\"Medium List 2 Accent 6\"/>\n  <w:LsdException Locked=\"false\" Priority=\"67\" Name=\"Medium Grid 1 Accent 6\"/>\n  <w:LsdException Locked=\"false\" Priority=\"68\" Name=\"Medium Grid 2 Accent 6\"/>\n  <w:LsdException Locked=\"false\" Priority=\"69\" Name=\"Medium Grid 3 Accent 6\"/>\n  <w:LsdException Locked=\"false\" Priority=\"70\" Name=\"Dark List Accent 6\"/>\n  <w:LsdException Locked=\"false\" Priority=\"71\" Name=\"Colorful Shading Accent 6\"/>\n  <w:LsdException Locked=\"false\" Priority=\"72\" Name=\"Colorful List Accent 6\"/>\n  <w:LsdException Locked=\"false\" Priority=\"73\" Name=\"Colorful Grid Accent 6\"/>\n  <w:LsdException Locked=\"false\" Priority=\"19\" QFormat=\"true\"\n   Name=\"Subtle Emphasis\"/>\n  <w:LsdException Locked=\"false\" Priority=\"21\" QFormat=\"true\"\n   Name=\"Intense Emphasis\"/>\n  <w:LsdException Locked=\"false\" Priority=\"31\" QFormat=\"true\"\n   Name=\"Subtle Reference\"/>\n  <w:LsdException Locked=\"false\" Priority=\"32\" QFormat=\"true\"\n   Name=\"Intense Reference\"/>\n  <w:LsdException Locked=\"false\" Priority=\"33\" QFormat=\"true\" Name=\"Book Title\"/>\n  <w:LsdException Locked=\"false\" Priority=\"37\" SemiHidden=\"true\"\n   UnhideWhenUsed=\"true\" Name=\"Bibliography\"/>\n  <w:LsdException Locked=\"false\" Priority=\"39\" SemiHidden=\"true\"\n   UnhideWhenUsed=\"true\" QFormat=\"true\" Name=\"TOC Heading\"/>\n  <w:LsdException Locked=\"false\" Priority=\"41\" Name=\"Plain Table 1\"/>\n  <w:LsdException Locked=\"false\" Priority=\"42\" Name=\"Plain Table 2\"/>\n  <w:LsdException Locked=\"false\" Priority=\"43\" Name=\"Plain Table 3\"/>\n  <w:LsdException Locked=\"false\" Priority=\"44\" Name=\"Plain Table 4\"/>\n  <w:LsdException Locked=\"false\" Priority=\"45\" Name=\"Plain Table 5\"/>\n  <w:LsdException Locked=\"false\" Priority=\"40\" Name=\"Grid Table Light\"/>\n  <w:LsdException Locked=\"false\" Priority=\"46\" Name=\"Grid Table 1 Light\"/>\n  <w:LsdException Locked=\"false\" Priority=\"47\" Name=\"Grid Table 2\"/>\n  <w:LsdException Locked=\"false\" Priority=\"48\" Name=\"Grid Table 3\"/>\n  <w:LsdException Locked=\"false\" Priority=\"49\" Name=\"Grid Table 4\"/>\n  <w:LsdException Locked=\"false\" Priority=\"50\" Name=\"Grid Table 5 Dark\"/>\n  <w:LsdException Locked=\"false\" Priority=\"51\" Name=\"Grid Table 6 Colorful\"/>\n  <w:LsdException Locked=\"false\" Priority=\"52\" Name=\"Grid Table 7 Colorful\"/>\n  <w:LsdException Locked=\"false\" Priority=\"46\"\n   Name=\"Grid Table 1 Light Accent 1\"/>\n  <w:LsdException Locked=\"false\" Priority=\"47\" Name=\"Grid Table 2 Accent 1\"/>\n  <w:LsdException Locked=\"false\" Priority=\"48\" Name=\"Grid Table 3 Accent 1\"/>\n  <w:LsdException Locked=\"false\" Priority=\"49\" Name=\"Grid Table 4 Accent 1\"/>\n  <w:LsdException Locked=\"false\" Priority=\"50\" Name=\"Grid Table 5 Dark Accent 1\"/>\n  <w:LsdException Locked=\"false\" Priority=\"51\"\n   Name=\"Grid Table 6 Colorful Accent 1\"/>\n  <w:LsdException Locked=\"false\" Priority=\"52\"\n   Name=\"Grid Table 7 Colorful Accent 1\"/>\n  <w:LsdException Locked=\"false\" Priority=\"46\"\n   Name=\"Grid Table 1 Light Accent 2\"/>\n  <w:LsdException Locked=\"false\" Priority=\"47\" Name=\"Grid Table 2 Accent 2\"/>\n  <w:LsdException Locked=\"false\" Priority=\"48\" Name=\"Grid Table 3 Accent 2\"/>\n  <w:LsdException Locked=\"false\" Priority=\"49\" Name=\"Grid Table 4 Accent 2\"/>\n  <w:LsdException Locked=\"false\" Priority=\"50\" Name=\"Grid Table 5 Dark Accent 2\"/>\n  <w:LsdException Locked=\"false\" Priority=\"51\"\n   Name=\"Grid Table 6 Colorful Accent 2\"/>\n  <w:LsdException Locked=\"false\" Priority=\"52\"\n   Name=\"Grid Table 7 Colorful Accent 2\"/>\n  <w:LsdException Locked=\"false\" Priority=\"46\"\n   Name=\"Grid Table 1 Light Accent 3\"/>\n  <w:LsdException Locked=\"false\" Priority=\"47\" Name=\"Grid Table 2 Accent 3\"/>\n  <w:LsdException Locked=\"false\" Priority=\"48\" Name=\"Grid Table 3 Accent 3\"/>\n  <w:LsdException Locked=\"false\" Priority=\"49\" Name=\"Grid Table 4 Accent 3\"/>\n  <w:LsdException Locked=\"false\" Priority=\"50\" Name=\"Grid Table 5 Dark Accent 3\"/>\n  <w:LsdException Locked=\"false\" Priority=\"51\"\n   Name=\"Grid Table 6 Colorful Accent 3\"/>\n  <w:LsdException Locked=\"false\" Priority=\"52\"\n   Name=\"Grid Table 7 Colorful Accent 3\"/>\n  <w:LsdException Locked=\"false\" Priority=\"46\"\n   Name=\"Grid Table 1 Light Accent 4\"/>\n  <w:LsdException Locked=\"false\" Priority=\"47\" Name=\"Grid Table 2 Accent 4\"/>\n  <w:LsdException Locked=\"false\" Priority=\"48\" Name=\"Grid Table 3 Accent 4\"/>\n  <w:LsdException Locked=\"false\" Priority=\"49\" Name=\"Grid Table 4 Accent 4\"/>\n  <w:LsdException Locked=\"false\" Priority=\"50\" Name=\"Grid Table 5 Dark Accent 4\"/>\n  <w:LsdException Locked=\"false\" Priority=\"51\"\n   Name=\"Grid Table 6 Colorful Accent 4\"/>\n  <w:LsdException Locked=\"false\" Priority=\"52\"\n   Name=\"Grid Table 7 Colorful Accent 4\"/>\n  <w:LsdException Locked=\"false\" Priority=\"46\"\n   Name=\"Grid Table 1 Light Accent 5\"/>\n  <w:LsdException Locked=\"false\" Priority=\"47\" Name=\"Grid Table 2 Accent 5\"/>\n  <w:LsdException Locked=\"false\" Priority=\"48\" Name=\"Grid Table 3 Accent 5\"/>\n  <w:LsdException Locked=\"false\" Priority=\"49\" Name=\"Grid Table 4 Accent 5\"/>\n  <w:LsdException Locked=\"false\" Priority=\"50\" Name=\"Grid Table 5 Dark Accent 5\"/>\n  <w:LsdException Locked=\"false\" Priority=\"51\"\n   Name=\"Grid Table 6 Colorful Accent 5\"/>\n  <w:LsdException Locked=\"false\" Priority=\"52\"\n   Name=\"Grid Table 7 Colorful Accent 5\"/>\n  <w:LsdException Locked=\"false\" Priority=\"46\"\n   Name=\"Grid Table 1 Light Accent 6\"/>\n  <w:LsdException Locked=\"false\" Priority=\"47\" Name=\"Grid Table 2 Accent 6\"/>\n  <w:LsdException Locked=\"false\" Priority=\"48\" Name=\"Grid Table 3 Accent 6\"/>\n  <w:LsdException Locked=\"false\" Priority=\"49\" Name=\"Grid Table 4 Accent 6\"/>\n  <w:LsdException Locked=\"false\" Priority=\"50\" Name=\"Grid Table 5 Dark Accent 6\"/>\n  <w:LsdException Locked=\"false\" Priority=\"51\"\n   Name=\"Grid Table 6 Colorful Accent 6\"/>\n  <w:LsdException Locked=\"false\" Priority=\"52\"\n   Name=\"Grid Table 7 Colorful Accent 6\"/>\n  <w:LsdException Locked=\"false\" Priority=\"46\" Name=\"List Table 1 Light\"/>\n  <w:LsdException Locked=\"false\" Priority=\"47\" Name=\"List Table 2\"/>\n  <w:LsdException Locked=\"false\" Priority=\"48\" Name=\"List Table 3\"/>\n  <w:LsdException Locked=\"false\" Priority=\"49\" Name=\"List Table 4\"/>\n  <w:LsdException Locked=\"false\" Priority=\"50\" Name=\"List Table 5 Dark\"/>\n  <w:LsdException Locked=\"false\" Priority=\"51\" Name=\"List Table 6 Colorful\"/>\n  <w:LsdException Locked=\"false\" Priority=\"52\" Name=\"List Table 7 Colorful\"/>\n  <w:LsdException Locked=\"false\" Priority=\"46\"\n   Name=\"List Table 1 Light Accent 1\"/>\n  <w:LsdException Locked=\"false\" Priority=\"47\" Name=\"List Table 2 Accent 1\"/>\n  <w:LsdException Locked=\"false\" Priority=\"48\" Name=\"List Table 3 Accent 1\"/>\n  <w:LsdException Locked=\"false\" Priority=\"49\" Name=\"List Table 4 Accent 1\"/>\n  <w:LsdException Locked=\"false\" Priority=\"50\" Name=\"List Table 5 Dark Accent 1\"/>\n  <w:LsdException Locked=\"false\" Priority=\"51\"\n   Name=\"List Table 6 Colorful Accent 1\"/>\n  <w:LsdException Locked=\"false\" Priority=\"52\"\n   Name=\"List Table 7 Colorful Accent 1\"/>\n  <w:LsdException Locked=\"false\" Priority=\"46\"\n   Name=\"List Table 1 Light Accent 2\"/>\n  <w:LsdException Locked=\"false\" Priority=\"47\" Name=\"List Table 2 Accent 2\"/>\n  <w:LsdException Locked=\"false\" Priority=\"48\" Name=\"List Table 3 Accent 2\"/>\n  <w:LsdException Locked=\"false\" Priority=\"49\" Name=\"List Table 4 Accent 2\"/>\n  <w:LsdException Locked=\"false\" Priority=\"50\" Name=\"List Table 5 Dark Accent 2\"/>\n  <w:LsdException Locked=\"false\" Priority=\"51\"\n   Name=\"List Table 6 Colorful Accent 2\"/>\n  <w:LsdException Locked=\"false\" Priority=\"52\"\n   Name=\"List Table 7 Colorful Accent 2\"/>\n  <w:LsdException Locked=\"false\" Priority=\"46\"\n   Name=\"List Table 1 Light Accent 3\"/>\n  <w:LsdException Locked=\"false\" Priority=\"47\" Name=\"List Table 2 Accent 3\"/>\n  <w:LsdException Locked=\"false\" Priority=\"48\" Name=\"List Table 3 Accent 3\"/>\n  <w:LsdException Locked=\"false\" Priority=\"49\" Name=\"List Table 4 Accent 3\"/>\n  <w:LsdException Locked=\"false\" Priority=\"50\" Name=\"List Table 5 Dark Accent 3\"/>\n  <w:LsdException Locked=\"false\" Priority=\"51\"\n   Name=\"List Table 6 Colorful Accent 3\"/>\n  <w:LsdException Locked=\"false\" Priority=\"52\"\n   Name=\"List Table 7 Colorful Accent 3\"/>\n  <w:LsdException Locked=\"false\" Priority=\"46\"\n   Name=\"List Table 1 Light Accent 4\"/>\n  <w:LsdException Locked=\"false\" Priority=\"47\" Name=\"List Table 2 Accent 4\"/>\n  <w:LsdException Locked=\"false\" Priority=\"48\" Name=\"List Table 3 Accent 4\"/>\n  <w:LsdException Locked=\"false\" Priority=\"49\" Name=\"List Table 4 Accent 4\"/>\n  <w:LsdException Locked=\"false\" Priority=\"50\" Name=\"List Table 5 Dark Accent 4\"/>\n  <w:LsdException Locked=\"false\" Priority=\"51\"\n   Name=\"List Table 6 Colorful Accent 4\"/>\n  <w:LsdException Locked=\"false\" Priority=\"52\"\n   Name=\"List Table 7 Colorful Accent 4\"/>\n  <w:LsdException Locked=\"false\" Priority=\"46\"\n   Name=\"List Table 1 Light Accent 5\"/>\n  <w:LsdException Locked=\"false\" Priority=\"47\" Name=\"List Table 2 Accent 5\"/>\n  <w:LsdException Locked=\"false\" Priority=\"48\" Name=\"List Table 3 Accent 5\"/>\n  <w:LsdException Locked=\"false\" Priority=\"49\" Name=\"List Table 4 Accent 5\"/>\n  <w:LsdException Locked=\"false\" Priority=\"50\" Name=\"List Table 5 Dark Accent 5\"/>\n  <w:LsdException Locked=\"false\" Priority=\"51\"\n   Name=\"List Table 6 Colorful Accent 5\"/>\n  <w:LsdException Locked=\"false\" Priority=\"52\"\n   Name=\"List Table 7 Colorful Accent 5\"/>\n  <w:LsdException Locked=\"false\" Priority=\"46\"\n   Name=\"List Table 1 Light Accent 6\"/>\n  <w:LsdException Locked=\"false\" Priority=\"47\" Name=\"List Table 2 Accent 6\"/>\n  <w:LsdException Locked=\"false\" Priority=\"48\" Name=\"List Table 3 Accent 6\"/>\n  <w:LsdException Locked=\"false\" Priority=\"49\" Name=\"List Table 4 Accent 6\"/>\n  <w:LsdException Locked=\"false\" Priority=\"50\" Name=\"List Table 5 Dark Accent 6\"/>\n  <w:LsdException Locked=\"false\" Priority=\"51\"\n   Name=\"List Table 6 Colorful Accent 6\"/>\n  <w:LsdException Locked=\"false\" Priority=\"52\"\n   Name=\"List Table 7 Colorful Accent 6\"/>\n  <w:LsdException Locked=\"false\" SemiHidden=\"true\" UnhideWhenUsed=\"true\"\n   Name=\"Mention\"/>\n  <w:LsdException Locked=\"false\" SemiHidden=\"true\" UnhideWhenUsed=\"true\"\n   Name=\"Smart Hyperlink\"/>\n  <w:LsdException Locked=\"false\" SemiHidden=\"true\" UnhideWhenUsed=\"true\"\n   Name=\"Hashtag\"/>\n  <w:LsdException Locked=\"false\" SemiHidden=\"true\" UnhideWhenUsed=\"true\"\n   Name=\"Unresolved Mention\"/>\n </w:LatentStyles>\n</xml><![endif]--><!-- [if gte mso 10]>\n<style>\n /* Style Definitions */\n table.MsoNormalTable\n	{mso-style-name:\"Tableau Normal\";\n	mso-tstyle-rowband-size:0;\n	mso-tstyle-colband-size:0;\n	mso-style-noshow:yes;\n	mso-style-priority:99;\n	mso-style-parent:\"\";\n	mso-padding-alt:0cm 5.4pt 0cm 5.4pt;\n	mso-para-margin-top:0cm;\n	mso-para-margin-right:0cm;\n	mso-para-margin-bottom:8.0pt;\n	mso-para-margin-left:0cm;\n	line-height:107%;\n	mso-pagination:widow-orphan;\n	font-size:11.0pt;\n	font-family:\"Calibri\",sans-serif;\n	mso-ascii-font-family:Calibri;\n	mso-ascii-theme-font:minor-latin;\n	mso-hansi-font-family:Calibri;\n	mso-hansi-theme-font:minor-latin;\n	mso-bidi-font-family:\"Times New Roman\";\n	mso-bidi-theme-font:minor-bidi;\n	mso-fareast-language:EN-US;}\n</style>\n<![endif]--></p>\n<p class=\"MsoNormal\" style=\"line-height:normal;\"><span style=\"font-size:12pt;font-family:\'Times New Roman\', serif;\">Modifié le 12 novembre 2018</span></p>\n<p class=\"MsoNormal\" style=\"line-height:normal;\"><span style=\"font-size:12pt;font-family:\'Times New Roman\', serif;\">La présente politique de confidentialité définit et vous informe de la manière dont LISIT SAS ou ses marques utilise et protège les informations que vous nous transmettez, le cas échéant, lorsque vous utilisez le présent site accessible à partir des URL suivantes : *.joelknafo-art.com, litho.online, streetart-store.com (ci-après le « Site »).</span></p>\n<p class=\"MsoNormal\" style=\"line-height:normal;\"><span style=\"font-size:12pt;font-family:\'Times New Roman\', serif;\">Cette politique de confidentialité est susceptible d’être modifiée ou complétée à tout moment par LISIT SAS, notamment en vue de se conformer à toute évolution législative, règlementaire, jurisprudentielle ou technologique. Dans un tel cas, la date de sa mise à jour sera clairement identifiée en tête de la présente politique. Ces modifications engagent l’Utilisateur dès leur mise en ligne. Il convient par conséquent que l’Utilisateur consulte régulièrement la présente politique de confidentialité et d’utilisation des cookies afin de prendre connaissance de ses éventuelles modifications.</span></p>\n<p class=\"MsoNormal\" style=\"line-height:normal;\"><b><span style=\"font-size:13.5pt;font-family:\'Times New Roman\', serif;\">I. DONNEES PERSONNELLES</span></b></p>\n<p class=\"MsoNormal\" style=\"line-height:normal;\"><span style=\"font-size:12pt;font-family:\'Times New Roman\', serif;\">D’une manière générale, il vous est possible de visiter le Site sans communiquer aucune information personnelle vous concernant. En toute hypothèse, vous êtes en aucune manière obligé de transmettre ces informations à LISIT SAS. Néanmoins, en cas de refus, il se peut que vous ne puissiez pas bénéficier de certaines informations ou services que vous avez demandé. A ce titre en effet, LISIT SAS peut être amené dans certains cas à vous demander de renseigner (ci-après vos « Informations Personnelles ») :</span></p>\n<ul type=\"disc\"><li class=\"MsoNormal\" style=\"line-height:normal;\"><span style=\"font-size:12pt;font-family:\'Times New Roman\', serif;\">prénom et nom de famille ;</span></li>\n<li class=\"MsoNormal\" style=\"line-height:normal;\"><span style=\"font-size:12pt;font-family:\'Times New Roman\', serif;\">adresse de courrier électronique ;</span></li>\n<li class=\"MsoNormal\" style=\"line-height:normal;\"><span style=\"font-size:12pt;font-family:\'Times New Roman\', serif;\">sexe ;</span></li>\n<li class=\"MsoNormal\" style=\"line-height:normal;\"><span style=\"font-size:12pt;font-family:\'Times New Roman\', serif;\">numéro de téléphone ;</span></li>\n<li class=\"MsoNormal\" style=\"line-height:normal;\"><span style=\"font-size:12pt;font-family:\'Times New Roman\', serif;\">adresse postale ;</span></li>\n<li class=\"MsoNormal\" style=\"line-height:normal;\"><span style=\"font-size:12pt;font-family:\'Times New Roman\', serif;\">âge/date de naissance ;</span></li>\n<li class=\"MsoNormal\" style=\"line-height:normal;\"><span style=\"font-size:12pt;font-family:\'Times New Roman\', serif;\">informations de paiement (sur les Supports commerce électronique) ;</span></li>\n<li class=\"MsoNormal\" style=\"line-height:normal;\"><span style=\"font-size:12pt;font-family:\'Times New Roman\', serif;\">votre historique d’achats (sur les Supports commerce électronique) ;</span></li>\n<li class=\"MsoNormal\" style=\"line-height:normal;\"><span style=\"font-size:12pt;font-family:\'Times New Roman\', serif;\">toute demande particulière que vous pourriez nous adresser (principalement pour des besoins d’archivage) ;</span></li>\n<li class=\"MsoNormal\" style=\"line-height:normal;\"><span style=\"font-size:12pt;font-family:\'Times New Roman\', serif;\">des informations liées à des sondages que nous utilisons à des fins scientifiques et statistiques.</span></li>\n</ul><p class=\"MsoNormal\" style=\"line-height:normal;\"><span style=\"font-size:12pt;font-family:\'Times New Roman\', serif;\">En fournissant ces informations, vous acceptez expressément qu’elles soient traitées par LISIT SAS, aux fins indiquées au point 2 ci-dessous ainsi qu’aux fins rappelées à la fin de chaque formulaire.</span></p>\n<p class=\"MsoNormal\" style=\"line-height:normal;\"><span style=\"font-size:12pt;font-family:\'Times New Roman\', serif;\">Conformément au Règlement Général sur la Protection des Données (General Data Protection Régulation) adopté par le Parlement européen le 14 avril 2016, et à la Loi Informatique et Libertés du 6 janvier 1978 modifiée, LISIT SAS vous informe des points suivants :</span></p>\n<p class=\"MsoNormal\" style=\"line-height:normal;\"><b><span style=\"font-size:12pt;font-family:\'Times New Roman\', serif;\">1. Identité du responsable du traitement</span></b><span style=\"font-size:12pt;font-family:\'Times New Roman\', serif;\"></span></p>\n<p class=\"MsoNormal\" style=\"line-height:normal;\"><span style=\"font-size:12pt;font-family:\'Times New Roman\', serif;\">Le responsable du traitement est la société LISIT SAS, ayant son siège social au 6 rue Caulaincourt 75018 Paris – France. Tél. : + 33 (0)7 81 61 21 57; Email : </span><a href=\"mailto:galerie@joelknafo-art.com\">galerie@joelknafo-art.com</a><span style=\"font-size:12pt;font-family:\'Times New Roman\', serif;\"></span></p>\n<p class=\"MsoNormal\" style=\"line-height:normal;\"><b><span style=\"font-size:12pt;font-family:\'Times New Roman\', serif;\">2. Finalités du traitement</span></b><span style=\"font-size:12pt;font-family:\'Times New Roman\', serif;\"></span></p>\n<p class=\"MsoNormal\" style=\"line-height:normal;\"><span style=\"font-size:12pt;font-family:\'Times New Roman\', serif;\">LISIT SAS est susceptible de traiter vos Informations Personnelles :</span></p>\n<ul type=\"disc\"><li class=\"MsoNormal\" style=\"line-height:normal;\"><span style=\"font-size:12pt;font-family:\'Times New Roman\', serif;\">(a) aux fins de vous fournir les informations ou les services que vous avez demandé de recevoir (commande d\'un produit en vente sur notre Site ou envoi de nos newsletter suite à inscription de votre part) ; et/ou</span></li>\n<li class=\"MsoNormal\" style=\"line-height:normal;\"><span style=\"font-size:12pt;font-family:\'Times New Roman\', serif;\">(b) aux fins de recueillir des informations nous permettant d’améliorer notre Site, nos produits et services (notamment par le biais de cookies) ; et/ou</span></li>\n<li class=\"MsoNormal\" style=\"line-height:normal;\"><span style=\"font-size:12pt;font-family:\'Times New Roman\', serif;\">(c) aux fins de pouvoir vous contacter à propos de différents évènements relatifs à LISIT SAS, incluant notamment la mise à jour des produits et le support client.</span></li>\n</ul><p class=\"MsoNormal\" style=\"line-height:normal;\"><b><span style=\"font-size:12pt;font-family:\'Times New Roman\', serif;\">3. Destinataires</span></b><span style=\"font-size:12pt;font-family:\'Times New Roman\', serif;\"></span></p>\n<p class=\"MsoNormal\" style=\"line-height:normal;\"><span style=\"font-size:12pt;font-family:\'Times New Roman\', serif;\">Seul LISIT SAS est destinataire de vos Informations Personnelles. Celles-ci, que ce soit sous forme individuelle ou agrégée, ne sont jamais transmises à un tiers, nonobstant les sous-traitants auxquels LISIT SAS fait appel (vous trouverez de plus amples informations à leur sujet au point 7 ci-dessous). Ni LISIT SAS, ni l’un quelconque de ses sous-traitants, ne procèdent à la commercialisation des données personnelles des visiteurs et Utilisateurs de son Site.</span></p>\n<p class=\"MsoNormal\" style=\"line-height:normal;\"><b><span style=\"font-size:12pt;font-family:\'Times New Roman\', serif;\">4. Durée de conservation</span></b><span style=\"font-size:12pt;font-family:\'Times New Roman\', serif;\"></span></p>\n<p class=\"MsoNormal\" style=\"line-height:normal;\"><span style=\"font-size:12pt;font-family:\'Times New Roman\', serif;\">Vos Informations Personnelles sont conservées par LISIT SAS uniquement pour le temps correspondant à la finalité de la collecte tel qu’indiqué en 2 ci-dessus qui ne saurait en tout état de cause excéder 24 mois.</span></p>\n<p class=\"MsoNormal\" style=\"line-height:normal;\"><b><span style=\"font-size:12pt;font-family:\'Times New Roman\', serif;\">5. Droits Informatique et Libertés</span></b><span style=\"font-size:12pt;font-family:\'Times New Roman\', serif;\"></span></p>\n<p class=\"MsoNormal\" style=\"line-height:normal;\"><span style=\"font-size:12pt;font-family:\'Times New Roman\', serif;\">Vous disposez des droits suivants concernant vos Informations Personnelles, que vous pouvez exercer en nous écrivant à l’adresse email (galerie@joelknafo-art.com), à l’adresse postale (cf point 1) ou en utilisant le formulaire de contact présent sur le Site dans le menu « Nous contacter »</span></p>\n<p class=\"MsoNormal\" style=\"line-height:normal;\"><span style=\"text-decoration:underline;\"><span style=\"font-size:12pt;font-family:\'Times New Roman\', serif;\">Droit d’accès et de communication des données</span></span><span style=\"font-size:12pt;font-family:\'Times New Roman\', serif;\"></span></p>\n<p class=\"MsoNormal\" style=\"line-height:normal;\"><span style=\"font-size:12pt;font-family:\'Times New Roman\', serif;\">Vous avez la faculté d’accéder aux Informations Personnelles qui vous concernent. Cependant, en raison de l’obligation de sécurité et de confidentialité dans le traitement des données à caractère personnel qui incombe à LISIT SAS, vous êtes informé que votre demande sera traitée sous réserve que vous rapportiez la preuve de votre identité, notamment par la production d’un scan de votre titre d’identité valide (en cas de demande par notre formulaire électronique dédié) ou d’une photocopie signée de votre titre d’identité valide (en cas de demande adressée par écrit).</span></p>\n<p class=\"MsoNormal\" style=\"line-height:normal;\"><span style=\"font-size:12pt;font-family:\'Times New Roman\', serif;\">LISIT SAS vous informe qu’il sera en droit, le cas échéant, de s’opposer aux demandes manifestement abusives (de par leur nombre, leur caractère répétitif ou systématique). Pour vous aider dans votre démarche, notamment si vous désirez exercer votre droit d’accès par le biais d’une demande écrite à l’adresse postale mentionnée au point 1, vous trouverez en cliquant sur le lien suivant un modèle de courrier élaboré par la Commission Nationale de l’Informatique et des Libertés (la « CNIL »).</span></p>\n<p class=\"MsoNormal\" style=\"line-height:normal;\"><span style=\"font-size:12pt;font-family:\'Times New Roman\', serif;\">https://www.cnil.fr/fr/modele/courrier/exercer-son-droit-dacces</span></p>\n<p class=\"MsoNormal\" style=\"line-height:normal;\"><span style=\"text-decoration:underline;\"><span style=\"font-size:12pt;font-family:\'Times New Roman\', serif;\">Droit de rectification des données</span></span><span style=\"font-size:12pt;font-family:\'Times New Roman\', serif;\"></span></p>\n<p class=\"MsoNormal\" style=\"line-height:normal;\"><span style=\"font-size:12pt;font-family:\'Times New Roman\', serif;\">Au titre de ce droit, la législation vous habilite à demander la rectification, la mise à jour, le verrouillage ou encore l’effacement des données vous concernant qui peuvent s’avérer le cas échéant inexactes, erronées, incomplètes ou obsolètes. Egalement, vous pouvez définir des directives générales et particulières relatives au sort des données à caractère personnel après votre décès. Le cas échéant, les héritiers d’une personne décédée peuvent exiger de prendre en considération le décès de leur proche et/ou de procéder aux mises à jour nécessaires. Pour vous aider dans votre démarche, notamment si vous désirez exercer, pour votre propre compte ou pour le compte de l’un de vos proches décédé, votre droit de rectification par le biais d’une demande écrite à l’adresse postale mentionnée au point 1, vous trouverez en cliquant sur le lien suivant un modèle de courrier élaboré par la CNIL.</span></p>\n<p class=\"MsoNormal\" style=\"line-height:normal;\"><span style=\"font-size:12pt;font-family:\'Times New Roman\', serif;\">https://www.cnil.fr/fr/modele/courrier/rectifier-des-donnees-inexactes-obsoletes-ou-perimees</span></p>\n<p class=\"MsoNormal\" style=\"line-height:normal;\"><span style=\"text-decoration:underline;\"><span style=\"font-size:12pt;font-family:\'Times New Roman\', serif;\">Droit d’opposition</span></span><span style=\"font-size:12pt;font-family:\'Times New Roman\', serif;\"></span></p>\n<p class=\"MsoNormal\" style=\"line-height:normal;\"><span style=\"font-size:12pt;font-family:\'Times New Roman\', serif;\">L’exercice de ce droit n’est possible que dans l’une des deux situations suivantes : Lorsque l’exercice de ce droit est fondé sur des motifs légitimes ; ou Lorsque l’exercice de ce droit vise à faire obstacle à ce que les données recueillies soient utilisées à des fins de prospection commerciale. Pour vous aider dans votre démarche, notamment si vous désirez exercer votre droit d’opposition par le biais d’une demande écrite adressée à l’adresse postale indiquée au point 1, vous trouverez en cliquant sur le lien suivant un modèle de courrier élaboré par la CNIL.</span></p>\n<p class=\"MsoNormal\" style=\"line-height:normal;\"><span style=\"font-size:12pt;font-family:\'Times New Roman\', serif;\">https://www.cnil.fr/fr/modele/courrier/supprimer-des-informations-vous-concernant-dun-site-internet</span></p>\n<p class=\"MsoNormal\" style=\"line-height:normal;\"><b><span style=\"font-size:12pt;font-family:\'Times New Roman\', serif;\">6. Délais de réponse</span></b><span style=\"font-size:12pt;font-family:\'Times New Roman\', serif;\"></span></p>\n<p class=\"MsoNormal\" style=\"line-height:normal;\"><span style=\"font-size:12pt;font-family:\'Times New Roman\', serif;\">LISIT SAS s’engage à répondre à votre demande d’accès, de rectification ou d’opposition ou toute autre demande complémentaire d’informations dans un délai raisonnable qui ne saurait dépasser 1 mois à compter de la réception de votre demande.</span></p>\n<p class=\"MsoNormal\" style=\"line-height:normal;\"><b><span style=\"font-size:12pt;font-family:\'Times New Roman\', serif;\">7. Prestataires habilités et transfert vers un pays tiers de l’Union Européenne</span></b><span style=\"font-size:12pt;font-family:\'Times New Roman\', serif;\"></span></p>\n<p class=\"MsoNormal\" style=\"line-height:normal;\"><span style=\"font-size:12pt;font-family:\'Times New Roman\', serif;\">LISIT SAS vous informe qu’il a recours à ses prestataires habilités pour faciliter le recueil et le traitement des données que vous nous avez communiqué. Ces prestataires peuvent être situés en dehors de l’Union Européenne et ont communication des données recueillies par le biais des divers formulaires présents sur le Site (à l’exception du formulaire vous permettant d’exercer vos droits Informatique et Libertés qui est proposé et exploité par LISIT SAS).</span></p>\n<p class=\"MsoNormal\" style=\"line-height:normal;\"><b><span style=\"font-size:12pt;font-family:\'Times New Roman\', serif;\">8. Plainte auprès de l’autorité compétente</span></b><span style=\"font-size:12pt;font-family:\'Times New Roman\', serif;\"></span></p>\n<p class=\"MsoNormal\" style=\"line-height:normal;\"><span style=\"font-size:12pt;font-family:\'Times New Roman\', serif;\">Si vous considérez que LISIT SAS ne respecte pas ses obligations au regard de vos Informations Personnelles, vous pouvez adresser une plainte ou une demande auprès de l’autorité compétente. En France, l’autorité compétente est la CNIL à laquelle vous pouvez adresser une demande par voie électronique en cliquant sur le lien suivant :</span></p>\n<p class=\"MsoNormal\" style=\"line-height:normal;\"><span style=\"font-size:12pt;font-family:\'Times New Roman\', serif;\">https://www.cnil.fr/fr/plaintes/internet.</span></p>\n<p class=\"MsoNormal\" style=\"line-height:normal;\"><b><span style=\"font-size:13.5pt;font-family:\'Times New Roman\', serif;\">II. POLITIQUE RELATIVE AUX COOKIES</span></b></p>\n<p class=\"MsoNormal\" style=\"line-height:normal;\"><span style=\"font-size:12pt;font-family:\'Times New Roman\', serif;\">Lors de votre première connexion sur le site web de LISIT SAS, vous êtes avertis par un bandeau en bas de votre écran que des informations relatives à votre navigation sont susceptibles d’être enregistrées dans des fichiers dénommés « cookies ». Notre politique d’utilisation des cookies vous permet de mieux comprendre les dispositions que nous mettons en œuvre en matière de navigation sur notre site web. Elle vous informe notamment sur l’ensemble des cookies présents sur notre site web, leur finalité (partie I.) et vous donne la marche à suivre pour les paramétrer (partie II.)</span></p>\n<p class=\"MsoNormal\" style=\"line-height:normal;\"><b><span style=\"font-size:12pt;font-family:\'Times New Roman\', serif;\">1. Informations générales sur les cookies présents sur le site de LISIT SAS</span></b><span style=\"font-size:12pt;font-family:\'Times New Roman\', serif;\"></span></p>\n<p class=\"MsoNormal\" style=\"line-height:normal;\"><span style=\"font-size:12pt;font-family:\'Times New Roman\', serif;\">LISIT SAS, en tant qu’éditeur du présent site web, pourra procéder à l’implantation d’un cookie sur le disque dur de votre terminal (ordinateur, tablette, mobile etc.) afin de vous garantir une navigation fluide et optimale sur notre site Internet. Les « cookies » (ou témoins de connexion) sont des petits fichiers texte de taille limitée qui nous permettent de reconnaître votre ordinateur, votre tablette ou votre mobile aux fins de personnaliser les services que nous vous proposons.</span></p>\n<p class=\"MsoNormal\" style=\"line-height:normal;\"><span style=\"font-size:12pt;font-family:\'Times New Roman\', serif;\">Les informations recueillies par le biais des cookies ne permettent en aucune manière de vous identifier nominativement. Elles sont utilisées exclusivement pour nos besoins propres afin d’améliorer l’interactivité et la performance de notre site web et de vous adresser des contenus adaptés à vos centres d’intérêts. Aucune de ces informations ne fait l’objet d’une communication auprès de tiers sauf lorsque LISIT SAS a obtenu au préalable votre consentement ou bien lorsque la divulgation de ces informations est requise par la loi, sur ordre d’un tribunal ou toute autorité administrative ou judiciaire habilitée à en connaître.</span></p>\n<p class=\"MsoNormal\" style=\"line-height:normal;\"><span style=\"font-size:12pt;font-family:\'Times New Roman\', serif;\">Pour mieux vous éclairer sur les informations que les cookies identifient, vous trouverez ci-dessous la liste des différents types de cookies susceptibles d’être utilisés sur le site web de LISIT SAS, leur nom, leur finalité ainsi que leur durée de conservation.</span></p>\n<p class=\"MsoNormal\" style=\"line-height:normal;\"><b><span style=\"font-size:12pt;font-family:\'Times New Roman\', serif;\">2. Configuration de vos préférences sur les cookies</span></b><span style=\"font-size:12pt;font-family:\'Times New Roman\', serif;\"></span></p>\n<p class=\"MsoNormal\" style=\"line-height:normal;\"><span style=\"font-size:12pt;font-family:\'Times New Roman\', serif;\">Vous pouvez accepter ou refuser le dépôt de cookies à tout moment. Lors de votre première connexion sur le site web de LISIT SAS, une bannière présentant brièvement des informations relatives au dépôt de cookies et de technologies similaires apparaît en bas de votre écran. Cette bannière vous avertit qu’en poursuivant votre navigation sur le site web de LISIT SAS (en chargeant une nouvelle page ou en cliquant sur divers éléments du site par exemple), vous acceptez le dépôt de cookies sur votre terminal. Vous êtes également réputé avoir donné votre accord au dépôt de cookies en cliquant sur l’icône « X » à droite de la bannière figurant en bas de votre écran.</span></p>\n<p class=\"MsoNormal\" style=\"line-height:normal;\"><span style=\"font-size:12pt;font-family:\'Times New Roman\', serif;\">Selon le type de cookie en cause, le recueil de votre consentement au dépôt et à la lecture de cookies sur votre terminal peut être impératif.</span></p>\n<p class=\"MsoNormal\" style=\"line-height:normal;\"><span style=\"text-decoration:underline;\"><span style=\"font-size:12pt;font-family:\'Times New Roman\', serif;\">a. Les cookies exemptés de consentement</span></span><span style=\"font-size:12pt;font-family:\'Times New Roman\', serif;\"></span></p>\n<p class=\"MsoNormal\" style=\"line-height:normal;\"><span style=\"font-size:12pt;font-family:\'Times New Roman\', serif;\">Conformément aux recommandations de la Commission Nationale de l’Informatique et des Libertés (CNIL), certains cookies sont dispensés du recueil préalable de votre consentement dans la mesure où ils sont strictement nécessaires au fonctionnement du site internet ou ont pour finalité exclusive de permettre ou faciliter la communication par voie électronique.</span></p>\n<p class=\"MsoNormal\" style=\"line-height:normal;\"><span style=\"font-size:12pt;font-family:\'Times New Roman\', serif;\">Il s’agit notamment des cookies d’identifiant de session, d’authentification, de session d’équilibrage de charge ainsi que des cookies de personnalisation de votre interface. Ces cookies sont intégralement soumis à la présente politique dans la mesure où ils sont émis et gérés par LISIT SAS.</span></p>\n<p class=\"MsoNormal\" style=\"line-height:normal;\"><span style=\"text-decoration:underline;\"><span style=\"font-size:12pt;font-family:\'Times New Roman\', serif;\">b. Les cookies nécessitant le recueil préalable de votre consentement</span></span><span style=\"font-size:12pt;font-family:\'Times New Roman\', serif;\"></span></p>\n<p class=\"MsoNormal\" style=\"line-height:normal;\"><span style=\"font-size:12pt;font-family:\'Times New Roman\', serif;\">Cette exigence concerne les cookies émis par des tiers et qui sont qualifiés de « persistants » dans la mesure où ils demeurent dans votre terminal jusqu’à leur effacement ou leur date d’expiration. De tels cookies étant émis par des tiers, leur utilisation et leur dépôt sont soumis à leurs propres politiques de confidentialité dont vous trouverez un lien ci-dessous. Cette famille de cookie regroupe les cookies publicitaires (auxquels LISIT SAS n’a pas recours) ainsi que les cookies de partage de réseaux sociaux (notamment de Facebook, YouTube, Twitter et LinkedIn). Les cookies de partage des réseaux sociaux sont émis et gérés par l’éditeur du réseau social concerné.</span></p>\n<p class=\"MsoNormal\" style=\"line-height:normal;\"><span style=\"font-size:12pt;font-family:\'Times New Roman\', serif;\">Sous réserve de votre consentement, ces cookies vous permettent de partager facilement une partie du contenu publié sur le site de LISIT SAS, notamment par l’intermédiaire d’un « bouton » applicatif de partage selon le réseau social concerné. Quatre types de cookies de partage des réseaux sociaux sont présents sur le site de LISIT SAS :</span></p>\n<ul type=\"disc\"><li class=\"MsoNormal\" style=\"line-height:normal;\"><span style=\"font-size:12pt;font-family:\'Times New Roman\', serif;\">Facebook et Instagram, dont vous pouvez consulter la politique en matière de cookies en cliquant sur le lien suivant : https://fr-fr.facebook.com/policies/cookies/</span></li>\n<li class=\"MsoNormal\" style=\"line-height:normal;\"><span style=\"font-size:12pt;font-family:\'Times New Roman\', serif;\">LinkedIn, dont vous trouverez la politique relative aux cookies en cliquant sur le lien suivant : https://www.linkedin.com/legal/cookie-policy?_l=fr_FR</span></li>\n<li class=\"MsoNormal\" style=\"line-height:normal;\"><span style=\"font-size:12pt;font-family:\'Times New Roman\', serif;\">Twitter, dont vous trouverez les options dédiées au contrôle ou à la restriction de l’utilisation des cookies ainsi que la politique d’utilisation des cookies : https://support.twitter.com/articles/20170518#</span></li>\n<li class=\"MsoNormal\" style=\"line-height:normal;\"><span style=\"font-size:12pt;font-family:\'Times New Roman\', serif;\">YouTube, dont vous trouverez l’aide nécessaire pour supprimer les cookies à partir du navigateur Google Chrome en cliquant sur le lien suivant : https://support.google.com/youtube/answer/32050?hl=fr mais également la politique complète en matière de cookies à partir du lien suivant : https://www.google.fr/intl/fr/policies/technologies/cookies/</span></li>\n</ul><p class=\"MsoNormal\" style=\"line-height:normal;\"><span style=\"text-decoration:underline;\"><span style=\"font-size:12pt;font-family:\'Times New Roman\', serif;\">c. Vous disposez de divers outils de paramétrage des cookies</span></span><span style=\"font-size:12pt;font-family:\'Times New Roman\', serif;\"></span></p>\n<p class=\"MsoNormal\" style=\"line-height:normal;\"><span style=\"font-size:12pt;font-family:\'Times New Roman\', serif;\">La plupart des navigateurs Internet sont configurés par défaut de façon à ce que le dépôt de cookies soit autorisé. Votre navigateur vous offre l’opportunité de modifier ces paramètres standards de manière à ce que l’ensemble des cookies soit rejeté systématiquement ou bien à ce qu’une partie seulement des cookies soit acceptée ou refusée en fonction de leur émetteur.</span></p>\n<p class=\"MsoNormal\" style=\"line-height:normal;\"><span style=\"font-size:12pt;font-family:\'Times New Roman\', serif;\">ATTENTION : Nous attirons votre attention sur le fait que le refus du dépôt de cookies sur votre terminal est néanmoins susceptible d’altérer votre expérience d’utilisateur ainsi que votre accès à certains services ou fonctionnalités du présent site web. Le cas échéant, LISIT SAS décline toute responsabilité concernant les conséquences liées à la dégradation de vos conditions de navigation qui interviennent en raison de votre choix de refuser, supprimer ou bloquer les cookies nécessaires au fonctionnement du site. Ces conséquences ne sauraient constituer un dommage et vous ne pourrez prétendre à aucune indemnité de ce fait. Votre navigateur vous permet également de supprimer les cookies existants sur votre terminal ou encore de vous signaler lorsque de nouveaux cookies sont susceptibles d’être déposés sur votre terminal. Ces paramétrages n’ont pas d’incidence sur votre navigation mais vous font perdre tout le bénéfice apporté par le cookie. Veuillez ci-dessous prendre connaissance des multiples outils mis à votre disposition afin que vous puissiez paramétrer les cookies déposés sur votre terminal.</span></p>\n<p class=\"MsoNormal\" style=\"line-height:normal;\"><span style=\"text-decoration:underline;\"><span style=\"font-size:12pt;font-family:\'Times New Roman\', serif;\">d. Le paramétrage de votre navigateur Internet</span></span><span style=\"font-size:12pt;font-family:\'Times New Roman\', serif;\"></span></p>\n<p class=\"MsoNormal\" style=\"line-height:normal;\"><span style=\"font-size:12pt;font-family:\'Times New Roman\', serif;\">Chaque navigateur Internet propose ses propres paramètres de gestion des cookies. Pour savoir de quelle manière modifier vos préférences en matière de cookies, vous trouverez ci-dessous les liens vers l’aide nécessaire pour accéder au menu de votre navigateur prévu à cet effet :</span></p>\n<ul type=\"disc\"><li class=\"MsoNormal\" style=\"line-height:normal;\"><span style=\"font-size:12pt;font-family:\'Times New Roman\', serif;\">Chrome : https://support.google.com/chrome/answer/95647?hl=fr</span></li>\n<li class=\"MsoNormal\" style=\"line-height:normal;\"><span style=\"font-size:12pt;font-family:\'Times New Roman\', serif;\">Firefox : https://support.mozilla.org/fr/kb/activer-desactiver-cookies</span></li>\n<li class=\"MsoNormal\" style=\"line-height:normal;\"><span style=\"font-size:12pt;font-family:\'Times New Roman\', serif;\">Internet Explorer : https://support.microsoft.com/fr-fr/help/17442/windows-internet-explorer-delete-manage-cookies#ie=ie-11</span></li>\n<li class=\"MsoNormal\" style=\"line-height:normal;\"><span style=\"font-size:12pt;font-family:\'Times New Roman\', serif;\">Opera : http://help.opera.com/Windows/10.20/fr/cookies.html</span></li>\n<li class=\"MsoNormal\" style=\"line-height:normal;\"><span style=\"font-size:12pt;font-family:\'Times New Roman\', serif;\">Safari : https://support.apple.com/kb/PH21411?viewlocale=fr_FR&amp;locale=fr_FR</span></li>\n</ul><p class=\"MsoNormal\" style=\"line-height:normal;\"><span style=\"font-size:12pt;font-family:\'Times New Roman\', serif;\">Pour de plus amples informations concernant les outils de maîtrise des cookies, vous pouvez consulter le site internet de la CNIL : https://www.cnil.fr/fr/cookies-les-outils-pour-les-maitriser.</span></p>\n<p class=\"MsoNormal\" style=\"line-height:normal;\"><span style=\"font-size:12pt;font-family:\'Times New Roman\', serif;\">A moins qu’un consentement exprès ne soit requis par les lois de votre pays en matière de protection des données personnelles, en utilisant les présents Supports (tels qu’ils sont définis ci-dessus), vous consentez à ce que nous collections et utilisions vos données personnelles de la manière décrite dans la présente Politique et au transfert de vos données personnelles vers d’autres pays que le vôtre (y compris vers des pays situés en dehors de l’Union Européenne).</span></p>','aeu-legal-privacy'),(7,2,4,'Legal Privacy','','','<p><span id=\"result_box\" xml:lang=\"en\" lang=\"en\"><span>The website www.litho.online is being registered at the CNIL</span><br /><br /><span>In accordance with the provisions of Law No. 78-17 of January 6, 1978, the site www.litho.online has been the subject of a declaration to the National Commission of Computing and Freedoms.</span> <span>In application of the law Informatique et Libertés, the information which you are requested are essential to the treatment of your order and are intended for the services of the site www.litho.online.</span><br /><br /><span>You have the right to access, modify, delete and rectify your personal data with the company managing the website www.litho.online: Lisit SAS - 6 rue Caulaincourt - 75018 Paris - France</span><br /><br /><span>The communication of this information may also be made to meet legal and regulatory obligations.</span></span></p>','aeu-legal-privacy'),(7,1,5,'Politique de confidentialité','','','Veuillez insérer ici votre contenu sur la confidentialité. Si vous avez activé des modules liés aux réseaux sociaux, pensez à indiquer les informations sur les données collectées par des tiers.','aeu-legal-privacy'),(7,2,5,'Politique de confidentialité','','','Veuillez insérer ici votre contenu sur la confidentialité. Si vous avez activé des modules liés aux réseaux sociaux, pensez à indiquer les informations sur les données collectées par des tiers.','aeu-legal-privacy'),(8,1,2,'Livraison et paiement','','','<p style=\"text-align:justify;\"><strong></strong>Le contenu de la commande est celui spécifié dans l’acceptation de commande.</p>\n<p style=\"text-align:justify;\">L’acceptation de la commande (produit et prix) par notre société entraîne formation de la vente et donc réservation du contenu de la commande.</p>\n<ul style=\"text-align:justify;\"><li>Transfert de risques: il est effectif dès réception du paiement par Lisit SAS (validation du paiement à distance par notre banque, confirmation du transfert Paypal, réception du virement bancaire ou encaissement du chèque). Lisit SAS propose une assurance prise par ses soins concernant les risques liés au transport.</li>\n<li>Transfert de propriété: il est effectif après paiement et à l’issue du délai de rétraction mentionné à l’article 6.</li>\n</ul><p style=\"text-align:justify;\">Les ouvrages ou œuvres mis en vente sur le site <a href=\"http://www.elandarts.com/\">www.litho.online</a> sont en grande majorité des ‘Pièces uniques’ ou à tirage limité. Nous accordons une attention toute particulière à ne mettre en vente que des articles disponibles.</p>\n<p style=\"text-align:justify;\">Si toutefois, une commande était passée pour un article devenu indisponible, la vente ne saurait être formée. Au cas où le paiement serait effectif, nous rembourserons intégralement le montant payé.</p>\n<p style=\"text-align:justify;\"></p>\n<p style=\"text-align:justify;\"><strong>FACTURATION, PAIEMENT</strong></p>\n<p style=\"text-align:justify;\">Le paiement de vos achats pourra s’effectuer soit :</p>\n<p style=\"text-align:justify;\">par Carte Bancaire via le système PAYPAL.<br /> Ce système accepte les cartes bancaires portant les sigles “CB”, “Visa”, “Eurocard Mastercard”.</p>\n<p style=\"text-align:justify;\">par <strong>virement</strong>,</p>\n<p style=\"text-align:justify;\">sur le Compte bancaire ci-dessous</p>\n<p style=\"text-align:justify;\"><span style=\"color:#d0121a;\">IBAN : FR76 3006 6102 2100 0201 3830 105</span><br /><span style=\"color:#d0121a;\"> Code BIC : CMCIFRPP</span></p>\n<p style=\"text-align:justify;\">La facture des produits sera adressée avec chaque commande. Le client garantit Lisit SAS qu’il dispose des autorisations éventuellement nécessaires pour utiliser le mode de paiement choisi par lui, lors de la validation du bon de commande.</p>\n<p style=\"text-align:justify;\"></p>\n<p style=\"text-align:justify;\"><strong>LIVRAISON</strong></p>\n<p style=\"text-align:justify;\"><strong><em>1/ Conditions</em></strong></p>\n<p style=\"text-align:justify;\">La commande est expédiée dès réception du règlement sur notre compte société Lisit SAS.<br /> Les articles commandés sont livrés à l’adresse indiquée par le client.</p>\n<p style=\"text-align:justify;\">Si l’adresse de livraison s’avère incorrecte et oblige notre société à retourner la commande dans ses entrepôts, www.litho.online pourra facturer au client les coûts administratifs et de transport associés au retour des commandes. Dans ce cas, le point de départ du nouveau délai de livraison sera lié à la réception par www.litho.online des nouveaux éléments d’information concernant la nouvelle adresse.</p>\n<p style=\"text-align:justify;\">Le colis sera acheminé jusqu’au client par l’intermédiaire de notre transporteur habituel ou par le transporteur indiqué par le client, s’il en a préalablement émis le souhait.</p>\n<p style=\"text-align:justify;\">Il appartient au client de vérifier l’état de l’emballage ainsi que le contenu du ou des colis à la livraison.</p>\n<p style=\"text-align:justify;\">Dans tous les cas, les produits voyagent aux risques et périls du client (§ 5). Il appartient à ce dernier de vérifier le contenu du colis au moment de la livraison et de formuler les réserves d’usage sur le bordereau de livraison et, le cas échéant au transporteur par lettre recommandée dans les 3 jours suivant la réception du produit.</p>\n<p style=\"text-align:justify;\"><strong><em>2 / Délais</em></strong></p>\n<p style=\"text-align:justify;\">Les délais de livraison moyens en France métropolitaine sont en général de 7 jours à compter de la date d’expédition par Lisit SAS, mais il ne constitue pas un délai légal de rigueur et la responsabilité de Lisit SAS ne pourra pas être engagée en cas de retard.</p>\n<p style=\"text-align:justify;\">Lisit SAS se réserve la possibilité d’annuler la commande s’il n’est pas en mesure de l’honorer et en informera le client par tout moyen à sa convenance.</p>\n<p style=\"text-align:justify;\">En cas de retard de livraison, le client sera également averti du délai supplémentaire.</p>\n<p style=\"text-align:justify;\">Nous ferons de notre mieux pour faire livrer votre envoi conformément à nos délais habituels de livraison. Néanmoins, si nous n’étions pas en mesure de vous donner satisfaction, nous vous précisons qu’en aucun cas le remboursement du produit ne pourra être exigé à Lisit SAS et que seule la prestation de livraison pourra, sous les réserves émises aux paragraphes 6.3 et 6.4, faire l’objet d’un remboursement.</p>\n<p style=\"text-align:justify;\">En cas de non respect de nos engagements et quelle qu’en soit la cause, Lisit SAS ne sera tenu qu’au seul remboursement de la prestation de livraison sous les réserves énoncées ci-dessus (Retard de Livraison) et en aucun cas des dommages indirects que le client viendrait à invoquer. Ces dommages indirects et pertes s’entendent notamment par toute perte de revenus, de bénéfices, d’intérêts ou de marchés et toute perte liée à l’impossibilité d’utiliser tout ou une partie de l’envoi.</p>\n<p style=\"text-align:justify;\"><strong><em>3/ Conséquences du transfert de risques<br /></em></strong></p>\n<p style=\"text-align:justify;\">Le contenu de la commande voyage aux risques du client. En aucun cas, Lisit SAS ne saurait être tenu responsable des dégradations de qualité des articles et de leurs emballages occasionnées durant le temps de transport.</p>\n<p style=\"text-align:justify;\">Si le colis est parvenu chez le client en mauvais état ou endommagé, celui-ci doit refuser le colis. Le transporteur se chargera d’informer Lisit SAS. A réception de cette information, Lisit SAS s’engage à rembourser le client du montant forfaitaire prévu par le transporteur ou du montant total de l’article si une assurance sur la valeur a préalablement été souscrite.</p>\n<p style=\"text-align:justify;\">Si le colis n’a pas été refusé, il est nécessaire d’apporter les réserves d’usage auprès de la société de distribution. Nous serons alors en mesure de réaliser un recours pour protéger nos intérêts mutuels.</p>\n<p style=\"text-align:justify;\">Si le client a accepté le colis sans réserves, en aucun cas il ne pourra exiger le remboursement du prix du produit endommagé ni du forfait de livraison.</p>','aeu-legal-shipping-and-payment'),(8,2,2,'Legal Shipping and Payment','','','<p>Le contenu de la commande est celui spécifié dans l’acceptation de commande.</p>\n<p style=\"text-align:justify;\">L’acceptation de la commande (produit et prix) par notre société entraîne formation de la vente et donc réservation du contenu de la commande.</p>\n<ul style=\"text-align:justify;\"><li>Transfert de risques: il est effectif dès réception du paiement par Lisit SAS (validation du paiement à distance par notre banque, confirmation du transfert Paypal, réception du virement bancaire ou encaissement du chèque). Lisit SAS propose une assurance prise par ses soins concernant les risques liés au transport.</li>\n<li>Transfert de propriété: il est effectif après paiement et à l’issue du délai de rétraction mentionné à l’article 6.</li>\n</ul><p style=\"text-align:justify;\">Les ouvrages ou œuvres mis en vente sur le site <a href=\"http://www.elandarts.com/\">www.litho.online</a> sont en grande majorité des ‘Pièces uniques’ ou à tirage limité. Nous accordons une attention toute particulière à ne mettre en vente que des articles disponibles.</p>\n<p style=\"text-align:justify;\">Si toutefois, une commande était passée pour un article devenu indisponible, la vente ne saurait être formée. Au cas où le paiement serait effectif, nous rembourserons intégralement le montant payé.</p>\n<p style=\"text-align:justify;\"></p>\n<p style=\"text-align:justify;\"><strong>FACTURATION, PAIEMENT</strong></p>\n<p style=\"text-align:justify;\">Le paiement de vos achats pourra s’effectuer soit :</p>\n<p style=\"text-align:justify;\">par Carte Bancaire via le système PAYPAL.<br /> Ce système accepte les cartes bancaires portant les sigles “CB”, “Visa”, “Eurocard Mastercard”.</p>\n<p style=\"text-align:justify;\">par <strong>virement</strong>,</p>\n<p style=\"text-align:justify;\">sur le Compte bancaire ci-dessous</p>\n<p style=\"text-align:justify;\"><span style=\"color:#d0121a;\">IBAN : FR76 3006 6102 2100 0201 3830 105</span><br /><span style=\"color:#d0121a;\"> Code BIC : CMCIFRPP</span></p>\n<p style=\"text-align:justify;\">La facture des produits sera adressée avec chaque commande. Le client garantit Lisit SAS qu’il dispose des autorisations éventuellement nécessaires pour utiliser le mode de paiement choisi par lui, lors de la validation du bon de commande.</p>\n<p style=\"text-align:justify;\"></p>\n<p style=\"text-align:justify;\"><strong>LIVRAISON</strong></p>\n<p style=\"text-align:justify;\"><strong><em>1/ Conditions</em></strong></p>\n<p style=\"text-align:justify;\">La commande est expédiée dès réception du règlement sur notre compte société Lisit SAS.<br /> Les articles commandés sont livrés à l’adresse indiquée par le client.</p>\n<p style=\"text-align:justify;\">Si l’adresse de livraison s’avère incorrecte et oblige notre société à retourner la commande dans ses entrepôts, www.litho.online pourra facturer au client les coûts administratifs et de transport associés au retour des commandes. Dans ce cas, le point de départ du nouveau délai de livraison sera lié à la réception par www.litho.online des nouveaux éléments d’information concernant la nouvelle adresse.</p>\n<p style=\"text-align:justify;\">Le colis sera acheminé jusqu’au client par l’intermédiaire de notre transporteur habituel ou par le transporteur indiqué par le client, s’il en a préalablement émis le souhait.</p>\n<p style=\"text-align:justify;\">Il appartient au client de vérifier l’état de l’emballage ainsi que le contenu du ou des colis à la livraison.</p>\n<p style=\"text-align:justify;\">Dans tous les cas, les produits voyagent aux risques et périls du client (§ 5). Il appartient à ce dernier de vérifier le contenu du colis au moment de la livraison et de formuler les réserves d’usage sur le bordereau de livraison et, le cas échéant au transporteur par lettre recommandée dans les 3 jours suivant la réception du produit.</p>\n<p style=\"text-align:justify;\"><strong><em>2 / Délais</em></strong></p>\n<p style=\"text-align:justify;\">Les délais de livraison moyens en France métropolitaine sont en général de 7 jours à compter de la date d’expédition par Lisit SAS, mais il ne constitue pas un délai légal de rigueur et la responsabilité de Lisit SAS ne pourra pas être engagée en cas de retard.</p>\n<p style=\"text-align:justify;\">Lisit SAS se réserve la possibilité d’annuler la commande s’il n’est pas en mesure de l’honorer et en informera le client par tout moyen à sa convenance.</p>\n<p style=\"text-align:justify;\">En cas de retard de livraison, le client sera également averti du délai supplémentaire.</p>\n<p style=\"text-align:justify;\">Nous ferons de notre mieux pour faire livrer votre envoi conformément à nos délais habituels de livraison. Néanmoins, si nous n’étions pas en mesure de vous donner satisfaction, nous vous précisons qu’en aucun cas le remboursement du produit ne pourra être exigé à Lisit SAS et que seule la prestation de livraison pourra, sous les réserves émises aux paragraphes 6.3 et 6.4, faire l’objet d’un remboursement.</p>\n<p style=\"text-align:justify;\">En cas de non respect de nos engagements et quelle qu’en soit la cause, Lisit SAS ne sera tenu qu’au seul remboursement de la prestation de livraison sous les réserves énoncées ci-dessus (Retard de Livraison) et en aucun cas des dommages indirects que le client viendrait à invoquer. Ces dommages indirects et pertes s’entendent notamment par toute perte de revenus, de bénéfices, d’intérêts ou de marchés et toute perte liée à l’impossibilité d’utiliser tout ou une partie de l’envoi.</p>\n<p style=\"text-align:justify;\"><strong><em>3/ Conséquences du transfert de risques<br /></em></strong></p>\n<p style=\"text-align:justify;\">Le contenu de la commande voyage aux risques du client. En aucun cas, Lisit SAS ne saurait être tenu responsable des dégradations de qualité des articles et de leurs emballages occasionnées durant le temps de transport.</p>\n<p style=\"text-align:justify;\">Si le colis est parvenu chez le client en mauvais état ou endommagé, celui-ci doit refuser le colis. Le transporteur se chargera d’informer Lisit SAS. A réception de cette information, Lisit SAS s’engage à rembourser le client du montant forfaitaire prévu par le transporteur ou du montant total de l’article si une assurance sur la valeur a prélablement été souscrite.</p>\n<p style=\"text-align:justify;\">Si le colis n’a pas été refusé, il est nécessaire d’apporter les réserves d’usage auprès de la société de distribution. Nous serons alors en mesure de réaliser un recours pour protéger nos intérêts mutuels.</p>\n<p style=\"text-align:justify;\">Si le client a accepté le colis sans réserves, en aucun cas il ne pourra exiger le remboursement du prix du produit endommagé ni du forfait de livraison.</p>','aeu-legal-shipping-and-payment'),(8,1,4,'Livraison et paiement','','','<p style=\"text-align:justify;\"><strong></strong>Le contenu de la commande est celui spécifié dans l’acceptation de commande.</p>\n<p style=\"text-align:justify;\">L’acceptation de la commande (produit et prix) par notre société entraîne formation de la vente et donc réservation du contenu de la commande.</p>\n<ul style=\"text-align:justify;\"><li>Transfert de risques: il est effectif dès réception du paiement par Lisit SAS (validation du paiement à distance par notre banque, confirmation du transfert Paypal). Lisit SAS propose une assurance prise par ses soins concernant les risques liés au transport.</li>\n<li>Transfert de propriété: il est effectif après paiement et à l’issue du délai de rétraction mentionné à l’article 6 des CGV</li>\n</ul><p style=\"text-align:justify;\">Les ouvrages ou œuvres mis en vente sur le site <a href=\"http://www.elandarts.com/\">www.litho.online</a> sont en grande majorité des ‘éditions d\'art\"  à tirage limité. Nous accordons une attention toute particulière à ne mettre en vente que des articles disponibles.</p>\n<p style=\"text-align:justify;\">Si toutefois, une commande était passée pour un article devenu indisponible, la vente ne saurait être formée. Au cas où le paiement serait effectif, nous rembourserons intégralement le montant payé.</p>\n<p style=\"text-align:justify;\"></p>\n<p style=\"text-align:justify;\"><strong>FACTURATION, PAIEMENT</strong></p>\n<p style=\"text-align:justify;\">Le paiement de vos achats pourra s’effectuer soit :</p>\n<p style=\"text-align:justify;\">par Carte Bancaire ou via le système PAYPAL.<br /> Ce système accepte les cartes bancaires portant les sigles “CB”, “Visa”, “Eurocard Mastercard” \"American Express\"</p>\n<p style=\"text-align:justify;\">La facture des produits sera adressée avec chaque commande. Le client garantit Lisit SAS qu’il dispose des autorisations éventuellement nécessaires pour utiliser le mode de paiement choisi par lui, lors de la validation du bon de commande.</p>\n<p style=\"text-align:justify;\"></p>\n<p style=\"text-align:justify;\"><strong>LIVRAISON</strong></p>\n<p style=\"text-align:justify;\"><strong><em>1/ Conditions</em></strong></p>\n<p style=\"text-align:justify;\">La commande est expédiée dès réception du règlement sur notre compte société Lisit SAS.<br /> Les articles commandés sont livrés à l’adresse indiquée par le client.</p>\n<p style=\"text-align:justify;\">Si l’adresse de livraison s’avère incorrecte et oblige notre société à retourner la commande dans ses entrepôts, www.litho.online pourra facturer au client les coûts administratifs et de transport associés au retour des commandes. Dans ce cas, le point de départ du nouveau délai de livraison sera lié à la réception par www.litho.online des nouveaux éléments d’information concernant la nouvelle adresse.</p>\n<p style=\"text-align:justify;\">Le colis sera acheminé jusqu’au client par l’intermédiaire de notre transporteur habituel ou par le transporteur indiqué par le client, s’il en a préalablement émis le souhait.</p>\n<p style=\"text-align:justify;\">Il appartient au client de vérifier l’état de l’emballage ainsi que le contenu du ou des colis à la livraison.</p>\n<p style=\"text-align:justify;\">Dans tous les cas, les produits voyagent aux risques et périls du client (§ 5). Il appartient à ce dernier de vérifier le contenu du colis au moment de la livraison et de formuler les réserves d’usage sur le bordereau de livraison et, le cas échéant au transporteur par lettre recommandée dans les 3 jours suivant la réception du produit.</p>\n<p style=\"text-align:justify;\"><strong><em>2 / Délais</em></strong></p>\n<p style=\"text-align:justify;\">Les délais de livraison moyens en France métropolitaine sont en général de 7 jours à compter de la date d’expédition par Lisit SAS, mais il ne constitue pas un délai légal de rigueur et la responsabilité de Lisit SAS ne pourra pas être engagée en cas de retard.</p>\n<p style=\"text-align:justify;\">Lisit SAS se réserve la possibilité d’annuler la commande s’il n’est pas en mesure de l’honorer et en informera le client par tout moyen à sa convenance.</p>\n<p style=\"text-align:justify;\">En cas de retard de livraison, le client sera également averti du délai supplémentaire.</p>\n<p style=\"text-align:justify;\">Nous ferons de notre mieux pour faire livrer votre envoi conformément à nos délais habituels de livraison. Néanmoins, si nous n’étions pas en mesure de vous donner satisfaction, nous vous précisons qu’en aucun cas le remboursement du produit ne pourra être exigé à Lisit SAS et que seule la prestation de livraison pourra, sous les réserves émises aux paragraphes 6.3 et 6.4, faire l’objet d’un remboursement.</p>\n<p style=\"text-align:justify;\">En cas de non respect de nos engagements et quelle qu’en soit la cause, Lisit SAS ne sera tenu qu’au seul remboursement de la prestation de livraison sous les réserves énoncées ci-dessus (Retard de Livraison) et en aucun cas des dommages indirects que le client viendrait à invoquer. Ces dommages indirects et pertes s’entendent notamment par toute perte de revenus, de bénéfices, d’intérêts ou de marchés et toute perte liée à l’impossibilité d’utiliser tout ou une partie de l’envoi.</p>\n<p style=\"text-align:justify;\"><strong><em>3/ Conséquences du transfert de risques<br /></em></strong></p>\n<p style=\"text-align:justify;\">Le contenu de la commande voyage aux risques du client. En aucun cas, Lisit SAS ne saurait être tenu responsable des dégradations de qualité des articles et de leurs emballages occasionnées durant le temps de transport.</p>\n<p style=\"text-align:justify;\">Si le colis est parvenu chez le client en mauvais état ou endommagé, celui-ci doit refuser le colis. Le transporteur se chargera d’informer Lisit SAS. A réception de cette information, Lisit SAS s’engage à rembourser le client du montant forfaitaire prévu par le transporteur ou du montant total de l’article si une assurance sur la valeur a préalablement été souscrite.</p>\n<p style=\"text-align:justify;\">Si le colis n’a pas été refusé, il est nécessaire d’apporter les réserves d’usage auprès de la société de distribution. Nous serons alors en mesure de réaliser un recours pour protéger nos intérêts mutuels.</p>\n<p style=\"text-align:justify;\">Si le client a accepté le colis sans réserves, en aucun cas il ne pourra exiger le remboursement du prix du produit endommagé ni du forfait de livraison.</p>','aeu-legal-shipping-and-payment'),(8,2,4,'Legal Shipping and Payment','','','<p><span id=\"result_box\" lang=\"en\" xml:lang=\"en\"><span title=\"Le contenu de la commande est celui spécifié dans l’acceptation de commande.\">The content of the order is the one specified in the order acceptance.<br /><br /></span><span title=\"L’acceptation de la commande (produit et prix) par notre société entraîne formation de la vente et donc réservation du contenu de la commande.      \">The acceptance of the order (product and price) by our company leads training of the sale and thus reservation of the contents of the order.<br /><br />    </span><span title=\"Transfert de risques: il est effectif dès réception du paiement par Lisit SAS (validation du paiement à distance par notre banque, confirmation du transfert Paypal).\">Risk transfer: it is effective upon receipt of payment by Lisit SAS (validation of remote payment by our bank, confirmation of transfer Paypal). </span><span title=\"Lisit SAS propose une assurance prise par ses soins concernant les risques liés au transport.     \">Lisit SAS offers insurance taken by it concerning the risks related to transport.<br />    </span><span title=\"Transfert de propriété: il est effectif après paiement et à l’issue du délai de rétraction mentionné à l’article 6 des CGV\">Transfer of ownership: it is effective after payment and at the end of the withdrawal period mentioned in Article 6 of the GSC<br /><br /></span><span title=\"Les ouvrages ou œuvres mis en vente sur le site www.litho.online sont en grande majorité des ‘éditions d\'art&quot;  à tirage limité. Nous accordons une attention toute particulière à ne mettre en vente que des articles disponibles.\">The works or works sold on the www.litho.online website are for the most part limited edition \'editions d\'art\' and we pay particular attention to selling only available articles.<br /><br /></span><span title=\"Si toutefois, une commande était passée pour un article devenu indisponible, la vente ne saurait être formée.\">If, however, an order is placed for an item that has become unavailable, the sale can not be made. </span><span title=\"Au cas où le paiement serait effectif, nous rembourserons intégralement le montant payé.\">In case the payment is effective, we will fully refund the amount paid.<br /><br /><br /></span><span title=\"FACTURATION, PAIEMENT\">INVOICING, PAYMENT<br /><br /></span><span title=\"Le paiement de vos achats pourra s’effectuer soit :\">The payment of your purchases can be carried out either:<br /><br /></span><span title=\"par Carte Bancaire ou via le système PAYPAL.\">by Credit Card or via the PAYPAL system.<br /></span><span title=\"Ce système accepte les cartes bancaires portant les sigles “CB”, “Visa”, “Eurocard Mastercard” &quot;American Express&quot;\">This system accepts credit cards bearing the initials \"CB\", \"Visa\", \"Eurocard Mastercard\" \"American Express\"<br /><br /></span><span title=\"La facture des produits sera adressée avec chaque commande.\">The invoice of the products will be sent with each order. </span><span title=\"Le client garantit Lisit SAS qu’il dispose des autorisations éventuellement nécessaires pour utiliser le mode de paiement choisi par lui, lors de la validation du bon de commande.\">The customer guarantees Lisit SAS that he has the necessary authorizations to use the method of payment chosen by him, during the validation of the purchase order.<br /><br /><br /></span><span title=\"LIVRAISON\">DELIVERY<br /><br /></span><span title=\"1/ Conditions\">1 / Conditions<br /><br /></span><span title=\"La commande est expédiée dès réception du règlement sur notre compte société Lisit SAS.\">The order is shipped upon receipt of payment on our Lisit SAS company account.<br /></span><span title=\"Les articles commandés sont livrés à l’adresse indiquée par le client.\">The ordered items are delivered to the address indicated by the customer.<br /><br /></span><span title=\"Si l’adresse de livraison s’avère incorrecte et oblige notre société à retourner la commande dans ses entrepôts, www.litho.online pourra facturer au client les coûts administratifs et de transport associés au retour des commandes.\">If the delivery address proves to be incorrect and forces our company to return the order to its warehouses, www.litho.online will be able to invoice the customer for the administrative and transport costs associated with returning orders. </span><span title=\"Dans ce cas, le point de départ du nouveau délai de livraison sera lié à la réception par www.litho.online des nouveaux éléments d’information concernant la nouvelle adresse.\">In this case, the starting point of the new delivery period will be linked to the receipt by www.litho.online of new information concerning the new address.<br /><br /></span><span title=\"Le colis sera acheminé jusqu’au client par l’intermédiaire de notre transporteur habituel ou par le transporteur indiqué par le client, s’il en a préalablement émis le souhait.\">The parcel will be forwarded to the customer through our usual carrier or by the carrier indicated by the customer, if he has previously expressed the wish.<br /><br /></span><span title=\"Il appartient au client de vérifier l’état de l’emballage ainsi que le contenu du ou des colis à la livraison.\">It is the customer\'s responsibility to check the condition of the packaging and the contents of the package (s) upon delivery.<br /><br /></span><span title=\"Dans tous les cas, les produits voyagent aux risques et périls du client (§ 5).\">In all cases, the products travel at the risk and peril of the customer (§ 5). </span><span title=\"Il appartient à ce dernier de vérifier le contenu du colis au moment de la livraison et de formuler les réserves d’usage sur le bordereau de livraison et, le cas échéant au transporteur par lettre recommandée dans les 3 jours suivant la réception du produit.\">It is up to the latter to check the contents of the package at the time of delivery and to formulate the usual reservations on the delivery note and, where applicable, the carrier by registered letter within 3 days of receipt of the product.<br /><br /></span><span title=\"2 / Délais\">2 / Deadlines<br /><br /></span><span title=\"Les délais de livraison moyens en France métropolitaine sont en général de 7 jours à compter de la date d\'expédition par Lisit SAS, mais il ne constitue pas un délai légal de rigueur et la responsabilité de Lisit SAS ne pourra pas être engagée en cas de\">The average delivery times in mainland France are generally 7 days from the date of shipment by Lisit SAS, but it does not constitute a legal deadline of rigor and the responsibility of Lisit SAS can not be engaged in case of </span><span title=\"retard.\">delay.<br /><br /></span><span title=\"Lisit SAS se réserve la possibilité d’annuler la commande s’il n’est pas en mesure de l’honorer et en informera le client par tout moyen à sa convenance.\">Lisit SAS reserves the right to cancel the order if it is unable to honor it and will inform the customer by any means at its convenience.<br /><br /></span><span title=\"En cas de retard de livraison, le client sera également averti du délai supplémentaire.\">In case of late delivery, the customer will also be notified of the additional delay.<br /><br /></span><span title=\"Nous ferons de notre mieux pour faire livrer votre envoi conformément à nos délais habituels de livraison.\">We will do our best to have your shipment delivered in accordance with our usual delivery times. </span><span title=\"Néanmoins, si nous n\'étions pas en mesure de vous donner satisfaction, nous vous précisons qu\'en aucun cas le remboursement du produit ne pourra être exigé à Lisit SAS et que seule la prestation de livraison pourra, sous les réserves émises aux paragraphes 6.3\">Nevertheless, if we were not able to give you satisfaction, we specify to you that in no case the refund of the product will be able to be demanded to Lisit SAS and that only the delivery service will be able, under the reservations emitted with the paragraphs 6.3 </span><span title=\"et 6.4, faire l\'objet d\'un remboursement.\">and 6.4, be reimbursed.<br /><br /></span><span title=\"En cas de non respect de nos engagements et quelle qu\'en soit la cause, Lisit SAS ne sera tenu qu\'au seul remboursement de la prestation de livraison sous les réserves énoncées ci-dessus (Retard de Livraison) et en aucun cas des dommages\">In case of non-compliance with our commitments and whatever the cause, Lisit SAS will be held only to the reimbursement of the delivery service subject to the reservations set out above (Delayed Delivery) and in no event damages </span><span title=\"indirects que le client viendrait à invoquer.\">which the customer would come to rely on. </span><span title=\"Ces dommages indirects et pertes s’entendent notamment par toute perte de revenus, de bénéfices, d’intérêts ou de marchés et toute perte liée à l’impossibilité d’utiliser tout ou une partie de l’envoi.\">These indirect damages and losses include any loss of income, profits, interest or markets and any loss related to the inability to use all or part of the shipment.<br /></span></span></p>\n<p><span lang=\"en\" xml:lang=\"en\"><span title=\"Ces dommages indirects et pertes s’entendent notamment par toute perte de revenus, de bénéfices, d’intérêts ou de marchés et toute perte liée à l’impossibilité d’utiliser tout ou une partie de l’envoi.\"><span lang=\"en\" xml:lang=\"en\"><span title=\"3/ Conséquences du transfert de risques\">3 / Consequences of the transfer of risks<br /><br /></span><span title=\"Le contenu de la commande voyage aux risques du client.\">The content of the order travels at the customer\'s risk. </span><span title=\"En aucun cas, Lisit SAS ne saurait être tenu responsable des dégradations de qualité des articles et de leurs emballages occasionnées durant le temps de transport.\">In any case, Lisit SAS can not be held responsible for the deterioration of the quality of the articles and their packaging caused during the transport time.<br /><br /></span><span title=\"Si le colis est parvenu chez le client en mauvais état ou endommagé, celui-ci doit refuser le colis.\">If the parcel arrived at the customer in bad condition or damaged, it must refuse the parcel. </span><span title=\"Le transporteur se chargera d’informer Lisit SAS.\">The carrier will be responsible for informing Lisit SAS. </span><span title=\"A réception de cette information, Lisit SAS s’engage à rembourser le client du montant forfaitaire prévu par le transporteur ou du montant total de l’article si une assurance sur la valeur a préalablement été souscrite.\">Upon receipt of this information, Lisit SAS agrees to refund the customer the lump sum provided by the carrier or the total amount of the article if insurance on the value has been previously subscribed.<br /><br /></span><span title=\"Si le colis n’a pas été refusé, il est nécessaire d’apporter les réserves d’usage auprès de la société de distribution.\">If the package has not been refused, it is necessary to bring the usual reserves to the distribution company. </span><span title=\"Nous serons alors en mesure de réaliser un recours pour protéger nos intérêts mutuels.\">We will then be able to make a recourse to protect our mutual interests.<br /><br /></span><span title=\"Si le client a accepté le colis sans réserves, en aucun cas il ne pourra exiger le remboursement du prix du produit endommagé ni du forfait de livraison.\">If the customer has accepted the package without reservations, under no circumstances will he be able to demand the refund of the price of the damaged product or the delivery package.</span></span></span></span></p>\n<p><span lang=\"en\" xml:lang=\"en\"><span title=\"Ces dommages indirects et pertes s’entendent notamment par toute perte de revenus, de bénéfices, d’intérêts ou de marchés et toute perte liée à l’impossibilité d’utiliser tout ou une partie de l’envoi.\"></span></span></p>','aeu-legal-shipping-and-payment'),(8,1,5,'Livraison et paiement','','','<p style=\"text-align:justify;\"><strong></strong>Le contenu de la commande est celui spécifié dans l’acceptation de commande.</p>\n<p style=\"text-align:justify;\">L’acceptation de la commande (produit et prix) par notre société entraîne formation de la vente et donc réservation du contenu de la commande.</p>\n<ul style=\"text-align:justify;\"><li>Transfert de risques: il est effectif dès réception du paiement par Lisit SAS (validation du paiement à distance par notre banque, confirmation du transfert Paypal, réception du virement bancaire ou encaissement du chèque). Lisit SAS propose une assurance prise par ses soins concernant les risques liés au transport.</li>\n<li>Transfert de propriété: il est effectif après paiement et à l’issue du délai de rétraction mentionné à l’article 6.</li>\n</ul><p style=\"text-align:justify;\">Les ouvrages ou œuvres mis en vente sur le site <a href=\"http://www.elandarts.com/\">www.litho.online</a> sont en grande majorité des ‘Pièces uniques’ ou à tirage limité. Nous accordons une attention toute particulière à ne mettre en vente que des articles disponibles.</p>\n<p style=\"text-align:justify;\">Si toutefois, une commande était passée pour un article devenu indisponible, la vente ne saurait être formée. Au cas où le paiement serait effectif, nous rembourserons intégralement le montant payé.</p>\n<p style=\"text-align:justify;\"></p>\n<p style=\"text-align:justify;\"><strong>FACTURATION, PAIEMENT</strong></p>\n<p style=\"text-align:justify;\">Le paiement de vos achats pourra s’effectuer soit :</p>\n<p style=\"text-align:justify;\">par Carte Bancaire via le système PAYPAL.<br /> Ce système accepte les cartes bancaires portant les sigles “CB”, “Visa”, “Eurocard Mastercard”.</p>\n<p style=\"text-align:justify;\">par <strong>virement</strong>,</p>\n<p style=\"text-align:justify;\">sur le Compte bancaire ci-dessous</p>\n<p style=\"text-align:justify;\"><span style=\"color:#d0121a;\">IBAN : FR76 3006 6102 2100 0201 3830 105</span><br /><span style=\"color:#d0121a;\"> Code BIC : CMCIFRPP</span></p>\n<p style=\"text-align:justify;\">La facture des produits sera adressée avec chaque commande. Le client garantit Lisit SAS qu’il dispose des autorisations éventuellement nécessaires pour utiliser le mode de paiement choisi par lui, lors de la validation du bon de commande.</p>\n<p style=\"text-align:justify;\"></p>\n<p style=\"text-align:justify;\"><strong>LIVRAISON</strong></p>\n<p style=\"text-align:justify;\"><strong><em>1/ Conditions</em></strong></p>\n<p style=\"text-align:justify;\">La commande est expédiée dès réception du règlement sur notre compte société Lisit SAS.<br /> Les articles commandés sont livrés à l’adresse indiquée par le client.</p>\n<p style=\"text-align:justify;\">Si l’adresse de livraison s’avère incorrecte et oblige notre société à retourner la commande dans ses entrepôts, www.litho.online pourra facturer au client les coûts administratifs et de transport associés au retour des commandes. Dans ce cas, le point de départ du nouveau délai de livraison sera lié à la réception par www.litho.online des nouveaux éléments d’information concernant la nouvelle adresse.</p>\n<p style=\"text-align:justify;\">Le colis sera acheminé jusqu’au client par l’intermédiaire de notre transporteur habituel ou par le transporteur indiqué par le client, s’il en a préalablement émis le souhait.</p>\n<p style=\"text-align:justify;\">Il appartient au client de vérifier l’état de l’emballage ainsi que le contenu du ou des colis à la livraison.</p>\n<p style=\"text-align:justify;\">Dans tous les cas, les produits voyagent aux risques et périls du client (§ 5). Il appartient à ce dernier de vérifier le contenu du colis au moment de la livraison et de formuler les réserves d’usage sur le bordereau de livraison et, le cas échéant au transporteur par lettre recommandée dans les 3 jours suivant la réception du produit.</p>\n<p style=\"text-align:justify;\"><strong><em>2 / Délais</em></strong></p>\n<p style=\"text-align:justify;\">Les délais de livraison moyens en France métropolitaine sont en général de 7 jours à compter de la date d’expédition par Lisit SAS, mais il ne constitue pas un délai légal de rigueur et la responsabilité de Lisit SAS ne pourra pas être engagée en cas de retard.</p>\n<p style=\"text-align:justify;\">Lisit SAS se réserve la possibilité d’annuler la commande s’il n’est pas en mesure de l’honorer et en informera le client par tout moyen à sa convenance.</p>\n<p style=\"text-align:justify;\">En cas de retard de livraison, le client sera également averti du délai supplémentaire.</p>\n<p style=\"text-align:justify;\">Nous ferons de notre mieux pour faire livrer votre envoi conformément à nos délais habituels de livraison. Néanmoins, si nous n’étions pas en mesure de vous donner satisfaction, nous vous précisons qu’en aucun cas le remboursement du produit ne pourra être exigé à Lisit SAS et que seule la prestation de livraison pourra, sous les réserves émises aux paragraphes 6.3 et 6.4, faire l’objet d’un remboursement.</p>\n<p style=\"text-align:justify;\">En cas de non respect de nos engagements et quelle qu’en soit la cause, Lisit SAS ne sera tenu qu’au seul remboursement de la prestation de livraison sous les réserves énoncées ci-dessus (Retard de Livraison) et en aucun cas des dommages indirects que le client viendrait à invoquer. Ces dommages indirects et pertes s’entendent notamment par toute perte de revenus, de bénéfices, d’intérêts ou de marchés et toute perte liée à l’impossibilité d’utiliser tout ou une partie de l’envoi.</p>\n<p style=\"text-align:justify;\"><strong><em>3/ Conséquences du transfert de risques<br /></em></strong></p>\n<p style=\"text-align:justify;\">Le contenu de la commande voyage aux risques du client. En aucun cas, Lisit SAS ne saurait être tenu responsable des dégradations de qualité des articles et de leurs emballages occasionnées durant le temps de transport.</p>\n<p style=\"text-align:justify;\">Si le colis est parvenu chez le client en mauvais état ou endommagé, celui-ci doit refuser le colis. Le transporteur se chargera d’informer Lisit SAS. A réception de cette information, Lisit SAS s’engage à rembourser le client du montant forfaitaire prévu par le transporteur ou du montant total de l’article si une assurance sur la valeur a préalablement été souscrite.</p>\n<p style=\"text-align:justify;\">Si le colis n’a pas été refusé, il est nécessaire d’apporter les réserves d’usage auprès de la société de distribution. Nous serons alors en mesure de réaliser un recours pour protéger nos intérêts mutuels.</p>\n<p style=\"text-align:justify;\">Si le client a accepté le colis sans réserves, en aucun cas il ne pourra exiger le remboursement du prix du produit endommagé ni du forfait de livraison.</p>','aeu-legal-shipping-and-payment'),(8,2,5,'Legal Shipping and Payment','','','<p>Le contenu de la commande est celui spécifié dans l’acceptation de commande.</p>\n<p style=\"text-align:justify;\">L’acceptation de la commande (produit et prix) par notre société entraîne formation de la vente et donc réservation du contenu de la commande.</p>\n<ul style=\"text-align:justify;\"><li>Transfert de risques: il est effectif dès réception du paiement par Lisit SAS (validation du paiement à distance par notre banque, confirmation du transfert Paypal, réception du virement bancaire ou encaissement du chèque). Lisit SAS propose une assurance prise par ses soins concernant les risques liés au transport.</li>\n<li>Transfert de propriété: il est effectif après paiement et à l’issue du délai de rétraction mentionné à l’article 6.</li>\n</ul><p style=\"text-align:justify;\">Les ouvrages ou œuvres mis en vente sur le site <a href=\"http://www.elandarts.com/\">www.litho.online</a> sont en grande majorité des ‘Pièces uniques’ ou à tirage limité. Nous accordons une attention toute particulière à ne mettre en vente que des articles disponibles.</p>\n<p style=\"text-align:justify;\">Si toutefois, une commande était passée pour un article devenu indisponible, la vente ne saurait être formée. Au cas où le paiement serait effectif, nous rembourserons intégralement le montant payé.</p>\n<p style=\"text-align:justify;\"></p>\n<p style=\"text-align:justify;\"><strong>FACTURATION, PAIEMENT</strong></p>\n<p style=\"text-align:justify;\">Le paiement de vos achats pourra s’effectuer soit :</p>\n<p style=\"text-align:justify;\">par Carte Bancaire via le système PAYPAL.<br /> Ce système accepte les cartes bancaires portant les sigles “CB”, “Visa”, “Eurocard Mastercard”.</p>\n<p style=\"text-align:justify;\">par <strong>virement</strong>,</p>\n<p style=\"text-align:justify;\">sur le Compte bancaire ci-dessous</p>\n<p style=\"text-align:justify;\"><span style=\"color:#d0121a;\">IBAN : FR76 3006 6102 2100 0201 3830 105</span><br /><span style=\"color:#d0121a;\"> Code BIC : CMCIFRPP</span></p>\n<p style=\"text-align:justify;\">La facture des produits sera adressée avec chaque commande. Le client garantit Lisit SAS qu’il dispose des autorisations éventuellement nécessaires pour utiliser le mode de paiement choisi par lui, lors de la validation du bon de commande.</p>\n<p style=\"text-align:justify;\"></p>\n<p style=\"text-align:justify;\"><strong>LIVRAISON</strong></p>\n<p style=\"text-align:justify;\"><strong><em>1/ Conditions</em></strong></p>\n<p style=\"text-align:justify;\">La commande est expédiée dès réception du règlement sur notre compte société Lisit SAS.<br /> Les articles commandés sont livrés à l’adresse indiquée par le client.</p>\n<p style=\"text-align:justify;\">Si l’adresse de livraison s’avère incorrecte et oblige notre société à retourner la commande dans ses entrepôts, www.litho.online pourra facturer au client les coûts administratifs et de transport associés au retour des commandes. Dans ce cas, le point de départ du nouveau délai de livraison sera lié à la réception par www.litho.online des nouveaux éléments d’information concernant la nouvelle adresse.</p>\n<p style=\"text-align:justify;\">Le colis sera acheminé jusqu’au client par l’intermédiaire de notre transporteur habituel ou par le transporteur indiqué par le client, s’il en a préalablement émis le souhait.</p>\n<p style=\"text-align:justify;\">Il appartient au client de vérifier l’état de l’emballage ainsi que le contenu du ou des colis à la livraison.</p>\n<p style=\"text-align:justify;\">Dans tous les cas, les produits voyagent aux risques et périls du client (§ 5). Il appartient à ce dernier de vérifier le contenu du colis au moment de la livraison et de formuler les réserves d’usage sur le bordereau de livraison et, le cas échéant au transporteur par lettre recommandée dans les 3 jours suivant la réception du produit.</p>\n<p style=\"text-align:justify;\"><strong><em>2 / Délais</em></strong></p>\n<p style=\"text-align:justify;\">Les délais de livraison moyens en France métropolitaine sont en général de 7 jours à compter de la date d’expédition par Lisit SAS, mais il ne constitue pas un délai légal de rigueur et la responsabilité de Lisit SAS ne pourra pas être engagée en cas de retard.</p>\n<p style=\"text-align:justify;\">Lisit SAS se réserve la possibilité d’annuler la commande s’il n’est pas en mesure de l’honorer et en informera le client par tout moyen à sa convenance.</p>\n<p style=\"text-align:justify;\">En cas de retard de livraison, le client sera également averti du délai supplémentaire.</p>\n<p style=\"text-align:justify;\">Nous ferons de notre mieux pour faire livrer votre envoi conformément à nos délais habituels de livraison. Néanmoins, si nous n’étions pas en mesure de vous donner satisfaction, nous vous précisons qu’en aucun cas le remboursement du produit ne pourra être exigé à Lisit SAS et que seule la prestation de livraison pourra, sous les réserves émises aux paragraphes 6.3 et 6.4, faire l’objet d’un remboursement.</p>\n<p style=\"text-align:justify;\">En cas de non respect de nos engagements et quelle qu’en soit la cause, Lisit SAS ne sera tenu qu’au seul remboursement de la prestation de livraison sous les réserves énoncées ci-dessus (Retard de Livraison) et en aucun cas des dommages indirects que le client viendrait à invoquer. Ces dommages indirects et pertes s’entendent notamment par toute perte de revenus, de bénéfices, d’intérêts ou de marchés et toute perte liée à l’impossibilité d’utiliser tout ou une partie de l’envoi.</p>\n<p style=\"text-align:justify;\"><strong><em>3/ Conséquences du transfert de risques<br /></em></strong></p>\n<p style=\"text-align:justify;\">Le contenu de la commande voyage aux risques du client. En aucun cas, Lisit SAS ne saurait être tenu responsable des dégradations de qualité des articles et de leurs emballages occasionnées durant le temps de transport.</p>\n<p style=\"text-align:justify;\">Si le colis est parvenu chez le client en mauvais état ou endommagé, celui-ci doit refuser le colis. Le transporteur se chargera d’informer Lisit SAS. A réception de cette information, Lisit SAS s’engage à rembourser le client du montant forfaitaire prévu par le transporteur ou du montant total de l’article si une assurance sur la valeur a prélablement été souscrite.</p>\n<p style=\"text-align:justify;\">Si le colis n’a pas été refusé, il est nécessaire d’apporter les réserves d’usage auprès de la société de distribution. Nous serons alors en mesure de réaliser un recours pour protéger nos intérêts mutuels.</p>\n<p style=\"text-align:justify;\">Si le client a accepté le colis sans réserves, en aucun cas il ne pourra exiger le remboursement du prix du produit endommagé ni du forfait de livraison.</p>','aeu-legal-shipping-and-payment'),(9,1,2,'Respect de l\'environnement','','','Veuillez ajouter votre politique environnementale à ce site.','aeu-legal-environmental-notice'),(9,2,2,'Respect de l\'environnement','','','Veuillez ajouter votre politique environnementale à ce site.','aeu-legal-environmental-notice'),(9,1,4,'Respect de l\'environnement','','','Veuillez ajouter votre politique environnementale à ce site.','aeu-legal-environmental-notice'),(9,2,4,'Respect de l\'environnement','','','Veuillez ajouter votre politique environnementale à ce site.','aeu-legal-environmental-notice'),(9,1,5,'Respect de l\'environnement','','','Veuillez ajouter votre politique environnementale à ce site.','aeu-legal-environmental-notice'),(9,2,5,'Respect de l\'environnement','','','Veuillez ajouter votre politique environnementale à ce site.','aeu-legal-environmental-notice'),(10,1,2,'Conditions générales de Vente','Conditions générales de Vente CGV','','','conditions-generales-de-vente'),(10,2,2,'Conditions générales de Vente','','','','conditions-generales-de-vente'),(10,1,4,'Conditions générales de Vente','Conditions générales de Vente CGV','','<p style=\"text-align:justify;\"><strong>Conditions Gérérales de Vente sur le site www.litho.online</strong></p>\n<p style=\"text-align:justify;\"></p>\n<p style=\"text-align:justify;\"><strong>1/ PREAMBULE </strong>:</p>\n<p style=\"text-align:justify;\">Les présentes dispositions constituent les conditions générales de vente s’appliquant aux commandes passées sur le site internet www.litho.online, le site de vente en ligne de la société Lisit SAS.</p>\n<p style=\"text-align:justify;\"></p>\n<p style=\"text-align:justify;\"><strong>2/APPLICATION DES CONDITIONS GENERALES DE VENTE </strong>:</p>\n<p style=\"text-align:justify;\">Toute commande emporte de plein droit votre adhésion à nos conditions générales de vente. Les parties conviennent que leurs relations seront régies exclusivement par le présent contrat. Aucune condition particulière ne peut, sauf acceptation formelle écrite de notre part, prévaloir contre nos conditions générales de ventes. Toute condition contraire posée par le client nous sera donc inopposable à défaut d’acceptation expresse de notre part. Le fait que nous ne nous prévalions pas, à quelque moment que ce soit, de l’une quelconque des présentes dispositions des conditions générales de vente, ne peut être interprété comme valant renonciation à se prévaloir ultérieurement de l’une quelconque desdites dispositions.</p>\n<p style=\"text-align:justify;\"></p>\n<p style=\"text-align:justify;\"><strong>3/INFORMATIQUE ET LIBERTE ; Conformité RGPD :</strong></p>\n<p style=\"text-align:justify;\">Dans le cadre de la protection des données (RGPD), la page dédiée est disponible : <strong><a href=\"./7-aeu-legal-privacy\" target=\"_blank\">Déclaration de Confidentialité</a></strong></p>\n<p style=\"text-align:justify;\"><span style=\"color:#d0121a;\">le site www.litho.online est en cours d\'enregistrement à la CNIL</span></p>\n<p style=\"text-align:justify;\">Conformément aux dispositions de la Loi n° 78-17 du 6 janvier 1978, le site www.litho.onine a fait l’objet d’une déclaration auprès de la Commission Nationale de l’Informatique et des Libertés. En application de la loi Informatique et Libertés, les informations qui vous sont demandées sont indispensables au traitement de votre commande et sont destinées aux services du site www.litho.online.</p>\n<p style=\"text-align:justify;\">Vous disposez d’un droit d’accès, de modification, de suppression et de rectification relatifs à vos données personnelles auprès de la société gérant le site www.litho.online : Lisit SAS – 6 rue Caulaincourt – 75018 Paris.</p>\n<p style=\"text-align:justify;\">La communication de ces informations pourra également être faite pour satisfaire aux obligations légales et réglementaires.</p>\n<p style=\"text-align:justify;\"></p>\n<p style=\"text-align:justify;\"><strong>4/PRIX</strong></p>\n<p style=\"text-align:justify;\">Les prix facturés sont ceux en vigueur au moment de l’enregistrement de la commande.<br /> Les prix sont indiqués en Euros, toutes taxes comprises hors frais de port.<br /> Ils comprennent notamment la TVA applicable. Les frais de port sont à la charge exclusive du client.</p>\n<p style=\"text-align:justify;\">Pour toute livraison en dehors de la France métropolitaine, les frais de douane et les taxes locales restent à la charge du client.</p>\n<p style=\"text-align:justify;\">Lisit SAS se réserve le droit de modifier ses prix à tout moment.</p>\n<p style=\"text-align:justify;\"></p>\n<p style=\"text-align:justify;\"><strong>5/ PRISE DE COMMANDE</strong></p>\n<p style=\"text-align:justify;\">Le contenu de la commande est celui spécifié dans l’acceptation de commande.</p>\n<p style=\"text-align:justify;\">L’acceptation de la commande (produit et prix) par notre société entraîne formation de la vente et donc réservation du contenu de la commande.</p>\n<ul style=\"text-align:justify;\"><li>Transfert de risques: il est effectif dès réception du paiement par Lisit SAS (validation du paiement à distance par notre banque, confirmation du transfert Paypal, réception du virement bancaire ou encaissement du chèque). Lisit SAS propose une assurance prise par ses soins concernant les risques liés au transport.</li>\n<li>Transfert de propriété: il est effectif après paiement et à l’issue du délai de rétraction mentionné à l’article 6.</li>\n</ul><p style=\"text-align:justify;\">Les ouvrages ou œuvres mis en vente sur le site <a href=\"http://www.elandarts.com/\">www.litho.online</a> sont en grande majorité des ‘Pièces uniques’ ou à tirage limité. Nous accordons une attention toute particulière à ne mettre en vente que des articles disponibles.</p>\n<p style=\"text-align:justify;\">Si toutefois, une commande était passée pour un article devenu indisponible, la vente ne saurait être formée. Au cas où le paiement serait effectif, nous rembourserons intégralement le montant payé.</p>\n<p style=\"text-align:justify;\"></p>\n<p style=\"text-align:justify;\"><strong>6/ FACTURATION, PAIEMENT</strong></p>\n<p style=\"text-align:justify;\">Le paiement de vos achats s’effectue :</p>\n<p style=\"text-align:justify;\">par Carte Bancaire ou via le système PAYPAL<br /> Les cartes bancaires portant les sigles “CB”, “Visa”, “Eurocard Mastercard” \"American Express\" sont acceptées.</p>\n<p style=\"text-align:justify;\">La facture des produits sera adressée avec chaque commande. Le client garantit Lisit SAS qu’il dispose des autorisations éventuellement nécessaires pour utiliser le mode de paiement choisi par lui, lors de la validation du bon de commande.</p>\n<p style=\"text-align:justify;\"></p>\n<p style=\"text-align:justify;\"><strong>7/ SATISFAIT OU REMBOURSE – RETOUR DES OEUVRES</strong></p>\n<p style=\"text-align:justify;\">En application des dispositions de l’article L.121-16 du Code de la Consommation, le client dispose d’un délai de sept jours francs à partir de la livraison de sa commande pour faire retour de l’article livré pour remboursement. <strong>Merci de nous le retourner dans l’état dans lequel vous l’avez reçu, dans son emballage d’origine.</strong> Veuillez nous avertir avant d’effectuer le retour. Le frais de transport du retour à Lisit SAS sont à la charge du client.</p>\n<p style=\"text-align:justify;\">Si le contenu de la commande en retour est dans un état identique à celui de départ initial, Lisit SAS vous adressera dans 1 délai de 1 à 3 semaines à compter du jour de réception du contenu de la commande le remboursement de la valeur de l’objet .</p>\n<p style=\"text-align:justify;\"></p>\n<p style=\"text-align:justify;\"><strong>8/ LIVRAISON</strong></p>\n<p style=\"text-align:justify;\"><strong><em>8-1/ Conditions</em></strong></p>\n<p style=\"text-align:justify;\">La commande est expédiée dès réception du règlement sur notre compte société Lisit SAS.<br /> Les articles commandés sont livrés à l’adresse indiquée par le client.</p>\n<p style=\"text-align:justify;\">Si l’adresse de livraison s’avère incorrecte et oblige notre société à retourner la commande dans ses entrepôts, www.litho.online pourra facturer au client les coûts administratifs et de transport associés au retour des commandes. Dans ce cas, le point de départ du nouveau délai de livraison sera lié à la réception par www.litho.online des nouveaux éléments d’information concernant la nouvelle adresse.</p>\n<p style=\"text-align:justify;\">Le colis sera acheminé jusqu’au client par l’intermédiaire de notre transporteur habituel ou par le transporteur indiqué par le client, s’il en a préalablement émis le souhait.</p>\n<p style=\"text-align:justify;\">Il appartient au client de vérifier l’état de l’emballage ainsi que le contenu du ou des colis à la livraison.</p>\n<p style=\"text-align:justify;\">Dans tous les cas, les produits voyagent aux risques et périls du client (§ 5). Il appartient à ce dernier de vérifier le contenu du colis au moment de la livraison et de formuler les réserves d’usage sur le bordereau de livraison et, le cas échéant au transporteur par lettre recommandée dans les 3 jours suivant la réception du produit.</p>\n<p style=\"text-align:justify;\"><strong><em>8-2 / Délais</em></strong></p>\n<p style=\"text-align:justify;\">Les délais de livraison moyens en France métropolitaine sont en général de 7 jours à compter de la date d’expédition par Lisit SAS, mais il ne constitue pas un délai légal de rigueur et la responsabilité de Lisit SAS ne pourra pas être engagée en cas de retard.</p>\n<p style=\"text-align:justify;\">Lisit SAS se réserve la possibilité d’annuler la commande s’il n’est pas en mesure de l’honorer et en informera le client par tout moyen à sa convenance.</p>\n<p style=\"text-align:justify;\">En cas de retard de livraison, le client sera également averti du délai supplémentaire.</p>\n<p style=\"text-align:justify;\">Nous ferons de notre mieux pour faire livrer votre envoi conformément à nos délais habituels de livraison. Néanmoins, si nous n’étions pas en mesure de vous donner satisfaction, nous vous précisons qu’en aucun cas le remboursement du produit ne pourra être exigé à Lisit SAS et que seule la prestation de livraison pourra, sous les réserves émises aux paragraphes 6.3 et 6.4, faire l’objet d’un remboursement.</p>\n<p style=\"text-align:justify;\">En cas de non respect de nos engagements et quelle qu’en soit la cause, Lisit SAS ne sera tenu qu’au seul remboursement de la prestation de livraison sous les réserves énoncées ci-dessus (Retard de Livraison) et en aucun cas des dommages indirects que le client viendrait à invoquer. Ces dommages indirects et pertes s’entendent notamment par toute perte de revenus, de bénéfices, d’intérêts ou de marchés et toute perte liée à l’impossibilité d’utiliser tout ou une partie de l’envoi.</p>\n<p style=\"text-align:justify;\"><strong><em>8-3/ Conséquences du transfert de risques (§5)</em></strong></p>\n<p style=\"text-align:justify;\">Le contenu de la commande voyage aux risques du client. En aucun cas, Lisit SAS ne saurait être tenu responsable des dégradations de qualité des articles et de leurs emballages occasionnées durant le temps de transport.</p>\n<p style=\"text-align:justify;\">Si le colis est parvenu chez le client en mauvais état ou endommagé, celui-ci doit refuser le colis. Le transporteur se chargera d’informer Lisit SAS. A réception de cette information, Lisit SAS s’engage à rembourser le client du montant forfaitaire prévu par le transporteur ou du montant total de l’article si une assurance sur la valeur a prélablement été souscrite.</p>\n<p style=\"text-align:justify;\">Si le colis n’a pas été refusé, il est nécessaire d’apporter les réserves d’usage auprès de la société de distribution. Nous serons alors en mesure de réaliser un recours pour protéger nos intérêts mutuels.</p>\n<p style=\"text-align:justify;\">Si le client a accepté le colis sans réserves, en aucun cas il ne pourra exiger le remboursement du prix du produit endommagé ni du forfait de livraison.</p>\n<p style=\"text-align:justify;\"></p>\n<p style=\"text-align:justify;\"><strong>9/ RESPONSABILITE</strong><br /> La responsabilité de Lisit SAS ne saurait être engagée en cas d’inexécution du contrat, en cas de rupture de stock ou d’indisponibilité du produit, de force majeure et, notamment en cas de grève totale ou partielle, inondation, incendie ou autres catastrophes naturelles et d’une manière générale tous événements ne permettant pas la bonne exécution de la commande.</p>\n<p style=\"text-align:justify;\"></p>\n<p style=\"text-align:justify;\"><strong>10/ PREUVE</strong></p>\n<p style=\"text-align:justify;\">Les registres informatisés, conservés dans les systèmes informatiques de Lisit SAS dans des conditions raisonnables de sécurité, seront considérés comme des preuves des communications, des commandes et des paiements intervenus entre les parties.</p>\n<p style=\"text-align:justify;\"></p>\n<p style=\"text-align:justify;\"><strong>11/ REGLEMENT DES LITIGES</strong></p>\n<p style=\"text-align:justify;\">Ces conditions générales de vente sont régies par la loi française aussi bien pour les règles de fonds que pour les règles de forme.</p>\n<p style=\"text-align:justify;\">Notre Service clientèle est à votre disposition pour le règlement de tout litige et à défaut d’une solution amiable, seuls seront compétents les Tribunaux du siège social de Lisit SAS.</p>\n<p style=\"text-align:justify;\"></p>\n<p style=\"text-align:justify;\"><strong>12/ ATTRIBUTION DE JURIDICTION</strong></p>\n<p style=\"text-align:justify;\">Toutes les dispositions contractuelles définies ci-dessus sont régies par la loi française. Le tribunal du siège social de Lisit SAS est seul compétent pour tout litige provenant de l’application des présentes conditions générales de vente. Les divers modes d’expédition ou de paiement, nos dispositions ou acceptations de règlement, ainsi que le lieu de livraison, ne peuvent opérer ni novation ni dérogation à cette clause attributive de juridiction.</p>\n<p style=\"text-align:justify;\"></p>\n<p style=\"text-align:center;\"><a href=\"http://www.elandarts.com/\">www.litho.online </a>est un site de la société Lisit SAS :</p>\n<p style=\"text-align:center;\">Siège social : 6 rue Caulaincourt – 75018 Paris - France<br /> tel : +33 (0)7 81 61 21 57</p>\n<p style=\"text-align:center;\">SAS au capital de 784 000 euros<br /> RCS Paris 512 848 573</p>\n<p style=\"text-align:justify;\"></p>','conditions-generales-de-vente'),(10,2,4,'Global Terms of sale','','','<p><span id=\"result_box\" xml:lang=\"en\" lang=\"en\"><span title=\"Conditions Gérérales de Vente sur le site www.litho.online\">Terms and Conditions of Sale on the website www.litho.online<br /><br /><br /></span><span title=\"1/ PREAMBULE :\">1. PREAMBLE :<br /><br /></span><span title=\"Les présentes dispositions constituent les conditions générales de vente s’appliquant aux commandes passées sur le site internet www.litho.online, le site de vente en ligne de la société Lisit SAS.\">These provisions constitute the general conditions of sale applicable to orders placed on the website www.litho.online, the online sales site of Lisit SAS.<br /><br /><br /></span><span title=\"2/APPLICATION DES CONDITIONS GENERALES DE VENTE :\">2 / APPLICATION OF THE GENERAL CONDITIONS OF SALE:<br /><br /></span><span title=\"Toute commande emporte de plein droit votre adhésion à nos conditions générales de vente.\">Any order automatically implies your acceptance of our general conditions of sale. </span><span title=\"Les parties conviennent que leurs relations seront régies exclusivement par le présent contrat.\">The parties agree that their relationship will be governed exclusively by this contract. </span><span title=\"Aucune condition particulière ne peut, sauf acceptation formelle écrite de notre part, prévaloir contre nos conditions générales de ventes.\">No special condition may, except in the case of a formal written acceptance by us, prevail against our general terms and conditions of sale. </span><span title=\"Toute condition contraire posée par le client nous sera donc inopposable à défaut d’acceptation expresse de notre part.\">Any contrary condition posed by the customer will be unenforceable unless expressly agreed to by us. </span><span title=\"Le fait que nous ne nous prévalions pas, à quelque moment que ce soit, de l’une quelconque des présentes dispositions des conditions générales de vente, ne peut être interprété comme valant renonciation à se prévaloir ultérieurement de l’une quelconque desdites dispositions.\">The fact that we do not avail ourselves, at any time, of any of the present provisions of the general conditions of sale, can not be interpreted as worth renouncing to avail later of any one of these provisions.<br /><br /><br /></span><span title=\"3/INFORMATIQUE ET LIBERTE :\">3 / COMPUTING AND FREEDOM:<br /><br /></span><span title=\"le site www.litho.online est en cours d\'enregistrement à la CNIL\">the website www.litho.online is being registered at the CNIL<br /><br /></span><span title=\"Conformément aux dispositions de la Loi n° 78-17 du 6 janvier 1978, le site www.litho.onine a fait l’objet d’une déclaration auprès de la Commission Nationale de l’Informatique et des Libertés.\">In accordance with the provisions of Law No. 78-17 of January 6, 1978, the website www.litho.onine was the subject of a declaration to the Commission Nationale Informatique et Libertés. </span><span title=\"En application de la loi Informatique et Libertés, les informations qui vous sont demandées sont indispensables au traitement de votre commande et sont destinées aux services du site www.litho.online.\">In application of the law Informatique et Libertés, the information which you are requested are essential to the treatment of your order and are intended for the services of the site www.litho.online.<br /><br /></span><span title=\"Vous disposez d’un droit d’accès, de modification, de suppression et de rectification relatifs à vos données personnelles auprès de la société gérant le site www.litho.online : Lisit SAS – 6 rue Caulaincourt – 75018 Paris.\">You have the right to access, modify, delete and rectify your personal data with the company managing the website www.litho.online: Lisit SAS - 6 rue Caulaincourt - 75018 Paris.<br /><br /></span><span title=\"La communication de ces informations pourra également être faite pour satisfaire aux obligations légales et réglementaires.\">The communication of this information may also be made to meet legal and regulatory obligations.<br /><br /><br /></span><span title=\"4/PRIX\">4 / PRICE<br /><br /></span><span title=\"Les prix facturés sont ceux en vigueur au moment de l’enregistrement de la commande.\">The prices charged are those in effect at the time of registration of the order.<br /></span><span title=\"Les prix sont indiqués en Euros, toutes taxes comprises hors frais de port.\">Prices are quoted in Euros, all taxes included excluding shipping costs.<br /></span><span title=\"Ils comprennent notamment la TVA applicable.\">They include the applicable VAT. </span><span title=\"Les frais de port sont à la charge exclusive du client.\">Shipping costs are the sole responsibility of the customer.<br /><br /></span><span title=\"Pour toute livraison en dehors de la France métropolitaine, les frais de douane et les taxes locales restent à la charge du client.\">For any delivery outside metropolitan France, customs fees and local taxes remain the responsibility of the customer.<br /><br /></span><span title=\"Lisit SAS se réserve le droit de modifier ses prix à tout moment.\">Lisit SAS reserves the right to change prices at any time.<br /><br /><br /></span><span title=\"5/ PRISE DE COMMANDE\">5 / ORDERING<br /><br /></span><span title=\"Le contenu de la commande est celui spécifié dans l’acceptation de commande.\">The content of the order is the one specified in the order acceptance.<br /><br /></span><span title=\"L’acceptation de la commande (produit et prix) par notre société entraîne formation de la vente et donc réservation du contenu de la commande.      \">The acceptance of the order (product and price) by our company leads training of the sale and thus reservation of the contents of the order.<br /><br />    </span><span title=\"Transfert de risques: il est effectif dès réception du paiement par Lisit SAS (validation du paiement à distance par notre banque, confirmation du transfert Paypal, réception du virement bancaire ou encaissement du chèque).\">Transfer of risks: it is effective upon receipt of payment by Lisit SAS (validation of remote payment by our bank, confirmation of transfer Paypal, receipt of bank transfer or cashing of the check). </span><span title=\"Lisit SAS propose une assurance prise par ses soins concernant les risques liés au transport.     \">Lisit SAS offers insurance taken by it concerning the risks related to transport.<br />    </span><span title=\"Transfert de propriété: il est effectif après paiement et à l’issue du délai de rétraction mentionné à l’article 6.\">Transfer of ownership: it is effective after payment and at the end of the withdrawal period mentioned in article 6.<br /><br /></span><span title=\"Les ouvrages ou œuvres mis en vente sur le site www.litho.online sont en grande majorité des ‘Pièces uniques’ ou à tirage limité.\">The works or works sold on the website www.litho.online are for the most part \'Unique Pieces\' or limited edition. </span><span title=\"Nous accordons une attention toute particulière à ne mettre en vente que des articles disponibles.\">We pay special attention to only selling items available.<br /><br /></span><span title=\"Si toutefois, une commande était passée pour un article devenu indisponible, la vente ne saurait être formée.\">If, however, an order is placed for an item that has become unavailable, the sale can not be made. </span><span title=\"Au cas où le paiement serait effectif, nous rembourserons intégralement le montant payé.\">In case the payment is effective, we will fully refund the amount paid.<br /><br /><br /></span><span title=\"6/ FACTURATION, PAIEMENT\">6 / INVOICING, PAYMENT<br /><br /></span><span title=\"Le paiement de vos achats s’effectue :\">The payment of your purchases is made:<br /><br /></span><span title=\"par Carte Bancaire ou via le système PAYPAL\">by Credit Card or via the PAYPAL system<br /></span><span title=\"Les cartes bancaires portant les sigles “CB”, “Visa”, “Eurocard Mastercard” &quot;American Express&quot; sont acceptées.\">Bank cards bearing the abbreviations \"CB\", \"Visa\", \"Eurocard Mastercard\" \"American Express\" are accepted.<br /><br /></span><span title=\"La facture des produits sera adressée avec chaque commande.\">The invoice of the products will be sent with each order. </span><span title=\"Le client garantit Lisit SAS qu’il dispose des autorisations éventuellement nécessaires pour utiliser le mode de paiement choisi par lui, lors de la validation du bon de commande.\">The customer guarantees Lisit SAS that he has the necessary authorizations to use the method of payment chosen by him, during the validation of the purchase order.<br /><br /><br /></span><span title=\"7/ SATISFAIT OU REMBOURSE – RETOUR DES OEUVRES\">7 / SATISFIED OR REFUND - RETURN OF THE WORKS<br /><br /></span><span title=\"En application des dispositions de l’article L.121-16 du Code de la Consommation, le client dispose d’un délai de sept jours francs à partir de la livraison de sa commande pour faire retour de l’article livré pour remboursement.\">In application of the provisions of Article L.121-16 of the Consumer Code, the customer has a period of seven days from the delivery of his order to return the item delivered for refund. </span><span title=\"Merci de nous le retourner dans l’état dans lequel vous l’avez reçu, dans son emballage d’origine.\">Thank you for returning it to us in the condition in which you received it, in its original packaging. </span><span title=\"Veuillez nous avertir avant d’effectuer le retour.\">Please warn us before returning. </span><span title=\"Le frais de transport du retour à Lisit SAS sont à la charge du client.\">Return shipping costs to Lisit SAS are the responsibility of the customer.<br /><br /></span><span title=\"Si le contenu de la commande en retour est dans un état identique à celui de départ initial, Lisit SAS vous adressera dans 1 délai de 1 à 3 semaines à compter du jour de réception du contenu de la commande le remboursement de la valeur de l\'\">If the content of the return order is in a state identical to the initial one, Lisit SAS will send you within 1 to 3 weeks from the day of receipt of the order content the refund of the value of the order. </span><span title=\"objet .\">object.</span></span></p>\n<p><span xml:lang=\"en\" lang=\"en\"><span title=\"objet .\"></span></span><span xml:lang=\"en\" lang=\"en\"><span title=\"objet .\"><span xml:lang=\"en\" lang=\"en\"><span title=\"8/ LIVRAISON\">8 / DELIVERY<br /><br /></span><span title=\"8-1/ Conditions\">8-1 / Conditions<br /><br /></span><span title=\"La commande est expédiée dès réception du règlement sur notre compte société Lisit SAS.\">The order is shipped upon receipt of payment on our Lisit SAS company account.<br /></span><span title=\"Les articles commandés sont livrés à l’adresse indiquée par le client.\">The ordered items are delivered to the address indicated by the customer.<br /><br /></span><span title=\"Si l’adresse de livraison s’avère incorrecte et oblige notre société à retourner la commande dans ses entrepôts, www.litho.online pourra facturer au client les coûts administratifs et de transport associés au retour des commandes.\">If the delivery address proves to be incorrect and forces our company to return the order to its warehouses, www.litho.online will be able to invoice the customer for the administrative and transport costs associated with returning orders. </span><span title=\"Dans ce cas, le point de départ du nouveau délai de livraison sera lié à la réception par www.litho.online des nouveaux éléments d’information concernant la nouvelle adresse.\">In this case, the starting point of the new delivery period will be linked to the receipt by www.litho.online of new information concerning the new address.<br /><br /></span><span title=\"Le colis sera acheminé jusqu’au client par l’intermédiaire de notre transporteur habituel ou par le transporteur indiqué par le client, s’il en a préalablement émis le souhait.\">The parcel will be forwarded to the customer through our usual carrier or by the carrier indicated by the customer, if he has previously expressed the wish.<br /><br /></span><span title=\"Il appartient au client de vérifier l’état de l’emballage ainsi que le contenu du ou des colis à la livraison.\">It is the customer\'s responsibility to check the condition of the packaging and the contents of the package (s) upon delivery.<br /><br /></span><span title=\"Dans tous les cas, les produits voyagent aux risques et périls du client (§ 5).\">In all cases, the products travel at the risk and peril of the customer (§ 5). </span><span title=\"Il appartient à ce dernier de vérifier le contenu du colis au moment de la livraison et de formuler les réserves d’usage sur le bordereau de livraison et, le cas échéant au transporteur par lettre recommandée dans les 3 jours suivant la réception du produit.\">It is up to the latter to check the contents of the package at the time of delivery and to formulate the usual reservations on the delivery note and, where applicable, the carrier by registered letter within 3 days of receipt of the product.<br /><br /></span><span title=\"8-2 / Délais\">8-2 / Deadlines<br /><br /></span><span title=\"Les délais de livraison moyens en France métropolitaine sont en général de 7 jours à compter de la date d\'expédition par Lisit SAS, mais il ne constitue pas un délai légal de rigueur et la responsabilité de Lisit SAS ne pourra pas être engagée en cas de\">The average delivery times in mainland France are generally 7 days from the date of shipment by Lisit SAS, but it does not constitute a legal deadline of rigor and the responsibility of Lisit SAS can not be engaged in case of </span><span title=\"retard.\">delay.<br /><br /></span><span title=\"Lisit SAS se réserve la possibilité d’annuler la commande s’il n’est pas en mesure de l’honorer et en informera le client par tout moyen à sa convenance.\">Lisit SAS reserves the right to cancel the order if it is unable to honor it and will inform the customer by any means at its convenience.<br /><br /></span><span title=\"En cas de retard de livraison, le client sera également averti du délai supplémentaire.\">In case of late delivery, the customer will also be notified of the additional delay.<br /><br /></span><span title=\"Nous ferons de notre mieux pour faire livrer votre envoi conformément à nos délais habituels de livraison.\">We will do our best to have your shipment delivered in accordance with our usual delivery times. </span><span title=\"Néanmoins, si nous n\'étions pas en mesure de vous donner satisfaction, nous vous précisons qu\'en aucun cas le remboursement du produit ne pourra être exigé à Lisit SAS et que seule la prestation de livraison pourra, sous les réserves émises aux paragraphes 6.3\">Nevertheless, if we were not able to give you satisfaction, we specify to you that in no case the refund of the product will be able to be demanded to Lisit SAS and that only the delivery service will be able, under the reservations emitted with the paragraphs 6.3 </span><span title=\"et 6.4, faire l\'objet d\'un remboursement.\">and 6.4, be reimbursed.<br /><br /></span><span title=\"En cas de non respect de nos engagements et quelle qu\'en soit la cause, Lisit SAS ne sera tenu qu\'au seul remboursement de la prestation de livraison sous les réserves énoncées ci-dessus (Retard de Livraison) et en aucun cas des dommages\">In case of non-compliance with our commitments and whatever the cause, Lisit SAS will be held only to the reimbursement of the delivery service subject to the reservations set out above (Delayed Delivery) and in no event damages </span><span title=\"indirects que le client viendrait à invoquer.\">which the customer would come to rely on. </span><span title=\"Ces dommages indirects et pertes s’entendent notamment par toute perte de revenus, de bénéfices, d’intérêts ou de marchés et toute perte liée à l’impossibilité d’utiliser tout ou une partie de l’envoi.\">These indirect damages and losses include any loss of income, profits, interest or markets and any loss related to the inability to use all or part of the shipment.<br /><br /></span><span title=\"8-3/ Conséquences du transfert de risques (§5)\">8-3 / Consequences of the transfer of risks (§5)<br /><br /></span><span title=\"Le contenu de la commande voyage aux risques du client.\">The content of the order travels at the customer\'s risk. </span><span title=\"En aucun cas, Lisit SAS ne saurait être tenu responsable des dégradations de qualité des articles et de leurs emballages occasionnées durant le temps de transport.\">In any case, Lisit SAS can not be held responsible for the deterioration of the quality of the articles and their packaging caused during the transport time.<br /><br /></span><span title=\"Si le colis est parvenu chez le client en mauvais état ou endommagé, celui-ci doit refuser le colis.\">If the parcel arrived at the customer in bad condition or damaged, it must refuse the parcel. </span><span title=\"Le transporteur se chargera d’informer Lisit SAS.\">The carrier will be responsible for informing Lisit SAS. </span><span title=\"A réception de cette information, Lisit SAS s’engage à rembourser le client du montant forfaitaire prévu par le transporteur ou du montant total de l’article si une assurance sur la valeur a prélablement été souscrite.\">Upon receipt of this information, Lisit SAS agrees to reimburse the customer the lump sum provided by the carrier or the total amount of the article if insurance on the value has been previously subscribed.<br /><br /></span><span title=\"Si le colis n’a pas été refusé, il est nécessaire d’apporter les réserves d’usage auprès de la société de distribution.\">If the package has not been refused, it is necessary to bring the usual reserves to the distribution company. </span><span title=\"Nous serons alors en mesure de réaliser un recours pour protéger nos intérêts mutuels.\">We will then be able to make a recourse to protect our mutual interests.<br /><br /></span><span title=\"Si le client a accepté le colis sans réserves, en aucun cas il ne pourra exiger le remboursement du prix du produit endommagé ni du forfait de livraison.\">If the customer has accepted the package without reservations, under no circumstances will he be able to demand the refund of the price of the damaged product or the delivery package.<br /><br /><br /></span><span title=\"9/ RESPONSABILITE\">9 / RESPONSIBILITY<br /></span><span title=\"La responsabilité de Lisit SAS ne saurait être engagée en cas d\'inexécution du contrat, en cas de rupture de stock ou d\'indisponibilité du produit, de force majeure et, notamment en cas de grève totale ou partielle, inondation, incendie ou autres catastrophes\">The responsibility of Lisit SAS can not be held liable in case of breach of contract, in case of stock shortage or unavailability of the product, force majeure and, especially in case of total or partial strike, flood, fire or other disasters </span><span title=\"naturelles et d\'une manière générale tous événements ne permettant pas la bonne exécution de la commande.\">natural and in a general way any events not allowing the good execution of the order.<br /><br /><br /></span><span title=\"10/ PREUVE\">10 / PROOF<br /><br /></span><span title=\"Les registres informatisés, conservés dans les systèmes informatiques de Lisit SAS dans des conditions raisonnables de sécurité, seront considérés comme des preuves des communications, des commandes et des paiements intervenus entre les parties.\">The computerized records stored in Lisit SAS \'computer systems under reasonable security conditions will be considered as proof of communications, orders and payments between the parties.<br /><br /><br /></span><span title=\"11/ REGLEMENT DES LITIGES\">11 / SETTLEMENT OF DISPUTES<br /><br /></span><span title=\"Ces conditions générales de vente sont régies par la loi française aussi bien pour les règles de fonds que pour les règles de forme.\">These general conditions of sale are governed by French law both for the rules of funds and for the rules of form.<br /><br /></span><span title=\"Notre Service clientèle est à votre disposition pour le règlement de tout litige et à défaut d’une solution amiable, seuls seront compétents les Tribunaux du siège social de Lisit SAS.\">Our Customer Service is at your disposal for the settlement of any dispute and in the absence of an amicable solution, only the Courts of the head office of Lisit SAS will be competent.<br /><br /></span><span title=\"Les divers modes d’expédition ou de paiement, nos dispositions ou acceptations de\"></span></span></span></span></p>\n<p><span xml:lang=\"en\" lang=\"en\"><span title=\"objet .\"><span xml:lang=\"en\" lang=\"en\"><span title=\"Notre Service clientèle est à votre disposition pour le règlement de tout litige et à défaut d’une solution amiable, seuls seront compétents les Tribunaux du siège social de Lisit SAS.\"><span xml:lang=\"en\" lang=\"en\"><span>12 / ATTRIBUTION OF JURISDICTION</span><br /><br /><span>All the contractual provisions defined above are governed by French law.</span> <span>The court of the head office of Lisit SAS is only competent for any dispute resulting from the application of these general conditions of sale.</span> <span>The various modes of shipment or payment, our provisions or acceptances of payment, and the place of delivery, can not operate novation nor derogation to this clause attributive of jurisdiction.</span><br /><br /><br /><span>www.litho.online is a site of Lisit SAS:</span><br /><br /><span>Registered office: 6 rue Caulaincourt - 75018 Paris</span> - FRANCE<br /><span>tel: +33 (0) 7 81 61 21 57</span><br /><br /><span>SAS with capital of 784 000 euros</span><br /><span>RCS Paris 512 848 573</span></span></span></span></span></span></p>','conditions-generales-de-vente'),(10,1,5,'Conditions générales de Vente','Conditions générales de Vente CGV','','','conditions-generales-de-vente'),(10,2,5,'Conditions générales de Vente','','','','conditions-generales-de-vente'),(11,1,2,'A propos  ','','','','a-propos-'),(11,2,2,'A propos  ','','','','a-propos-'),(11,1,4,'A propos  ','','','','a-propos-'),(11,2,4,'A propos  ','','','','a-propos-'),(11,1,5,'A propos  StreetArt-Store','En savoir plus sur StreetArt-Store','a propos,informations,StreetArt-Store','<h1 class=\"page-heading bottom-indent\">A propos</h1>\n<div class=\"row\">\n<div class=\"col-xs-12 col-sm-4\">\n<div class=\"cms-block\">\n<p><strong class=\"dark\">StreetArt-Store est une marque du groupe LISIT SAS, acteur majeur de la diffusion de l\'art contemporain en France et en Europe.</strong></p>\n<ul class=\"list-1\"><li>Œuvres de qualité</li>\n<li>Livraison dans le monde, dans un emballage protégé</li>\n<li><em class=\"icon-ok\"></em>Service client rigoureux</li>\n<li><em class=\"icon-ok\"></em>Remboursement garanti pendant 15 jours</li>\n</ul><p>Nous sommes également présent en Galerie située 182 rue du faubourg Saint-Honoré, 75008 Paris. Un retrait en galerie est possible et vous invite à voir d\'autres œuvres exposées.</p>\n</div>\n</div>\n<div class=\"col-xs-12 col-sm-4\">\n<div class=\"cms-box\">\n<h3 class=\"page-subheading\">Notre équipe</h3>\n<p><strong>StreetArt-Store</strong> propose des œuvres originales d\'artistes émergents ou confirmés de l\'Art urbain. Le choix des œuvres et de la collaboration avec les artistes, se fait selon la direction artistique de <strong>Joël Knafo.</strong></p>\n<h3 class=\"page-subheading\">Les œuvres</h3>\n</div>\n<div class=\"cms-box\"><strong>StreetArt-Store </strong>expose des œuvres originales, datées et signées, dont les artistes nous ont accordé un droit de représentation.  Elles sont exposées lors de Solo Show dans nos espaces, mais aussi à l\'occasion d\'événements majeurs. Les propositions artistiques se déclinent alors selon la diversité de technique et de support : peinture , sculpture, photographie, installation , documentation de performances urbaines éphémères, ...</div>\n<div class=\"cms-box\"></div>\n<div class=\"cms-box\"><strong>Streetart-Store est alors un diffuseur commercial  tout autant qu\'acteur de la promotions des artistes. </strong></div>\n</div>\n</div>','a-propos-'),(11,2,5,'A propos  ','','','<h1 class=\"page-heading bottom-indent\">About/h1&gt;</h1>\n<p><strong>StreetArt-Store</strong> is a brand of the LISIT SAS group, a major dealer of contemporary art in France and Europe.</p>\n<ul><li>Quality works</li>\n<li>Worldwide delivery in protected packaging</li>\n<li>Rigorous customer service</li>\n<li>Refund guaranteed for 15 days</li>\n</ul><p>We are also in Gallery located 21 rue veron in Paris. A withdrawal in gallery is possible and invites you to see other works on display.</p>\n<h3 class=\"page-subheading\">Our Team</h3>\n<p>StreetArt-Store offers original works by emerging and established Urban Art artists. The choice of the works and the collaboration with the artists, is done according to the artistic direction of Joël Knafo.</p>\n<h3 class=\"page-subheading\">Artworks</h3>\n<p>StreetArt-Store exhibits original, dated and signed works, whose artists granted us a right of representation. They are exhibited at Solo Show in our spaces, but also at major events. The artistic proposals are then declined according to the diversity of technique and support: painting, sculpture, photography, installation, documentation of ephemeral urban performances, ... Streetart-Store is then a commercial broadcaster as well as actor of the promotions of the artists.</p>','a-propos-'),(12,1,2,'Conditions générales de Vente','Conditions générales de Vente CGV','','<p style=\"text-align:justify;\"><strong>Conditions Gérérales de Vente sur le site www.streetart-store.com</strong></p>\n<p style=\"text-align:justify;\"></p>\n<p style=\"text-align:justify;\"><strong>1/ PREAMBULE </strong>:</p>\n<p style=\"text-align:justify;\">Les présentes dispositions constituent les conditions générales de vente s’appliquant aux commandes passées sur le site internet www.streetart-store.com, le site de vente en ligne de la société Lisit SAS.</p>\n<p style=\"text-align:justify;\"></p>\n<p style=\"text-align:justify;\"><strong>2/APPLICATION DES CONDITIONS GENERALES DE VENTE </strong>:</p>\n<p style=\"text-align:justify;\">Toute commande emporte de plein droit votre adhésion à nos conditions générales de vente. Les parties conviennent que leurs relations seront régies exclusivement par le présent contrat. Aucune condition particulière ne peut, sauf acceptation formelle écrite de notre part, prévaloir contre nos conditions générales de ventes. Toute condition contraire posée par le client nous sera donc inopposable à défaut d’acceptation expresse de notre part. Le fait que nous ne nous prévalions pas, à quelque moment que ce soit, de l’une quelconque des présentes dispositions des conditions générales de vente, ne peut être interprété comme valant renonciation à se prévaloir ultérieurement de l’une quelconque desdites dispositions.</p>\n<p style=\"text-align:justify;\"></p>\n<p style=\"text-align:justify;\"><strong>3/INFORMATIQUE ET LIBERTE :</strong></p>\n<p style=\"text-align:justify;\"><span style=\"color:#d0121a;\">le site www.streetart-store.com est en cours d\'enregistrement à la CNIL</span></p>\n<p style=\"text-align:justify;\">Conformément aux dispositions de la Loi n° 78-17 du 6 janvier 1978, le site www.streetart-store.com a fait l’objet d’une déclaration auprès de la Commission Nationale de l’Informatique et des Libertés. En application de la loi Informatique et Libertés, les informations qui vous sont demandées sont indispensables au traitement de votre commande et sont destinées aux services du site www.streetart-store.com.</p>\n<p style=\"text-align:justify;\">Vous disposez d’un droit d’accès, de modification, de suppression et de rectification relatifs à vos données personnelles auprès de la société gérant le site www.streetart-store.com : Lisit SAS – 6 rue Caulaincourt – 75018 Paris.</p>\n<p style=\"text-align:justify;\">La communication de ces informations pourra également être faite pour satisfaire aux obligations légales et réglementaires.</p>\n<p style=\"text-align:justify;\"></p>\n<p style=\"text-align:justify;\"><strong>4/PRIX</strong></p>\n<p style=\"text-align:justify;\">Les prix facturés sont ceux en vigueur au moment de l’enregistrement de la commande.<br /> Les prix sont indiqués en Euros, toutes taxes comprises hors frais de port.<br /> Ils comprennent notamment la TVA applicable. Les frais de port sont à la charge exclusive du client.</p>\n<p style=\"text-align:justify;\">Pour toute livraison en dehors de la France métropolitaine, les frais de douane et les taxes locales restent à la charge du client.</p>\n<p style=\"text-align:justify;\">Lisit SAS se réserve le droit de modifier ses prix à tout moment.</p>\n<p style=\"text-align:justify;\"></p>\n<p style=\"text-align:justify;\"><strong>5/ PRISE DE COMMANDE</strong></p>\n<p style=\"text-align:justify;\">Le contenu de la commande est celui spécifié dans l’acceptation de commande.</p>\n<p style=\"text-align:justify;\">L’acceptation de la commande (produit et prix) par notre société entraîne formation de la vente et donc réservation du contenu de la commande.</p>\n<ul style=\"text-align:justify;\"><li>Transfert de risques: il est effectif dès réception du paiement par Lisit SAS (validation du paiement à distance par notre banque, confirmation du transfert Paypal, réception du virement bancaire ou encaissement du chèque). Lisit SAS propose une assurance prise par ses soins concernant les risques liés au transport.</li>\n<li>Transfert de propriété: il est effectif après paiement et à l’issue du délai de rétraction mentionné à l’article 6.</li>\n</ul><p style=\"text-align:justify;\">Les ouvrages ou œuvres mis en vente sur le site www.streetart-store.com sont en grande majorité des ‘Pièces uniques’ ou à tirage limité. Nous accordons une attention toute particulière à ne mettre en vente que des articles disponibles.</p>\n<p style=\"text-align:justify;\">Si toutefois, une commande était passée pour un article devenu indisponible, la vente ne saurait être formée. Au cas où le paiement serait effectif, nous rembourserons intégralement le montant payé.</p>\n<p style=\"text-align:justify;\"></p>\n<p style=\"text-align:justify;\"><strong>6/ FACTURATION, PAIEMENT</strong></p>\n<p style=\"text-align:justify;\">Le paiement de vos achats pourra s’effectuer soit :</p>\n<p style=\"text-align:justify;\">par Carte Bancaire via le système PAYPAL.<br /> Ce système accepte les cartes bancaires portant les sigles “CB”, “Visa”, “Eurocard Mastercard”.</p>\n<p style=\"text-align:justify;\">par <strong>virement</strong>,</p>\n<p style=\"text-align:justify;\">sur le Compte bancaire ci-dessous</p>\n<p style=\"text-align:justify;\"><span style=\"color:#d0121a;\">IBAN : FR76 3006 6102 2100 0201 3830 105</span><br /><span style=\"color:#d0121a;\"> Code BIC : CMCIFRPP</span></p>\n<p style=\"text-align:justify;\">La facture des produits sera adressée avec chaque commande. Le client garantit Lisit SAS qu’il dispose des autorisations éventuellement nécessaires pour utiliser le mode de paiement choisi par lui, lors de la validation du bon de commande.</p>\n<p style=\"text-align:justify;\"></p>\n<p style=\"text-align:justify;\"><strong>7/ SATISFAIT OU REMBOURSE – RETOUR DES OEUVRES</strong></p>\n<p style=\"text-align:justify;\">En application des dispositions de l’article L.121-16 du Code de la Consommation, le client dispose d’un délai de sept jours francs à partir de la livraison de sa commande pour faire retour de l’article livré pour remboursement. <strong>Merci de nous le retourner dans l’état dans lequel vous l’avez reçu, dans son emballage d’origine.</strong> Veuillez nous avertir avant d’effectuer le retour. Le frais de transport du retour à Lisit SAS sont à la charge du client.</p>\n<p style=\"text-align:justify;\">Si le contenu de la commande en retour est dans un état identique à celui de départ initial, Lisit SAS vous adressera dans 1 délai de 1 à 3 semaines à compter du jour de réception du contenu de la commande le remboursement de la valeur de l’objet .</p>\n<p style=\"text-align:justify;\"></p>\n<p style=\"text-align:justify;\"><strong>8/ LIVRAISON</strong></p>\n<p style=\"text-align:justify;\"><strong><em>8-1/ Conditions</em></strong></p>\n<p style=\"text-align:justify;\">La commande est expédiée dès réception du règlement sur notre compte société Lisit SAS.<br /> Les articles commandés sont livrés à l’adresse indiquée par le client.</p>\n<p style=\"text-align:justify;\">Si l’adresse de livraison s’avère incorrecte et oblige notre société à retourner la commande dans ses entrepôts, www.streetart-store.com pourra facturer au client les coûts administratifs et de transport associés au retour des commandes. Dans ce cas, le point de départ du nouveau délai de livraison sera lié à la réception par www.streetart-store.com des nouveaux éléments d’information concernant la nouvelle adresse.</p>\n<p style=\"text-align:justify;\">Le colis sera acheminé jusqu’au client par l’intermédiaire de notre transporteur habituel ou par le transporteur indiqué par le client, s’il en a préalablement émis le souhait.</p>\n<p style=\"text-align:justify;\">Il appartient au client de vérifier l’état de l’emballage ainsi que le contenu du ou des colis à la livraison.</p>\n<p style=\"text-align:justify;\">Dans tous les cas, les produits voyagent aux risques et périls du client (§ 5). Il appartient à ce dernier de vérifier le contenu du colis au moment de la livraison et de formuler les réserves d’usage sur le bordereau de livraison et, le cas échéant au transporteur par lettre recommandée dans les 3 jours suivant la réception du produit.</p>\n<p style=\"text-align:justify;\"><strong><em>8-2 / Délais</em></strong></p>\n<p style=\"text-align:justify;\">Les délais de livraison moyens en France métropolitaine sont en général de 7 jours à compter de la date d’expédition par Lisit SAS, mais il ne constitue pas un délai légal de rigueur et la responsabilité de Lisit SAS ne pourra pas être engagée en cas de retard.</p>\n<p style=\"text-align:justify;\">Lisit SAS se réserve la possibilité d’annuler la commande s’il n’est pas en mesure de l’honorer et en informera le client par tout moyen à sa convenance.</p>\n<p style=\"text-align:justify;\">En cas de retard de livraison, le client sera également averti du délai supplémentaire.</p>\n<p style=\"text-align:justify;\">Nous ferons de notre mieux pour faire livrer votre envoi conformément à nos délais habituels de livraison. Néanmoins, si nous n’étions pas en mesure de vous donner satisfaction, nous vous précisons qu’en aucun cas le remboursement du produit ne pourra être exigé à Lisit SAS et que seule la prestation de livraison pourra, sous les réserves émises aux paragraphes 6.3 et 6.4, faire l’objet d’un remboursement.</p>\n<p style=\"text-align:justify;\">En cas de non respect de nos engagements et quelle qu’en soit la cause, Lisit SAS ne sera tenu qu’au seul remboursement de la prestation de livraison sous les réserves énoncées ci-dessus (Retard de Livraison) et en aucun cas des dommages indirects que le client viendrait à invoquer. Ces dommages indirects et pertes s’entendent notamment par toute perte de revenus, de bénéfices, d’intérêts ou de marchés et toute perte liée à l’impossibilité d’utiliser tout ou une partie de l’envoi.</p>\n<p style=\"text-align:justify;\"><strong><em>8-3/ Conséquences du transfert de risques (§5)</em></strong></p>\n<p style=\"text-align:justify;\">Le contenu de la commande voyage aux risques du client. En aucun cas, Lisit SAS ne saurait être tenu responsable des dégradations de qualité des articles et de leurs emballages occasionnées durant le temps de transport.</p>\n<p style=\"text-align:justify;\">Si le colis est parvenu chez le client en mauvais état ou endommagé, celui-ci doit refuser le colis. Le transporteur se chargera d’informer Lisit SAS. A réception de cette information, Lisit SAS s’engage à rembourser le client du montant forfaitaire prévu par le transporteur ou du montant total de l’article si une assurance sur la valeur a prélablement été souscrite.</p>\n<p style=\"text-align:justify;\">Si le colis n’a pas été refusé, il est nécessaire d’apporter les réserves d’usage auprès de la société de distribution. Nous serons alors en mesure de réaliser un recours pour protéger nos intérêts mutuels.</p>\n<p style=\"text-align:justify;\">Si le client a accepté le colis sans réserves, en aucun cas il ne pourra exiger le remboursement du prix du produit endommagé ni du forfait de livraison.</p>\n<p style=\"text-align:justify;\"></p>\n<p style=\"text-align:justify;\"><strong>9/ RESPONSABILITE</strong><br /> La responsabilité de Lisit SAS ne saurait être engagée en cas d’inexécution du contrat, en cas de rupture de stock ou d’indisponibilité du produit, de force majeure et, notamment en cas de grève totale ou partielle, inondation, incendie ou autres catastrophes naturelles et d’une manière générale tous événements ne permettant pas la bonne exécution de la commande.</p>\n<p style=\"text-align:justify;\"></p>\n<p style=\"text-align:justify;\"><strong>10/ PREUVE</strong></p>\n<p style=\"text-align:justify;\">Les registres informatisés, conservés dans les systèmes informatiques de Lisit SAS dans des conditions raisonnables de sécurité, seront considérés comme des preuves des communications, des commandes et des paiements intervenus entre les parties.</p>\n<p style=\"text-align:justify;\"></p>\n<p style=\"text-align:justify;\"><strong>11/ REGLEMENT DES LITIGES</strong></p>\n<p style=\"text-align:justify;\">Ces conditions générales de vente sont régies par la loi française aussi bien pour les règles de fonds que pour les règles de forme.</p>\n<p style=\"text-align:justify;\">Notre Service clientèle est à votre disposition pour le règlement de tout litige et à défaut d’une solution amiable, seuls seront compétents les Tribunaux du siège social de Lisit SAS.</p>\n<p style=\"text-align:justify;\"></p>\n<p style=\"text-align:justify;\"><strong>12/ ATTRIBUTION DE JURIDICTION</strong></p>\n<p style=\"text-align:justify;\">Toutes les dispositions contractuelles définies ci-dessus sont régies par la loi française. Le tribunal du siège social de Lisit SAS est seul compétent pour tout litige provenant de l’application des présentes conditions générales de vente. Les divers modes d’expédition ou de paiement, nos dispositions ou acceptations de règlement, ainsi que le lieu de livraison, ne peuvent opérer ni novation ni dérogation à cette clause attributive de juridiction.</p>\n<p style=\"text-align:justify;\"></p>\n<p style=\"text-align:center;\">www.streetart-store.com est un site de la société Lisit SAS :</p>\n<p style=\"text-align:center;\">Siège social : 6 rue Caulaincourt – 75018 Paris<br /> tel : +33 (0)7 81 61 21 57</p>\n<p style=\"text-align:center;\">SAS au capital de 784 000 euros<br /> RCS Paris 512 848 573</p>\n<p style=\"text-align:justify;\"></p>','conditions-generales-de-vente'),(12,2,2,'Conditions générales de Vente','','','','conditions-generales-de-vente'),(12,1,4,'Conditions générales de Vente','Conditions générales de Vente CGV','','<p style=\"text-align:justify;\"><strong>Conditions Gérérales de Vente sur le site www.streetart-store.com</strong></p>\n<p style=\"text-align:justify;\"></p>\n<p style=\"text-align:justify;\"><strong>1/ PREAMBULE </strong>:</p>\n<p style=\"text-align:justify;\">Les présentes dispositions constituent les conditions générales de vente s’appliquant aux commandes passées sur le site internet www.streetart-store.com, le site de vente en ligne de la société Lisit SAS.</p>\n<p style=\"text-align:justify;\"></p>\n<p style=\"text-align:justify;\"><strong>2/APPLICATION DES CONDITIONS GENERALES DE VENTE </strong>:</p>\n<p style=\"text-align:justify;\">Toute commande emporte de plein droit votre adhésion à nos conditions générales de vente. Les parties conviennent que leurs relations seront régies exclusivement par le présent contrat. Aucune condition particulière ne peut, sauf acceptation formelle écrite de notre part, prévaloir contre nos conditions générales de ventes. Toute condition contraire posée par le client nous sera donc inopposable à défaut d’acceptation expresse de notre part. Le fait que nous ne nous prévalions pas, à quelque moment que ce soit, de l’une quelconque des présentes dispositions des conditions générales de vente, ne peut être interprété comme valant renonciation à se prévaloir ultérieurement de l’une quelconque desdites dispositions.</p>\n<p style=\"text-align:justify;\"></p>\n<p style=\"text-align:justify;\"><strong>3/INFORMATIQUE ET LIBERTE :</strong></p>\n<p style=\"text-align:justify;\"><span style=\"color:#d0121a;\">le site www.streetart-store.com est en cours d\'enregistrement à la CNIL</span></p>\n<p style=\"text-align:justify;\">Conformément aux dispositions de la Loi n° 78-17 du 6 janvier 1978, le site www.streetart-store.com a fait l’objet d’une déclaration auprès de la Commission Nationale de l’Informatique et des Libertés. En application de la loi Informatique et Libertés, les informations qui vous sont demandées sont indispensables au traitement de votre commande et sont destinées aux services du site www.streetart-store.com.</p>\n<p style=\"text-align:justify;\">Vous disposez d’un droit d’accès, de modification, de suppression et de rectification relatifs à vos données personnelles auprès de la société gérant le site www.streetart-store.com : Lisit SAS – 6 rue Caulaincourt – 75018 Paris.</p>\n<p style=\"text-align:justify;\">La communication de ces informations pourra également être faite pour satisfaire aux obligations légales et réglementaires.</p>\n<p style=\"text-align:justify;\"></p>\n<p style=\"text-align:justify;\"><strong>4/PRIX</strong></p>\n<p style=\"text-align:justify;\">Les prix facturés sont ceux en vigueur au moment de l’enregistrement de la commande.<br /> Les prix sont indiqués en Euros, toutes taxes comprises hors frais de port.<br /> Ils comprennent notamment la TVA applicable. Les frais de port sont à la charge exclusive du client.</p>\n<p style=\"text-align:justify;\">Pour toute livraison en dehors de la France métropolitaine, les frais de douane et les taxes locales restent à la charge du client.</p>\n<p style=\"text-align:justify;\">Lisit SAS se réserve le droit de modifier ses prix à tout moment.</p>\n<p style=\"text-align:justify;\"></p>\n<p style=\"text-align:justify;\"><strong>5/ PRISE DE COMMANDE</strong></p>\n<p style=\"text-align:justify;\">Le contenu de la commande est celui spécifié dans l’acceptation de commande.</p>\n<p style=\"text-align:justify;\">L’acceptation de la commande (produit et prix) par notre société entraîne formation de la vente et donc réservation du contenu de la commande.</p>\n<ul style=\"text-align:justify;\"><li>Transfert de risques: il est effectif dès réception du paiement par Lisit SAS (validation du paiement à distance par notre banque, confirmation du transfert Paypal, réception du virement bancaire ou encaissement du chèque). Lisit SAS propose une assurance prise par ses soins concernant les risques liés au transport.</li>\n<li>Transfert de propriété: il est effectif après paiement et à l’issue du délai de rétraction mentionné à l’article 6.</li>\n</ul><p style=\"text-align:justify;\">Les ouvrages ou œuvres mis en vente sur le site www.streetart-store.com sont en grande majorité des ‘Pièces uniques’ ou à tirage limité. Nous accordons une attention toute particulière à ne mettre en vente que des articles disponibles.</p>\n<p style=\"text-align:justify;\">Si toutefois, une commande était passée pour un article devenu indisponible, la vente ne saurait être formée. Au cas où le paiement serait effectif, nous rembourserons intégralement le montant payé.</p>\n<p style=\"text-align:justify;\"></p>\n<p style=\"text-align:justify;\"><strong>6/ FACTURATION, PAIEMENT</strong></p>\n<p style=\"text-align:justify;\">Le paiement de vos achats pourra s’effectuer soit :</p>\n<p style=\"text-align:justify;\">par Carte Bancaire via le système PAYPAL.<br /> Ce système accepte les cartes bancaires portant les sigles “CB”, “Visa”, “Eurocard Mastercard”.</p>\n<p style=\"text-align:justify;\">par <strong>virement</strong>,</p>\n<p style=\"text-align:justify;\">sur le Compte bancaire ci-dessous</p>\n<p style=\"text-align:justify;\"><span style=\"color:#d0121a;\">IBAN : FR76 3006 6102 2100 0201 3830 105</span><br /><span style=\"color:#d0121a;\"> Code BIC : CMCIFRPP</span></p>\n<p style=\"text-align:justify;\">La facture des produits sera adressée avec chaque commande. Le client garantit Lisit SAS qu’il dispose des autorisations éventuellement nécessaires pour utiliser le mode de paiement choisi par lui, lors de la validation du bon de commande.</p>\n<p style=\"text-align:justify;\"></p>\n<p style=\"text-align:justify;\"><strong>7/ SATISFAIT OU REMBOURSE – RETOUR DES OEUVRES</strong></p>\n<p style=\"text-align:justify;\">En application des dispositions de l’article L.121-16 du Code de la Consommation, le client dispose d’un délai de sept jours francs à partir de la livraison de sa commande pour faire retour de l’article livré pour remboursement. <strong>Merci de nous le retourner dans l’état dans lequel vous l’avez reçu, dans son emballage d’origine.</strong> Veuillez nous avertir avant d’effectuer le retour. Le frais de transport du retour à Lisit SAS sont à la charge du client.</p>\n<p style=\"text-align:justify;\">Si le contenu de la commande en retour est dans un état identique à celui de départ initial, Lisit SAS vous adressera dans 1 délai de 1 à 3 semaines à compter du jour de réception du contenu de la commande le remboursement de la valeur de l’objet .</p>\n<p style=\"text-align:justify;\"></p>\n<p style=\"text-align:justify;\"><strong>8/ LIVRAISON</strong></p>\n<p style=\"text-align:justify;\"><strong><em>8-1/ Conditions</em></strong></p>\n<p style=\"text-align:justify;\">La commande est expédiée dès réception du règlement sur notre compte société Lisit SAS.<br /> Les articles commandés sont livrés à l’adresse indiquée par le client.</p>\n<p style=\"text-align:justify;\">Si l’adresse de livraison s’avère incorrecte et oblige notre société à retourner la commande dans ses entrepôts, www.streetart-store.com pourra facturer au client les coûts administratifs et de transport associés au retour des commandes. Dans ce cas, le point de départ du nouveau délai de livraison sera lié à la réception par www.streetart-store.com des nouveaux éléments d’information concernant la nouvelle adresse.</p>\n<p style=\"text-align:justify;\">Le colis sera acheminé jusqu’au client par l’intermédiaire de notre transporteur habituel ou par le transporteur indiqué par le client, s’il en a préalablement émis le souhait.</p>\n<p style=\"text-align:justify;\">Il appartient au client de vérifier l’état de l’emballage ainsi que le contenu du ou des colis à la livraison.</p>\n<p style=\"text-align:justify;\">Dans tous les cas, les produits voyagent aux risques et périls du client (§ 5). Il appartient à ce dernier de vérifier le contenu du colis au moment de la livraison et de formuler les réserves d’usage sur le bordereau de livraison et, le cas échéant au transporteur par lettre recommandée dans les 3 jours suivant la réception du produit.</p>\n<p style=\"text-align:justify;\"><strong><em>8-2 / Délais</em></strong></p>\n<p style=\"text-align:justify;\">Les délais de livraison moyens en France métropolitaine sont en général de 7 jours à compter de la date d’expédition par Lisit SAS, mais il ne constitue pas un délai légal de rigueur et la responsabilité de Lisit SAS ne pourra pas être engagée en cas de retard.</p>\n<p style=\"text-align:justify;\">Lisit SAS se réserve la possibilité d’annuler la commande s’il n’est pas en mesure de l’honorer et en informera le client par tout moyen à sa convenance.</p>\n<p style=\"text-align:justify;\">En cas de retard de livraison, le client sera également averti du délai supplémentaire.</p>\n<p style=\"text-align:justify;\">Nous ferons de notre mieux pour faire livrer votre envoi conformément à nos délais habituels de livraison. Néanmoins, si nous n’étions pas en mesure de vous donner satisfaction, nous vous précisons qu’en aucun cas le remboursement du produit ne pourra être exigé à Lisit SAS et que seule la prestation de livraison pourra, sous les réserves émises aux paragraphes 6.3 et 6.4, faire l’objet d’un remboursement.</p>\n<p style=\"text-align:justify;\">En cas de non respect de nos engagements et quelle qu’en soit la cause, Lisit SAS ne sera tenu qu’au seul remboursement de la prestation de livraison sous les réserves énoncées ci-dessus (Retard de Livraison) et en aucun cas des dommages indirects que le client viendrait à invoquer. Ces dommages indirects et pertes s’entendent notamment par toute perte de revenus, de bénéfices, d’intérêts ou de marchés et toute perte liée à l’impossibilité d’utiliser tout ou une partie de l’envoi.</p>\n<p style=\"text-align:justify;\"><strong><em>8-3/ Conséquences du transfert de risques (§5)</em></strong></p>\n<p style=\"text-align:justify;\">Le contenu de la commande voyage aux risques du client. En aucun cas, Lisit SAS ne saurait être tenu responsable des dégradations de qualité des articles et de leurs emballages occasionnées durant le temps de transport.</p>\n<p style=\"text-align:justify;\">Si le colis est parvenu chez le client en mauvais état ou endommagé, celui-ci doit refuser le colis. Le transporteur se chargera d’informer Lisit SAS. A réception de cette information, Lisit SAS s’engage à rembourser le client du montant forfaitaire prévu par le transporteur ou du montant total de l’article si une assurance sur la valeur a prélablement été souscrite.</p>\n<p style=\"text-align:justify;\">Si le colis n’a pas été refusé, il est nécessaire d’apporter les réserves d’usage auprès de la société de distribution. Nous serons alors en mesure de réaliser un recours pour protéger nos intérêts mutuels.</p>\n<p style=\"text-align:justify;\">Si le client a accepté le colis sans réserves, en aucun cas il ne pourra exiger le remboursement du prix du produit endommagé ni du forfait de livraison.</p>\n<p style=\"text-align:justify;\"></p>\n<p style=\"text-align:justify;\"><strong>9/ RESPONSABILITE</strong><br /> La responsabilité de Lisit SAS ne saurait être engagée en cas d’inexécution du contrat, en cas de rupture de stock ou d’indisponibilité du produit, de force majeure et, notamment en cas de grève totale ou partielle, inondation, incendie ou autres catastrophes naturelles et d’une manière générale tous événements ne permettant pas la bonne exécution de la commande.</p>\n<p style=\"text-align:justify;\"></p>\n<p style=\"text-align:justify;\"><strong>10/ PREUVE</strong></p>\n<p style=\"text-align:justify;\">Les registres informatisés, conservés dans les systèmes informatiques de Lisit SAS dans des conditions raisonnables de sécurité, seront considérés comme des preuves des communications, des commandes et des paiements intervenus entre les parties.</p>\n<p style=\"text-align:justify;\"></p>\n<p style=\"text-align:justify;\"><strong>11/ REGLEMENT DES LITIGES</strong></p>\n<p style=\"text-align:justify;\">Ces conditions générales de vente sont régies par la loi française aussi bien pour les règles de fonds que pour les règles de forme.</p>\n<p style=\"text-align:justify;\">Notre Service clientèle est à votre disposition pour le règlement de tout litige et à défaut d’une solution amiable, seuls seront compétents les Tribunaux du siège social de Lisit SAS.</p>\n<p style=\"text-align:justify;\"></p>\n<p style=\"text-align:justify;\"><strong>12/ ATTRIBUTION DE JURIDICTION</strong></p>\n<p style=\"text-align:justify;\">Toutes les dispositions contractuelles définies ci-dessus sont régies par la loi française. Le tribunal du siège social de Lisit SAS est seul compétent pour tout litige provenant de l’application des présentes conditions générales de vente. Les divers modes d’expédition ou de paiement, nos dispositions ou acceptations de règlement, ainsi que le lieu de livraison, ne peuvent opérer ni novation ni dérogation à cette clause attributive de juridiction.</p>\n<p style=\"text-align:justify;\"></p>\n<p style=\"text-align:center;\">www.streetart-store.com est un site de la société Lisit SAS :</p>\n<p style=\"text-align:center;\">Siège social : 6 rue Caulaincourt – 75018 Paris<br /> tel : +33 (0)7 81 61 21 57</p>\n<p style=\"text-align:center;\">SAS au capital de 784 000 euros<br /> RCS Paris 512 848 573</p>\n<p style=\"text-align:justify;\"></p>','conditions-generales-de-vente'),(12,2,4,'Conditions générales de Vente','','','','conditions-generales-de-vente'),(12,1,5,'Conditions générales de Vente','Conditions générales de Vente CGV','','<p style=\"text-align:justify;\"><strong>Conditions Gérérales de Vente sur le site www.streetart-store.com</strong></p>\n<p style=\"text-align:justify;\"></p>\n<p style=\"text-align:justify;\"><strong>1/ PREAMBULE </strong>:</p>\n<p style=\"text-align:justify;\">Les présentes dispositions constituent les conditions générales de vente s’appliquant aux commandes passées sur le site internet www.streetart-store.com, le site de vente en ligne de la société Lisit SAS.</p>\n<p style=\"text-align:justify;\"></p>\n<p style=\"text-align:justify;\"><strong>2/APPLICATION DES CONDITIONS GENERALES DE VENTE </strong>:</p>\n<p style=\"text-align:justify;\">Toute commande emporte de plein droit votre adhésion à nos conditions générales de vente. Les parties conviennent que leurs relations seront régies exclusivement par le présent contrat. Aucune condition particulière ne peut, sauf acceptation formelle écrite de notre part, prévaloir contre nos conditions générales de ventes. Toute condition contraire posée par le client nous sera donc inopposable à défaut d’acceptation expresse de notre part. Le fait que nous ne nous prévalions pas, à quelque moment que ce soit, de l’une quelconque des présentes dispositions des conditions générales de vente, ne peut être interprété comme valant renonciation à se prévaloir ultérieurement de l’une quelconque desdites dispositions.</p>\n<p style=\"text-align:justify;\"></p>\n<p style=\"text-align:justify;\"><strong>3/INFORMATIQUE ET LIBERTE :</strong></p>\n<p style=\"text-align:justify;\"><span style=\"color:#d0121a;\">le site www.streetart-store.com est en cours d\'enregistrement à la CNIL</span></p>\n<p style=\"text-align:justify;\">Conformément aux dispositions de la Loi n° 78-17 du 6 janvier 1978, le site www.streetart-store.com a fait l’objet d’une déclaration auprès de la Commission Nationale de l’Informatique et des Libertés. En application de la loi Informatique et Libertés, les informations qui vous sont demandées sont indispensables au traitement de votre commande et sont destinées aux services du site www.streetart-store.com.</p>\n<p style=\"text-align:justify;\">Vous disposez d’un droit d’accès, de modification, de suppression et de rectification relatifs à vos données personnelles auprès de la société gérant le site www.streetart-store.com : Lisit SAS – 6 rue Caulaincourt – 75018 Paris.</p>\n<p style=\"text-align:justify;\">La communication de ces informations pourra également être faite pour satisfaire aux obligations légales et réglementaires.</p>\n<p style=\"text-align:justify;\"></p>\n<p style=\"text-align:justify;\"><strong>4/PRIX</strong></p>\n<p style=\"text-align:justify;\">Les prix facturés sont ceux en vigueur au moment de l’enregistrement de la commande.<br /> Les prix sont indiqués en Euros, toutes taxes comprises hors frais de port.<br /> Ils comprennent notamment la TVA applicable. Les frais de port sont à la charge exclusive du client.</p>\n<p style=\"text-align:justify;\">Pour toute livraison en dehors de la France métropolitaine, les frais de douane et les taxes locales restent à la charge du client.</p>\n<p style=\"text-align:justify;\">Lisit SAS se réserve le droit de modifier ses prix à tout moment.</p>\n<p style=\"text-align:justify;\"></p>\n<p style=\"text-align:justify;\"><strong>5/ PRISE DE COMMANDE</strong></p>\n<p style=\"text-align:justify;\">Le contenu de la commande est celui spécifié dans l’acceptation de commande.</p>\n<p style=\"text-align:justify;\">L’acceptation de la commande (produit et prix) par notre société entraîne formation de la vente et donc réservation du contenu de la commande.</p>\n<ul style=\"text-align:justify;\"><li>Transfert de risques: il est effectif dès réception du paiement par Lisit SAS (validation du paiement à distance par notre banque, confirmation du transfert Paypal, réception du virement bancaire ou encaissement du chèque). Lisit SAS propose une assurance prise par ses soins concernant les risques liés au transport.</li>\n<li>Transfert de propriété: il est effectif après paiement et à l’issue du délai de rétraction mentionné à l’article 6.</li>\n</ul><p style=\"text-align:justify;\">Les ouvrages ou œuvres mis en vente sur le site www.streetart-store.com sont en grande majorité des ‘Pièces uniques’ ou à tirage limité. Nous accordons une attention toute particulière à ne mettre en vente que des articles disponibles.</p>\n<p style=\"text-align:justify;\">Si toutefois, une commande était passée pour un article devenu indisponible, la vente ne saurait être formée. Au cas où le paiement serait effectif, nous rembourserons intégralement le montant payé.</p>\n<p style=\"text-align:justify;\"></p>\n<p style=\"text-align:justify;\"><strong>6/ FACTURATION, PAIEMENT</strong></p>\n<p style=\"text-align:justify;\">Le paiement de vos achats pourra s’effectuer soit :</p>\n<p style=\"text-align:justify;\">par Carte Bancaire via le système PAYPAL.<br /> Ce système accepte les cartes bancaires portant les sigles “CB”, “Visa”, “Eurocard Mastercard”.</p>\n<p style=\"text-align:justify;\">par <strong>virement</strong>,</p>\n<p style=\"text-align:justify;\">sur le Compte bancaire ci-dessous</p>\n<p style=\"text-align:justify;\"><span style=\"color:#d0121a;\">IBAN : FR76 3006 6102 2100 0201 3830 105</span><br /><span style=\"color:#d0121a;\"> Code BIC : CMCIFRPP</span></p>\n<p style=\"text-align:justify;\">La facture des produits sera adressée avec chaque commande. Le client garantit Lisit SAS qu’il dispose des autorisations éventuellement nécessaires pour utiliser le mode de paiement choisi par lui, lors de la validation du bon de commande.</p>\n<p style=\"text-align:justify;\"></p>\n<p style=\"text-align:justify;\"><strong>7/ SATISFAIT OU REMBOURSE – RETOUR DES OEUVRES</strong></p>\n<p style=\"text-align:justify;\">En application des dispositions de l’article L.121-16 du Code de la Consommation, le client dispose d’un délai de sept jours francs à partir de la livraison de sa commande pour faire retour de l’article livré pour remboursement. <strong>Merci de nous le retourner dans l’état dans lequel vous l’avez reçu, dans son emballage d’origine.</strong> Veuillez nous avertir avant d’effectuer le retour. Le frais de transport du retour à Lisit SAS sont à la charge du client.</p>\n<p style=\"text-align:justify;\">Si le contenu de la commande en retour est dans un état identique à celui de départ initial, Lisit SAS vous adressera dans 1 délai de 1 à 3 semaines à compter du jour de réception du contenu de la commande le remboursement de la valeur de l’objet .</p>\n<p style=\"text-align:justify;\"></p>\n<p style=\"text-align:justify;\"><strong>8/ LIVRAISON</strong></p>\n<p style=\"text-align:justify;\"><strong><em>8-1/ Conditions</em></strong></p>\n<p style=\"text-align:justify;\">La commande est expédiée dès réception du règlement sur notre compte société Lisit SAS.<br /> Les articles commandés sont livrés à l’adresse indiquée par le client.</p>\n<p style=\"text-align:justify;\">Si l’adresse de livraison s’avère incorrecte et oblige notre société à retourner la commande dans ses entrepôts, www.streetart-store.com pourra facturer au client les coûts administratifs et de transport associés au retour des commandes. Dans ce cas, le point de départ du nouveau délai de livraison sera lié à la réception par www.streetart-store.com des nouveaux éléments d’information concernant la nouvelle adresse.</p>\n<p style=\"text-align:justify;\">Le colis sera acheminé jusqu’au client par l’intermédiaire de notre transporteur habituel ou par le transporteur indiqué par le client, s’il en a préalablement émis le souhait.</p>\n<p style=\"text-align:justify;\">Il appartient au client de vérifier l’état de l’emballage ainsi que le contenu du ou des colis à la livraison.</p>\n<p style=\"text-align:justify;\">Dans tous les cas, les produits voyagent aux risques et périls du client (§ 5). Il appartient à ce dernier de vérifier le contenu du colis au moment de la livraison et de formuler les réserves d’usage sur le bordereau de livraison et, le cas échéant au transporteur par lettre recommandée dans les 3 jours suivant la réception du produit.</p>\n<p style=\"text-align:justify;\"><strong><em>8-2 / Délais</em></strong></p>\n<p style=\"text-align:justify;\">Les délais de livraison moyens en France métropolitaine sont en général de 7 jours à compter de la date d’expédition par Lisit SAS, mais il ne constitue pas un délai légal de rigueur et la responsabilité de Lisit SAS ne pourra pas être engagée en cas de retard.</p>\n<p style=\"text-align:justify;\">Lisit SAS se réserve la possibilité d’annuler la commande s’il n’est pas en mesure de l’honorer et en informera le client par tout moyen à sa convenance.</p>\n<p style=\"text-align:justify;\">En cas de retard de livraison, le client sera également averti du délai supplémentaire.</p>\n<p style=\"text-align:justify;\">Nous ferons de notre mieux pour faire livrer votre envoi conformément à nos délais habituels de livraison. Néanmoins, si nous n’étions pas en mesure de vous donner satisfaction, nous vous précisons qu’en aucun cas le remboursement du produit ne pourra être exigé à Lisit SAS et que seule la prestation de livraison pourra, sous les réserves émises aux paragraphes 6.3 et 6.4, faire l’objet d’un remboursement.</p>\n<p style=\"text-align:justify;\">En cas de non respect de nos engagements et quelle qu’en soit la cause, Lisit SAS ne sera tenu qu’au seul remboursement de la prestation de livraison sous les réserves énoncées ci-dessus (Retard de Livraison) et en aucun cas des dommages indirects que le client viendrait à invoquer. Ces dommages indirects et pertes s’entendent notamment par toute perte de revenus, de bénéfices, d’intérêts ou de marchés et toute perte liée à l’impossibilité d’utiliser tout ou une partie de l’envoi.</p>\n<p style=\"text-align:justify;\"><strong><em>8-3/ Conséquences du transfert de risques (§5)</em></strong></p>\n<p style=\"text-align:justify;\">Le contenu de la commande voyage aux risques du client. En aucun cas, Lisit SAS ne saurait être tenu responsable des dégradations de qualité des articles et de leurs emballages occasionnées durant le temps de transport.</p>\n<p style=\"text-align:justify;\">Si le colis est parvenu chez le client en mauvais état ou endommagé, celui-ci doit refuser le colis. Le transporteur se chargera d’informer Lisit SAS. A réception de cette information, Lisit SAS s’engage à rembourser le client du montant forfaitaire prévu par le transporteur ou du montant total de l’article si une assurance sur la valeur a prélablement été souscrite.</p>\n<p style=\"text-align:justify;\">Si le colis n’a pas été refusé, il est nécessaire d’apporter les réserves d’usage auprès de la société de distribution. Nous serons alors en mesure de réaliser un recours pour protéger nos intérêts mutuels.</p>\n<p style=\"text-align:justify;\">Si le client a accepté le colis sans réserves, en aucun cas il ne pourra exiger le remboursement du prix du produit endommagé ni du forfait de livraison.</p>\n<p style=\"text-align:justify;\"></p>\n<p style=\"text-align:justify;\"><strong>9/ RESPONSABILITE</strong><br /> La responsabilité de Lisit SAS ne saurait être engagée en cas d’inexécution du contrat, en cas de rupture de stock ou d’indisponibilité du produit, de force majeure et, notamment en cas de grève totale ou partielle, inondation, incendie ou autres catastrophes naturelles et d’une manière générale tous événements ne permettant pas la bonne exécution de la commande.</p>\n<p style=\"text-align:justify;\"></p>\n<p style=\"text-align:justify;\"><strong>10/ PREUVE</strong></p>\n<p style=\"text-align:justify;\">Les registres informatisés, conservés dans les systèmes informatiques de Lisit SAS dans des conditions raisonnables de sécurité, seront considérés comme des preuves des communications, des commandes et des paiements intervenus entre les parties.</p>\n<p style=\"text-align:justify;\"></p>\n<p style=\"text-align:justify;\"><strong>11/ REGLEMENT DES LITIGES</strong></p>\n<p style=\"text-align:justify;\">Ces conditions générales de vente sont régies par la loi française aussi bien pour les règles de fonds que pour les règles de forme.</p>\n<p style=\"text-align:justify;\">Notre Service clientèle est à votre disposition pour le règlement de tout litige et à défaut d’une solution amiable, seuls seront compétents les Tribunaux du siège social de Lisit SAS.</p>\n<p style=\"text-align:justify;\"></p>\n<p style=\"text-align:justify;\"><strong>12/ ATTRIBUTION DE JURIDICTION</strong></p>\n<p style=\"text-align:justify;\">Toutes les dispositions contractuelles définies ci-dessus sont régies par la loi française. Le tribunal du siège social de Lisit SAS est seul compétent pour tout litige provenant de l’application des présentes conditions générales de vente. Les divers modes d’expédition ou de paiement, nos dispositions ou acceptations de règlement, ainsi que le lieu de livraison, ne peuvent opérer ni novation ni dérogation à cette clause attributive de juridiction.</p>\n<p style=\"text-align:justify;\"></p>\n<p style=\"text-align:center;\">www.streetart-store.com est un site de la société Lisit SAS :</p>\n<p style=\"text-align:center;\">Siège social : 6 rue Caulaincourt – 75018 Paris<br /> tel : +33 (0)7 81 61 21 57</p>\n<p style=\"text-align:center;\">SAS au capital de 784 000 euros<br /> RCS Paris 512 848 573</p>\n<p style=\"text-align:justify;\"></p>','conditions-generales-de-vente'),