-- Table structure for table `pre3303_module_carrier`
--

CREATE TABLE `pre3303_module_carrier` (
  `id_module` int(10) unsigned NOT NULL,
  `id_shop` int(11) unsigned NOT NULL DEFAULT '1',
  `id_reference` int(11) NOT NULL,
  PRIMARY KEY (`id_module`,`id_shop`,`id_reference`)
) ENGINE=InnoDB DEFAULT CHARSET=utf8;

--
-- Dumping data for table `pre3303_module_carrier`
--

INSERT INTO `pre3303_module_carrier` VALUES (9,4,27),(9,5,27),(26,4,27),(26,5,27),(68,2,1),(68,2,27),(68,4,1),(68,4,2),(68,4,27),(68,5,1),(68,5,14),(68,5,27),(88,2,1),(88,2,2),(88,5,1),(88,5,2);

--
-- Table structure for table `pre3303_module_country`
--

CREATE TABLE `pre3303_module_country` (
  `id_module` int(10) unsigned NOT NULL,
  `id_shop` int(11) unsigned NOT NULL DEFAULT '1',
  `id_country` int(10) unsigned NOT NULL,
  PRIMARY KEY (`id_module`,`id_shop`,`id_country`)
) ENGINE=InnoDB DEFAULT CHARSET=utf8;

--
-- Dumping data for table `pre3303_module_country`
--

INSERT INTO `pre3303_module_country` VALUES (9,2,3),(9,2,4),(9,2,8),(9,2,11),(9,2,21),(9,2,28),(9,2,29),(9,2,145),(9,5,3),(9,5,4),(9,5,11),(9,5,21),(9,5,28),(9,5,29),(9,5,145),(26,2,3),(26,2,4),(26,2,8),(26,2,11),(26,2,21),(26,2,28),(26,2,29),(26,2,145),(26,5,3),(26,5,4),(26,5,11),(26,5,21),(26,5,28),(26,5,29),(26,5,145),(68,2,1),(68,2,3),(68,2,4),(68,2,6),(68,2,8),(68,2,9),(68,2,10),(68,2,11),(68,2,12),(68,2,13),(68,2,14),(68,2,15),(68,2,17),(68,2,18),(68,2,19),(68,2,20),(68,2,21),(68,2,28),(68,2,29),(68,2,145),(68,2,148),(68,4,1),(68,4,2),(68,4,3),(68,4,4),(68,4,6),(68,4,7),(68,4,8),(68,4,9),(68,4,10),(68,4,11),(68,4,12),(68,4,13),(68,4,14),(68,4,15),(68,4,17),(68,4,18),(68,4,19),(68,4,20),(68,4,21),(68,4,23),(68,4,26),(68,4,27),(68,4,28),(68,4,29),(68,4,109),(68,4,130),(68,4,143),(68,4,148),(68,4,158),(68,4,176),(68,4,182),(68,4,186),(68,4,217),(68,4,236),(68,5,1),(68,5,3),(68,5,4),(68,5,6),(68,5,8),(68,5,11),(68,5,12),(68,5,18),(68,5,19),(68,5,20),(68,5,21),(68,5,28),(68,5,29),(68,5,145),(68,5,148),(88,2,3),(88,2,8),(88,5,3),(88,5,8);

--
-- Table structure for table `pre3303_module_currency`
--

CREATE TABLE `pre3303_module_currency` (
  `id_module` int(10) unsigned NOT NULL,
  `id_shop` int(11) unsigned NOT NULL DEFAULT '1',
  `id_currency` int(11) NOT NULL,
  PRIMARY KEY (`id_module`,`id_shop`,`id_currency`),
  KEY `id_module` (`id_module`)
) ENGINE=InnoDB DEFAULT CHARSET=utf8;

--
-- Dumping data for table `pre3303_module_currency`
--

INSERT INTO `pre3303_module_currency` VALUES (9,2,1),(9,4,1),(9,5,1),(26,2,1),(26,4,1),(26,5,1),(68,2,1),(68,4,1),(68,5,1),(88,2,1),(88,4,1),(88,5,1);

--
-- Table structure for table `pre3303_module_group`
--

CREATE TABLE `pre3303_module_group` (
  `id_module` int(10) unsigned NOT NULL,
  `id_shop` int(11) unsigned NOT NULL DEFAULT '1',
  `id_group` int(11) unsigned NOT NULL,
  PRIMARY KEY (`id_module`,`id_shop`,`id_group`)
) ENGINE=InnoDB DEFAULT CHARSET=utf8;

--
-- Dumping data for table `pre3303_module_group`
--

INSERT INTO `pre3303_module_group` VALUES (1,2,1),(1,2,2),(1,2,3),(1,2,4),(1,2,5),(1,2,6),(1,2,7),(1,2,8),(1,2,10),(1,4,1),(1,4,2),(1,4,3),(1,4,4),(1,4,5),(1,4,6),(1,4,7),(1,4,8),(1,4,10),(1,5,1),(1,5,2),(1,5,3),(1,5,4),(1,5,5),(1,5,6),(1,5,7),(1,5,8),(1,5,10),(2,2,1),(2,2,2),(2,2,3),(2,2,4),(2,2,5),(2,2,6),(2,2,7),(2,2,8),(2,2,10),(2,4,1),(2,4,2),(2,4,3),(2,4,4),(2,4,5),(2,4,6),(2,4,7),(2,4,8),(2,4,10),(2,5,1),(2,5,2),(2,5,3),(2,5,4),(2,5,5),(2,5,6),(2,5,7),(2,5,8),(2,5,10),(3,2,1),(3,2,2),(3,2,3),(3,2,4),(3,2,5),(3,2,6),(3,2,7),(3,2,8),(3,2,10),(3,4,1),(3,4,2),(3,4,3),(3,4,4),(3,4,5),(3,4,6),(3,4,7),(3,4,8),(3,4,10),(3,5,1),(3,5,2),(3,5,3),(3,5,4),(3,5,5),(3,5,6),(3,5,7),(3,5,8),(3,5,10),(4,2,1),(4,2,2),(4,2,3),(4,2,4),(4,2,5),(4,2,6),(4,2,7),(4,2,8),(4,2,10),(4,4,1),(4,4,2),(4,4,3),(4,4,4),(4,4,5),(4,4,6),(4,4,7),(4,4,8),(4,4,10),(4,5,1),(4,5,2),(4,5,3),(4,5,4),(4,5,5),(4,5,6),(4,5,7),(4,5,8),(4,5,10),(5,2,1),(5,2,2),(5,2,3),(5,2,4),(5,2,5),(5,2,6),(5,2,7),(5,2,8),(5,2,10),(5,4,1),(5,4,2),(5,4,3),(5,4,4),(5,4,5),(5,4,6),(5,4,7),(5,4,8),(5,4,10),(5,5,1),(5,5,2),(5,5,3),(5,5,4),(5,5,5),(5,5,6),(5,5,7),(5,5,8),(5,5,10),(6,2,1),(6,2,2),(6,2,3),(6,2,4),(6,2,5),(6,2,6),(6,2,7),(6,2,8),(6,2,10),(6,4,1),(6,4,2),(6,4,3),(6,4,4),(6,4,5),(6,4,6),(6,4,7),(6,4,8),(6,4,10),(6,5,1),(6,5,2),(6,5,3),(6,5,4),(6,5,5),(6,5,6),(6,5,7),(6,5,8),(6,5,10),(7,2,1),(7,2,2),(7,2,3),(7,2,4),(7,2,5),(7,2,6),(7,2,7),(7,2,8),(7,2,10),(7,4,1),(7,4,2),(7,4,3),(7,4,4),(7,4,5),(7,4,6),(7,4,7),(7,4,8),(7,4,10),(7,5,1),(7,5,2),(7,5,3),(7,5,4),(7,5,5),(7,5,6),(7,5,7),(7,5,8),(7,5,10),(8,2,1),(8,2,2),(8,2,3),(8,2,4),(8,2,5),(8,2,6),(8,2,7),(8,2,8),(8,2,10),(8,4,1),(8,4,2),(8,4,3),(8,4,4),(8,4,5),(8,4,6),(8,4,7),(8,4,8),(8,4,10),(8,5,1),(8,5,2),(8,5,3),(8,5,4),(8,5,5),(8,5,6),(8,5,7),(8,5,8),(8,5,10),(9,2,4),(9,2,5),(9,2,6),(9,2,7),(9,2,10),(9,5,10),(10,2,1),(10,2,2),(10,2,3),(10,2,4),(10,2,5),(10,2,6),(10,2,7),(10,2,8),(10,2,10),(10,4,1),(10,4,2),(10,4,3),(10,4,4),(10,4,5),(10,4,6),(10,4,7),(10,4,8),(10,4,10),(10,5,1),(10,5,2),(10,5,3),(10,5,4),(10,5,5),(10,5,6),(10,5,7),(10,5,8),(10,5,10),(11,2,1),(11,2,2),(11,2,3),(11,2,4),(11,2,5),(11,2,6),(11,2,7),(11,2,8),(11,2,10),(11,4,1),(11,4,2),(11,4,3),(11,4,4),(11,4,5),(11,4,6),(11,4,7),(11,4,8),(11,4,10),(11,5,1),(11,5,2),(11,5,3),(11,5,4),(11,5,5),(11,5,6),(11,5,7),(11,5,8),(11,5,10),(12,2,1),(12,2,2),(12,2,3),(12,2,4),(12,2,5),(12,2,6),(12,2,7),(12,2,8),(12,2,10),(12,4,1),(12,4,2),(12,4,3),(12,4,4),(12,4,5),(12,4,6),(12,4,7),(12,4,8),(12,4,10),(12,5,1),(12,5,2),(12,5,3),(12,5,4),(12,5,5),(12,5,6),(12,5,7),(12,5,8),(12,5,10),(13,2,1),(13,2,2),(13,2,3),(13,2,4),(13,2,5),(13,2,6),(13,2,7),(13,2,8),(13,2,10),(13,4,1),(13,4,2),(13,4,3),(13,4,4),(13,4,5),(13,4,6),(13,4,7),(13,4,8),(13,4,10),(13,5,1),(13,5,2),(13,5,3),(13,5,4),(13,5,5),(13,5,6),(13,5,7),(13,5,8),(13,5,10),(14,2,1),(14,2,2),(14,2,3),(14,2,4),(14,2,5),(14,2,6),(14,2,7),(14,2,8),(14,2,10),(14,4,1),(14,4,2),(14,4,3),(14,4,4),(14,4,5),(14,4,6),(14,4,7),(14,4,8),(14,4,10),(14,5,1),(14,5,2),(14,5,3),(14,5,4),(14,5,5),(14,5,6),(14,5,7),(14,5,8),(14,5,10),(15,2,1),(15,2,2),(15,2,3),(15,2,4),(15,2,5),(15,2,6),(15,2,7),(15,2,8),(15,2,10),(15,4,1),(15,4,2),(15,4,3),(15,4,4),(15,4,5),(15,4,6),(15,4,7),(15,4,8),(15,4,10),(15,5,1),(15,5,2),(15,5,3),(15,5,4),(15,5,5),(15,5,6),(15,5,7),(15,5,8),(15,5,10),(16,2,1),(16,2,2),(16,2,3),(16,2,4),(16,2,5),(16,2,6),(16,2,7),(16,2,8),(16,2,10),(16,4,1),(16,4,2),(16,4,3),(16,4,4),(16,4,5),(16,4,6),(16,4,7),(16,4,8),(16,4,10),(16,5,1),(16,5,2),(16,5,3),(16,5,4),(16,5,5),(16,5,6),(16,5,7),(16,5,8),(16,5,10),(17,2,1),(17,2,2),(17,2,3),(17,2,4),(17,2,5),(17,2,6),(17,2,7),(17,2,8),(17,2,10),(17,4,1),(17,4,2),(17,4,3),(17,4,4),(17,4,5),(17,4,6),(17,4,7),(17,4,8),(17,4,10),(17,5,1),(17,5,2),(17,5,3),(17,5,4),(17,5,5),(17,5,6),(17,5,7),(17,5,8),(17,5,10),(18,2,1),(18,2,2),(18,2,3),(18,2,4),(18,2,5),(18,2,6),(18,2,7),(18,2,8),(18,2,10),(18,4,1),(18,4,2),(18,4,3),(18,4,4),(18,4,5),(18,4,6),(18,4,7),(18,4,8),(18,4,10),(18,5,1),(18,5,2),(18,5,3),(18,5,4),(18,5,5),(18,5,6),(18,5,7),(18,5,8),(18,5,10),(19,2,1),(19,2,2),(19,2,3),(19,2,4),(19,2,5),(19,2,6),(19,2,7),(19,2,8),(19,2,10),(19,4,1),(19,4,2),(19,4,3),(19,4,4),(19,4,5),(19,4,6),(19,4,7),(19,4,8),(19,4,10),(19,5,1),(19,5,2),(19,5,3),(19,5,4),(19,5,5),(19,5,6),(19,5,7),(19,5,8),(19,5,10),(20,2,1),(20,2,2),(20,2,3),(20,2,4),(20,2,5),(20,2,6),(20,2,7),(20,2,8),(20,2,10),(20,4,1),(20,4,2),(20,4,3),(20,4,4),(20,4,5),(20,4,6),(20,4,7),(20,4,8),(20,4,10),(20,5,1),(20,5,2),(20,5,3),(20,5,4),(20,5,5),(20,5,6),(20,5,7),(20,5,8),(20,5,10),(21,2,1),(21,2,2),(21,2,3),(21,2,4),(21,2,5),(21,2,6),(21,2,7),(21,2,8),(21,2,10),(21,4,1),(21,4,2),(21,4,3),(21,4,4),(21,4,5),(21,4,6),(21,4,7),(21,4,8),(21,4,10),(21,5,1),(21,5,2),(21,5,3),(21,5,4),(21,5,5),(21,5,6),(21,5,7),(21,5,8),(21,5,10),(22,2,1),(22,2,2),(22,2,3),(22,2,4),(22,2,5),(22,2,6),(22,2,7),(22,2,8),(22,2,10),(22,4,1),(22,4,2),(22,4,3),(22,4,4),(22,4,5),(22,4,6),(22,4,7),(22,4,8),(22,4,10),(22,5,1),(22,5,2),(22,5,3),(22,5,4),(22,5,5),(22,5,6),(22,5,7),(22,5,8),(22,5,10),(23,2,1),(23,2,2),(23,2,3),(23,2,4),(23,2,5),(23,2,6),(23,2,7),(23,2,8),(23,2,10),(23,4,1),(23,4,2),(23,4,3),(23,4,4),(23,4,5),(23,4,6),(23,4,7),(23,4,8),(23,4,10),(23,5,1),(23,5,2),(23,5,3),(23,5,4),(23,5,5),(23,5,6),(23,5,7),(23,5,8),(23,5,10),(24,2,1),(24,2,2),(24,2,3),(24,2,4),(24,2,5),(24,2,6),(24,2,7),(24,2,8),(24,2,10),(24,4,1),(24,4,2),(24,4,3),(24,4,4),(24,4,5),(24,4,6),(24,4,7),(24,4,8),(24,4,10),(24,5,1),(24,5,2),(24,5,3),(24,5,4),(24,5,5),(24,5,6),(24,5,7),(24,5,8),(24,5,10),(25,2,1),(25,2,2),(25,2,3),(25,2,4),(25,2,5),(25,2,6),(25,2,7),(25,2,8),(25,2,10),(25,4,1),(25,4,2),(25,4,3),(25,4,4),(25,4,5),(25,4,6),(25,4,7),(25,4,8),(25,4,10),(25,5,1),(25,5,2),(25,5,3),(25,5,4),(25,5,5),(25,5,6),(25,5,7),(25,5,8),(25,5,10),(26,2,4),(26,2,5),(26,2,10),(26,4,4),(26,4,5),(26,4,6),(26,4,7),(26,4,8),(26,4,10),(26,5,10),(27,2,1),(27,2,2),(27,2,3),(27,2,4),(27,2,5),(27,2,6),(27,2,7),(27,2,8),(27,2,10),(27,4,1),(27,4,2),(27,4,3),(27,4,4),(27,4,5),(27,4,6),(27,4,7),(27,4,8),(27,4,10),(27,5,1),(27,5,2),(27,5,3),(27,5,4),(27,5,5),(27,5,6),(27,5,7),(27,5,8),(27,5,10),(28,2,1),(28,2,2),(28,2,3),(28,2,4),(28,2,5),(28,2,6),(28,2,7),(28,2,8),(28,2,10),(28,4,1),(28,4,2),(28,4,3),(28,4,4),(28,4,5),(28,4,6),(28,4,7),(28,4,8),(28,4,10),(28,5,1),(28,5,2),(28,5,3),(28,5,4),(28,5,5),(28,5,6),(28,5,7),(28,5,8),(28,5,10),(29,2,1),(29,2,2),(29,2,3),(29,2,4),(29,2,5),(29,2,6),(29,2,7),(29,2,8),(29,2,10),(29,4,1),(29,4,2),(29,4,3),(29,4,4),(29,4,5),(29,4,6),(29,4,7),(29,4,8),(29,4,10),(29,5,1),(29,5,2),(29,5,3),(29,5,4),(29,5,5),(29,5,6),(29,5,7),(29,5,8),(29,5,10),(30,2,1),(30,2,2),(30,2,3),(30,2,4),(30,2,5),(30,2,6),(30,2,7),(30,2,8),(30,2,10),(30,4,1),(30,4,2),(30,4,3),(30,4,4),(30,4,5),(30,4,6),(30,4,7),(30,4,8),(30,4,10),(30,5,1),(30,5,2),(30,5,3),(30,5,4),(30,5,5),(30,5,6),(30,5,7),(30,5,8),(30,5,10),(31,2,1),(31,2,2),(31,2,3),(31,2,4),(31,2,5),(31,2,6),(31,2,7),(31,2,8),(31,2,10),(31,4,1),(31,4,2),(31,4,3),(31,4,4),(31,4,5),(31,4,6),(31,4,7),(31,4,8),(31,4,10),(31,5,1),(31,5,2),(31,5,3),(31,5,4),(31,5,5),(31,5,6),(31,5,7),(31,5,8),(31,5,10),(32,2,1),(32,2,2),(32,2,3),(32,2,4),(32,2,5),(32,2,6),(32,2,7),(32,2,8),(32,2,10),(32,4,1),(32,4,2),(32,4,3),(32,4,4),(32,4,5),(32,4,6),(32,4,7),(32,4,8),(32,4,10),(32,5,1),(32,5,2),(32,5,3),(32,5,4),(32,5,5),(32,5,6),(32,5,7),(32,5,8),(32,5,10),(33,2,1),(33,2,2),(33,2,3),(33,2,4),(33,2,5),(33,2,6),(33,2,7),(33,2,8),(33,2,10),(33,4,1),(33,4,2),(33,4,3),(33,4,4),(33,4,5),(33,4,6),(33,4,7),(33,4,8),(33,4,10),(33,5,1),(33,5,2),(33,5,3),(33,5,4),(33,5,5),(33,5,6),(33,5,7),(33,5,8),(33,5,10),(34,2,1),(34,2,2),(34,2,3),(34,2,4),(34,2,5),(34,2,6),(34,2,7),(34,2,8),(34,2,10),(34,4,1),(34,4,2),(34,4,3),(34,4,4),(34,4,5),(34,4,6),(34,4,7),(34,4,8),(34,4,10),(34,5,1),(34,5,2),(34,5,3),(34,5,4),(34,5,5),(34,5,6),(34,5,7),(34,5,8),(34,5,10),(35,2,1),(35,2,2),(35,2,3),(35,2,4),(35,2,5),(35,2,6),(35,2,7),(35,2,8),(35,2,10),(35,4,1),(35,4,2),(35,4,3),(35,4,4),(35,4,5),(35,4,6),(35,4,7),(35,4,8),(35,4,10),(35,5,1),(35,5,2),(35,5,3),(35,5,4),(35,5,5),(35,5,6),(35,5,7),(35,5,8),(35,5,10),(36,2,1),(36,2,2),(36,2,3),(36,2,4),(36,2,5),(36,2,6),(36,2,7),(36,2,8),(36,2,10),(36,4,1),(36,4,2),(36,4,3),(36,4,4),(36,4,5),(36,4,6),(36,4,7),(36,4,8),(36,4,10),(36,5,1),(36,5,2),(36,5,3),(36,5,4),(36,5,5),(36,5,6),(36,5,7),(36,5,8),(36,5,10),(37,2,1),(37,2,2),(37,2,3),(37,2,4),(37,2,5),(37,2,6),(37,2,7),(37,2,8),(37,2,10),(37,4,1),(37,4,2),(37,4,3),(37,4,4),(37,4,5),(37,4,6),(37,4,7),(37,4,8),(37,4,10),(37,5,1),(37,5,2),(37,5,3),(37,5,4),(37,5,5),(37,5,6),(37,5,7),(37,5,8),(37,5,10),(38,2,1),(38,2,2),(38,2,3),(38,2,4),(38,2,5),(38,2,6),(38,2,7),(38,2,10),(38,4,1),(38,4,2),(38,4,3),(38,4,4),(38,4,5),(38,4,6),(38,4,7),(38,4,10),(38,5,1),(38,5,2),(38,5,3),(38,5,4),(38,5,5),(38,5,6),(38,5,7),(38,5,10),(39,2,1),(39,2,2),(39,2,3),(39,2,4),(39,2,5),(39,2,6),(39,2,7),(39,2,8),(39,2,10),(39,4,1),(39,4,2),(39,4,3),(39,4,4),(39,4,5),(39,4,6),(39,4,7),(39,4,8),(39,4,10),(39,5,1),(39,5,2),(39,5,3),(39,5,4),(39,5,5),(39,5,6),(39,5,7),(39,5,8),(39,5,10),(40,2,1),(40,2,2),(40,2,3),(40,2,4),(40,2,5),(40,2,6),(40,2,7),(40,2,8),(40,2,10),(40,4,1),(40,4,2),(40,4,3),(40,4,4),(40,4,5),(40,4,6),(40,4,7),(40,4,8),(40,4,10),(40,5,1),(40,5,2),(40,5,3),(40,5,4),(40,5,5),(40,5,6),(40,5,7),(40,5,8),(40,5,10),(41,2,1),(41,2,2),(41,2,3),(41,2,4),(41,2,5),(41,2,6),(41,2,7),(41,2,8),(41,2,10),(41,4,1),(41,4,2),(41,4,3),(41,4,4),(41,4,5),(41,4,6),(41,4,7),(41,4,8),(41,4,10),(41,5,1),(41,5,2),(41,5,3),(41,5,4),(41,5,5),(41,5,6),(41,5,7),(41,5,8),(41,5,10),(42,2,1),(42,2,2),(42,2,3),(42,2,4),(42,2,5),(42,2,6),(42,2,7),(42,2,8),(42,2,10),(42,4,1),(42,4,2),(42,4,3),(42,4,4),(42,4,5),(42,4,6),(42,4,7),(42,4,8),(42,4,10),(42,5,1),(42,5,2),(42,5,3),(42,5,4),(42,5,5),(42,5,6),(42,5,7),(42,5,8),(42,5,10),(43,2,1),(43,2,2),(43,2,3),(43,2,4),(43,2,5),(43,2,6),(43,2,7),(43,2,8),(43,2,10),(43,4,1),(43,4,2),(43,4,3),(43,4,4),(43,4,5),(43,4,6),(43,4,7),(43,4,8),(43,4,10),(43,5,1),(43,5,2),(43,5,3),(43,5,4),(43,5,5),(43,5,6),(43,5,7),(43,5,8),(43,5,10),(44,2,1),(44,2,2),(44,2,3),(44,2,4),(44,2,5),(44,2,6),(44,2,7),(44,2,8),(44,2,10),(44,4,1),(44,4,2),(44,4,3),(44,4,4),(44,4,5),(44,4,6),(44,4,7),(44,4,8),(44,4,10),(44,5,1),(44,5,2),(44,5,3),(44,5,4),(44,5,5),(44,5,6),(44,5,7),(44,5,8),(44,5,10),(45,2,1),(45,2,2),(45,2,3),(45,2,4),(45,2,5),(45,2,6),(45,2,7),(45,2,8),(45,2,10),(45,4,1),(45,4,2),(45,4,3),(45,4,4),(45,4,5),(45,4,6),(45,4,7),(45,4,8),(45,4,10),(45,5,1),(45,5,2),(45,5,3),(45,5,4),(45,5,5),(45,5,6),(45,5,7),(45,5,8),(45,5,10),(46,2,1),(46,2,2),(46,2,3),(46,2,4),(46,2,5),(46,2,6),(46,2,7),(46,2,8),(46,2,10),(46,4,1),(46,4,2),(46,4,3),(46,4,4),(46,4,5),(46,4,6),(46,4,7),(46,4,8),(46,4,10),(46,5,1),(46,5,2),(46,5,3),(46,5,4),(46,5,5),(46,5,6),(46,5,7),(46,5,8),(46,5,10),(47,2,1),(47,2,2),(47,2,3),(47,2,4),(47,2,5),(47,2,6),(47,2,7),(47,2,8),(47,2,10),(47,4,1),(47,4,2),(47,4,3),(47,4,4),(47,4,5),(47,4,6),(47,4,7),(47,4,8),(47,4,10),(47,5,1),(47,5,2),(47,5,3),(47,5,4),(47,5,5),(47,5,6),(47,5,7),(47,5,8),(47,5,10),(48,2,1),(48,2,2),(48,2,3),(48,2,4),(48,2,5),(48,2,6),(48,2,7),(48,2,8),(48,2,10),(48,4,1),(48,4,2),(48,4,3),(48,4,4),(48,4,5),(48,4,6),(48,4,7),(48,4,8),(48,4,10),(48,5,1),(48,5,2),(48,5,3),(48,5,4),(48,5,5),(48,5,6),(48,5,7),(48,5,8),(48,5,10),(49,2,1),(49,2,2),(49,2,3),(49,2,4),(49,2,5),(49,2,6),(49,2,7),(49,2,8),(49,2,10),(49,4,1),(49,4,2),(49,4,3),(49,4,4),(49,4,5),(49,4,6),(49,4,7),(49,4,8),(49,4,10),(49,5,1),(49,5,2),(49,5,3),(49,5,4),(49,5,5),(49,5,6),(49,5,7),(49,5,8),(49,5,10),(50,2,1),(50,2,2),(50,2,3),(50,2,4),(50,2,5),(50,2,6),(50,2,7),(50,2,8),(50,2,10),(50,4,1),(50,4,2),(50,4,3),(50,4,4),(50,4,5),(50,4,6),(50,4,7),(50,4,8),(50,4,10),(50,5,1),(50,5,2),(50,5,3),(50,5,4),(50,5,5),(50,5,6),(50,5,7),(50,5,8),(50,5,10),(51,2,1),(51,2,2),(51,2,3),(51,2,4),(51,2,5),(51,2,6),(51,2,7),(51,2,8),(51,2,10),(51,4,1),(51,4,2),(51,4,3),(51,4,4),(51,4,5),(51,4,6),(51,4,7),(51,4,8),(51,4,10),(51,5,1),(51,5,2),(51,5,3),(51,5,4),(51,5,5),(51,5,6),(51,5,7),(51,5,8),(51,5,10),(52,2,1),(52,2,2),(52,2,3),(52,2,4),(52,2,5),(52,2,6),(52,2,7),(52,2,8),(52,2,10),(52,4,1),(52,4,2),(52,4,3),(52,4,4),(52,4,5),(52,4,6),(52,4,7),(52,4,8),(52,4,10),(52,5,1),(52,5,2),(52,5,3),(52,5,4),(52,5,5),(52,5,6),(52,5,7),(52,5,8),(52,5,10),(53,2,1),(53,2,2),(53,2,3),(53,2,4),(53,2,5),(53,2,6),(53,2,7),(53,2,8),(53,2,10),(53,4,1),(53,4,2),(53,4,3),(53,4,4),(53,4,5),(53,4,6),(53,4,7),(53,4,8),(53,4,10),(53,5,1),(53,5,2),(53,5,3),(53,5,4),(53,5,5),(53,5,6),(53,5,7),(53,5,8),(53,5,10),(54,2,1),(54,2,2),(54,2,3),(54,2,4),(54,2,5),(54,2,6),(54,2,7),(54,2,8),(54,2,10),(54,4,1),(54,4,2),(54,4,3),(54,4,4),(54,4,5),(54,4,6),(54,4,7),(54,4,8),(54,4,10),(54,5,1),(54,5,2),(54,5,3),(54,5,4),(54,5,5),(54,5,6),(54,5,7),(54,5,8),(54,5,10),(55,2,1),(55,2,2),(55,2,3),(55,2,4),(55,2,5),(55,2,6),(55,2,7),(55,2,8),(55,2,10),(55,4,1),(55,4,2),(55,4,3),(55,4,4),(55,4,5),(55,4,6),(55,4,7),(55,4,8),(55,4,10),(55,5,1),(55,5,2),(55,5,3),(55,5,4),(55,5,5),(55,5,6),(55,5,7),(55,5,8),(55,5,10),(56,2,1),(56,2,2),(56,2,3),(56,2,4),(56,2,5),(56,2,6),(56,2,7),(56,2,8),(56,2,10),(56,4,1),(56,4,2),(56,4,3),(56,4,4),(56,4,5),(56,4,6),(56,4,7),(56,4,8),(56,4,10),(56,5,1),(56,5,2),(56,5,3),(56,5,4),(56,5,5),(56,5,6),(56,5,7),(56,5,8),(56,5,10),(59,2,1),(59,2,2),(59,2,3),(59,2,4),(59,2,5),(59,2,6),(59,2,7),(59,2,8),(59,2,10),(59,4,1),(59,4,2),(59,4,3),(59,4,4),(59,4,5),(59,4,6),(59,4,7),(59,4,8),(59,4,10),(59,5,1),(59,5,2),(59,5,3),(59,5,4),(59,5,5),(59,5,6),(59,5,7),(59,5,8),(59,5,10),(60,2,1),(60,2,2),(60,2,3),(60,2,4),(60,2,5),(60,2,6),(60,2,7),(60,2,8),(60,2,10),(60,4,1),(60,4,2),(60,4,3),(60,4,4),(60,4,5),(60,4,6),(60,4,7),(60,4,8),(60,4,10),(60,5,1),(60,5,2),(60,5,3),(60,5,4),(60,5,5),(60,5,6),(60,5,7),(60,5,8),(60,5,10),(61,2,1),(61,2,2),(61,2,3),(61,2,4),(61,2,5),(61,2,6),(61,2,7),(61,2,8),(61,2,10),(61,4,1),(61,4,2),(61,4,3),(61,4,4),(61,4,5),(61,4,6),(61,4,7),(61,4,8),(61,4,10),(61,5,1),(61,5,2),(61,5,3),(61,5,4),(61,5,5),(61,5,6),(61,5,7),(61,5,8),(61,5,10),(62,2,1),(62,2,2),(62,2,3),(62,2,4),(62,2,5),(62,2,6),(62,2,7),(62,2,8),(62,2,10),(62,4,1),(62,4,2),(62,4,3),(62,4,4),(62,4,5),(62,4,6),(62,4,7),(62,4,8),(62,4,10),(62,5,1),(62,5,2),(62,5,3),(62,5,4),(62,5,5),(62,5,6),(62,5,7),(62,5,8),(62,5,10),(66,2,1),(66,2,2),(66,2,3),(66,2,4),(66,2,5),(66,2,6),(66,2,7),(66,2,8),(66,2,10),(66,4,1),(66,4,2),(66,4,3),(66,4,4),(66,4,5),(66,4,6),(66,4,7),(66,4,8),(66,4,10),(66,5,1),(66,5,2),(66,5,3),(66,5,4),(66,5,5),(66,5,6),(66,5,7),(66,5,8),(66,5,10),(67,2,1),(67,2,2),(67,2,3),(67,2,4),(67,2,5),(67,2,6),(67,2,7),(67,2,8),(67,2,10),(67,4,1),(67,4,2),(67,4,3),(67,4,4),(67,4,5),(67,4,6),(67,4,7),(67,4,8),(67,4,10),(67,5,1),(67,5,2),(67,5,3),(67,5,4),(67,5,5),(67,5,6),(67,5,7),(67,5,8),(67,5,10),(68,2,1),(68,2,2),(68,2,3),(68,2,4),(68,2,5),(68,2,6),(68,2,7),(68,2,8),(68,2,10),(68,4,1),(68,4,2),(68,4,3),(68,4,4),(68,4,5),(68,4,6),(68,4,7),(68,4,8),(68,4,10),(68,5,1),(68,5,2),(68,5,3),(68,5,4),(68,5,5),(68,5,6),(68,5,7),(68,5,8),(68,5,10),(69,2,1),(69,2,2),(69,2,3),(69,2,4),(69,2,5),(69,2,6),(69,2,7),(69,2,8),(69,2,10),(69,4,1),(69,4,2),(69,4,3),(69,4,4),(69,4,5),(69,4,6),(69,4,7),(69,4,8),(69,4,10),(69,5,1),(69,5,2),(69,5,3),(69,5,4),(69,5,5),(69,5,6),(69,5,7),(69,5,8),(69,5,10),(70,2,1),(70,2,2),(70,2,3),(70,2,4),(70,2,5),(70,2,6),(70,2,7),(70,2,8),(70,2,10),(70,4,1),(70,4,2),(70,4,3),(70,4,4),(70,4,5),(70,4,6),(70,4,7),(70,4,8),(70,4,10),(70,5,1),(70,5,2),(70,5,3),(70,5,4),(70,5,5),(70,5,6),(70,5,7),(70,5,8),(70,5,10),(71,2,1),(71,2,2),(71,2,3),(71,2,4),(71,2,5),(71,2,6),(71,2,7),(71,2,8),(71,2,10),(71,4,1),(71,4,2),(71,4,3),(71,4,4),(71,4,5),(71,4,6),(71,4,7),(71,4,8),(71,4,10),(71,5,1),(71,5,2),(71,5,3),(71,5,4),(71,5,5),(71,5,6),(71,5,7),(71,5,8),(71,5,10),(72,2,1),(72,2,2),(72,2,3),(72,2,4),(72,2,5),(72,2,6),(72,2,7),(72,2,8),(72,2,10),(72,4,1),(72,4,2),(72,4,3),(72,4,4),(72,4,5),(72,4,6),(72,4,7),(72,4,8),(72,4,10),(72,5,1),(72,5,2),(72,5,3),(72,5,4),(72,5,5),(72,5,6),(72,5,7),(72,5,8),(72,5,10),(73,2,1),(73,2,2),(73,2,3),(73,2,4),(73,2,5),(73,2,6),(73,2,7),(73,2,8),(73,2,10),(73,4,1),(73,4,2),(73,4,3),(73,4,4),(73,4,5),(73,4,6),(73,4,7),(73,4,8),(73,4,10),(73,5,1),(73,5,2),(73,5,3),(73,5,4),(73,5,5),(73,5,6),(73,5,7),(73,5,8),(73,5,10),(75,2,1),(75,2,2),(75,2,3),(75,2,4),(75,2,5),(75,2,6),(75,2,7),(75,2,8),(75,2,10),(75,4,1),(75,4,2),(75,4,3),(75,4,4),(75,4,5),(75,4,6),(75,4,7),(75,4,8),(75,4,10),(75,5,1),(75,5,2),(75,5,3),(75,5,4),(75,5,5),(75,5,6),(75,5,7),(75,5,8),(75,5,10),(76,2,1),(76,2,2),(76,2,3),(76,2,4),(76,2,5),(76,2,6),(76,2,7),(76,2,8),(76,2,10),(76,4,1),(76,4,2),(76,4,3),(76,4,4),(76,4,5),(76,4,6),(76,4,7),(76,4,8),(76,4,10),(76,5,1),(76,5,2),(76,5,3),(76,5,4),(76,5,5),(76,5,6),(76,5,7),(76,5,8),(76,5,10),(77,2,1),(77,2,2),(77,2,3),(77,2,4),(77,2,5),(77,2,6),(77,2,7),(77,2,8),(77,2,10),(77,4,1),(77,4,2),(77,4,3),(77,4,4),(77,4,5),(77,4,6),(77,4,7),(77,4,8),(77,4,10),(77,5,1),(77,5,2),(77,5,3),(77,5,4),(77,5,5),(77,5,6),(77,5,7),(77,5,8),(77,5,10),(78,2,1),(78,2,2),(78,2,3),(78,2,4),(78,2,5),(78,2,6),(78,2,7),(78,2,8),(78,2,10),(78,4,1),(78,4,2),(78,4,3),(78,4,4),(78,4,5),(78,4,6),(78,4,7),(78,4,8),(78,4,10),(78,5,1),(78,5,2),(78,5,3),(78,5,4),(78,5,5),(78,5,6),(78,5,7),(78,5,8),(78,5,10),(79,2,1),(79,2,2),(79,2,3),(79,2,4),(79,2,5),(79,2,6),(79,2,7),(79,2,8),(79,2,10),(79,4,1),(79,4,2),(79,4,3),(79,4,4),(79,4,5),(79,4,6),(79,4,7),(79,4,8),(79,4,10),(79,5,1),(79,5,2),(79,5,3),(79,5,4),(79,5,5),(79,5,6),(79,5,7),(79,5,8),(79,5,10),(82,2,1),(82,2,2),(82,2,3),(82,2,4),(82,2,5),(82,2,6),(82,2,7),(82,2,8),(82,2,10),(82,4,1),(82,4,2),(82,4,3),(82,4,4),(82,4,5),(82,4,6),(82,4,7),(82,4,8),(82,4,10),(82,5,1),(82,5,2),(82,5,3),(82,5,4),(82,5,5),(82,5,6),(82,5,7),(82,5,8),(82,5,10),(83,2,1),(83,2,2),(83,2,3),(83,2,4),(83,2,5),(83,2,6),(83,2,7),(83,2,8),(83,2,10),(83,4,1),(83,4,2),(83,4,3),(83,4,4),(83,4,5),(83,4,6),(83,4,7),(83,4,8),(83,4,10),(83,5,1),(83,5,2),(83,5,3),(83,5,4),(83,5,5),(83,5,6),(83,5,7),(83,5,8),(83,5,10),(84,2,1),(84,2,2),(84,2,3),(84,2,4),(84,2,5),(84,2,6),(84,2,7),(84,2,8),(84,2,10),(84,4,1),(84,4,2),(84,4,3),(84,4,4),(84,4,5),(84,4,6),(84,4,7),(84,4,8),(84,4,10),(84,5,1),(84,5,2),(84,5,3),(84,5,4),(84,5,5),(84,5,6),(84,5,7),(84,5,8),(84,5,10),(85,2,1),(85,2,2),(85,2,3),(85,2,4),(85,2,5),(85,2,6),(85,2,7),(85,2,8),(85,2,10),(85,4,1),(85,4,2),(85,4,3),(85,4,4),(85,4,5),(85,4,6),(85,4,7),(85,4,8),(85,4,10),(85,5,1),(85,5,2),(85,5,3),(85,5,4),(85,5,5),(85,5,6),(85,5,7),(85,5,8),(85,5,10),(86,2,1),(86,2,2),(86,2,3),(86,2,4),(86,2,5),(86,2,6),(86,2,7),(86,2,8),(86,2,10),(86,4,1),(86,4,2),(86,4,3),(86,4,4),(86,4,5),(86,4,6),(86,4,7),(86,4,8),(86,4,10),(86,5,1),(86,5,2),(86,5,3),(86,5,4),(86,5,5),(86,5,6),(86,5,7),(86,5,8),(86,5,10),(88,2,1),(88,2,2),(88,2,3),(88,2,4),(88,2,5),(88,2,6),(88,2,7),(88,2,8),(88,2,10),(88,4,4),(88,4,5),(88,4,6),(88,4,7),(88,4,8),(88,4,10),(88,5,1),(88,5,2),(88,5,3),(88,5,4),(88,5,5),(88,5,6),(88,5,7),(88,5,8),(88,5,10),(89,2,1),(89,2,2),(89,2,3),(89,2,4),(89,2,5),(89,2,6),(89,2,7),(89,2,8),(89,2,10),(89,4,1),(89,4,2),(89,4,3),(89,4,4),(89,4,5),(89,4,6),(89,4,7),(89,4,8),(89,4,10),(89,5,1),(89,5,2),(89,5,3),(89,5,4),(89,5,5),(89,5,6),(89,5,7),(89,5,8),(89,5,10),(90,2,1),(90,2,2),(90,2,3),(90,2,4),(90,2,5),(90,2,6),(90,2,7),(90,2,8),(90,2,10),(90,4,1),(90,4,2),(90,4,3),(90,4,4),(90,4,5),(90,4,6),(90,4,7),(90,4,8),(90,4,10),(90,5,1),(90,5,2),(90,5,3),(90,5,4),(90,5,5),(90,5,6),(90,5,7),(90,5,8),(90,5,10),(91,2,1),(91,2,2),(91,2,3),(91,2,4),(91,2,5),(91,2,6),(91,2,7),(91,2,8),(91,2,10),(91,4,1),(91,4,2),(91,4,3),(91,4,4),(91,4,5),(91,4,6),(91,4,7),(91,4,8),(91,4,10),(91,5,1),(91,5,2),(91,5,3),(91,5,4),(91,5,5),(91,5,6),(91,5,7),(91,5,8),(91,5,10),(92,2,1),(92,2,2),(92,2,3),(92,2,4),(92,2,5),(92,2,6),(92,2,7),(92,2,8),(92,2,10),(92,4,1),(92,4,2),(92,4,3),(92,4,4),(92,4,5),(92,4,6),(92,4,7),(92,4,8),(92,4,10),(92,5,1),(92,5,2),(92,5,3),(92,5,4),(92,5,5),(92,5,6),(92,5,7),(92,5,8),(92,5,10);

--
-- Table structure for table `pre3303_module_history`
--

CREATE TABLE `pre3303_module_history` (
  `id` int(11) NOT NULL AUTO_INCREMENT,
  `id_employee` int(11) NOT NULL,
  `id_module` int(11) NOT NULL,
  `date_add` datetime NOT NULL,
  `date_upd` datetime NOT NULL,
  PRIMARY KEY (`id`)
) ENGINE=InnoDB AUTO_INCREMENT=65 DEFAULT CHARSET=utf8 COLLATE=utf8_unicode_ci;

--
-- Dumping data for table `pre3303_module_history`
--

INSERT INTO `pre3303_module_history` VALUES (1,1,55,'2018-07-09 12:23:44','2018-07-09 12:26:50'),(2,1,7,'2018-07-10 00:33:12','2018-07-12 02:41:59'),(3,1,20,'2018-07-10 00:34:08','2018-07-19 17:16:30'),(4,1,26,'2018-07-10 00:37:04','2018-08-23 19:20:26'),(5,1,52,'2018-07-11 16:45:24','2018-07-19 23:05:53'),(6,1,56,'2018-07-11 21:40:23','2018-07-25 23:23:19'),(7,1,16,'2018-07-12 01:58:40','2018-10-16 16:55:04'),(8,1,8,'2018-07-12 02:44:11','2018-07-19 17:16:44'),(9,1,21,'2018-07-12 02:46:05','2018-07-15 18:28:21'),(10,1,18,'2018-07-12 15:32:51','2018-07-12 15:32:51'),(11,1,25,'2018-07-12 20:31:19','2018-07-27 20:29:23'),(12,1,23,'2018-07-12 20:33:53','2018-07-12 20:39:30'),(13,1,63,'2018-07-13 15:37:05','2018-07-17 23:48:46'),(14,1,24,'2018-07-13 15:43:34','2018-10-12 14:55:01'),(15,1,64,'2018-07-13 16:13:39','2018-07-17 23:49:22'),(16,1,57,'2018-07-13 16:14:01','2018-07-17 22:42:09'),(17,1,61,'2018-07-13 16:29:42','2018-07-28 12:33:55'),(18,1,65,'2018-07-13 16:30:06','2018-07-17 22:32:06'),(19,1,17,'2018-07-13 16:44:52','2018-07-14 15:51:15'),(20,1,66,'2018-07-15 16:34:30','2018-09-21 17:29:59'),(21,1,68,'2018-07-15 16:47:46','2018-09-27 18:35:41'),(22,1,70,'2018-07-15 17:21:35','2018-07-15 18:01:48'),(23,1,71,'2018-07-15 18:15:56','2018-09-06 13:34:54'),(24,1,69,'2018-07-15 18:22:40','2018-08-25 12:31:23'),(25,1,72,'2018-07-15 18:25:23','2018-07-27 17:55:50'),(26,1,67,'2018-07-15 18:41:09','2018-09-06 15:59:06'),(27,1,73,'2018-07-16 18:26:44','2018-08-25 12:18:41'),(28,1,15,'2018-07-16 19:08:40','2018-07-27 18:46:31'),(29,1,77,'2018-07-20 20:26:53','2018-07-20 20:27:56'),(30,1,80,'2018-07-28 11:23:39','2018-07-28 11:23:39'),(31,1,81,'2018-08-02 19:38:47','2018-08-02 19:52:17'),(32,1,82,'2018-08-02 19:55:58','2018-09-12 18:29:51'),(33,2,83,'2018-08-02 22:36:37','2018-11-22 22:44:49'),(34,2,55,'2018-08-03 16:09:34','2018-11-30 12:14:17'),(35,2,71,'2018-08-03 16:14:11','2018-08-03 16:14:11'),(36,2,82,'2018-08-03 16:14:24','2018-11-06 14:08:48'),(37,2,25,'2018-08-11 13:24:39','2018-09-26 18:17:29'),(38,2,16,'2018-08-11 15:37:00','2018-11-05 14:57:12'),(39,1,9,'2018-08-23 19:19:04','2018-08-23 19:19:04'),(40,2,15,'2018-08-25 14:34:03','2018-08-25 14:34:03'),(41,2,73,'2018-08-25 22:54:50','2018-11-13 11:47:41'),(42,2,85,'2018-08-25 22:58:52','2018-11-06 14:14:00'),(43,2,86,'2018-08-25 23:00:49','2018-08-25 23:00:49'),(44,2,84,'2018-08-25 23:01:47','2018-10-31 16:08:32'),(45,2,67,'2018-08-31 14:22:58','2018-10-26 19:30:49'),(46,2,80,'2018-09-04 15:39:14','2018-09-04 15:39:14'),(47,2,70,'2018-09-04 16:16:37','2018-09-04 16:16:37'),(48,2,61,'2018-09-06 15:08:07','2018-11-05 08:47:30'),(49,2,68,'2018-09-20 19:02:19','2018-11-26 16:27:19'),(50,1,62,'2018-09-22 11:35:39','2018-09-22 11:58:18'),(51,2,77,'2018-09-26 16:49:39','2019-01-02 11:13:29'),(52,2,8,'2018-09-27 15:53:33','2018-09-27 15:56:05'),(53,2,62,'2018-09-27 18:54:00','2018-11-08 10:17:06'),(54,2,54,'2018-09-27 19:01:41','2018-11-08 10:15:26'),(55,2,69,'2018-10-27 13:39:19','2018-11-13 11:38:05'),(56,2,51,'2018-11-06 14:08:19','2018-11-06 14:08:19'),(57,2,89,'2018-11-08 10:31:10','2018-11-08 10:31:10'),(58,2,90,'2018-11-09 16:43:52','2018-11-30 12:13:05'),(59,2,91,'2018-11-12 13:43:05','2018-11-12 15:02:16'),(60,2,26,'2018-11-13 12:08:33','2018-11-13 12:10:00'),(61,2,9,'2018-11-13 12:11:16','2018-11-13 12:11:16'),(62,2,72,'2018-11-22 22:40:00','2018-11-22 22:40:00'),(63,2,92,'2018-11-30 11:33:54','2018-11-30 12:09:37'),(64,2,20,'2019-01-02 11:18:48','2019-01-02 11:18:48');

--
-- Table structure for table `pre3303_module_preference`
--

CREATE TABLE `pre3303_module_preference` (
  `id_module_preference` int(11) NOT NULL AUTO_INCREMENT,
  `id_employee` int(11) NOT NULL,
  `module` varchar(255) NOT NULL,
  `interest` tinyint(1) DEFAULT NULL,
  `favorite` tinyint(1) DEFAULT NULL,
  PRIMARY KEY (`id_module_preference`),
  UNIQUE KEY `employee_module` (`id_employee`,`module`)
) ENGINE=InnoDB DEFAULT CHARSET=utf8;

--
-- Dumping data for table `pre3303_module_preference`
--


--
-- Table structure for table `pre3303_module_seohelping_objects`
--

CREATE TABLE `pre3303_module_seohelping_objects` (
  `id_rule` int(11) unsigned NOT NULL,
  `id_obj` int(11) unsigned NOT NULL,
  PRIMARY KEY (`id_rule`,`id_obj`)
) ENGINE=InnoDB DEFAULT CHARSET=utf8;

--
-- Dumping data for table `pre3303_module_seohelping_objects`
--

INSERT INTO `pre3303_module_seohelping_objects` VALUES (1,61),(1,76),(1,78),(1,79),(1,80),(1,81),(1,90),(1,96),(1,97),(1,98),(1,99),(1,100),(1,101),(1,103),(1,104),(1,105),(1,106),(1,107),(1,108),(1,109),(1,110),(1,111),(1,112),(1,113),(1,114),(1,115),(1,116),(1,120),(1,123),(1,129),(1,134),(1,142),(1,143),(1,144),(1,145),(1,146),(1,147),(1,149),(1,150),(1,151),(1,152),(1,153),(1,154),(1,155),(1,158),(1,159),(2,61),(2,76),(2,78),(2,79),(2,80),(2,81),(2,90),(2,96),(2,97),(2,98),(2,99),(2,100),(2,101),(2,103),(2,104),(2,105),(2,106),(2,107),(2,108),(2,109),(2,110),(2,111),(2,112),(2,113),(2,114),(2,115),(2,116),(2,120),(2,123),(2,129),(2,134),(2,142),(2,143),(2,144),(2,145),(2,146),(2,147),(2,149),(2,150),(2,151),(2,152),(2,153),(2,154),(2,155),(2,158),(2,159),(3,0),(4,0);

--
-- Table structure for table `pre3303_module_seohelping_patterns`
--

CREATE TABLE `pre3303_module_seohelping_patterns` (
  `id_rule` int(11) unsigned NOT NULL,
  `field` varchar(100) NOT NULL DEFAULT '',
  `pattern` varchar(250) DEFAULT NULL,
  PRIMARY KEY (`id_rule`,`field`)
) ENGINE=InnoDB DEFAULT CHARSET=utf8;

--
-- Dumping data for table `pre3303_module_seohelping_patterns`
--

INSERT INTO `pre3303_module_seohelping_patterns` VALUES (1,'link_rewrite','Litho.Online {product_name} {product_description_short}'),(2,'fb_desc','{product_description_short} {product_price}'),(2,'fb_image','1'),(2,'fb_title','{product_name}'),(2,'meta_description','{product_name} {product_description_short}'),(2,'meta_keywords','Litho.Online {default_cat_name}'),(2,'meta_title','Litho.Online {product_name}'),(3,'link_rewrite','store.joelknafo-art.com {product_name} {product_description_short}'),(4,'meta_description','store.joelknafo-art.com {product_name} {product_description_short}'),(4,'meta_keywords','store.joelknafo-art.com  {product_name}'),(4,'meta_title','store.joelknafo-art.com {product_name}');

--
-- Table structure for table `pre3303_module_seohelping_rules`
--

CREATE TABLE `pre3303_module_seohelping_rules` (
  `id_rule` int(11) unsigned NOT NULL AUTO_INCREMENT,
  `id_lang` int(11) unsigned NOT NULL,
  `id_shop` int(11) unsigned NOT NULL,
  `name` varchar(50) NOT NULL,
  `type` varchar(50) NOT NULL,
  `role` varchar(4) NOT NULL,
  `active` tinyint(1) unsigned DEFAULT NULL,
  `date_add` datetime DEFAULT NULL,
  `date_upd` datetime DEFAULT NULL,
  PRIMARY KEY (`id_rule`),
  KEY `id_lang` (`id_lang`),
  KEY `id_shop` (`id_shop`)
) ENGINE=InnoDB AUTO_INCREMENT=5 DEFAULT CHARSET=utf8;

--
-- Dumping data for table `pre3303_module_seohelping_rules`
--

INSERT INTO `pre3303_module_seohelping_rules` VALUES (1,1,4,'LithoOnline SEO','product','url',1,'2018-07-19 19:07:31','2018-11-07 16:29:13'),(2,1,4,'Litho Meta-Tag','product','meta',1,'2018-08-25 12:28:03','2018-11-07 16:29:23'),(3,1,2,'store.joelknafo-art.com SEO','product','url',1,'2018-10-27 14:11:59','2018-11-07 16:48:34'),(4,1,2,'store.joelknafo-art.com SEO Tag','product','meta',1,'2018-10-27 14:14:20','2018-11-07 16:48:42');

--
-- Table structure for table `pre3303_module_seoimg_objects`
--

CREATE TABLE `pre3303_module_seoimg_objects` (
  `id_rule` int(11) unsigned NOT NULL,
  `id_obj` int(11) unsigned NOT NULL,
  PRIMARY KEY (`id_rule`,`id_obj`)
) ENGINE=InnoDB DEFAULT CHARSET=utf8;

--
-- Dumping data for table `pre3303_module_seoimg_objects`
--

INSERT INTO `pre3303_module_seoimg_objects` VALUES (1,61),(1,76),(1,78),(1,79),(1,80),(1,81),(1,90),(1,96),(1,97),(1,98),(1,99),(1,100),(1,101),(1,103),(1,104),(1,105),(1,106),(1,107),(1,108),(1,109),(1,110),(1,111),(1,112),(1,113),(1,114),(1,115),(1,116),(1,120),(1,123),(1,129),(1,134),(1,142),(1,143),(1,144),(1,145),(1,146),(1,147),(1,149),(1,150),(1,151),(1,152),(1,153),(1,154),(1,155),(1,158),(1,159),(2,0);

--
-- Table structure for table `pre3303_module_seoimg_patterns`
--

CREATE TABLE `pre3303_module_seoimg_patterns` (
  `id_rule` int(11) unsigned NOT NULL,
  `field` varchar(100) NOT NULL DEFAULT '',
  `pattern` varchar(250) DEFAULT NULL,
  PRIMARY KEY (`id_rule`,`field`)
) ENGINE=InnoDB DEFAULT CHARSET=utf8;

--
-- Dumping data for table `pre3303_module_seoimg_patterns`
--

INSERT INTO `pre3303_module_seoimg_patterns` VALUES (1,'legend','Litho.Online {product_name}'),(2,'legend','store.joelknafo-art.com {product_name}');

--
-- Table structure for table `pre3303_module_seoimg_rules`
--

CREATE TABLE `pre3303_module_seoimg_rules` (
  `id_rule` int(11) unsigned NOT NULL AUTO_INCREMENT,
  `id_lang` int(11) unsigned NOT NULL,
  `id_shop` int(11) unsigned NOT NULL,
  `name` varchar(50) NOT NULL,
  `type` varchar(50) NOT NULL,
  `role` varchar(4) NOT NULL,
  `active` tinyint(1) unsigned DEFAULT NULL,
  `date_add` datetime DEFAULT NULL,
  `date_upd` datetime DEFAULT NULL,
  PRIMARY KEY (`id_rule`),
  KEY `id_lang` (`id_lang`),
  KEY `id_shop` (`id_shop`)
) ENGINE=InnoDB AUTO_INCREMENT=3 DEFAULT CHARSET=utf8;

--
-- Dumping data for table `pre3303_module_seoimg_rules`
--

INSERT INTO `pre3303_module_seoimg_rules` VALUES (1,1,4,'Litho SEO Images','product','meta',1,'2018-08-25 12:37:44','2018-11-07 16:47:54'),(2,1,2,'Joel Knafo Art SEO Images','product','meta',1,'2018-10-27 13:42:31','2018-10-30 19:15:43');

--
-- Table structure for table `pre3303_module_shop`
--

CREATE TABLE `pre3303_module_shop` (
  `id_module` int(11) unsigned NOT NULL,
  `id_shop` int(11) unsigned NOT NULL,
  `enable_device` tinyint(1) NOT NULL DEFAULT '7',
  PRIMARY KEY (`id_module`,`id_shop`),
  KEY `id_shop` (`id_shop`)
) ENGINE=InnoDB DEFAULT CHARSET=utf8;

--
-- Dumping data for table `pre3303_module_shop`
--

INSERT INTO `pre3303_module_shop` VALUES (1,2,7),(1,4,7),(1,5,7),(2,2,7),(2,4,7),(2,5,7),(3,2,7),(3,4,7),(3,5,7),(4,2,7),(4,4,7),(4,5,7),(5,2,7),(5,4,7),(5,5,7),(6,2,7),(6,4,7),(6,5,7),(8,2,7),(8,4,7),(8,5,7),(9,2,7),(9,4,7),(9,5,7),(11,2,7),(11,4,7),(11,5,7),(12,2,7),(12,4,7),(12,5,7),(13,2,7),(13,4,7),(13,5,7),(15,2,7),(15,4,7),(15,5,7),(16,2,7),(16,4,7),(16,5,7),(17,2,7),(17,4,7),(17,5,7),(19,2,7),(19,4,7),(19,5,7),(20,2,7),(20,4,7),(20,5,7),(22,2,7),(22,4,7),(22,5,7),(23,2,7),(23,4,7),(23,5,7),(24,2,7),(24,4,7),(24,5,7),(25,2,7),(25,4,7),(25,5,7),(26,2,7),(26,4,7),(26,5,7),(27,2,7),(27,4,7),(27,5,7),(28,2,7),(28,4,7),(28,5,7),(29,2,7),(29,4,7),(29,5,7),(30,2,7),(30,4,7),(30,5,7),(31,2,7),(31,4,7),(31,5,7),(32,2,7),(32,4,7),(32,5,7),(33,2,7),(33,4,7),(33,5,7),(34,2,7),(34,4,7),(34,5,7),(35,2,7),(35,4,7),(35,5,7),(36,2,7),(36,4,7),(36,5,7),(37,2,7),(37,4,7),(37,5,7),(38,2,7),(38,4,7),(38,5,7),(39,2,7),(39,4,7),(39,5,7),(40,2,7),(40,4,7),(40,5,7),(41,2,7),(41,4,7),(41,5,7),(42,2,7),(42,4,7),(42,5,7),(43,2,7),(43,4,7),(43,5,7),(44,2,7),(44,4,7),(44,5,7),(45,2,7),(45,4,7),(45,5,7),(46,2,7),(46,4,7),(46,5,7),(47,2,7),(47,4,7),(47,5,7),(48,2,7),(48,4,7),(48,5,7),(49,2,7),(49,4,7),(49,5,7),(51,2,7),(51,4,7),(51,5,7),(52,2,7),(52,4,7),(52,5,7),(53,2,7),(53,4,7),(53,5,7),(54,2,7),(54,4,7),(54,5,7),(55,2,7),(55,4,7),(55,5,7),(56,2,7),(56,4,7),(56,5,7),(59,2,7),(59,4,7),(59,5,7),(60,2,7),(60,4,7),(60,5,7),(61,2,7),(61,4,7),(61,5,7),(62,2,7),(62,4,7),(62,5,7),(66,2,7),(66,4,7),(66,5,7),(67,2,7),(67,4,7),(68,2,7),(68,4,7),(68,5,7),(69,2,7),(69,4,7),(69,5,7),(70,2,7),(70,4,7),(70,5,7),(71,4,7),(72,2,7),(72,4,7),(72,5,7),(73,2,7),(73,4,7),(73,5,7),(75,0,7),(75,2,7),(75,4,7),(75,5,7),(76,0,7),(76,2,7),(76,4,7),(76,5,7),(77,0,7),(77,2,7),(77,4,7),(77,5,7),(78,2,7),(78,4,7),(78,5,7),(79,2,7),(79,4,7),(79,5,7),(82,4,7),(83,2,7),(83,4,7),(83,5,7),(84,2,7),(84,4,7),(84,5,7),(85,2,7),(85,4,7),(85,5,7),(86,2,7),(86,4,7),(86,5,7),(88,4,7),(89,2,7),(89,4,7),(89,5,7),(90,2,7),(90,4,7),(90,5,7),(91,2,7),(91,4,7),(91,5,7),(92,2,7),(92,4,7),(92,5,7);

--
-- Table structure for table `pre3303_operating_system`
--

CREATE TABLE `pre3303_operating_system` (
  `id_operating_system` int(10) unsigned NOT NULL AUTO_INCREMENT,
  `name` varchar(64) DEFAULT NULL,
  PRIMARY KEY (`id_operating_system`)
) ENGINE=InnoDB AUTO_INCREMENT=10 DEFAULT CHARSET=utf8;

--
-- Dumping data for table `pre3303_operating_system`
--

INSERT INTO `pre3303_operating_system` VALUES (1,'Windows XP'),(2,'Windows Vista'),(3,'Windows 7'),(4,'Windows 8'),(5,'Windows 8.1'),(6,'Windows 10'),(7,'MacOsX'),(8,'Linux'),(9,'Android');

--
-- Table structure for table `pre3303_order_carrier`
--

CREATE TABLE `pre3303_order_carrier` (
  `id_order_carrier` int(11) NOT NULL AUTO_INCREMENT,
  `id_order` int(11) unsigned NOT NULL,
  `id_carrier` int(11) unsigned NOT NULL,
  `id_order_invoice` int(11) unsigned DEFAULT NULL,
  `weight` decimal(20,6) DEFAULT NULL,
  `shipping_cost_tax_excl` decimal(20,6) DEFAULT NULL,
  `shipping_cost_tax_incl` decimal(20,6) DEFAULT NULL,
  `tracking_number` varchar(64) DEFAULT NULL,
  `date_add` datetime NOT NULL,
  PRIMARY KEY (`id_order_carrier`),
  KEY `id_order` (`id_order`),
  KEY `id_carrier` (`id_carrier`),
  KEY `id_order_invoice` (`id_order_invoice`)
) ENGINE=InnoDB AUTO_INCREMENT=188 DEFAULT CHARSET=utf8;

--
-- Dumping data for table `pre3303_order_carrier`
--

INSERT INTO `pre3303_order_carrier` VALUES (1,1,1,1,0.000000,0.000000,0.000000,'','2018-07-16 18:49:04'),(2,2,1,0,0.000000,0.000000,0.000000,'','2018-07-16 22:27:00'),(3,3,36,96,2.400000,0.000000,0.000000,'','2018-07-25 23:36:43'),(4,4,21,2,0.000000,0.000000,0.000000,'','2018-09-20 17:42:42'),(5,5,21,3,0.000000,0.000000,0.000000,'','2018-09-20 19:17:03'),(6,6,24,4,0.000000,45.830000,55.000000,'9V31572415558','2018-09-21 17:16:25'),(7,7,21,5,0.000000,0.000000,0.000000,'','2018-10-04 16:38:20'),(8,8,21,6,0.000000,0.000000,0.000000,'','2018-10-05 14:53:42'),(9,9,21,7,0.000000,0.000000,0.000000,'','2018-10-05 15:40:30'),(10,10,31,8,0.000000,10.830000,13.000000,'','2018-10-06 11:34:55'),(11,11,38,9,0.000000,10.830000,13.000000,'9V31578879897','2018-10-06 13:52:17'),(12,12,36,10,0.000000,0.000000,0.000000,'','2018-10-12 19:10:46'),(13,13,36,11,0.000000,0.000000,0.000000,'','2018-10-18 09:10:00'),(14,14,36,12,0.000000,0.000000,0.000000,'','2018-10-18 15:55:28'),(15,15,36,13,0.000000,0.000000,0.000000,'','2018-10-20 10:37:33'),(16,16,36,14,0.000000,0.000000,0.000000,'','2018-10-23 17:12:59'),(17,17,30,15,0.000000,12.500000,15.000000,'','2018-10-23 17:54:59'),(18,18,30,16,0.000000,12.500000,15.000000,'','2018-10-23 17:58:52'),(19,19,30,17,0.000000,12.500000,15.000000,'','2018-10-23 18:22:13'),(20,20,36,143,0.000000,0.000000,0.000000,'','2018-10-23 19:03:10'),(21,21,36,18,0.000000,0.000000,0.000000,'','2018-10-24 14:44:37'),(22,22,39,19,0.000000,12.500000,15.000000,'9V31587855950','2018-10-24 15:42:30'),(23,23,39,20,0.000000,12.500000,15.000000,'9V31587855943','2018-10-24 15:50:02'),(24,24,39,21,0.000000,12.500000,15.000000,'9V31587855936','2018-10-24 15:55:31'),(25,25,39,22,0.000000,12.500000,15.000000,'9V31587855882','2018-10-24 16:00:31'),(26,26,39,23,0.000000,12.500000,15.000000,'9V31587855875','2018-10-24 16:04:33'),(27,27,39,24,0.000000,12.500000,15.000000,'9V31587855868','2018-10-24 16:08:39'),(28,28,39,25,0.000000,12.500000,15.000000,'9V31587855851','2018-10-24 16:14:24'),(29,29,39,26,0.000000,12.500000,15.000000,'9V31587855844','2018-10-24 16:49:02'),(30,30,39,27,0.000000,12.500000,15.000000,'9V31587855837','2018-10-24 17:07:05'),(31,31,39,28,0.000000,12.500000,15.000000,'9V31587855820','2018-10-24 17:10:03'),(32,32,39,29,0.000000,12.500000,15.000000,'9V31587855813','2018-10-24 17:12:27'),(33,33,40,30,0.000000,12.500000,15.000000,'CB380527057FR','2018-10-24 17:16:40'),(34,34,40,31,0.000000,12.500000,15.000000,'','2018-10-24 17:19:58'),(35,35,40,32,0.000000,12.500000,15.000000,'','2018-10-24 17:24:38'),(36,36,40,33,0.000000,12.500000,15.000000,'9V31587855929','2018-10-24 18:55:35'),(37,37,40,34,0.000000,12.500000,15.000000,'9V31587855974','2018-10-24 18:57:10'),(38,38,36,35,0.000000,0.000000,0.000000,'','2018-10-25 16:19:59'),(39,39,36,36,0.000000,0.000000,0.000000,'','2018-11-02 14:44:02'),(40,40,36,37,0.000000,0.000000,0.000000,'','2018-11-02 17:42:31'),(41,41,36,38,0.000000,0.000000,0.000000,'','2018-11-02 17:52:24'),(42,42,40,39,0.000000,12.500000,15.000000,'9V31608469739','2018-11-04 15:59:04'),(43,43,36,40,0.000000,0.000000,0.000000,'9V31608469722','2018-11-04 16:14:58'),(44,44,40,41,0.000000,12.500000,15.000000,'9V31608469562','2018-11-07 16:18:14'),(45,45,36,42,0.000000,0.000000,0.000000,'','2018-11-07 17:20:51'),(46,46,36,43,0.000000,0.000000,0.000000,'','2018-11-07 17:39:12'),(47,47,36,68,0.000000,0.000000,0.000000,'','2018-11-07 18:01:23'),(48,48,36,44,0.000000,0.000000,0.000000,'','2018-11-07 18:17:13'),(49,49,36,45,0.000000,0.000000,0.000000,'','2018-11-07 18:38:31'),(50,50,36,46,0.000000,0.000000,0.000000,'','2018-11-08 13:37:52'),(51,51,40,47,0.000000,12.500000,15.000000,'','2018-11-09 17:32:44'),(52,52,40,48,0.000000,12.500000,15.000000,'','2018-11-09 17:41:16'),(53,53,40,49,0.000000,12.500000,15.000000,'','2018-11-09 18:04:23'),(54,54,36,50,0.000000,0.000000,0.000000,'','2018-11-10 16:10:32'),(55,55,40,51,0.000000,12.500000,15.000000,'9V31608470018','2018-11-10 18:33:05'),(56,56,36,52,0.000000,0.000000,0.000000,'','2018-11-17 17:08:03'),(57,57,36,53,0.000000,0.000000,0.000000,'','2018-11-17 18:26:19'),(58,58,36,54,0.000000,0.000000,0.000000,'','2018-11-17 18:42:55'),(59,59,36,55,0.000000,0.000000,0.000000,'','2018-11-17 18:54:45'),(60,60,36,56,0.000000,0.000000,0.000000,'','2018-11-17 19:10:41'),(61,61,41,57,0.000000,150.000000,180.000000,'','2018-11-20 11:55:05'),(62,62,36,58,0.000000,0.000000,0.000000,'','2018-11-20 14:49:31'),(63,63,36,59,0.000000,0.000000,0.000000,'','2018-11-21 13:27:53'),(64,64,36,60,0.000000,0.000000,0.000000,'','2018-11-21 13:56:59'),(65,65,36,61,0.000000,0.000000,0.000000,'','2018-11-21 14:36:26'),(66,66,36,62,0.000000,0.000000,0.000000,'','2018-11-21 14:47:40'),(67,67,36,70,0.000000,0.000000,0.000000,'','2018-11-21 15:12:06'),(68,68,36,110,0.000000,0.000000,0.000000,'','2018-11-21 15:57:38'),(69,69,36,63,0.000000,0.000000,0.000000,'','2018-11-21 16:08:03'),(70,70,36,64,0.000000,0.000000,0.000000,'','2018-11-21 16:20:39'),(71,71,36,105,0.000000,0.000000,0.000000,'','2018-11-21 16:40:53'),(72,72,36,65,0.000000,0.000000,0.000000,'','2018-11-21 16:51:50'),(73,73,36,66,0.000000,0.000000,0.000000,'','2018-11-21 17:09:29'),(74,74,36,67,0.000000,0.000000,0.000000,'','2018-11-21 17:19:44'),(75,75,40,69,0.000000,12.500000,15.000000,'9V31618236772','2018-11-22 16:51:30'),(76,76,36,71,0.000000,0.000000,0.000000,'','2018-11-24 13:45:13'),(77,77,36,72,0.000000,0.000000,0.000000,'','2018-11-24 14:10:59'),(78,78,40,88,0.000000,12.500000,15.000000,'9V31619141907','2018-11-24 14:28:26'),(79,79,36,73,0.000000,0.000000,0.000000,'','2018-11-24 15:41:06'),(80,80,36,74,0.000000,0.000000,0.000000,'','2018-11-24 16:01:44'),(81,81,36,75,0.000000,0.000000,0.000000,'','2018-11-24 16:20:38'),(82,82,36,76,0.000000,0.000000,0.000000,'','2018-11-24 16:30:01'),(83,83,36,77,0.000000,0.000000,0.000000,'','2018-11-24 16:52:11'),(84,84,36,78,0.000000,0.000000,0.000000,'','2018-11-24 17:00:57'),(85,85,36,79,0.000000,0.000000,0.000000,'','2018-11-24 17:16:16'),(86,86,36,80,0.000000,0.000000,0.000000,'','2018-11-24 17:28:04'),(87,87,36,81,0.000000,0.000000,0.000000,'','2018-11-24 17:32:02'),(88,88,36,82,0.000000,0.000000,0.000000,'','2018-11-24 17:39:14'),(89,89,36,83,0.000000,0.000000,0.000000,'','2018-11-24 18:08:08'),(90,90,36,84,0.000000,0.000000,0.000000,'','2018-11-24 18:20:55'),(91,91,36,85,0.000000,0.000000,0.000000,'','2018-11-24 18:32:46'),(92,92,36,86,0.000000,0.000000,0.000000,'','2018-11-24 18:34:49'),(93,93,36,87,0.000000,0.000000,0.000000,'9V31540754177','2018-11-24 18:49:14'),(94,94,36,89,0.000000,0.000000,0.000000,'','2018-11-24 19:20:54'),(95,95,40,90,0.000000,12.500000,15.000000,'','2018-11-26 16:25:16'),(96,96,36,93,0.000000,0.000000,0.000000,'','2018-11-26 20:15:50'),(97,97,36,92,0.000000,0.000000,0.000000,'','2018-11-26 20:18:03'),(98,98,36,91,0.000000,0.000000,0.000000,'','2018-11-27 12:18:50'),(99,99,41,94,0.000000,150.000000,180.000000,'','2018-11-27 18:31:00'),(100,100,40,95,0.000000,12.500000,15.000000,'','2018-11-27 19:44:12'),(101,101,36,97,0.000000,0.000000,0.000000,'','2018-11-27 20:40:13'),(102,102,41,98,0.000000,150.000000,180.000000,'','2018-11-27 20:46:13'),(103,103,36,99,0.000000,0.000000,0.000000,'','2018-11-27 23:13:08'),(104,104,41,100,0.000000,80.000000,96.000000,'','2018-11-28 10:26:08'),(105,105,41,101,0.000000,80.000000,96.000000,'','2018-11-28 13:20:20'),(106,106,36,102,0.000000,0.000000,0.000000,'','2018-11-29 13:22:29'),(107,107,36,103,0.000000,0.000000,0.000000,'','2018-11-29 13:38:08'),(108,108,36,104,0.000000,0.000000,0.000000,'','2018-11-29 14:46:39'),(109,109,36,106,0.000000,0.000000,0.000000,'','2018-11-29 15:57:33'),(110,110,36,107,0.000000,0.000000,0.000000,'','2018-11-29 16:04:15'),(111,111,36,108,0.000000,0.000000,0.000000,'','2018-11-29 16:14:52'),(112,112,36,109,0.000000,0.000000,0.000000,'','2018-11-29 16:31:48'),(113,113,40,111,0.000000,12.500000,15.000000,'9V31540756836','2018-11-29 16:56:58'),(114,114,41,112,0.000000,0.000000,0.000000,'','2018-11-29 20:04:31'),(115,115,36,113,0.000000,0.000000,0.000000,'','2018-11-29 20:21:20'),(116,116,36,114,0.000000,0.000000,0.000000,'','2018-11-30 15:14:17'),(117,117,36,115,0.000000,0.000000,0.000000,'','2018-11-30 15:41:22'),(118,118,36,116,0.000000,0.000000,0.000000,'','2018-11-30 15:49:25'),(119,119,40,117,0.000000,12.500000,15.000000,'9V31621637993','2018-11-30 17:00:19'),(120,120,36,118,0.000000,0.000000,0.000000,'9V31622783682','2018-11-30 17:42:26'),(121,121,41,119,0.000000,0.000000,0.000000,'','2018-11-30 18:21:01'),(122,123,40,121,0.000000,12.500000,15.000000,'9V31622785310','2018-12-02 15:03:48'),(123,124,40,123,0.000000,12.500000,15.000000,'9V31622785303','2018-12-03 00:57:30'),(124,125,40,122,0.000000,12.500000,15.000000,'9V31622785297','2018-12-03 11:40:03'),(125,126,36,124,0.000000,0.000000,0.000000,'','2018-12-03 23:40:13'),(126,127,36,125,0.000000,0.000000,0.000000,'','2018-12-03 23:54:27'),(127,128,36,126,0.000000,0.000000,0.000000,'','2018-12-04 15:28:31'),(128,129,36,127,0.000000,0.000000,0.000000,'','2018-12-04 15:54:50'),(129,130,36,128,0.000000,0.000000,0.000000,'','2018-12-05 11:17:02'),(130,131,36,129,0.000000,0.000000,0.000000,'','2018-12-05 13:16:59'),(131,132,36,130,0.000000,0.000000,0.000000,'','2018-12-05 13:24:02'),(132,133,36,131,0.000000,0.000000,0.000000,'','2018-12-05 13:30:12'),(133,134,36,132,0.000000,0.000000,0.000000,'','2018-12-06 16:33:21'),(134,135,36,133,0.000000,0.000000,0.000000,'','2018-12-06 16:34:49'),(135,136,36,134,0.000000,0.000000,0.000000,'','2018-12-06 16:52:14'),(136,137,36,135,0.000000,0.000000,0.000000,'','2018-12-07 08:16:13'),(137,138,36,136,0.000000,0.000000,0.000000,'','2018-12-07 16:53:27'),(138,139,36,141,0.000000,0.000000,0.000000,'','2018-12-07 18:47:18'),(139,140,36,137,0.000000,0.000000,0.000000,'','2018-12-08 19:49:40'),(140,141,36,138,0.000000,0.000000,0.000000,'','2018-12-08 19:56:21'),(141,142,40,140,0.000000,12.500000,15.000000,'9V31627658381','2018-12-11 17:13:34'),(142,143,36,139,0.000000,0.000000,0.000000,'','2018-12-11 20:16:28'),(143,144,36,142,0.000000,0.000000,0.000000,'','2018-12-12 14:52:50'),(144,145,36,144,0.000000,0.000000,0.000000,'9V31627658374','2018-12-13 13:50:56'),(145,146,36,145,0.000000,0.000000,0.000000,'9V31627658367','2018-12-13 14:00:49'),(146,147,36,146,0.000000,0.000000,0.000000,'','2018-12-13 22:35:17'),(147,148,40,147,0.000000,12.500000,15.000000,'CB388538002FR','2018-12-14 08:36:10'),(148,149,40,148,0.000000,12.500000,15.000000,'','2018-12-14 10:37:27'),(149,150,40,149,0.000000,12.500000,15.000000,'9V31627659241','2018-12-15 07:44:31'),(150,151,36,150,0.000000,0.000000,0.000000,'','2018-12-15 14:34:53'),(151,152,36,151,0.000000,0.000000,0.000000,'','2018-12-15 14:58:02'),(152,153,36,152,0.000000,0.000000,0.000000,'','2018-12-15 14:59:06'),(153,154,36,153,0.000000,0.000000,0.000000,'','2018-12-15 15:02:19'),(154,155,36,154,0.000000,0.000000,0.000000,'9V31627659234','2018-12-15 15:16:06'),(155,156,36,155,0.000000,0.000000,0.000000,'9V31627659227','2018-12-15 18:22:16'),(156,157,40,157,0.000000,12.500000,15.000000,'9V31629365539','2018-12-15 19:30:04'),(157,158,40,156,0.000000,12.500000,15.000000,'9V31629365522','2018-12-16 14:15:21'),(158,159,40,158,0.000000,12.500000,15.000000,'9V31629367458','2018-12-17 14:56:56'),(159,160,40,159,0.000000,12.500000,15.000000,'9V31629367441','2018-12-17 15:02:52'),(160,161,36,160,0.000000,0.000000,0.000000,'','2018-12-17 15:51:14'),(161,162,36,161,0.000000,0.000000,0.000000,'','2018-12-17 17:15:42'),(162,163,36,162,0.000000,0.000000,0.000000,'','2018-12-17 17:19:10'),(163,164,36,163,0.000000,0.000000,0.000000,'','2018-12-17 17:23:02'),(164,165,36,164,0.000000,0.000000,0.000000,'','2018-12-17 17:28:22'),(165,166,36,165,0.000000,0.000000,0.000000,'','2018-12-17 17:31:39'),(166,167,36,166,0.000000,0.000000,0.000000,'','2018-12-17 17:36:13'),(167,168,36,167,0.000000,0.000000,0.000000,'','2018-12-18 17:36:44'),(168,169,36,168,0.000000,0.000000,0.000000,'','2018-12-18 18:07:33'),(169,170,36,169,0.000000,0.000000,0.000000,'','2018-12-18 18:33:39'),(170,171,36,170,0.000000,0.000000,0.000000,'','2018-12-18 18:42:00'),(171,172,36,171,0.000000,0.000000,0.000000,'','2018-12-20 13:52:37'),(172,173,36,172,0.000000,0.000000,0.000000,'9V31631218885','2018-12-20 16:34:46'),(173,174,36,173,0.000000,0.000000,0.000000,'','2018-12-20 16:40:03'),(174,175,36,174,0.000000,0.000000,0.000000,'9V31631218878','2018-12-20 16:41:14'),(175,176,36,175,0.000000,0.000000,0.000000,'','2018-12-20 17:10:11'),(176,177,36,176,0.000000,0.000000,0.000000,'','2018-12-20 18:04:14'),(177,178,36,177,0.000000,0.000000,0.000000,'','2018-12-21 13:52:25'),(178,179,36,178,0.000000,0.000000,0.000000,'','2018-12-21 17:24:52'),(179,180,36,179,0.000000,0.000000,0.000000,'','2018-12-21 17:26:07'),(180,181,36,180,0.000000,0.000000,0.000000,'','2018-12-21 17:44:41'),(181,182,36,181,0.000000,0.000000,0.000000,'','2018-12-22 16:57:22'),(182,183,36,182,0.000000,0.000000,0.000000,'','2018-12-22 17:15:03'),(183,184,36,183,0.000000,0.000000,0.000000,'','2018-12-22 17:20:13'),(184,185,40,184,0.000000,12.500000,15.000000,'9V31633322047','2018-12-23 19:58:34'),(185,186,40,185,0.000000,12.500000,15.000000,'9V31633322030','2018-12-24 14:40:16'),(186,187,40,186,0.000000,12.500000,15.000000,'CB398695775FR','2018-12-24 14:52:10'),(187,188,40,187,0.000000,12.500000,15.000000,'','2018-12-27 19:04:15');

--
-- Table structure for table `pre3303_order_cart_rule`
--

CREATE TABLE `pre3303_order_cart_rule` (
  `id_order_cart_rule` int(10) unsigned NOT NULL AUTO_INCREMENT,
  `id_order` int(10) unsigned NOT NULL,
  `id_cart_rule` int(10) unsigned NOT NULL,
  `id_order_invoice` int(10) unsigned DEFAULT '0',
  `name` varchar(254) NOT NULL,
  `value` decimal(17,2) NOT NULL DEFAULT '0.00',
  `value_tax_excl` decimal(17,2) NOT NULL DEFAULT '0.00',
  `free_shipping` tinyint(1) NOT NULL DEFAULT '0',
  PRIMARY KEY (`id_order_cart_rule`),
  KEY `id_order` (`id_order`),
  KEY `id_cart_rule` (`id_cart_rule`)
) ENGINE=InnoDB AUTO_INCREMENT=49 DEFAULT CHARSET=utf8;

--
-- Dumping data for table `pre3303_order_cart_rule`
--

INSERT INTO `pre3303_order_cart_rule` VALUES (1,12,6,10,'Commande-Coulon',1900.00,1900.00,0),(2,13,7,11,'Réduction ',600.00,600.00,0),(3,16,9,14,'Commande-Viry',300.00,300.00,0),(4,17,10,15,'Livraison gratuite',15.00,12.50,1),(5,18,11,16,'Livraison gratuite',15.00,12.50,1),(6,19,12,17,'Livraison gratuite',15.00,12.50,1),(7,20,13,143,'Commande-Biancard',100.00,100.00,0),(8,21,14,18,'Commande-Biancard2',100.00,100.00,0),(9,38,15,35,'Commande-Guedj',100.00,83.33,0),(10,41,20,38,'valade',300.00,300.00,0),(11,46,21,43,'merceron',20.00,20.00,0),(12,47,23,68,'Tevenin',150.00,150.00,0),(13,49,24,45,'Guidi',130.00,130.00,0),(14,51,22,47,'Tevenin',90.00,75.00,0),(15,51,26,47,'Banchereau',0.00,0.00,0),(16,52,29,48,'Banchereau',195.00,162.50,0),(17,55,2,51,'Livraison gratuite',15.00,12.50,1),(18,57,3,53,'Kahlert ',800.00,800.00,0),(19,58,4,54,'Drouet',100.00,100.00,0),(20,60,6,56,'Rietsch',250.00,250.00,0),(21,61,6,57,'Livraison gratuite',180.00,150.00,1),(22,63,8,59,'Dehay',100.00,100.00,1),(23,65,11,61,'Hittner',300.00,300.00,1),(24,66,12,62,'Vitrant',500.00,500.00,1),(25,67,15,70,'Colmart',200.00,200.00,0),(26,72,16,65,'Romain Froquet',300.00,300.00,0),(27,75,17,69,'Livraison gratuite',15.00,12.50,1),(28,77,19,72,'Amacor',500.00,500.00,0),(29,78,18,88,'BLACK',15.00,12.50,1),(30,79,23,73,'Amacor',50.00,41.67,0),(31,80,24,74,'Lavocat',250.00,208.33,0),(32,83,26,77,'Poison',130.00,108.33,0),(33,84,28,78,'Poison',100.00,83.33,1),(34,85,30,79,'Durand-Baissas',90.00,75.00,0),(35,88,31,82,'Peden',125.00,104.17,0),(36,94,35,89,'marek',430.00,358.33,1),(37,99,37,94,'Livraison gratuite',180.00,150.00,1),(38,3,39,96,'financiere loisirs 2',520.00,433.33,0),(39,102,40,98,'Livraison gratuite',180.00,150.00,1),(40,104,41,100,'Livraison gratuite',96.00,80.00,1),(41,105,42,101,'Livraison gratuite',96.00,80.00,1),(42,106,43,102,'Chantal Pellegrin',10.00,8.33,0),(43,107,44,103,'Monique Auzoux Chevé',10.00,8.33,0),(45,129,51,127,'remise Artsper',25.00,20.83,0),(46,159,55,158,'Livraison gratuite',15.00,12.50,1),(47,186,56,185,'Livraison gratuite',15.00,12.50,1),(48,187,57,186,'Livraison gratuite',15.00,12.50,1);

--
-- Table structure for table `pre3303_order_detail`
--

CREATE TABLE `pre3303_order_detail` (
  `id_order_detail` int(10) unsigned NOT NULL AUTO_INCREMENT,
  `id_order` int(10) unsigned NOT NULL,
  `id_order_invoice` int(11) DEFAULT NULL,
  `id_warehouse` int(10) unsigned DEFAULT '0',
  `id_shop` int(11) unsigned NOT NULL,
  `product_id` int(10) unsigned NOT NULL,
  `product_attribute_id` int(10) unsigned DEFAULT NULL,
  `id_customization` int(10) unsigned DEFAULT '0',
  `product_name` varchar(255) NOT NULL,
  `product_quantity` int(10) unsigned NOT NULL DEFAULT '0',
  `product_quantity_in_stock` int(10) NOT NULL DEFAULT '0',
  `product_quantity_refunded` int(10) unsigned NOT NULL DEFAULT '0',
  `product_quantity_return` int(10) unsigned NOT NULL DEFAULT '0',
  `product_quantity_reinjected` int(10) unsigned NOT NULL DEFAULT '0',
  `product_price` decimal(20,6) NOT NULL DEFAULT '0.000000',
  `reduction_percent` decimal(10,2) NOT NULL DEFAULT '0.00',
  `reduction_amount` decimal(20,6) NOT NULL DEFAULT '0.000000',
  `reduction_amount_tax_incl` decimal(20,6) NOT NULL DEFAULT '0.000000',
  `reduction_amount_tax_excl` decimal(20,6) NOT NULL DEFAULT '0.000000',
  `group_reduction` decimal(10,2) NOT NULL DEFAULT '0.00',
  `product_quantity_discount` decimal(20,6) NOT NULL DEFAULT '0.000000',
  `product_ean13` varchar(13) DEFAULT NULL,
  `product_isbn` varchar(32) DEFAULT NULL,
  `product_upc` varchar(12) DEFAULT NULL,
  `product_reference` varchar(32) DEFAULT NULL,
  `product_supplier_reference` varchar(32) DEFAULT NULL,
  `product_weight` decimal(20,6) NOT NULL,
  `id_tax_rules_group` int(11) unsigned DEFAULT '0',
  `tax_computation_method` tinyint(1) unsigned NOT NULL DEFAULT '0',
  `tax_name` varchar(16) NOT NULL,
  `tax_rate` decimal(10,3) NOT NULL DEFAULT '0.000',
  `ecotax` decimal(21,6) NOT NULL DEFAULT '0.000000',
  `ecotax_tax_rate` decimal(5,3) NOT NULL DEFAULT '0.000',
  `discount_quantity_applied` tinyint(1) NOT NULL DEFAULT '0',
  `download_hash` varchar(255) DEFAULT NULL,
  `download_nb` int(10) unsigned DEFAULT '0',
  `download_deadline` datetime DEFAULT NULL,
  `total_price_tax_incl` decimal(20,6) NOT NULL DEFAULT '0.000000',
  `total_price_tax_excl` decimal(20,6) NOT NULL DEFAULT '0.000000',
  `unit_price_tax_incl` decimal(20,6) NOT NULL DEFAULT '0.000000',
  `unit_price_tax_excl` decimal(20,6) NOT NULL DEFAULT '0.000000',
  `total_shipping_price_tax_incl` decimal(20,6) NOT NULL DEFAULT '0.000000',
  `total_shipping_price_tax_excl` decimal(20,6) NOT NULL DEFAULT '0.000000',
  `purchase_supplier_price` decimal(20,6) NOT NULL DEFAULT '0.000000',
  `original_product_price` decimal(20,6) NOT NULL DEFAULT '0.000000',
  `original_wholesale_price` decimal(20,6) NOT NULL DEFAULT '0.000000',
  PRIMARY KEY (`id_order_detail`),
  KEY `order_detail_order` (`id_order`),
  KEY `product_id` (`product_id`),
  KEY `product_attribute_id` (`product_attribute_id`),
  KEY `id_tax_rules_group` (`id_tax_rules_group`),
  KEY `id_order_id_order_detail` (`id_order`,`id_order_detail`)
) ENGINE=InnoDB AUTO_INCREMENT=244 DEFAULT CHARSET=utf8;

--
-- Dumping data for table `pre3303_order_detail`
--

INSERT INTO `pre3303_order_detail` VALUES (1,1,1,0,4,6029,0,0,'Test Litho',1,1,0,0,0,100.000000,0.00,0.000000,0.000000,0.000000,0.00,0.000000,'','','','Test','',0.000000,0,0,'',0.000,0.000000,0.000,0,'',0,'0000-00-00 00:00:00',100.000000,100.000000,100.000000,100.000000,0.000000,0.000000,0.000000,100.000000,0.000000),(2,1,1,0,4,6017,0,0,'Shepard Fairey - Noise lies red',1,0,0,0,0,500.000000,0.00,0.000000,0.000000,0.000000,0.00,0.000000,'','','','Shepard Fairey-6017','Shepard Fairey-6017',0.000000,0,0,'',0.000,0.000000,0.000,0,'',0,'0000-00-00 00:00:00',500.000000,500.000000,500.000000,500.000000,0.000000,0.000000,0.000000,500.000000,0.000000),(3,2,0,0,4,5537,0,0,'Zenoy - Estampe 3',1,0,0,0,0,490.000000,0.00,0.000000,0.000000,0.000000,0.00,0.000000,'','','','Zenoy-5537','Zenoy-5537',0.000000,0,0,'',0.000,0.000000,0.000,0,'',0,'0000-00-00 00:00:00',490.000000,490.000000,490.000000,490.000000,0.000000,0.000000,0.000000,490.000000,0.000000),(4,2,0,0,4,6019,0,0,'Shepard Fairey - Misfits 40th grave',1,0,0,0,0,500.000000,0.00,0.000000,0.000000,0.000000,0.00,0.000000,'','','','Shepard Fairey-6019','Shepard Fairey-6019',0.000000,0,0,'',0.000,0.000000,0.000,0,'',0,'0000-00-00 00:00:00',500.000000,500.000000,500.000000,500.000000,0.000000,0.000000,0.000000,500.000000,0.000000),(5,2,0,0,4,6017,0,0,'Shepard Fairey - Noise lies red',1,0,0,0,0,500.000000,0.00,0.000000,0.000000,0.000000,0.00,0.000000,'','','','Shepard Fairey-6017','Shepard Fairey-6017',0.000000,0,0,'',0.000,0.000000,0.000,0,'',0,'0000-00-00 00:00:00',500.000000,500.000000,500.000000,500.000000,0.000000,0.000000,0.000000,500.000000,0.000000),(7,4,2,0,4,6200,0,0,'Test',1,0,1,0,0,4.166667,0.00,0.000000,0.000000,0.000000,0.00,0.000000,'','','','','',0.000000,1,0,'',0.000,0.000000,0.000,0,'',0,'0000-00-00 00:00:00',5.000000,4.170000,5.000000,4.166667,0.000000,0.000000,0.000000,4.166667,0.000000),(8,5,3,0,4,6201,0,0,'Test2',1,0,0,0,0,1.666667,0.00,0.000000,0.000000,0.000000,0.00,0.000000,'','','','','',0.000000,1,0,'',0.000,0.000000,0.000,0,'',0,'0000-00-00 00:00:00',2.000000,1.670000,2.000000,1.666667,0.000000,0.000000,0.000000,1.666667,0.000000),(9,6,4,0,5,6202,0,0,'Stoul - Oru Love 2',1,0,0,0,0,620.000000,0.00,0.000000,0.000000,0.000000,0.00,0.000000,'','','','','',0.000000,6,0,'',0.000,0.000000,0.000,0,'',0,'0000-00-00 00:00:00',620.000000,620.000000,620.000000,620.000000,0.000000,0.000000,0.000000,620.000000,0.000000),(10,7,5,0,2,6222,0,0,'EvazéSir - Alice 7/10',1,0,0,0,0,150.000000,0.00,0.000000,0.000000,0.000000,0.00,0.000000,'','','','','',0.000000,6,0,'',0.000,0.000000,0.000,0,'',0,'0000-00-00 00:00:00',150.000000,150.000000,150.000000,150.000000,0.000000,0.000000,0.000000,150.000000,0.000000),(11,8,6,0,5,6175,0,0,'EvazéSir - Souliers I',1,0,0,0,0,300.000000,0.00,0.000000,0.000000,0.000000,0.00,0.000000,'','','','','EvazéSir-5440',0.000000,6,0,'',0.000,0.000000,0.000,0,'',0,'0000-00-00 00:00:00',300.000000,300.000000,300.000000,300.000000,0.000000,0.000000,0.000000,300.000000,0.000000),(12,9,7,0,5,6173,0,0,'EvazéSir - Suzanne',1,0,0,0,0,1300.000000,0.00,0.000000,0.000000,0.000000,0.00,0.000000,'','','','','EvazéSir-5440',0.000000,6,0,'',0.000,0.000000,0.000,0,'',0,'0000-00-00 00:00:00',1300.000000,1300.000000,1300.000000,1300.000000,0.000000,0.000000,0.000000,1300.000000,0.000000),(13,10,8,0,4,2580,0,0,'Stoul - Série Figure',1,1,0,0,0,133.333333,0.00,0.000000,0.000000,0.000000,0.00,0.000000,'','','','Stoul-2580','Stoul-2580',0.000000,1,0,'',0.000,0.000000,0.000,0,'',0,'0000-00-00 00:00:00',160.000000,133.330000,160.000000,133.333333,0.000000,0.000000,0.000000,133.333333,0.000000),(14,11,9,0,4,2580,0,0,'Stoul - Série Figure',1,0,0,0,0,133.333333,0.00,0.000000,0.000000,0.000000,0.00,0.000000,'','','','Stoul-2580','Stoul-2580',0.000000,1,0,'',0.000,0.000000,0.000,0,'',0,'0000-00-00 00:00:00',160.000000,133.330000,160.000000,133.333333,0.000000,0.000000,0.000000,133.333333,0.000000),(15,12,10,0,2,6239,0,0,'Gottfried Salzmann - New-York Night II',1,0,0,0,0,5300.000000,0.00,0.000000,0.000000,0.000000,0.00,0.000000,'','','','','',0.000000,6,0,'',0.000,0.000000,0.000,0,'',0,'0000-00-00 00:00:00',5300.000000,5300.000000,5300.000000,5300.000000,0.000000,0.000000,0.000000,5300.000000,0.000000),(16,12,10,0,2,6241,0,0,'Gottfried Salzmann - New-York Night III',1,0,0,0,0,5300.000000,0.00,0.000000,0.000000,0.000000,0.00,0.000000,'','','','','',0.000000,6,0,'',0.000,0.000000,0.000,0,'',0,'0000-00-00 00:00:00',5300.000000,5300.000000,5300.000000,5300.000000,0.000000,0.000000,0.000000,5300.000000,0.000000),(17,12,10,0,2,6249,0,0,'Gottfried Salzmann - Crossing',1,0,0,0,0,3300.000000,0.00,0.000000,0.000000,0.000000,0.00,0.000000,'','','','','',0.000000,6,0,'',0.000,0.000000,0.000,0,'',0,'0000-00-00 00:00:00',3300.000000,3300.000000,3300.000000,3300.000000,0.000000,0.000000,0.000000,3300.000000,0.000000),(18,13,11,0,2,6312,0,0,'Levalet - La cage dorée',1,0,0,0,0,2800.000000,0.00,0.000000,0.000000,0.000000,0.00,0.000000,'','','','','',0.000000,6,0,'',0.000,0.000000,0.000,0,'',0,'0000-00-00 00:00:00',2800.000000,2800.000000,2800.000000,2800.000000,0.000000,0.000000,0.000000,2800.000000,0.000000),(19,13,11,0,2,6171,0,0,'EvazéSir - Dans l’attente, l’espoir et le doute',1,0,0,0,0,1200.000000,0.00,0.000000,0.000000,0.000000,0.00,0.000000,'','','','','EvazéSir-5440',0.000000,6,0,'',0.000,0.000000,0.000,0,'',0,'0000-00-00 00:00:00',1200.000000,1200.000000,1200.000000,1200.000000,0.000000,0.000000,0.000000,1200.000000,0.000000),(20,13,11,0,2,6168,0,0,'EvazéSir - Louise',1,0,0,0,0,1100.000000,0.00,0.000000,0.000000,0.000000,0.00,0.000000,'','','','','EvazéSir-5440',0.000000,6,0,'',0.000,0.000000,0.000,0,'',0,'0000-00-00 00:00:00',1100.000000,1100.000000,1100.000000,1100.000000,0.000000,0.000000,0.000000,1100.000000,0.000000),(21,14,12,0,4,6301,0,0,'Gottfried Salzmann - MidTown',1,1,0,0,0,208.333333,0.00,0.000000,0.000000,0.000000,0.00,0.000000,'','','','','',0.000000,1,0,'',0.000,0.000000,0.000,0,'',0,'0000-00-00 00:00:00',250.000000,208.330000,250.000000,208.333333,0.000000,0.000000,0.000000,208.333333,0.000000),(22,15,13,0,4,6301,0,0,'Gottfried Salzmann - MidTown',1,1,0,0,0,208.333333,0.00,0.000000,0.000000,0.000000,0.00,0.000000,'','','','','',0.000000,1,0,'',0.000,0.000000,0.000,0,'',0,'0000-00-00 00:00:00',250.000000,208.330000,250.000000,208.333333,0.000000,0.000000,0.000000,208.333333,0.000000),(23,16,14,0,2,6332,0,0,'Philippe Hérard - Cent-Titres',1,0,0,0,0,2500.000000,0.00,0.000000,0.000000,0.000000,0.00,0.000000,'','','','A-E-12e','',0.000000,6,0,'',0.000,0.000000,0.000,0,'',0,'0000-00-00 00:00:00',2500.000000,2500.000000,2500.000000,2500.000000,0.000000,0.000000,0.000000,2500.000000,0.000000),(24,17,15,0,2,6331,0,0,'Philippe Hérard - Cent-Titres',1,0,0,0,0,2500.000000,0.00,0.000000,0.000000,0.000000,0.00,0.000000,'','','','A-E-12d','',0.000000,6,0,'',0.000,0.000000,0.000,0,'',0,'0000-00-00 00:00:00',2500.000000,2500.000000,2500.000000,2500.000000,0.000000,0.000000,0.000000,2500.000000,0.000000),(25,18,16,0,2,6284,0,0,'Romain Froquet - Summer in the City',1,0,0,0,0,3500.000000,0.00,0.000000,0.000000,0.000000,0.00,0.000000,'','','','','',0.000000,6,0,'',0.000,0.000000,0.000,0,'',0,'0000-00-00 00:00:00',3500.000000,3500.000000,3500.000000,3500.000000,0.000000,0.000000,0.000000,3500.000000,0.000000),(26,19,17,0,2,6132,0,0,'Philippe Hérard - Cent titres',1,0,0,0,0,3500.000000,0.00,0.000000,0.000000,0.000000,0.00,0.000000,'','','','','Philippe Hérard-4588',0.000000,6,0,'',0.000,0.000000,0.000,0,'',0,'0000-00-00 00:00:00',3500.000000,3500.000000,3500.000000,3500.000000,0.000000,0.000000,0.000000,3500.000000,0.000000),(27,20,143,0,2,6270,0,0,'Romain Froquet - This time',1,0,0,0,0,650.000000,0.00,0.000000,0.000000,0.000000,0.00,0.000000,'','','','','',0.000000,6,0,'',0.000,0.000000,0.000,0,'',0,'0000-00-00 00:00:00',650.000000,650.000000,650.000000,650.000000,0.000000,0.000000,0.000000,650.000000,0.000000),(28,20,143,0,2,6265,0,0,'Romain Froquet - En noir et blanc',1,0,0,0,0,650.000000,0.00,0.000000,0.000000,0.000000,0.00,0.000000,'','','','','',0.000000,6,0,'',0.000,0.000000,0.000,0,'',0,'0000-00-00 00:00:00',650.000000,650.000000,650.000000,650.000000,0.000000,0.000000,0.000000,650.000000,0.000000),(29,21,18,0,2,6265,0,0,'Romain Froquet - En noir et blanc',1,1,0,0,0,650.000000,0.00,0.000000,0.000000,0.000000,0.00,0.000000,'','','','','',0.000000,6,0,'',0.000,0.000000,0.000,0,'',0,'0000-00-00 00:00:00',650.000000,650.000000,650.000000,650.000000,0.000000,0.000000,0.000000,650.000000,0.000000),(30,21,18,0,2,6270,0,0,'Romain Froquet - This time',1,1,0,0,0,650.000000,0.00,0.000000,0.000000,0.000000,0.00,0.000000,'','','','','',0.000000,6,0,'',0.000,0.000000,0.000,0,'',0,'0000-00-00 00:00:00',650.000000,650.000000,650.000000,650.000000,0.000000,0.000000,0.000000,650.000000,0.000000),(34,22,19,0,4,5058,0,0,'Philippe Hérard - Digigraphie 4',1,0,0,0,0,58.333333,0.00,0.000000,0.000000,0.000000,0.00,0.000000,'','','','Philippe Hérard-5058','Philippe Hérard-5058',0.000000,1,0,'',0.000,0.000000,0.000,0,'',0,'0000-00-00 00:00:00',70.000000,58.330000,70.000000,58.333333,0.000000,0.000000,0.000000,58.333333,0.000000),(35,23,20,0,4,5058,0,0,'Philippe Hérard - Digigraphie 4',1,1,0,0,0,58.333333,0.00,0.000000,0.000000,0.000000,0.00,0.000000,'','','','Philippe Hérard-5058','Philippe Hérard-5058',0.000000,1,0,'',0.000,0.000000,0.000,0,'',0,'0000-00-00 00:00:00',70.000000,58.330000,70.000000,58.333333,0.000000,0.000000,0.000000,58.333333,0.000000),(36,24,21,0,4,5058,0,0,'Philippe Hérard - Digigraphie 4',1,1,0,0,0,58.333333,0.00,0.000000,0.000000,0.000000,0.00,0.000000,'','','','Philippe Hérard-5058','Philippe Hérard-5058',0.000000,1,0,'',0.000,0.000000,0.000,0,'',0,'0000-00-00 00:00:00',70.000000,58.330000,70.000000,58.333333,0.000000,0.000000,0.000000,58.333333,0.000000),(37,25,22,0,4,3096,0,0,'Shepard Fairey - Make Art Not War',1,1,0,0,0,100.000000,0.00,0.000000,0.000000,0.000000,0.00,0.000000,'','','','Shepard Fairey-3096','Shepard Fairey-3096',0.000000,1,0,'',0.000,0.000000,0.000,0,'',0,'0000-00-00 00:00:00',120.000000,100.000000,120.000000,100.000000,0.000000,0.000000,0.000000,100.000000,0.000000),(38,26,23,0,4,3096,0,0,'Shepard Fairey - Make Art Not War',1,1,0,0,0,100.000000,0.00,0.000000,0.000000,0.000000,0.00,0.000000,'','','','Shepard Fairey-3096','Shepard Fairey-3096',0.000000,1,0,'',0.000,0.000000,0.000,0,'',0,'0000-00-00 00:00:00',120.000000,100.000000,120.000000,100.000000,0.000000,0.000000,0.000000,100.000000,0.000000),(39,27,24,0,4,3096,0,0,'Shepard Fairey - Make Art Not War',1,1,0,0,0,100.000000,0.00,0.000000,0.000000,0.000000,0.00,0.000000,'','','','Shepard Fairey-3096','Shepard Fairey-3096',0.000000,1,0,'',0.000,0.000000,0.000,0,'',0,'0000-00-00 00:00:00',120.000000,100.000000,120.000000,100.000000,0.000000,0.000000,0.000000,100.000000,0.000000),(40,28,25,0,4,3096,0,0,'Shepard Fairey - Make Art Not War',1,1,0,0,0,100.000000,0.00,0.000000,0.000000,0.000000,0.00,0.000000,'','','','Shepard Fairey-3096','Shepard Fairey-3096',0.000000,1,0,'',0.000,0.000000,0.000,0,'',0,'0000-00-00 00:00:00',120.000000,100.000000,120.000000,100.000000,0.000000,0.000000,0.000000,100.000000,0.000000),(41,29,26,0,4,3096,0,0,'Shepard Fairey - Make Art Not War',1,1,0,0,0,100.000000,0.00,0.000000,0.000000,0.000000,0.00,0.000000,'','','','Shepard Fairey-3096','Shepard Fairey-3096',0.000000,1,0,'',0.000,0.000000,0.000,0,'',0,'0000-00-00 00:00:00',120.000000,100.000000,120.000000,100.000000,0.000000,0.000000,0.000000,100.000000,0.000000),(42,30,27,0,4,3096,0,0,'Shepard Fairey - Make Art Not War',1,1,0,0,0,100.000000,0.00,0.000000,0.000000,0.000000,0.00,0.000000,'','','','Shepard Fairey-3096','Shepard Fairey-3096',0.000000,1,0,'',0.000,0.000000,0.000,0,'',0,'0000-00-00 00:00:00',120.000000,100.000000,120.000000,100.000000,0.000000,0.000000,0.000000,100.000000,0.000000),(43,31,28,0,4,3096,0,0,'Shepard Fairey - Make Art Not War',1,1,0,0,0,100.000000,0.00,0.000000,0.000000,0.000000,0.00,0.000000,'','','','Shepard Fairey-3096','Shepard Fairey-3096',0.000000,1,0,'',0.000,0.000000,0.000,0,'',0,'0000-00-00 00:00:00',120.000000,100.000000,120.000000,100.000000,0.000000,0.000000,0.000000,100.000000,0.000000),(44,32,29,0,4,3096,0,0,'Shepard Fairey - Make Art Not War',1,1,0,0,0,100.000000,0.00,0.000000,0.000000,0.000000,0.00,0.000000,'','','','Shepard Fairey-3096','Shepard Fairey-3096',0.000000,1,0,'',0.000,0.000000,0.000,0,'',0,'0000-00-00 00:00:00',120.000000,100.000000,120.000000,100.000000,0.000000,0.000000,0.000000,100.000000,0.000000),(45,33,30,0,4,3096,0,0,'Shepard Fairey - Make Art Not War',1,1,0,0,0,100.000000,0.00,0.000000,0.000000,0.000000,0.00,0.000000,'','','','Shepard Fairey-3096','Shepard Fairey-3096',0.000000,1,0,'',0.000,0.000000,0.000,0,'',0,'0000-00-00 00:00:00',120.000000,100.000000,120.000000,100.000000,0.000000,0.000000,0.000000,100.000000,0.000000),(46,34,31,0,4,4795,0,0,'Shepard Fairey - Peace Guard2',1,0,0,0,0,666.666667,0.00,0.000000,0.000000,0.000000,0.00,0.000000,'','','','Shepard Fairey-4795','Shepard Fairey-4795',0.000000,1,0,'',0.000,0.000000,0.000,0,'',0,'0000-00-00 00:00:00',800.000000,666.670000,800.000000,666.666667,0.000000,0.000000,0.000000,666.666667,0.000000),(47,35,32,0,4,4795,0,0,'Shepard Fairey - Peace Guard2',1,0,0,0,0,666.666667,0.00,0.000000,0.000000,0.000000,0.00,0.000000,'','','','Shepard Fairey-4795','Shepard Fairey-4795',0.000000,1,0,'',0.000,0.000000,0.000,0,'',0,'0000-00-00 00:00:00',800.000000,666.670000,800.000000,666.666667,0.000000,0.000000,0.000000,666.666667,0.000000),(48,36,33,0,4,4793,0,0,'Shepard Fairey - Power Bidder',1,1,0,0,0,500.000000,0.00,0.000000,0.000000,0.000000,0.00,0.000000,'','','','Shepard Fairey-4793','Shepard Fairey-4793',0.000000,1,0,'',0.000,0.000000,0.000,0,'',0,'0000-00-00 00:00:00',600.000000,500.000000,600.000000,500.000000,0.000000,0.000000,0.000000,500.000000,0.000000),(49,37,34,0,4,4793,0,0,'Shepard Fairey - Power Bidder',1,1,0,0,0,500.000000,0.00,0.000000,0.000000,0.000000,0.00,0.000000,'','','','Shepard Fairey-4793','Shepard Fairey-4793',0.000000,1,0,'',0.000,0.000000,0.000,0,'',0,'0000-00-00 00:00:00',600.000000,500.000000,600.000000,500.000000,0.000000,0.000000,0.000000,500.000000,0.000000),(50,38,35,0,4,4947,0,0,'Miss Tic - En verve et contre tous',1,0,0,0,0,500.000000,0.00,0.000000,0.000000,0.000000,0.00,0.000000,'','','','Miss Tic-4947','Miss Tic-4947',0.000000,1,0,'',0.000,0.000000,0.000,0,'',0,'0000-00-00 00:00:00',600.000000,500.000000,600.000000,500.000000,0.000000,0.000000,0.000000,500.000000,0.000000),(51,3,96,0,4,3096,0,0,'Shepard Fairey - Make Art Not War',9,1,0,0,0,100.000000,0.00,0.000000,0.000000,0.000000,0.00,0.000000,'','','','Shepard Fairey-3096','Shepard Fairey-3096',0.000000,1,0,'',0.000,0.000000,0.000,0,'',0,'0000-00-00 00:00:00',1080.000000,900.000000,120.000000,100.000000,0.000000,0.000000,0.000000,100.000000,0.000000),(52,3,96,0,4,4793,0,0,'Shepard Fairey - Power Bidder',2,2,0,0,0,500.000000,0.00,0.000000,0.000000,0.000000,0.00,0.000000,'','','','Shepard Fairey-4793','Shepard Fairey-4793',1.200000,1,0,'',0.000,0.000000,0.000,0,'',0,'0000-00-00 00:00:00',1200.000000,1000.000000,600.000000,500.000000,0.000000,0.000000,0.000000,500.000000,0.000000),(53,3,96,0,4,5058,0,0,'Philippe Hérard - Digigraphie 4',3,1,0,0,0,58.333333,0.00,0.000000,0.000000,0.000000,0.00,0.000000,'','','','Philippe Hérard-5058','Philippe Hérard-5058',0.000000,1,0,'',0.000,0.000000,0.000,0,'',0,'0000-00-00 00:00:00',210.000000,175.000000,70.000000,58.333333,0.000000,0.000000,0.000000,58.333333,0.000000),(54,39,36,0,2,6129,0,0,'Philippe Hérard - Cent titres',1,0,0,0,0,950.000000,0.00,0.000000,0.000000,0.000000,0.00,0.000000,'','','','6129','Philippe Hérard-4588',0.000000,6,0,'',0.000,0.000000,0.000,0,'',0,'0000-00-00 00:00:00',950.000000,950.000000,950.000000,950.000000,0.000000,0.000000,0.000000,950.000000,0.000000),(55,40,37,0,2,6337,0,0,'Bom K - Avec le masque, élégant',1,0,0,0,0,1300.000000,0.00,0.000000,0.000000,0.000000,0.00,0.000000,'','','','6337','',0.000000,6,0,'',0.000,0.000000,0.000,0,'',0,'0000-00-00 00:00:00',1300.000000,1300.000000,1300.000000,1300.000000,0.000000,0.000000,0.000000,1300.000000,0.000000),(56,41,38,0,2,6338,0,0,'Bom K - Death and Disaster',1,0,0,0,0,1300.000000,0.00,0.000000,0.000000,0.000000,0.00,0.000000,'','','','6338','',0.000000,6,0,'',0.000,0.000000,0.000,0,'',0,'0000-00-00 00:00:00',1300.000000,1300.000000,1300.000000,1300.000000,0.000000,0.000000,0.000000,1300.000000,0.000000),(57,42,39,0,4,6344,0,0,'Shepard Fairey - Liberté - Égalité - Fraternité',1,1,0,0,0,162.500000,0.00,0.000000,0.000000,0.000000,0.00,0.000000,'','','','Shepard Fairey-3096','Shepard Fairey-3096',0.000000,1,0,'',0.000,0.000000,0.000,0,'',0,'0000-00-00 00:00:00',195.000000,162.500000,195.000000,162.500000,0.000000,0.000000,0.000000,162.500000,0.000000),(58,43,40,0,4,6344,0,0,'Shepard Fairey - Liberté - Égalité - Fraternité',1,1,0,0,0,162.500000,0.00,0.000000,0.000000,0.000000,0.00,0.000000,'','','','Shepard Fairey-3096','Shepard Fairey-3096',0.000000,1,0,'',0.000,0.000000,0.000,0,'',0,'0000-00-00 00:00:00',195.000000,162.500000,195.000000,162.500000,0.000000,0.000000,0.000000,162.500000,0.000000),(59,44,41,0,4,6344,0,0,'Shepard Fairey - Liberté - Égalité - Fraternité',1,1,0,0,0,162.500000,0.00,0.000000,0.000000,0.000000,0.00,0.000000,'','','','6344','Shepard Fairey-3096',0.000000,1,0,'',0.000,0.000000,0.000,0,'',0,'0000-00-00 00:00:00',195.000000,162.500000,195.000000,162.500000,0.000000,0.000000,0.000000,162.500000,0.000000),(60,45,42,0,2,6342,0,0,'Lek - Bandes organisées',1,1,0,0,0,400.000000,0.00,0.000000,0.000000,0.000000,0.00,0.000000,'','','','6342','',0.000000,6,0,'',0.000,0.000000,0.000,0,'',0,'0000-00-00 00:00:00',400.000000,400.000000,400.000000,400.000000,0.000000,0.000000,0.000000,400.000000,0.000000),(61,46,43,0,2,6228,0,0,'EvazéSir - Georges 6/10',1,0,0,0,0,150.000000,0.00,0.000000,0.000000,0.000000,0.00,0.000000,'','','','6228','',0.000000,6,0,'',0.000,0.000000,0.000,0,'',0,'0000-00-00 00:00:00',150.000000,150.000000,150.000000,150.000000,0.000000,0.000000,0.000000,150.000000,0.000000),(62,46,43,0,2,6221,0,0,'EvazéSir - Alice 6/10',1,0,0,0,0,150.000000,0.00,0.000000,0.000000,0.000000,0.00,0.000000,'','','','6221','',0.000000,6,0,'',0.000,0.000000,0.000,0,'',0,'0000-00-00 00:00:00',150.000000,150.000000,150.000000,150.000000,0.000000,0.000000,0.000000,150.000000,0.000000),(63,47,68,0,2,6218,0,0,'EvazéSir - Alice 2/10',1,0,0,0,0,150.000000,0.00,0.000000,0.000000,0.000000,0.00,0.000000,'','','','6218','',0.000000,6,0,'',0.000,0.000000,0.000,0,'',0,'0000-00-00 00:00:00',150.000000,150.000000,150.000000,150.000000,0.000000,0.000000,0.000000,150.000000,0.000000),(64,47,68,0,2,6219,0,0,'EvazéSir - Alice 3/10',1,0,0,0,0,150.000000,0.00,0.000000,0.000000,0.000000,0.00,0.000000,'','','','6219','',0.000000,6,0,'',0.000,0.000000,0.000,0,'',0,'0000-00-00 00:00:00',150.000000,150.000000,150.000000,150.000000,0.000000,0.000000,0.000000,150.000000,0.000000),(65,47,68,0,2,6220,0,0,'EvazéSir - Alice 5/10',1,0,0,0,0,150.000000,0.00,0.000000,0.000000,0.000000,0.00,0.000000,'','','','6220','',0.000000,6,0,'',0.000,0.000000,0.000,0,'',0,'0000-00-00 00:00:00',150.000000,150.000000,150.000000,150.000000,0.000000,0.000000,0.000000,150.000000,0.000000),(66,47,68,0,2,6224,0,0,'EvazéSir - Georges 1/10',1,0,0,0,0,150.000000,0.00,0.000000,0.000000,0.000000,0.00,0.000000,'','','','6224','',0.000000,6,0,'',0.000,0.000000,0.000,0,'',0,'0000-00-00 00:00:00',150.000000,150.000000,150.000000,150.000000,0.000000,0.000000,0.000000,150.000000,0.000000),(67,48,44,0,2,6325,0,0,'Philippe Hérard - Cent-Titres',1,0,0,0,0,1500.000000,0.00,0.000000,0.000000,0.000000,0.00,0.000000,'','','','A-E-10','',0.000000,6,0,'',0.000,0.000000,0.000,0,'',0,'0000-00-00 00:00:00',1500.000000,1500.000000,1500.000000,1500.000000,0.000000,0.000000,0.000000,1500.000000,0.000000),(68,49,45,0,2,6280,0,0,'Romain Froquet - Tradition',1,0,0,0,0,1280.000000,0.00,0.000000,0.000000,0.000000,0.00,0.000000,'','','','6280','',0.000000,6,0,'',0.000,0.000000,0.000,0,'',0,'0000-00-00 00:00:00',1280.000000,1280.000000,1280.000000,1280.000000,0.000000,0.000000,0.000000,1280.000000,0.000000),(69,50,46,0,2,6342,0,0,'Lek - Bandes organisées',1,1,0,0,0,400.000000,0.00,0.000000,0.000000,0.000000,0.00,0.000000,'','','','6342','',0.000000,6,0,'',0.000,0.000000,0.000,0,'',0,'0000-00-00 00:00:00',200.000000,200.000000,200.000000,200.000000,0.000000,0.000000,0.000000,400.000000,0.000000),(70,51,47,0,4,4016,0,0,'Shepard Fairey - André (N/B)',1,1,0,0,0,75.000000,0.00,0.000000,0.000000,0.000000,0.00,0.000000,'','','','Shepard Fairey-4016','Shepard Fairey-4016',0.000000,1,0,'',0.000,0.000000,0.000,0,'',0,'0000-00-00 00:00:00',90.000000,75.000000,90.000000,75.000000,0.000000,0.000000,0.000000,75.000000,0.000000),(71,52,48,0,4,6344,0,0,'Shepard Fairey - Liberté - Égalité - Fraternité',1,1,0,0,0,162.500000,0.00,0.000000,0.000000,0.000000,0.00,0.000000,'','','','6344','Shepard Fairey-3096',0.000000,1,0,'',0.000,0.000000,0.000,0,'',0,'0000-00-00 00:00:00',195.000000,162.500000,195.000000,162.500000,0.000000,0.000000,0.000000,162.500000,0.000000),(72,53,49,0,4,5777,0,0,'Romain Froquet - Fertile 2',1,1,0,0,0,83.333333,0.00,0.000000,0.000000,0.000000,0.00,0.000000,'','','','Romain Froquet-5777','Romain Froquet-5777',0.000000,1,0,'',0.000,0.000000,0.000,0,'',0,'0000-00-00 00:00:00',100.000000,83.330000,100.000000,83.333333,0.000000,0.000000,0.000000,83.333333,0.000000),(73,54,50,0,4,6354,0,0,'Jo di Bona - Don\'t lie to me',1,1,0,0,0,166.666667,0.00,0.000000,0.000000,0.000000,0.00,0.000000,'','','','Jo di Bona-5960','Jo di Bona-5960',0.000000,1,0,'',0.000,0.000000,0.000,0,'',0,'0000-00-00 00:00:00',200.000000,166.670000,200.000000,166.666667,0.000000,0.000000,0.000000,166.666667,0.000000),(74,55,51,0,4,3661,0,0,'Levalet - Sheep',1,1,0,0,0,250.000000,0.00,0.000000,0.000000,0.000000,0.00,0.000000,'','','','Levalet-3661','Levalet-3661',0.000000,1,0,'',0.000,0.000000,0.000,0,'',0,'0000-00-00 00:00:00',300.000000,250.000000,300.000000,250.000000,0.000000,0.000000,0.000000,250.000000,0.000000),(75,55,51,0,4,6356,0,0,'Frais de port USA',1,0,0,0,0,43.333333,0.00,0.000000,0.000000,0.000000,0.00,0.000000,'','','','','',0.000000,1,0,'',0.000,0.000000,0.000,0,'',0,'0000-00-00 00:00:00',52.000000,43.330000,52.000000,43.333333,0.000000,0.000000,0.000000,43.333333,0.000000),(76,56,52,0,2,6339,0,0,'Lek - ///LK///2',1,0,0,0,0,2000.000000,0.00,0.000000,0.000000,0.000000,0.00,0.000000,'','','','6339','',0.000000,6,0,'',0.000,0.000000,0.000,0,'',0,'0000-00-00 00:00:00',2000.000000,2000.000000,2000.000000,2000.000000,0.000000,0.000000,0.000000,2000.000000,0.000000),(77,57,53,0,2,6334,0,0,'Bom K - Bousier',1,0,0,0,0,4800.000000,0.00,0.000000,0.000000,0.000000,0.00,0.000000,'','','','6334','',0.000000,6,0,'',0.000,0.000000,0.000,0,'',0,'0000-00-00 00:00:00',4800.000000,4800.000000,4800.000000,4800.000000,0.000000,0.000000,0.000000,4800.000000,0.000000),(78,58,54,0,2,6173,0,0,'EvazéSir - Suzanne',1,0,0,0,0,1300.000000,0.00,0.000000,0.000000,0.000000,0.00,0.000000,'','','','6173','EvazéSir-5440',0.000000,6,0,'',0.000,0.000000,0.000,0,'',0,'0000-00-00 00:00:00',1300.000000,1300.000000,1300.000000,1300.000000,0.000000,0.000000,0.000000,1300.000000,0.000000),(79,59,55,0,2,6342,0,0,'Lek - Bandes organisées',2,2,0,0,0,400.000000,0.00,0.000000,0.000000,0.000000,0.00,0.000000,'','','','6342','',0.000000,6,0,'',0.000,0.000000,0.000,0,'',0,'0000-00-00 00:00:00',800.000000,800.000000,400.000000,400.000000,0.000000,0.000000,0.000000,400.000000,0.000000),(80,60,56,0,2,6332,0,0,'Philippe Hérard - Cent-Titres tôle',1,0,0,0,0,2500.000000,0.00,0.000000,0.000000,0.000000,0.00,0.000000,'','','','A-E-12e','',0.000000,6,0,'',0.000,0.000000,0.000,0,'',0,'0000-00-00 00:00:00',2500.000000,2500.000000,2500.000000,2500.000000,0.000000,0.000000,0.000000,2500.000000,0.000000),(81,61,57,0,2,6381,0,0,'Romain Froquet - Les Filles',1,0,0,0,0,4200.000000,0.00,0.000000,0.000000,0.000000,0.00,0.000000,'','','','6381','',0.000000,6,0,'',0.000,0.000000,0.000,0,'',0,'0000-00-00 00:00:00',4200.000000,4200.000000,4200.000000,4200.000000,0.000000,0.000000,0.000000,4200.000000,0.000000),(82,61,57,0,2,6278,0,0,'Romain Froquet - Originel',1,0,0,0,0,1500.000000,0.00,0.000000,0.000000,0.000000,0.00,0.000000,'','','','6278','',0.000000,6,0,'',0.000,0.000000,0.000,0,'',0,'0000-00-00 00:00:00',1500.000000,1500.000000,1500.000000,1500.000000,0.000000,0.000000,0.000000,1500.000000,0.000000),(83,62,58,0,2,6311,0,0,'Levalet - L\'homme augmenté',1,0,0,0,0,1500.000000,0.00,0.000000,0.000000,0.000000,0.00,0.000000,'','','','6311','',0.000000,6,0,'',0.000,0.000000,0.000,0,'',0,'0000-00-00 00:00:00',1500.000000,1500.000000,1500.000000,1500.000000,0.000000,0.000000,0.000000,1500.000000,0.000000),(84,63,59,0,2,6317,0,0,'Philippe Hérard - Cent-Titres',1,0,0,0,0,1800.000000,0.00,0.000000,0.000000,0.000000,0.00,0.000000,'','','','A-E-2','',0.000000,6,0,'',0.000,0.000000,0.000,0,'',0,'0000-00-00 00:00:00',1800.000000,1800.000000,1800.000000,1800.000000,0.000000,0.000000,0.000000,1800.000000,0.000000),(85,64,60,0,2,6342,0,0,'Lek - Bandes organisées',1,1,0,0,0,400.000000,0.00,0.000000,0.000000,0.000000,0.00,0.000000,'','','','6342','',0.000000,6,0,'',0.000,0.000000,0.000,0,'',0,'0000-00-00 00:00:00',400.000000,400.000000,400.000000,400.000000,0.000000,0.000000,0.000000,400.000000,0.000000),(86,65,61,0,2,5909,0,0,'Romain Froquet - Golden Lady',1,0,0,0,0,2600.000000,0.00,0.000000,0.000000,0.000000,0.00,0.000000,'','','','Romain Froquet-5909','Romain Froquet-5909',0.000000,6,0,'',0.000,0.000000,0.000,0,'',0,'0000-00-00 00:00:00',2600.000000,2600.000000,2600.000000,2600.000000,0.000000,0.000000,0.000000,2600.000000,0.000000),(87,66,62,0,2,6232,0,0,'Gottfried Salzmann - Times Square III',1,0,0,0,0,4200.000000,0.00,0.000000,0.000000,0.000000,0.00,0.000000,'','','','6232','',0.000000,6,0,'',0.000,0.000000,0.000,0,'',0,'0000-00-00 00:00:00',4200.000000,4200.000000,4200.000000,4200.000000,0.000000,0.000000,0.000000,4200.000000,0.000000),(88,67,70,0,2,6254,0,0,'Gottfried Salzmann - New-York Dans les Bruns I',1,0,0,0,0,1200.000000,0.00,0.000000,0.000000,0.000000,0.00,0.000000,'','','','6254','',0.000000,6,0,'',0.000,0.000000,0.000,0,'',0,'0000-00-00 00:00:00',1200.000000,1200.000000,1200.000000,1200.000000,0.000000,0.000000,0.000000,1200.000000,0.000000),(89,68,110,0,2,6209,0,0,'Gottfried Salzmann - New-York Night from Helicopter II',1,0,0,0,0,6600.000000,0.00,0.000000,0.000000,0.000000,0.00,0.000000,'','','','6209','',0.000000,6,0,'',0.000,0.000000,0.000,0,'',0,'0000-00-00 00:00:00',6600.000000,6600.000000,6600.000000,6600.000000,0.000000,0.000000,0.000000,6600.000000,0.000000),(90,69,63,0,2,6233,0,0,'Gottfried Salzmann - Times Square IV',1,0,0,0,0,4200.000000,0.00,0.000000,0.000000,0.000000,0.00,0.000000,'','','','6233','',0.000000,6,0,'',0.000,0.000000,0.000,0,'',0,'0000-00-00 00:00:00',4200.000000,4200.000000,4200.000000,4200.000000,0.000000,0.000000,0.000000,4200.000000,0.000000),(91,70,64,0,2,6253,0,0,'Gottfried Salzmann - Blue-Red Touch',1,0,0,0,0,1900.000000,0.00,0.000000,0.000000,0.000000,0.00,0.000000,'','','','6253','',0.000000,6,0,'',0.000,0.000000,0.000,0,'',0,'0000-00-00 00:00:00',1900.000000,1900.000000,1900.000000,1900.000000,0.000000,0.000000,0.000000,1900.000000,0.000000),(92,71,105,0,2,6255,0,0,'Gottfried Salzmann - New-York Dans les Bruns II',1,0,0,0,0,1100.000000,0.00,0.000000,0.000000,0.000000,0.00,0.000000,'','','','6255','',0.000000,6,0,'',0.000,0.000000,0.000,0,'',0,'0000-00-00 00:00:00',1100.000000,1100.000000,1100.000000,1100.000000,0.000000,0.000000,0.000000,1100.000000,0.000000),(93,72,65,0,2,6380,0,0,'Romain Froquet - Be',1,0,0,0,0,4200.000000,0.00,0.000000,0.000000,0.000000,0.00,0.000000,'','','','6380','',0.000000,6,0,'',0.000,0.000000,0.000,0,'',0,'0000-00-00 00:00:00',4200.000000,4200.000000,4200.000000,4200.000000,0.000000,0.000000,0.000000,4200.000000,0.000000),(94,73,66,0,2,6261,0,0,'Romain Froquet - White Line 1',1,0,0,0,0,480.000000,0.00,0.000000,0.000000,0.000000,0.00,0.000000,'','','','6261','',0.000000,6,0,'',0.000,0.000000,0.000,0,'',0,'0000-00-00 00:00:00',480.000000,480.000000,480.000000,480.000000,0.000000,0.000000,0.000000,480.000000,0.000000),(95,73,66,0,2,6264,0,0,'Romain Froquet - White Line 4',1,0,0,0,0,480.000000,0.00,0.000000,0.000000,0.000000,0.00,0.000000,'','','','6264','',0.000000,6,0,'',0.000,0.000000,0.000,0,'',0,'0000-00-00 00:00:00',480.000000,480.000000,480.000000,480.000000,0.000000,0.000000,0.000000,480.000000,0.000000),(96,74,67,0,2,6371,0,0,'Lek - Bandes organisées 9',1,0,0,0,0,580.000000,0.00,0.000000,0.000000,0.000000,0.00,0.000000,'','','','6371','',0.000000,6,0,'',0.000,0.000000,0.000,0,'',0,'0000-00-00 00:00:00',580.000000,580.000000,580.000000,580.000000,0.000000,0.000000,0.000000,580.000000,0.000000),(97,75,69,0,4,2588,0,0,'Miss Tic - Dans nos jardins secrets le désir se crée',1,1,0,0,0,416.666667,0.00,0.000000,0.000000,0.000000,0.00,0.000000,'','','','Miss Tic-2588','Miss Tic-2588',0.000000,1,0,'',0.000,0.000000,0.000,0,'',0,'0000-00-00 00:00:00',500.000000,416.670000,500.000000,416.666667,0.000000,0.000000,0.000000,416.666667,0.000000),(98,75,69,0,4,6392,0,0,'Frais de port',1,0,0,0,0,16.666667,0.00,0.000000,0.000000,0.000000,0.00,0.000000,'','','','','',0.000000,1,0,'',0.000,0.000000,0.000,0,'',0,'0000-00-00 00:00:00',20.000000,16.670000,20.000000,16.666667,0.000000,0.000000,0.000000,16.666667,0.000000),(100,77,72,0,2,6363,0,0,'Lady M - Galactika',1,0,0,0,0,2500.000000,0.00,0.000000,0.000000,0.000000,0.00,0.000000,'','','','6363','',0.000000,6,0,'',0.000,0.000000,0.000,0,'',0,'0000-00-00 00:00:00',2500.000000,2500.000000,2500.000000,2500.000000,0.000000,0.000000,0.000000,2500.000000,0.000000),(101,78,88,0,4,5824,0,0,'Shepard Fairey - Embrace Justice',1,1,0,0,0,416.666667,0.00,0.000000,0.000000,0.000000,0.00,0.000000,'','','','Shepard Fairey-5824','Shepard Fairey-5824',0.000000,1,0,'',0.000,0.000000,0.000,0,'',0,'0000-00-00 00:00:00',500.000000,416.670000,500.000000,416.666667,0.000000,0.000000,0.000000,416.666667,0.000000),(102,79,73,0,4,6296,0,0,'Gottfried Salzmann - New-York - amacor - 6ex',1,0,0,0,0,1208.333333,0.00,0.000000,0.000000,0.000000,0.00,0.000000,'','','','6296','',0.000000,1,0,'',0.000,0.000000,0.000,0,'',0,'0000-00-00 00:00:00',1450.000000,1208.330000,1450.000000,1208.333333,0.000000,0.000000,0.000000,1208.333333,0.000000),(103,79,73,0,4,6294,0,0,'Gottfried Salzmann - Paris',1,1,0,0,0,500.000000,0.00,0.000000,0.000000,0.000000,0.00,0.000000,'','','','6294','',0.000000,1,0,'',0.000,0.000000,0.000,0,'',0,'0000-00-00 00:00:00',600.000000,500.000000,600.000000,500.000000,0.000000,0.000000,0.000000,500.000000,0.000000),(104,80,74,0,4,6297,0,0,'Gottfried Salzmann - New-York - Lavocat- 6ex',1,0,0,0,0,1208.333333,0.00,0.000000,0.000000,0.000000,0.00,0.000000,'','','','6297','',0.000000,1,0,'',0.000,0.000000,0.000,0,'',0,'0000-00-00 00:00:00',1450.000000,1208.330000,1450.000000,1208.333333,0.000000,0.000000,0.000000,1208.333333,0.000000),(105,81,75,0,4,6195,0,0,'Gottfried Salzmann - New-York découpé',1,0,0,0,0,150.000000,0.00,0.000000,0.000000,0.000000,0.00,0.000000,'','','','6195','',0.000000,1,0,'',0.000,0.000000,0.000,0,'',0,'0000-00-00 00:00:00',180.000000,150.000000,180.000000,150.000000,0.000000,0.000000,0.000000,150.000000,0.000000),(106,81,75,0,4,6301,0,0,'Gottfried Salzmann - MidTown',1,1,0,0,0,208.333333,0.00,0.000000,0.000000,0.000000,0.00,0.000000,'','','','6301','',0.000000,1,0,'',0.000,0.000000,0.000,0,'',0,'0000-00-00 00:00:00',250.000000,208.330000,250.000000,208.333333,0.000000,0.000000,0.000000,208.333333,0.000000),(107,82,76,0,4,6301,0,0,'Gottfried Salzmann - MidTown',1,1,0,0,0,208.333333,0.00,0.000000,0.000000,0.000000,0.00,0.000000,'','','','6301','',0.000000,1,0,'',0.000,0.000000,0.000,0,'',0,'0000-00-00 00:00:00',250.000000,208.330000,250.000000,208.333333,0.000000,0.000000,0.000000,208.333333,0.000000),(108,83,77,0,4,4883,0,0,'Gottfried Salzmann - New York Westside',1,0,0,0,0,400.000000,0.00,0.000000,0.000000,0.000000,0.00,0.000000,'','','','Gottfried Salzmann-4883','Gottfried Salzmann-4883',0.000000,1,0,'',0.000,0.000000,0.000,0,'',0,'0000-00-00 00:00:00',490.000000,408.330000,490.000000,408.330000,0.000000,0.000000,0.000000,400.000000,0.000000),(109,83,77,0,4,6197,0,0,'Gottfried Salzmann - Varick Street',1,0,0,0,0,325.000000,0.00,0.000000,0.000000,0.000000,0.00,0.000000,'','','','6197','',0.000000,1,0,'',0.000,0.000000,0.000,0,'',0,'0000-00-00 00:00:00',390.000000,325.000000,390.000000,325.000000,0.000000,0.000000,0.000000,325.000000,0.000000),(110,84,78,0,4,4885,0,0,'Gottfried Salzmann - Deep Throat',1,0,0,0,0,500.000000,0.00,0.000000,0.000000,0.000000,0.00,0.000000,'','','','Gottfried Salzmann-4885','Gottfried Salzmann-4885',0.000000,1,0,'',0.000,0.000000,0.000,0,'',0,'0000-00-00 00:00:00',600.000000,500.000000,600.000000,500.000000,0.000000,0.000000,0.000000,500.000000,0.000000),(111,85,79,0,4,2579,0,0,'Gottfried Salzmann - Série Figure',1,1,0,0,0,250.000000,0.00,0.000000,0.000000,0.000000,0.00,0.000000,'','','','Gottfried Salzmann-2579','Gottfried Salzmann-2579',0.000000,1,0,'',0.000,0.000000,0.000,0,'',0,'0000-00-00 00:00:00',300.000000,250.000000,300.000000,250.000000,0.000000,0.000000,0.000000,250.000000,0.000000),(112,85,79,0,4,6198,0,0,'Gottfried Salzmann - The Bridges',1,0,0,0,0,158.333333,0.00,0.000000,0.000000,0.000000,0.00,0.000000,'','','','6198','',0.000000,1,0,'',0.000,0.000000,0.000,0,'',0,'0000-00-00 00:00:00',190.000000,158.330000,190.000000,158.333333,0.000000,0.000000,0.000000,158.333333,0.000000),(113,86,80,0,4,5145,0,0,'Shepard Fairey - Face Collage milieu',1,1,0,0,0,66.666667,0.00,20.000000,20.000000,16.670000,0.00,61.200000,'','','','Shepard Fairey-5145','Shepard Fairey-5145',0.000000,1,0,'',0.000,0.000000,0.000,0,'',0,'0000-00-00 00:00:00',60.000000,50.000000,60.000000,50.000000,0.000000,0.000000,0.000000,66.666667,0.000000),(114,87,81,0,4,6395,0,0,'Livre Philippe Hérard',1,1,0,0,0,28.436019,0.00,0.000000,0.000000,0.000000,0.00,0.000000,'','','','','',0.000000,3,0,'',0.000,0.000000,0.000,0,'',0,'0000-00-00 00:00:00',30.000000,28.440000,30.000000,28.436019,0.000000,0.000000,0.000000,28.436019,0.000000),(115,88,82,0,4,6301,0,0,'Gottfried Salzmann - MidTown',1,1,0,0,0,208.333333,0.00,0.000000,0.000000,0.000000,0.00,0.000000,'','','','6301','',0.000000,1,0,'',0.000,0.000000,0.000,0,'',0,'0000-00-00 00:00:00',250.000000,208.330000,250.000000,208.333333,0.000000,0.000000,0.000000,208.333333,0.000000),(116,89,83,0,4,6396,0,0,'Catalogue Gottfried Salzmann',1,1,0,0,0,47.393365,0.00,0.000000,0.000000,0.000000,0.00,0.000000,'','','','','',0.000000,3,0,'',0.000,0.000000,0.000,0,'',0,'0000-00-00 00:00:00',50.000000,47.390000,50.000000,47.393365,0.000000,0.000000,0.000000,47.393365,0.000000),(117,89,83,0,4,2579,0,0,'Gottfried Salzmann - Série Figure',1,1,0,0,0,250.000000,0.00,0.000000,0.000000,0.000000,0.00,0.000000,'','','','Gottfried Salzmann-2579','Gottfried Salzmann-2579',0.000000,1,0,'',0.000,0.000000,0.000,0,'',0,'0000-00-00 00:00:00',300.000000,250.000000,300.000000,250.000000,0.000000,0.000000,0.000000,250.000000,0.000000),(118,90,84,0,4,6196,82,0,'Gottfried Salzmann - OK -  : - Gottfried Salzmann - OK : Rouge',1,0,0,0,0,291.666667,0.00,0.000000,0.000000,0.000000,0.00,0.000000,'','','','6196','',0.000000,1,0,'',0.000,0.000000,0.000,0,'',0,'0000-00-00 00:00:00',350.000000,291.670000,350.000000,291.666667,0.000000,0.000000,0.000000,291.666667,0.000000),(119,91,85,0,4,4885,0,0,'Gottfried Salzmann - Deep Throat',1,0,0,0,0,500.000000,0.00,0.000000,0.000000,0.000000,0.00,0.000000,'','','','Gottfried Salzmann-4885','Gottfried Salzmann-4885',0.000000,1,0,'',0.000,0.000000,0.000,0,'',0,'0000-00-00 00:00:00',600.000000,500.000000,600.000000,500.000000,0.000000,0.000000,0.000000,500.000000,0.000000),(120,92,86,0,4,4010,0,0,'Shepard Fairey - Noise Project',1,0,0,0,0,350.000000,0.00,0.000000,0.000000,0.000000,0.00,0.000000,'','','','Shepard Fairey-4010','Shepard Fairey-4010',0.000000,1,0,'',0.000,0.000000,0.000,0,'',0,'0000-00-00 00:00:00',420.000000,350.000000,420.000000,350.000000,0.000000,0.000000,0.000000,350.000000,0.000000),(121,93,87,0,4,6301,0,0,'Gottfried Salzmann - MidTown',1,1,0,0,0,208.333333,0.00,0.000000,0.000000,0.000000,0.00,0.000000,'','','','6301','',0.000000,1,0,'',0.000,0.000000,0.000,0,'',0,'0000-00-00 00:00:00',250.000000,208.330000,250.000000,208.333333,0.000000,0.000000,0.000000,208.333333,0.000000),(122,94,89,0,4,4983,0,0,'Miss Tic - De mes frasques je fais des fresques',1,0,0,0,0,816.666667,0.00,0.000000,0.000000,0.000000,0.00,0.000000,'','','','Miss Tic-4983','Miss Tic-4983',0.000000,1,0,'',0.000,0.000000,0.000,0,'',0,'0000-00-00 00:00:00',980.000000,816.670000,980.000000,816.666667,0.000000,0.000000,0.000000,816.666667,0.000000),(123,94,89,0,4,6184,0,0,'Speedy Graphito - La conscience',1,1,0,0,0,208.333333,0.00,0.000000,0.000000,0.000000,0.00,0.000000,'','','','6184','',0.000000,1,0,'',0.000,0.000000,0.000,0,'',0,'0000-00-00 00:00:00',250.000000,208.330000,250.000000,208.333333,0.000000,0.000000,0.000000,208.333333,0.000000),(124,94,89,0,4,3310,0,0,'Levalet - Coffret',1,1,0,0,0,125.000000,0.00,0.000000,0.000000,0.000000,0.00,0.000000,'','','','Levalet-3310','Levalet-3310',0.000000,1,0,'',0.000,0.000000,0.000,0,'',0,'0000-00-00 00:00:00',150.000000,125.000000,150.000000,125.000000,0.000000,0.000000,0.000000,125.000000,0.000000),(125,94,89,0,4,6183,0,0,'Speedy Graphito - La tour sacrée',1,1,0,0,0,208.333333,0.00,0.000000,0.000000,0.000000,0.00,0.000000,'','','','6183','',0.000000,1,0,'',0.000,0.000000,0.000,0,'',0,'0000-00-00 00:00:00',250.000000,208.330000,250.000000,208.333333,0.000000,0.000000,0.000000,208.333333,0.000000),(126,95,90,0,4,6385,0,0,'Lady M - The Strength of Thought',1,1,0,0,0,100.000000,0.00,0.000000,0.000000,0.000000,0.00,0.000000,'','','','6385','',0.000000,1,0,'',0.000,0.000000,0.000,0,'',0,'0000-00-00 00:00:00',120.000000,100.000000,120.000000,100.000000,0.000000,0.000000,0.000000,100.000000,0.000000),(127,96,93,0,2,6398,0,0,'Romain Froquet - Estampe Go With The Flow',1,1,0,0,0,125.000000,0.00,0.000000,0.000000,0.000000,0.00,0.000000,'','','','6398','',0.000000,1,0,'',0.000,0.000000,0.000,0,'',0,'0000-00-00 00:00:00',150.000000,125.000000,150.000000,125.000000,0.000000,0.000000,0.000000,125.000000,0.000000),(128,97,92,0,2,6398,0,0,'Romain Froquet - Estampe Go With The Flow',1,1,0,0,0,125.000000,0.00,0.000000,0.000000,0.000000,0.00,0.000000,'','','','6398','',0.000000,1,0,'',0.000,0.000000,0.000,0,'',0,'0000-00-00 00:00:00',150.000000,125.000000,150.000000,125.000000,0.000000,0.000000,0.000000,125.000000,0.000000),(129,98,91,0,2,6398,0,0,'Romain Froquet - Estampe Go With The Flow',1,1,0,0,0,125.000000,0.00,0.000000,0.000000,0.000000,0.00,0.000000,'','','','6398','',0.000000,1,0,'',0.000,0.000000,0.000,0,'',0,'0000-00-00 00:00:00',150.000000,125.000000,150.000000,125.000000,0.000000,0.000000,0.000000,125.000000,0.000000),(130,99,94,0,2,5154,0,0,'Jo di Bona - Elephant',1,0,0,0,0,2800.000000,0.00,0.000000,0.000000,0.000000,0.00,0.000000,'','','','Jo di Bona-5154','Jo di Bona-5154',0.000000,6,0,'',0.000,0.000000,0.000,0,'',0,'0000-00-00 00:00:00',2800.000000,2800.000000,2800.000000,2800.000000,0.000000,0.000000,0.000000,2800.000000,0.000000),(131,100,95,0,4,6400,0,0,'Jo di Bona - Bowie',3,3,0,0,0,125.000000,0.00,0.000000,0.000000,0.000000,0.00,0.000000,'','','','Jo di Bona-6400','Jo di Bona-5759',0.000000,1,0,'',0.000,0.000000,0.000,0,'',0,'0000-00-00 00:00:00',450.000000,375.000000,150.000000,125.000000,0.000000,0.000000,0.000000,125.000000,0.000000),(132,3,96,0,4,6401,0,0,'Frais de port - 14 envois pour le compte Graffiti Magazine',1,0,0,0,0,163.330000,0.00,0.000000,0.000000,0.000000,0.00,0.000000,'','','','','',0.000000,1,0,'',0.000,0.000000,0.000,0,'',0,'0000-00-00 00:00:00',196.000000,163.330000,195.996000,163.330000,0.000000,0.000000,0.000000,163.330000,0.000000),(133,101,97,0,4,6402,0,0,'régularisation prix estampes Bowie (50€ x3)',1,0,0,0,0,125.000000,0.00,0.000000,0.000000,0.000000,0.00,0.000000,'','','','','',0.000000,1,0,'',0.000,0.000000,0.000,0,'',0,'0000-00-00 00:00:00',150.000000,125.000000,150.000000,125.000000,0.000000,0.000000,0.000000,125.000000,0.000000),(134,102,98,0,2,4925,0,0,'Levalet - Bugs 2',1,0,0,0,0,2600.000000,0.00,0.000000,0.000000,0.000000,0.00,0.000000,'','','','Levalet-4925','Levalet-4925',0.000000,6,0,'',0.000,0.000000,0.000,0,'',0,'0000-00-00 00:00:00',2300.000000,2300.000000,2300.000000,2300.000000,0.000000,0.000000,0.000000,2600.000000,0.000000),(135,102,98,0,2,6386,0,0,'Levalet - L\'ivresse',1,0,0,0,0,1800.000000,0.00,0.000000,0.000000,0.000000,0.00,0.000000,'','','','Levalet-6386','Levalet-5945',0.000000,6,0,'',0.000,0.000000,0.000,0,'',0,'0000-00-00 00:00:00',1700.000000,1700.000000,1700.000000,1700.000000,0.000000,0.000000,0.000000,1800.000000,0.000000),(136,103,99,0,2,6398,0,0,'Romain Froquet - Estampe Go With The Flow',1,1,0,0,0,125.000000,0.00,0.000000,0.000000,0.000000,0.00,0.000000,'','','','6398','',0.000000,1,0,'',0.000,0.000000,0.000,0,'',0,'0000-00-00 00:00:00',150.000000,125.000000,150.000000,125.000000,0.000000,0.000000,0.000000,125.000000,0.000000),(137,104,100,0,2,6178,0,0,'EvazéSir - Georges',1,0,0,0,0,1400.000000,0.00,0.000000,0.000000,0.000000,0.00,0.000000,'','','','6178','EvazéSir-5440',0.000000,6,0,'',0.000,0.000000,0.000,0,'',0,'0000-00-00 00:00:00',1400.000000,1400.000000,1400.000000,1400.000000,0.000000,0.000000,0.000000,1400.000000,0.000000),(138,105,101,0,2,6340,0,0,'Jo di Bona - In the Middle of Nowhere',1,0,0,0,0,2200.000000,0.00,0.000000,0.000000,0.000000,0.00,0.000000,'','','','6340','',0.000000,6,0,'',0.000,0.000000,0.000,0,'',0,'0000-00-00 00:00:00',2200.000000,2200.000000,2200.000000,2200.000000,0.000000,0.000000,0.000000,2200.000000,0.000000),(139,106,102,0,4,6350,0,0,'Gottfried Salzmann - Estampe MidTown',1,1,0,0,0,208.333333,0.00,0.000000,0.000000,0.000000,0.00,0.000000,'','','','6350','',0.000000,1,0,'',0.000,0.000000,0.000,0,'',0,'0000-00-00 00:00:00',250.000000,208.330000,250.000000,208.333333,0.000000,0.000000,0.000000,208.333333,0.000000),(140,107,103,0,4,6301,0,0,'Gottfried Salzmann - MidTown',1,1,0,0,0,208.333333,0.00,0.000000,0.000000,0.000000,0.00,0.000000,'','','','6301','',0.000000,1,0,'',0.000,0.000000,0.000,0,'',0,'0000-00-00 00:00:00',250.000000,208.330000,250.000000,208.333333,0.000000,0.000000,0.000000,208.333333,0.000000),(141,108,104,0,4,6301,0,0,'Gottfried Salzmann - MidTown',1,1,0,0,0,208.333333,0.00,0.000000,0.000000,0.000000,0.00,0.000000,'','','','6301','',0.000000,1,0,'',0.000,0.000000,0.000,0,'',0,'0000-00-00 00:00:00',250.000000,208.330000,250.000000,208.333333,0.000000,0.000000,0.000000,208.333333,0.000000),(142,109,106,0,4,6301,0,0,'Gottfried Salzmann - MidTown',1,1,0,0,0,208.333333,0.00,0.000000,0.000000,0.000000,0.00,0.000000,'','','','6301','',0.000000,1,0,'',0.000,0.000000,0.000,0,'',0,'0000-00-00 00:00:00',250.000000,208.330000,250.000000,208.333333,0.000000,0.000000,0.000000,208.333333,0.000000),(143,110,107,0,4,6301,0,0,'Gottfried Salzmann - MidTown',1,1,0,0,0,208.333333,0.00,0.000000,0.000000,0.000000,0.00,0.000000,'','','','6301','',0.000000,1,0,'',0.000,0.000000,0.000,0,'',0,'0000-00-00 00:00:00',250.000000,208.330000,250.000000,208.333333,0.000000,0.000000,0.000000,208.333333,0.000000),(144,111,108,0,2,6366,0,0,'Lady M - Aquatic Dance',1,0,0,0,0,750.000000,0.00,0.000000,0.000000,0.000000,0.00,0.000000,'','','','6366','',0.000000,6,0,'',0.000,0.000000,0.000,0,'',0,'0000-00-00 00:00:00',750.000000,750.000000,750.000000,750.000000,0.000000,0.000000,0.000000,750.000000,0.000000),(145,112,109,0,4,6301,0,0,'Gottfried Salzmann - MidTown',1,1,0,0,0,208.333333,0.00,0.000000,0.000000,0.000000,0.00,0.000000,'','','','6301','',0.000000,1,0,'',0.000,0.000000,0.000,0,'',0,'0000-00-00 00:00:00',250.000000,208.330000,250.000000,208.333333,0.000000,0.000000,0.000000,208.333333,0.000000),(146,113,111,0,4,3096,0,0,'Shepard Fairey - Make Art Not War',1,0,0,0,0,100.000000,0.00,0.000000,0.000000,0.000000,0.00,0.000000,'','','','Shepard Fairey-3096','Shepard Fairey-3096',0.000000,1,0,'',0.000,0.000000,0.000,0,'',0,'0000-00-00 00:00:00',120.000000,100.000000,120.000000,100.000000,0.000000,0.000000,0.000000,100.000000,0.000000),(147,114,112,0,2,6149,0,0,'Romain Froquet - Patriarch',1,0,0,0,0,3000.000000,0.00,0.000000,0.000000,0.000000,0.00,0.000000,'','','','6149','Romain Froquet-5909',0.000000,6,0,'',0.000,0.000000,0.000,0,'',0,'0000-00-00 00:00:00',3000.000000,3000.000000,3000.000000,3000.000000,0.000000,0.000000,0.000000,3000.000000,0.000000),(148,115,113,0,2,6398,0,0,'Romain Froquet - Estampe Go With The Flow',1,1,0,0,0,125.000000,0.00,0.000000,0.000000,0.000000,0.00,0.000000,'','','','6398','',0.000000,1,0,'',0.000,0.000000,0.000,0,'',0,'0000-00-00 00:00:00',150.000000,125.000000,150.000000,125.000000,0.000000,0.000000,0.000000,125.000000,0.000000),(149,116,114,0,4,6407,0,0,'Romain Froquet - estampe Go with the Flow',1,1,0,0,0,125.000000,0.00,0.000000,0.000000,0.000000,0.00,0.000000,'','','','6117','Romain Froquet-5777',0.000000,1,0,'',0.000,0.000000,0.000,0,'',0,'0000-00-00 00:00:00',150.000000,125.000000,150.000000,125.000000,0.000000,0.000000,0.000000,125.000000,0.000000),(150,117,115,0,4,6405,0,0,'Calendrier Shepard FAIREY 2019',1,1,0,0,0,41.666667,0.00,0.000000,0.000000,0.000000,0.00,0.000000,'','','','6405','',0.000000,1,0,'',0.000,0.000000,0.000,0,'',0,'0000-00-00 00:00:00',50.000000,41.670000,50.000000,41.666667,0.000000,0.000000,0.000000,41.666667,0.000000),(151,118,116,0,4,6399,0,0,'Levalet - Print L\'ivresse',1,1,0,0,0,166.666667,0.00,0.000000,0.000000,0.000000,0.00,0.000000,'','','','Levalet- 6399','Levalet-5763',0.000000,1,0,'',0.000,0.000000,0.000,0,'',0,'0000-00-00 00:00:00',200.000000,166.670000,200.000000,166.666667,0.000000,0.000000,0.000000,166.666667,0.000000),(152,119,117,0,4,6405,0,0,'Calendrier Shepard FAIREY 2019',1,1,0,0,0,41.666667,0.00,0.000000,0.000000,0.000000,0.00,0.000000,'','','','6405','',0.000000,1,0,'',0.000,0.000000,0.000,0,'',0,'0000-00-00 00:00:00',50.000000,41.670000,50.000000,41.666667,0.000000,0.000000,0.000000,41.666667,0.000000),(153,120,118,0,4,6399,0,0,'Levalet - estampe l\'Ivresse',2,2,0,0,0,166.666667,0.00,0.000000,0.000000,0.000000,0.00,0.000000,'','','','Levalet- 6399','Levalet-5763',0.000000,1,0,'',0.000,0.000000,0.000,0,'',0,'0000-00-00 00:00:00',400.000000,333.330000,200.000000,166.666667,0.000000,0.000000,0.000000,166.666667,0.000000),(154,121,119,0,2,6205,0,0,'Gottfried Salzmann - New-York Puzzle',1,0,0,0,0,8900.000000,0.00,0.000000,0.000000,0.000000,0.00,0.000000,'','','','6205','',0.000000,6,0,'',0.000,0.000000,0.000,0,'',0,'0000-00-00 00:00:00',8200.000000,8200.000000,8200.000000,8200.000000,0.000000,0.000000,0.000000,8900.000000,0.000000),(155,122,120,0,2,6403,0,0,'Acompte œuvre Romain froquet Facture 52320',1,0,0,0,0,350.000000,0.00,0.000000,0.000000,0.000000,0.00,0.000000,'','','','6403','',0.000000,0,0,'',0.000,0.000000,0.000,0,'',0,'0000-00-00 00:00:00',350.000000,350.000000,350.000000,350.000000,0.000000,0.000000,0.000000,350.000000,0.000000),(156,123,121,0,4,6405,0,0,'Calendrier Shepard FAIREY 2019',1,1,0,0,0,41.666667,0.00,0.000000,0.000000,0.000000,0.00,0.000000,'','','','6405','',0.000000,1,0,'',0.000,0.000000,0.000,0,'',0,'0000-00-00 00:00:00',50.000000,41.670000,50.000000,41.666667,0.000000,0.000000,0.000000,41.666667,0.000000),(157,123,121,0,4,6399,0,0,'Levalet - estampe l\'Ivresse',1,1,0,0,0,166.666667,0.00,0.000000,0.000000,0.000000,0.00,0.000000,'','','','Levalet- 6399','Levalet-5763',0.000000,1,0,'',0.000,0.000000,0.000,0,'',0,'0000-00-00 00:00:00',200.000000,166.670000,200.000000,166.666667,0.000000,0.000000,0.000000,166.666667,0.000000),(158,124,123,0,4,6399,0,0,'Levalet - estampe l\'Ivresse',1,1,0,0,0,166.666667,0.00,0.000000,0.000000,0.000000,0.00,0.000000,'','','','Levalet- 6399','Levalet-5763',0.000000,1,0,'',0.000,0.000000,0.000,0,'',0,'0000-00-00 00:00:00',200.000000,166.670000,200.000000,166.666667,0.000000,0.000000,0.000000,166.666667,0.000000),(159,124,123,0,4,5146,0,0,'Shepard Fairey - Face Collage bas',1,1,0,0,0,66.666667,0.00,10.000000,10.000000,8.330000,0.00,71.200000,'','','','Shepard Fairey-5146','Shepard Fairey-5146',0.000000,1,0,'',0.000,0.000000,0.000,0,'',0,'0000-00-00 00:00:00',70.000000,58.330000,70.000000,58.333334,0.000000,0.000000,0.000000,66.666667,0.000000),(160,125,122,0,4,6399,0,0,'Levalet - estampe l\'Ivresse',1,1,0,0,0,166.666667,0.00,0.000000,0.000000,0.000000,0.00,0.000000,'','','','Levalet- 6399','Levalet-5763',0.000000,1,0,'',0.000,0.000000,0.000,0,'',0,'0000-00-00 00:00:00',200.000000,166.670000,200.000000,166.666667,0.000000,0.000000,0.000000,166.666667,0.000000),(161,126,124,0,2,4059,0,0,'Jo di Bona - Forever Young',1,0,0,0,0,900.000000,0.00,0.000000,0.000000,0.000000,0.00,0.000000,'','','','Jo di Bona-4059','Jo di Bona-4059',0.000000,6,0,'',0.000,0.000000,0.000,0,'',0,'0000-00-00 00:00:00',850.000000,850.000000,850.000000,850.000000,0.000000,0.000000,0.000000,900.000000,0.000000),(162,127,125,0,2,5977,0,0,'Jo di Bona - Under your skin',1,0,0,0,0,2600.000000,0.00,0.000000,0.000000,0.000000,0.00,0.000000,'','','','Jo di Bona-5977','Jo di Bona-5977',0.000000,6,0,'',0.000,0.000000,0.000,0,'',0,'0000-00-00 00:00:00',2300.000000,2300.000000,2300.000000,2300.000000,0.000000,0.000000,0.000000,2600.000000,0.000000),(163,128,126,0,4,6294,0,0,'Gottfried Salzmann - Paris',1,1,0,0,0,500.000000,0.00,0.000000,0.000000,0.000000,0.00,0.000000,'','','','6294','',0.000000,1,0,'',0.000,0.000000,0.000,0,'',0,'0000-00-00 00:00:00',600.000000,500.000000,600.000000,500.000000,0.000000,0.000000,0.000000,500.000000,0.000000),(164,129,127,0,4,2588,0,0,'Miss Tic - Dans nos jardins secrets le désir se crée',1,1,0,0,0,416.666667,0.00,0.000000,0.000000,0.000000,0.00,0.000000,'','','','Miss Tic-2588','Miss Tic-2588',0.000000,1,0,'',0.000,0.000000,0.000,0,'',0,'0000-00-00 00:00:00',500.000000,416.670000,500.000000,416.666667,0.000000,0.000000,0.000000,416.666667,0.000000),(165,130,128,0,4,2588,0,0,'Miss Tic - Dans nos jardins secrets le désir se crée',1,1,0,0,0,416.666667,0.00,0.000000,0.000000,0.000000,0.00,0.000000,'','','','Miss Tic-2588','Miss Tic-2588',0.000000,1,0,'',0.000,0.000000,0.000,0,'',0,'0000-00-00 00:00:00',500.000000,416.670000,500.000000,416.666667,0.000000,0.000000,0.000000,416.666667,0.000000),(171,76,71,0,4,3662,0,0,'Philippe Hérard - Cent-Titres 60x80cm',1,1,0,0,0,250.000000,0.00,0.000000,0.000000,0.000000,0.00,0.000000,'','','','Philippe Hérard-3662','Philippe Hérard-3662',0.000000,1,0,'',0.000,0.000000,0.000,0,'',0,'0000-00-00 00:00:00',300.000000,250.000000,300.000000,250.000000,0.000000,0.000000,0.000000,250.000000,0.000000),(172,131,129,0,4,6396,0,0,'Catalogue Gottfried Salzmann',1,1,0,0,0,47.393365,0.00,0.000000,0.000000,0.000000,0.00,0.000000,'','','','6396','',0.000000,3,0,'',0.000,0.000000,0.000,0,'',0,'0000-00-00 00:00:00',50.000000,47.390000,50.000000,47.393365,0.000000,0.000000,0.000000,47.393365,0.000000),(173,132,130,0,4,6396,0,0,'Catalogue Gottfried Salzmann',2,1,0,0,0,47.393365,0.00,0.000000,0.000000,0.000000,0.00,0.000000,'','','','6396','',0.000000,3,0,'',0.000,0.000000,0.000,0,'',0,'0000-00-00 00:00:00',20.000000,18.960000,10.000000,9.480000,0.000000,0.000000,0.000000,47.393365,0.000000),(174,133,131,0,4,6407,0,0,'Romain Froquet - estampe Go with the Flow',1,1,0,0,0,125.000000,0.00,0.000000,0.000000,0.000000,0.00,0.000000,'','','','6117','Romain Froquet-5777',0.000000,1,0,'',0.000,0.000000,0.000,0,'',0,'0000-00-00 00:00:00',150.000000,125.000000,150.000000,125.000000,0.000000,0.000000,0.000000,125.000000,0.000000),(175,134,132,0,4,3325,0,0,'Levalet - Livre Des illusions comiques',1,1,0,0,0,24.166667,0.00,0.000000,0.000000,0.000000,0.00,0.000000,'','','','Levalet-3325','Levalet-3325',0.000000,1,0,'',0.000,0.000000,0.000,0,'',0,'0000-00-00 00:00:00',29.000000,24.170000,29.000000,24.166667,0.000000,0.000000,0.000000,24.166667,0.000000),(176,135,133,0,4,3325,0,0,'Levalet - Livre Des illusions comiques',1,1,0,0,0,24.166667,0.00,0.000000,0.000000,0.000000,0.00,0.000000,'','','','Levalet-3325','Levalet-3325',0.000000,1,0,'',0.000,0.000000,0.000,0,'',0,'0000-00-00 00:00:00',29.000000,24.170000,29.000000,24.166667,0.000000,0.000000,0.000000,24.166667,0.000000),(177,136,134,0,4,5740,0,0,'Romain Froquet - Estampe Royal',1,1,0,0,0,50.000000,0.00,0.000000,0.000000,0.000000,0.00,0.000000,'','','','Romain Froquet-5740','Romain Froquet-5740',0.000000,1,0,'',0.000,0.000000,0.000,0,'',0,'0000-00-00 00:00:00',50.000000,41.670000,50.004000,41.670000,0.000000,0.000000,0.000000,50.000000,0.000000),(178,136,134,0,4,5744,0,0,'Romain Froquet - Estampe Souvenirs',1,1,0,0,0,50.000000,0.00,0.000000,0.000000,0.000000,0.00,0.000000,'','','','Romain Froquet-5744','Romain Froquet-5744',0.000000,1,0,'',0.000,0.000000,0.000,0,'',0,'0000-00-00 00:00:00',50.000000,41.670000,50.004000,41.670000,0.000000,0.000000,0.000000,50.000000,0.000000),(179,137,135,0,4,3096,0,0,'Shepard Fairey - Make Art Not War',1,1,0,0,0,100.000000,0.00,0.000000,0.000000,0.000000,0.00,0.000000,'','','','Shepard Fairey-3096','Shepard Fairey-3096',0.000000,1,0,'',0.000,0.000000,0.000,0,'',0,'0000-00-00 00:00:00',120.000000,100.000000,120.000000,100.000000,0.000000,0.000000,0.000000,100.000000,0.000000),(180,138,136,0,4,6344,0,0,'Shepard Fairey - Liberté - Égalité - Fraternité',1,1,0,0,0,162.500000,0.00,0.000000,0.000000,0.000000,0.00,0.000000,'','','','6344','Shepard Fairey-3096',0.000000,1,0,'',0.000,0.000000,0.000,0,'',0,'0000-00-00 00:00:00',195.000000,162.500000,195.000000,162.500000,0.000000,0.000000,0.000000,162.500000,0.000000),(181,139,141,0,2,6283,0,0,'Romain Froquet - Everythings out there',1,0,0,0,0,3800.000000,0.00,0.000000,0.000000,0.000000,0.00,0.000000,'','','','6283','',0.000000,6,0,'',0.000,0.000000,0.000,0,'',0,'0000-00-00 00:00:00',3800.000000,3800.000000,3800.000000,3800.000000,0.000000,0.000000,0.000000,3800.000000,0.000000),(182,140,137,0,4,6344,0,0,'Shepard Fairey - Liberté - Égalité - Fraternité',1,1,0,0,0,162.500000,0.00,0.000000,0.000000,0.000000,0.00,0.000000,'','','','6344','Shepard Fairey-3096',0.000000,1,0,'',0.000,0.000000,0.000,0,'',0,'0000-00-00 00:00:00',195.000000,162.500000,195.000000,162.500000,0.000000,0.000000,0.000000,162.500000,0.000000),(183,141,138,0,4,5777,0,0,'Romain Froquet - Fertile 2',1,1,0,0,0,83.333333,0.00,0.000000,0.000000,0.000000,0.00,0.000000,'','','','Romain Froquet-5777','Romain Froquet-5777',0.000000,1,0,'',0.000,0.000000,0.000,0,'',0,'0000-00-00 00:00:00',100.000000,83.330000,100.000000,83.333333,0.000000,0.000000,0.000000,83.333333,0.000000),(184,142,140,0,4,6414,0,0,'C215 - 2 estampes Bring Back Our Girls - bleu et rouge',1,1,0,0,0,291.666667,0.00,0.000000,0.000000,0.000000,0.00,0.000000,'','','','6414','',0.000000,1,0,'',0.000,0.000000,0.000,0,'',0,'0000-00-00 00:00:00',350.000000,291.670000,350.000000,291.666667,0.000000,0.000000,0.000000,291.666667,0.000000),(185,143,139,0,4,6414,0,0,'C215 - 2 estampes Bring Back Our Girls - bleu et rouge',1,1,0,0,0,291.666667,0.00,0.000000,0.000000,0.000000,0.00,0.000000,'','','','6414','',0.000000,1,0,'',0.000,0.000000,0.000,0,'',0,'0000-00-00 00:00:00',350.000000,291.670000,350.000000,291.666667,0.000000,0.000000,0.000000,291.666667,0.000000),(186,144,142,0,4,6414,0,0,'C215 - 2 estampes Bring Back Our Girls - bleu et rouge',1,1,0,0,0,291.666667,0.00,0.000000,0.000000,0.000000,0.00,0.000000,'','','','6414','',0.000000,1,0,'',0.000,0.000000,0.000,0,'',0,'0000-00-00 00:00:00',350.000000,291.670000,350.000000,291.666667,0.000000,0.000000,0.000000,291.666667,0.000000),(187,145,144,0,4,6030,0,0,'Jo di Bona - Bowie Print rehaussé',1,0,0,0,0,375.000000,0.00,0.000000,0.000000,0.000000,0.00,0.000000,'','','','6030','Jo di Bona-5758',0.000000,1,0,'',0.000,0.000000,0.000,0,'',0,'0000-00-00 00:00:00',450.000000,375.000000,450.000000,375.000000,0.000000,0.000000,0.000000,375.000000,0.000000),(188,145,144,0,4,6426,0,0,'Frais de port 36€',1,0,0,0,0,30.000000,0.00,0.000000,0.000000,0.000000,0.00,0.000000,'','','','','',0.000000,1,0,'',0.000,0.000000,0.000,0,'',0,'0000-00-00 00:00:00',36.000000,30.000000,36.000000,30.000000,0.000000,0.000000,0.000000,30.000000,0.000000),(189,146,145,0,4,6354,0,0,'Jo di Bona - Don\'t lie to me',1,0,0,0,0,166.666667,0.00,0.000000,0.000000,0.000000,0.00,0.000000,'','','','Jo di Bona-5960','Jo di Bona-5960',0.000000,1,0,'',0.000,0.000000,0.000,0,'',0,'0000-00-00 00:00:00',200.000000,166.670000,200.000000,166.666667,0.000000,0.000000,0.000000,166.666667,0.000000),(190,146,145,0,4,6426,0,0,'Frais de port 17€',1,0,0,0,0,14.166667,0.00,0.000000,0.000000,0.000000,0.00,0.000000,'','','','','',0.000000,1,0,'',0.000,0.000000,0.000,0,'',0,'0000-00-00 00:00:00',17.000000,14.170000,17.000000,14.166667,0.000000,0.000000,0.000000,14.166667,0.000000),(191,132,130,0,4,6396,0,0,'Catalogue Gottfried Salzmann',4,4,0,0,0,47.393365,0.00,0.000000,0.000000,0.000000,0.00,0.000000,'','','','6396','',0.000000,3,0,'',0.000,0.000000,0.000,0,'',0,'0000-00-00 00:00:00',200.000000,189.570000,50.000000,47.393365,0.000000,0.000000,0.000000,47.393365,0.000000),(192,147,146,0,4,6413,0,0,'C215 - Bring Back Our Girls - Rouge',1,1,0,0,0,166.666667,0.00,0.000000,0.000000,0.000000,0.00,0.000000,'','','','6413','',0.000000,1,0,'',0.000,0.000000,0.000,0,'',0,'0000-00-00 00:00:00',200.000000,166.670000,200.000000,166.666667,0.000000,0.000000,0.000000,166.666667,0.000000),(193,148,147,0,4,6414,0,0,'C215 - 2 prints Bring Back Our Girls - blue and red',1,1,0,0,0,291.666667,0.00,0.000000,0.000000,0.000000,0.00,0.000000,'','','','6414','',0.000000,1,0,'',0.000,0.000000,0.000,0,'',0,'0000-00-00 00:00:00',350.000000,291.670000,350.000000,291.666667,0.000000,0.000000,0.000000,291.666667,0.000000),(194,149,148,0,4,6414,0,0,'C215 - 2 estampes Bring Back Our Girls - bleu et rouge',1,1,0,0,0,291.666667,0.00,0.000000,0.000000,0.000000,0.00,0.000000,'','','','6414','',0.000000,1,0,'',0.000,0.000000,0.000,0,'',0,'0000-00-00 00:00:00',350.000000,291.670000,350.000000,291.666667,0.000000,0.000000,0.000000,291.666667,0.000000),(195,150,149,0,4,6344,0,0,'Shepard Fairey - Liberté - Égalité - Fraternité',1,1,0,0,0,162.500000,0.00,0.000000,0.000000,0.000000,0.00,0.000000,'','','','6344','Shepard Fairey-3096',0.000000,1,0,'',0.000,0.000000,0.000,0,'',0,'0000-00-00 00:00:00',195.000000,162.500000,195.000000,162.500000,0.000000,0.000000,0.000000,162.500000,0.000000),(196,151,150,0,4,6417,0,0,'Miss Tic - Je fais marcher les rêveurs',1,0,0,0,0,816.666667,0.00,0.000000,0.000000,0.000000,0.00,0.000000,'','','','Miss Tic-6417','Miss Tic-4983',0.000000,1,0,'',0.000,0.000000,0.000,0,'',0,'0000-00-00 00:00:00',980.000000,816.670000,980.000000,816.666667,0.000000,0.000000,0.000000,816.666667,0.000000),(197,152,151,0,4,6427,0,0,'Livre',5,3,0,0,0,12.796209,0.00,0.000000,0.000000,0.000000,0.00,0.000000,'','','','6427','',0.000000,3,0,'',0.000,0.000000,0.000,0,'',0,'0000-00-00 00:00:00',67.500000,63.980000,13.500000,12.796209,0.000000,0.000000,0.000000,12.796209,0.000000),(198,153,152,0,4,3096,0,0,'Shepard Fairey - Make Art Not War',1,1,0,0,0,100.000000,0.00,0.000000,0.000000,0.000000,0.00,0.000000,'','','','Shepard Fairey-3096','Shepard Fairey-3096',0.000000,1,0,'',0.000,0.000000,0.000,0,'',0,'0000-00-00 00:00:00',120.000000,100.000000,120.000000,100.000000,0.000000,0.000000,0.000000,100.000000,0.000000),(199,154,153,0,4,6427,0,0,'Livre',3,0,0,0,0,12.796209,0.00,0.000000,0.000000,0.000000,0.00,0.000000,'','','','6427','',0.000000,3,0,'',0.000,0.000000,0.000,0,'',0,'0000-00-00 00:00:00',147.010000,139.350000,49.004750,46.450000,0.000000,0.000000,0.000000,12.796209,0.000000),(200,155,154,0,4,6344,0,0,'Shepard Fairey - Liberté - Égalité - Fraternité',1,1,0,0,0,162.500000,0.00,0.000000,0.000000,0.000000,0.00,0.000000,'','','','6344','Shepard Fairey-3096',0.000000,1,0,'',0.000,0.000000,0.000,0,'',0,'0000-00-00 00:00:00',195.000000,162.500000,195.000000,162.500000,0.000000,0.000000,0.000000,162.500000,0.000000),(201,155,154,0,4,6392,0,0,'Frais de port',1,0,0,0,0,20.833333,0.00,0.000000,0.000000,0.000000,0.00,0.000000,'','','','6392','',0.000000,1,0,'',0.000,0.000000,0.000,0,'',0,'0000-00-00 00:00:00',25.000000,20.830000,25.000000,20.833333,0.000000,0.000000,0.000000,20.833333,0.000000),(202,156,155,0,4,2585,0,0,'Guy Denning - Paradis est ici',1,1,0,0,0,250.000000,0.00,0.000000,0.000000,0.000000,0.00,0.000000,'','','','Guy Denning-2585','Guy Denning-2585',0.000000,1,0,'',0.000,0.000000,0.000,0,'',0,'0000-00-00 00:00:00',300.000000,250.000000,300.000000,250.000000,0.000000,0.000000,0.000000,250.000000,0.000000),(203,156,155,0,4,6392,0,0,'Frais de port',1,0,0,0,0,16.666667,0.00,0.000000,0.000000,0.000000,0.00,0.000000,'','','','6392','',0.000000,1,0,'',0.000,0.000000,0.000,0,'',0,'0000-00-00 00:00:00',20.000000,16.670000,20.000000,16.666667,0.000000,0.000000,0.000000,16.666667,0.000000),(204,157,157,0,4,6414,0,0,'C215 - 2 estampes Bring Back Our Girls - bleu et rouge',1,1,0,0,0,291.666667,0.00,0.000000,0.000000,0.000000,0.00,0.000000,'','','','6414','',0.000000,1,0,'',0.000,0.000000,0.000,0,'',0,'0000-00-00 00:00:00',350.000000,291.670000,350.000000,291.666667,0.000000,0.000000,0.000000,291.666667,0.000000),(205,158,156,0,4,6414,0,0,'C215 - 2 estampes Bring Back Our Girls - bleu et rouge',1,1,0,0,0,291.666667,0.00,0.000000,0.000000,0.000000,0.00,0.000000,'','','','6414','',0.000000,1,0,'',0.000,0.000000,0.000,0,'',0,'0000-00-00 00:00:00',350.000000,291.670000,350.000000,291.666667,0.000000,0.000000,0.000000,291.666667,0.000000),(206,159,158,0,4,2588,0,0,'Miss Tic - Dans nos jardins secrets le désir se crée',1,1,0,0,0,500.000000,0.00,0.000000,0.000000,0.000000,0.00,0.000000,'','','','Miss Tic-2588','Miss Tic-2588',0.000000,1,0,'',0.000,0.000000,0.000,0,'',0,'0000-00-00 00:00:00',600.000000,500.000000,600.000000,500.000000,0.000000,0.000000,0.000000,500.000000,0.000000),(207,159,158,0,4,6392,0,0,'Frais de port',1,1,0,0,0,16.666667,0.00,0.000000,0.000000,0.000000,0.00,0.000000,'','','','6392','',0.000000,1,0,'',0.000,0.000000,0.000,0,'',0,'0000-00-00 00:00:00',20.000000,16.670000,20.000000,16.666667,0.000000,0.000000,0.000000,16.666667,0.000000),(208,160,159,0,4,6182,0,0,'Speedy Graphito - Le grand voyageur',1,1,0,0,0,208.333333,0.00,0.000000,0.000000,0.000000,0.00,0.000000,'','','','6182','',0.000000,1,0,'',0.000,0.000000,0.000,0,'',0,'0000-00-00 00:00:00',300.000000,250.000000,300.000000,250.000000,0.000000,0.000000,0.000000,208.333333,0.000000),(209,161,160,0,4,5703,0,0,'Jo di Bona - Space Monkey',1,1,0,0,0,150.000000,0.00,0.000000,0.000000,0.000000,0.00,0.000000,'','','','Jo di Bona-5703','Jo di Bona-5703',0.000000,1,0,'',0.000,0.000000,0.000,0,'',0,'0000-00-00 00:00:00',200.000000,166.670000,200.004000,166.670000,0.000000,0.000000,0.000000,150.000000,0.000000),(210,162,161,0,4,6414,0,0,'C215 - 2 estampes Bring Back Our Girls - bleu et rouge',1,1,0,0,0,291.666667,0.00,0.000000,0.000000,0.000000,0.00,0.000000,'','','','6414','',0.000000,1,0,'',0.000,0.000000,0.000,0,'',0,'0000-00-00 00:00:00',350.000000,291.670000,350.000000,291.666667,0.000000,0.000000,0.000000,291.666667,0.000000),(211,163,162,0,4,6414,0,0,'C215 - 2 estampes Bring Back Our Girls - bleu et rouge',1,1,0,0,0,291.666667,0.00,0.000000,0.000000,0.000000,0.00,0.000000,'','','','6414','',0.000000,1,0,'',0.000,0.000000,0.000,0,'',0,'0000-00-00 00:00:00',350.000000,291.670000,350.000000,291.666667,0.000000,0.000000,0.000000,291.666667,0.000000),(212,164,163,0,4,6414,0,0,'C215 - 2 estampes Bring Back Our Girls - bleu et rouge',1,1,0,0,0,291.666667,0.00,0.000000,0.000000,0.000000,0.00,0.000000,'','','','6414','',0.000000,1,0,'',0.000,0.000000,0.000,0,'',0,'0000-00-00 00:00:00',350.000000,291.670000,350.000000,291.666667,0.000000,0.000000,0.000000,291.666667,0.000000),(213,165,164,0,4,6414,0,0,'C215 - 2 estampes Bring Back Our Girls - bleu et rouge',1,1,0,0,0,291.666667,0.00,0.000000,0.000000,0.000000,0.00,0.000000,'','','','6414','',0.000000,1,0,'',0.000,0.000000,0.000,0,'',0,'0000-00-00 00:00:00',350.000000,291.670000,350.000000,291.666667,0.000000,0.000000,0.000000,291.666667,0.000000),(214,166,165,0,4,6414,0,0,'C215 - 2 estampes Bring Back Our Girls - bleu et rouge',1,1,0,0,0,291.666667,0.00,0.000000,0.000000,0.000000,0.00,0.000000,'','','','6414','',0.000000,1,0,'',0.000,0.000000,0.000,0,'',0,'0000-00-00 00:00:00',350.000000,291.670000,350.000000,291.666667,0.000000,0.000000,0.000000,291.666667,0.000000),(215,167,166,0,4,6414,0,0,'C215 - 2 estampes Bring Back Our Girls - bleu et rouge',1,1,0,0,0,291.666667,0.00,0.000000,0.000000,0.000000,0.00,0.000000,'','','','6414','',0.000000,1,0,'',0.000,0.000000,0.000,0,'',0,'0000-00-00 00:00:00',350.000000,291.670000,350.000000,291.666667,0.000000,0.000000,0.000000,291.666667,0.000000),(216,168,167,0,4,6184,0,0,'Speedy Graphito - La conscience',1,1,0,0,0,208.333333,0.00,0.000000,0.000000,0.000000,0.00,0.000000,'','','','6184','',0.000000,1,0,'',0.000,0.000000,0.000,0,'',0,'0000-00-00 00:00:00',250.000000,208.330000,250.000000,208.333333,0.000000,0.000000,0.000000,208.333333,0.000000),(217,168,167,0,4,6183,0,0,'Speedy Graphito - La tour sacrée',1,1,0,0,0,208.333333,0.00,0.000000,0.000000,0.000000,0.00,0.000000,'','','','6183','',0.000000,1,0,'',0.000,0.000000,0.000,0,'',0,'0000-00-00 00:00:00',250.000000,208.330000,250.000000,208.333333,0.000000,0.000000,0.000000,208.333333,0.000000),(218,169,168,0,4,6301,0,0,'Gottfried Salzmann - MidTown',2,2,0,0,0,208.333333,0.00,0.000000,0.000000,0.000000,0.00,0.000000,'','','','6301','',0.000000,1,0,'',0.000,0.000000,0.000,0,'',0,'0000-00-00 00:00:00',500.000000,416.670000,250.000000,208.333333,0.000000,0.000000,0.000000,208.333333,0.000000),(219,170,169,0,4,5884,0,0,'Shepard Fairey - Royal Treatment Money',1,1,0,0,0,333.333333,0.00,0.000000,0.000000,0.000000,0.00,0.000000,'','','','Shepard Fairey-5884','Shepard Fairey-5884',0.000000,1,0,'',0.000,0.000000,0.000,0,'',0,'0000-00-00 00:00:00',400.000000,333.330000,400.000000,333.333333,0.000000,0.000000,0.000000,333.333333,0.000000),(220,171,170,0,2,6275,0,0,'Romain Froquet - Entrevoir',1,0,0,0,0,1280.000000,0.00,0.000000,0.000000,0.000000,0.00,0.000000,'','','','6275','',0.000000,6,0,'',0.000,0.000000,0.000,0,'',0,'0000-00-00 00:00:00',1100.000000,1100.000000,1100.000000,1100.000000,0.000000,0.000000,0.000000,1280.000000,0.000000),(221,172,171,0,4,6414,0,0,'C215 - 2 estampes Bring Back Our Girls - bleu et rouge',1,1,0,0,0,291.666667,0.00,0.000000,0.000000,0.000000,0.00,0.000000,'','','','6414','',0.000000,1,0,'',0.000,0.000000,0.000,0,'',0,'0000-00-00 00:00:00',350.000000,291.670000,350.000000,291.666667,0.000000,0.000000,0.000000,291.666667,0.000000),(222,173,172,0,4,3096,0,0,'Shepard Fairey - Make Art Not War',1,0,0,0,0,100.000000,0.00,0.000000,0.000000,0.000000,0.00,0.000000,'','','','Shepard Fairey-3096','Shepard Fairey-3096',0.000000,1,0,'',0.000,0.000000,0.000,0,'',0,'0000-00-00 00:00:00',120.000000,100.000000,120.000000,100.000000,0.000000,0.000000,0.000000,100.000000,0.000000),(223,173,172,0,4,6392,0,0,'Frais de port',1,1,0,0,0,20.833333,0.00,0.000000,0.000000,0.000000,0.00,0.000000,'','','','6392','',0.000000,1,0,'',0.000,0.000000,0.000,0,'',0,'0000-00-00 00:00:00',25.000000,20.830000,25.000000,20.833333,0.000000,0.000000,0.000000,20.833333,0.000000),(224,174,173,0,2,6152,0,0,'Romain Froquet - Wild Thing',1,0,0,0,0,2000.000000,0.00,0.000000,0.000000,0.000000,0.00,0.000000,'','','','6152','Romain Froquet-5909',0.000000,6,0,'',0.000,0.000000,0.000,0,'',0,'0000-00-00 00:00:00',2000.000000,2000.000000,2000.000000,2000.000000,0.000000,0.000000,0.000000,2000.000000,0.000000),(225,175,174,0,4,5166,0,0,'Jo Di Bona - Steve',1,1,0,0,0,62.500000,0.00,0.000000,0.000000,0.000000,0.00,0.000000,'','','','Jo Di Bona-5166','Jo Di Bona-5166',0.000000,1,0,'',0.000,0.000000,0.000,0,'',0,'0000-00-00 00:00:00',75.000000,62.500000,75.000000,62.500000,0.000000,0.000000,0.000000,62.500000,0.000000),(226,175,174,0,4,6392,0,0,'Frais de port',1,1,0,0,0,20.833333,0.00,0.000000,0.000000,0.000000,0.00,0.000000,'','','','6392','',0.000000,1,0,'',0.000,0.000000,0.000,0,'',0,'0000-00-00 00:00:00',25.000000,20.830000,25.000000,20.833333,0.000000,0.000000,0.000000,20.833333,0.000000),(227,176,175,0,4,6414,0,0,'C215 - 2 estampes Bring Back Our Girls - bleu et rouge',1,1,0,0,0,291.666667,0.00,0.000000,0.000000,0.000000,0.00,0.000000,'','','','6414','',0.000000,1,0,'',0.000,0.000000,0.000,0,'',0,'0000-00-00 00:00:00',350.000000,291.670000,350.000000,291.666667,0.000000,0.000000,0.000000,291.666667,0.000000),(228,177,176,0,4,6428,0,0,'Bouteille de vin Levalet',3,0,0,0,0,11.666667,0.00,0.000000,0.000000,0.000000,0.00,0.000000,'','','','','',0.000000,1,0,'',0.000,0.000000,0.000,0,'',0,'0000-00-00 00:00:00',42.000000,35.000000,14.000000,11.666667,0.000000,0.000000,0.000000,11.666667,0.000000),(229,178,177,0,2,6315,0,0,'Philippe Hérard - Cent-Titres',1,0,0,0,0,2200.000000,0.00,0.000000,0.000000,0.000000,0.00,0.000000,'','','','A-E-1','',0.000000,6,0,'',0.000,0.000000,0.000,0,'',0,'0000-00-00 00:00:00',2200.000000,2200.000000,2200.000000,2200.000000,0.000000,0.000000,0.000000,2200.000000,0.000000),(230,179,178,0,4,6181,0,0,'Speedy Graphito - Offrandes à la nuit',1,1,0,0,0,208.333333,0.00,0.000000,0.000000,0.000000,0.00,0.000000,'','','','6181','',0.000000,1,0,'',0.000,0.000000,0.000,0,'',0,'0000-00-00 00:00:00',300.000000,250.000000,300.000000,250.000000,0.000000,0.000000,0.000000,208.333333,0.000000),(231,180,179,0,4,6182,0,0,'Speedy Graphito - Le grand voyageur',1,1,0,0,0,208.333333,0.00,0.000000,0.000000,0.000000,0.00,0.000000,'','','','6182','',0.000000,1,0,'',0.000,0.000000,0.000,0,'',0,'0000-00-00 00:00:00',300.000000,250.000000,300.000000,250.000000,0.000000,0.000000,0.000000,208.333333,0.000000),(232,181,180,0,2,6274,0,0,'Romain Froquet - Entrelacs',1,0,0,0,0,1280.000000,0.00,0.000000,0.000000,0.000000,0.00,0.000000,'','','','6274','',0.000000,6,0,'',0.000,0.000000,0.000,0,'',0,'0000-00-00 00:00:00',1150.000000,1150.000000,1150.000000,1150.000000,0.000000,0.000000,0.000000,1280.000000,0.000000),(233,182,181,0,4,6400,0,0,'Jo di Bona - Bowie',1,1,0,0,0,166.666667,0.00,0.000000,0.000000,0.000000,0.00,0.000000,'','','','Jo di Bona-6400','Jo di Bona-5759',0.000000,1,0,'',0.000,0.000000,0.000,0,'',0,'0000-00-00 00:00:00',200.000000,166.670000,200.000000,166.666667,0.000000,0.000000,0.000000,166.666667,0.000000),(234,183,182,0,4,5166,0,0,'Jo Di Bona - Steve',1,1,0,0,0,62.500000,0.00,0.000000,0.000000,0.000000,0.00,0.000000,'','','','Jo Di Bona-5166','Jo Di Bona-5166',0.000000,1,0,'',0.000,0.000000,0.000,0,'',0,'0000-00-00 00:00:00',75.000000,62.500000,75.000000,62.500000,0.000000,0.000000,0.000000,62.500000,0.000000),(235,184,183,0,4,5960,0,0,'Jo di Bona - Don\'t lie to me',1,1,0,0,0,150.000000,0.00,0.000000,0.000000,0.000000,0.00,0.000000,'','','','Jo di Bona-5960','Jo di Bona-5960',0.000000,1,0,'',0.000,0.000000,0.000,0,'',0,'0000-00-00 00:00:00',180.000000,150.000000,180.000000,150.000000,0.000000,0.000000,0.000000,150.000000,0.000000),(236,185,184,0,4,6344,0,0,'Shepard Fairey - Liberté - Égalité - Fraternité',1,1,0,0,0,162.500000,0.00,0.000000,0.000000,0.000000,0.00,0.000000,'','','','6344','Shepard Fairey-3096',0.000000,1,0,'',0.000,0.000000,0.000,0,'',0,'0000-00-00 00:00:00',195.000000,162.500000,195.000000,162.500000,0.000000,0.000000,0.000000,162.500000,0.000000),(237,185,184,0,4,6405,0,0,'Calendrier Shepard FAIREY 2019',1,1,0,0,0,41.666667,0.00,0.000000,0.000000,0.000000,0.00,0.000000,'','','','6405','',0.000000,1,0,'',0.000,0.000000,0.000,0,'',0,'0000-00-00 00:00:00',50.000000,41.670000,50.000000,41.666667,0.000000,0.000000,0.000000,41.666667,0.000000),(238,186,185,0,4,5703,0,0,'Jo di Bona - Space Monkey',1,1,0,0,0,150.000000,0.00,0.000000,0.000000,0.000000,0.00,0.000000,'','','','Jo di Bona-5703','Jo di Bona-5703',0.000000,1,0,'',0.000,0.000000,0.000,0,'',0,'0000-00-00 00:00:00',180.000000,150.000000,180.000000,150.000000,0.000000,0.000000,0.000000,150.000000,0.000000),(239,186,185,0,4,6392,0,0,'Frais de port',1,1,0,0,0,20.833333,0.00,0.000000,0.000000,0.000000,0.00,0.000000,'','','','6392','',0.000000,1,0,'',0.000,0.000000,0.000,0,'',0,'0000-00-00 00:00:00',25.000000,20.830000,25.000000,20.833333,0.000000,0.000000,0.000000,20.833333,0.000000),(240,187,186,0,4,6412,0,0,'C215 - Bring Back Our Girls - Bleu',1,1,0,0,0,166.666667,0.00,0.000000,0.000000,0.000000,0.00,0.000000,'','','','6412','',0.000000,1,0,'',0.000,0.000000,0.000,0,'',0,'0000-00-00 00:00:00',250.000000,208.330000,249.999996,208.333330,0.000000,0.000000,0.000000,166.666667,0.000000),(241,187,186,0,4,6413,0,0,'C215 - Bring Back Our Girls - Rouge',1,1,0,0,0,166.666667,0.00,0.000000,0.000000,0.000000,0.00,0.000000,'','','','6413','',0.000000,1,0,'',0.000,0.000000,0.000,0,'',0,'0000-00-00 00:00:00',250.000000,208.330000,250.000000,208.333333,0.000000,0.000000,0.000000,166.666667,0.000000),(242,187,186,0,4,6392,0,0,'Frais de port',1,0,0,0,0,20.833333,0.00,0.000000,0.000000,0.000000,0.00,0.000000,'','','','6392','',0.000000,1,0,'',0.000,0.000000,0.000,0,'',0,'0000-00-00 00:00:00',46.000000,38.330000,45.999996,38.333330,0.000000,0.000000,0.000000,20.833333,0.000000),(243,188,187,0,4,6414,0,0,'C215 - 2 estampes Bring Back Our Girls - bleu et rouge',1,1,0,0,0,291.666667,0.00,0.000000,0.000000,0.000000,0.00,0.000000,'','','','6414','',0.000000,1,0,'',0.000,0.000000,0.000,0,'',0,'0000-00-00 00:00:00',350.000000,291.670000,350.000000,291.666667,0.000000,0.000000,0.000000,291.666667,0.000000);

--
-- Table structure for table `pre3303_order_detail_tax`
--

CREATE TABLE `pre3303_order_detail_tax` (
  `id_order_detail` int(11) NOT NULL,
  `id_tax` int(11) NOT NULL,
  `unit_amount` decimal(16,6) NOT NULL DEFAULT '0.000000',
  `total_amount` decimal(16,6) NOT NULL DEFAULT '0.000000',
  KEY `id_order_detail` (`id_order_detail`),
  KEY `id_tax` (`id_tax`)
) ENGINE=InnoDB DEFAULT CHARSET=utf8;

--
-- Dumping data for table `pre3303_order_detail_tax`
--

INSERT INTO `pre3303_order_detail_tax` VALUES (7,1,0.833333,0.830000),(8,1,0.333333,0.330000),(9,32,0.000000,0.000000),(10,32,0.000000,0.000000),(11,32,0.000000,0.000000),(12,32,0.000000,0.000000),(13,1,26.666667,26.670000),(14,1,26.666667,26.670000),(15,32,0.000000,0.000000),(16,32,0.000000,0.000000),(17,32,0.000000,0.000000),(18,32,0.000000,0.000000),(19,32,0.000000,0.000000),(20,32,0.000000,0.000000),(21,1,41.666667,41.670000),(22,1,41.666667,41.670000),(23,32,0.000000,0.000000),(24,32,0.000000,0.000000),(25,32,0.000000,0.000000),(26,32,0.000000,0.000000),(27,32,0.000000,0.000000),(28,32,0.000000,0.000000),(29,32,0.000000,0.000000),(30,32,0.000000,0.000000),(34,1,11.666667,11.670000),(35,1,11.666667,11.670000),(36,1,11.666667,11.670000),(37,1,20.000000,20.000000),(38,1,20.000000,20.000000),(39,1,20.000000,20.000000),(40,1,20.000000,20.000000),(41,1,20.000000,20.000000),(42,1,20.000000,20.000000),(43,1,20.000000,20.000000),(44,1,20.000000,20.000000),(45,1,20.000000,20.000000),(46,1,133.333333,133.330000),(47,1,133.333333,133.330000),(48,1,100.000000,100.000000),(49,1,100.000000,100.000000),(50,1,83.334000,83.330000),(51,1,20.000000,180.000000),(52,1,100.000000,200.000000),(53,1,11.666667,35.000000),(54,32,0.000000,0.000000),(55,32,0.000000,0.000000),(56,32,0.000000,0.000000),(57,1,32.500000,32.500000),(58,1,32.500000,32.500000),(59,1,32.500000,32.500000),(60,32,0.000000,0.000000),(61,32,0.000000,0.000000),(62,32,0.000000,0.000000),(63,32,0.000000,0.000000),(64,32,0.000000,0.000000),(65,32,0.000000,0.000000),(66,32,0.000000,0.000000),(67,32,0.000000,0.000000),(68,32,0.000000,0.000000),(70,1,0.000000,0.000000),(71,1,0.000000,0.000000),(72,1,16.666667,16.670000),(73,1,33.333333,33.330000),(74,1,50.000000,50.000000),(75,1,8.666667,8.670000),(76,32,0.000000,0.000000),(77,32,0.000000,0.000000),(78,32,0.000000,0.000000),(79,32,0.000000,0.000000),(80,32,0.000000,0.000000),(81,32,0.000000,0.000000),(82,32,0.000000,0.000000),(83,32,0.000000,0.000000),(84,32,0.000000,0.000000),(85,32,0.000000,0.000000),(86,32,0.000000,0.000000),(87,32,0.000000,0.000000),(88,32,0.000000,0.000000),(89,32,0.000000,0.000000),(90,32,0.000000,0.000000),(91,32,0.000000,0.000000),(92,32,0.000000,0.000000),(93,32,0.000000,0.000000),(94,32,0.000000,0.000000),(95,32,0.000000,0.000000),(96,32,0.000000,0.000000),(97,1,83.333333,83.330000),(98,1,3.333333,3.330000),(100,32,0.000000,0.000000),(101,1,83.333333,83.330000),(102,1,235.771875,235.780000),(103,1,97.560776,97.560000),(104,1,200.000552,200.000000),(106,1,41.666667,41.670000),(105,1,30.000000,30.000000),(107,1,41.666667,41.670000),(109,1,55.287655,55.290000),(110,1,83.334000,83.330000),(111,1,40.816252,40.820000),(112,1,25.850293,25.850000),(113,1,10.000000,10.000000),(114,3,1.563981,1.560000),(115,1,20.832333,20.840000),(117,1,50.000000,50.000000),(116,3,2.606635,2.610000),(118,1,58.333333,58.330000),(119,1,100.000000,100.000000),(120,1,70.000000,70.000000),(121,1,41.666667,41.670000),(122,1,120.245694,120.260000),(123,1,30.674922,30.670000),(125,1,30.674922,30.670000),(124,1,18.404953,18.400000),(126,1,20.000000,20.000000),(127,1,25.000000,25.000000),(128,1,25.000000,25.000000),(129,1,25.000000,25.000000),(130,32,0.000000,0.000000),(131,1,25.000000,75.000000),(132,1,26.342018,26.340000),(133,1,25.000000,25.000000),(134,32,0.000000,0.000000),(135,32,0.000000,0.000000),(136,1,25.000000,25.000000),(137,32,0.000000,0.000000),(138,32,0.000000,0.000000),(139,1,40.000640,40.000000),(140,1,40.000640,40.000000),(141,1,41.666667,41.670000),(108,1,69.602021,69.600000),(142,1,41.666667,41.670000),(143,1,41.666667,41.670000),(144,32,0.000000,0.000000),(145,1,41.666667,41.670000),(146,1,20.000000,20.000000),(147,32,0.000000,0.000000),(148,1,25.000000,25.000000),(149,1,25.000000,25.000000),(150,1,8.333333,8.330000),(151,1,33.333333,33.330000),(152,1,8.333333,8.330000),(153,1,33.333333,66.670000),(154,32,0.000000,0.000000),(156,1,8.333333,8.330000),(157,1,33.333333,33.330000),(158,1,33.333333,33.330000),(159,1,11.666667,11.670000),(160,1,33.333333,33.330000),(161,32,0.000000,0.000000),(162,32,0.000000,0.000000),(163,1,100.000000,100.000000),(164,1,79.167367,79.160000),(165,1,83.333333,83.330000),(171,1,50.000000,50.000000),(172,3,2.606635,2.610000),(174,1,25.000000,25.000000),(175,1,4.833333,4.830000),(176,1,4.833333,4.830000),(177,1,8.334000,8.330000),(178,1,8.334000,8.330000),(69,32,0.000000,0.000000),(179,1,20.000000,20.000000),(180,1,32.500000,32.500000),(181,32,0.000000,0.000000),(182,1,32.500000,32.500000),(183,1,16.666667,16.670000),(184,1,58.333333,58.330000),(185,1,58.333333,58.330000),(186,1,58.333333,58.330000),(187,1,75.000000,75.000000),(188,1,6.000000,6.000000),(189,1,33.333333,33.330000),(190,1,2.833333,2.830000),(191,3,2.606635,10.430000),(192,1,33.333333,33.330000),(193,1,58.333333,58.330000),(194,1,58.333333,58.330000),(195,1,32.500000,32.500000),(196,1,163.333333,163.330000),(197,3,0.703791,3.520000),(198,1,20.000000,20.000000),(199,3,2.554750,7.660000),(200,1,32.500000,32.500000),(201,1,4.166667,4.170000),(202,1,50.000000,50.000000),(203,1,3.333333,3.330000),(204,1,58.333333,58.330000),(205,1,58.333333,58.330000),(206,1,100.000000,100.000000),(207,1,3.333333,3.330000),(208,1,50.000000,50.000000),(209,1,33.334000,33.330000),(210,1,58.333333,58.330000),(211,1,58.333333,58.330000),(212,1,58.333333,58.330000),(213,1,58.333333,58.330000),(214,1,58.333333,58.330000),(215,1,58.333333,58.330000),(216,1,41.666667,41.670000),(217,1,41.666667,41.670000),(218,1,41.666667,83.330000),(219,1,66.666667,66.670000),(220,32,0.000000,0.000000),(221,1,58.333333,58.330000),(173,3,0.521400,1.040000),(222,1,20.000000,20.000000),(223,1,4.166667,4.170000),(224,32,0.000000,0.000000),(225,1,12.500000,12.500000),(226,1,4.166667,4.170000),(227,1,58.333333,58.330000),(228,1,2.333333,7.000000),(229,32,0.000000,0.000000),(230,1,50.000000,50.000000),(231,1,50.000000,50.000000),(232,32,0.000000,0.000000),(233,1,33.333333,33.330000),(234,1,12.500000,12.500000),(235,1,30.000000,30.000000),(236,1,32.500000,32.500000),(237,1,8.333333,8.330000),(238,1,30.000000,30.000000),(239,1,4.166667,4.170000),(240,1,41.666666,41.670000),(241,1,41.666667,41.670000),(242,1,7.666666,7.670000),(243,1,58.333333,58.330000);

--
-- Table structure for table `pre3303_order_history`
--

CREATE TABLE `pre3303_order_history` (
  `id_order_history` int(10) unsigned NOT NULL AUTO_INCREMENT,
  `id_employee` int(10) unsigned NOT NULL,
  `id_order` int(10) unsigned NOT NULL,
  `id_order_state` int(10) unsigned NOT NULL,
  `date_add` datetime NOT NULL,
  PRIMARY KEY (`id_order_history`),
  KEY `order_history_order` (`id_order`),
  KEY `id_employee` (`id_employee`),
  KEY `id_order_state` (`id_order_state`)
) ENGINE=InnoDB AUTO_INCREMENT=471 DEFAULT CHARSET=utf8;

--
-- Dumping data for table `pre3303_order_history`
--

INSERT INTO `pre3303_order_history` VALUES (1,0,1,1,'2018-07-16 18:49:04'),(2,0,1,12,'2018-07-16 18:49:04'),(3,0,2,10,'2018-07-16 22:27:00'),(4,0,2,12,'2018-07-16 22:27:00'),(5,1,1,6,'2018-07-25 23:24:58'),(6,1,2,6,'2018-07-25 23:25:35'),(7,1,3,10,'2018-07-25 23:36:43'),(8,0,4,2,'2018-09-20 17:42:44'),(9,0,5,2,'2018-09-20 19:17:04'),(10,0,5,9,'2018-09-20 19:17:05'),(11,1,6,2,'2018-09-21 17:16:26'),(12,0,6,9,'2018-09-21 17:16:26'),(13,1,6,3,'2018-09-21 17:19:45'),(14,0,6,3,'2018-09-25 15:06:56'),(15,0,6,4,'2018-09-25 16:05:04'),(16,1,7,2,'2018-10-04 16:38:20'),(17,0,7,9,'2018-10-04 16:38:21'),(18,1,7,5,'2018-10-04 16:47:06'),(19,1,8,2,'2018-10-05 14:53:42'),(20,0,8,9,'2018-10-05 14:53:43'),(21,1,8,5,'2018-10-05 15:08:51'),(22,1,9,2,'2018-10-05 15:40:30'),(23,0,9,9,'2018-10-05 15:40:31'),(24,1,10,2,'2018-10-06 11:34:57'),(25,1,10,3,'2018-10-06 12:13:28'),(26,1,10,2,'2018-10-06 12:14:46'),(27,1,10,14,'2018-10-06 12:18:04'),(28,2,10,2,'2018-10-06 12:46:45'),(29,2,11,2,'2018-10-06 13:52:18'),(30,0,11,9,'2018-10-06 13:52:19'),(31,2,11,3,'2018-10-06 13:53:43'),(32,0,11,3,'2018-10-06 16:16:57'),(33,0,11,4,'2018-10-08 18:17:56'),(34,1,11,5,'2018-10-11 14:46:29'),(35,1,12,2,'2018-10-12 19:10:47'),(36,0,12,9,'2018-10-12 19:10:48'),(37,2,12,3,'2018-10-13 15:32:49'),(38,1,13,2,'2018-10-18 09:10:01'),(39,0,13,9,'2018-10-18 09:10:03'),(40,0,14,2,'2018-10-18 15:55:29'),(41,2,14,3,'2018-10-19 14:14:58'),(42,0,15,2,'2018-10-20 10:37:34'),(43,2,15,3,'2018-10-23 16:52:02'),(44,2,16,2,'2018-10-23 17:12:59'),(45,0,16,9,'2018-10-23 17:13:00'),(46,2,16,3,'2018-10-23 17:13:21'),(47,2,17,2,'2018-10-23 17:54:59'),(48,0,17,9,'2018-10-23 17:54:59'),(49,2,17,3,'2018-10-23 17:55:48'),(50,2,18,2,'2018-10-23 17:58:52'),(51,0,18,9,'2018-10-23 17:58:53'),(52,2,18,3,'2018-10-23 17:59:04'),(53,2,19,2,'2018-10-23 18:22:13'),(54,0,19,9,'2018-10-23 18:22:14'),(55,2,19,3,'2018-10-23 18:22:25'),(56,2,20,15,'2018-10-23 19:03:10'),(57,0,20,12,'2018-10-23 19:03:11'),(58,2,20,15,'2018-10-24 11:53:52'),(59,2,13,3,'2018-10-24 12:04:44'),(60,0,21,2,'2018-10-24 14:44:37'),(61,2,22,10,'2018-10-24 15:42:32'),(62,0,22,12,'2018-10-24 15:42:32'),(63,2,22,3,'2018-10-24 15:44:22'),(64,2,23,3,'2018-10-24 15:50:04'),(65,2,24,3,'2018-10-24 15:55:33'),(66,2,25,3,'2018-10-24 16:00:36'),(67,2,26,3,'2018-10-24 16:04:35'),(68,2,27,3,'2018-10-24 16:08:40'),(69,2,28,3,'2018-10-24 16:14:25'),(70,2,21,3,'2018-10-24 16:42:43'),(71,2,29,2,'2018-10-24 16:49:03'),(72,2,29,3,'2018-10-24 16:49:15'),(73,2,30,3,'2018-10-24 17:07:07'),(74,2,31,3,'2018-10-24 17:10:05'),(75,2,32,3,'2018-10-24 17:12:29'),(76,2,33,3,'2018-10-24 17:16:41'),(77,2,34,3,'2018-10-24 17:19:59'),(78,2,35,3,'2018-10-24 17:24:40'),(79,0,35,9,'2018-10-24 17:24:40'),(80,2,35,3,'2018-10-24 17:24:56'),(81,2,35,6,'2018-10-24 18:52:09'),(82,2,34,6,'2018-10-24 18:52:31'),(83,2,36,3,'2018-10-24 18:55:36'),(84,2,37,3,'2018-10-24 18:57:12'),(85,0,33,3,'2018-10-25 14:47:08'),(86,0,32,3,'2018-10-25 14:47:08'),(87,0,30,3,'2018-10-25 14:47:09'),(88,0,29,3,'2018-10-25 14:47:11'),(89,0,28,3,'2018-10-25 14:47:12'),(90,0,27,3,'2018-10-25 14:47:13'),(91,0,31,3,'2018-10-25 14:47:13'),(92,0,26,3,'2018-10-25 14:47:14'),(93,0,25,3,'2018-10-25 14:47:14'),(94,2,36,2,'2018-10-25 14:50:56'),(95,0,36,2,'2018-10-25 15:07:09'),(96,0,24,3,'2018-10-25 15:10:16'),(97,0,23,3,'2018-10-25 15:10:16'),(98,0,22,3,'2018-10-25 15:10:17'),(99,0,37,3,'2018-10-25 15:20:05'),(100,0,33,4,'2018-10-25 16:05:52'),(101,2,38,2,'2018-10-25 16:20:01'),(102,0,38,9,'2018-10-25 16:20:02'),(103,2,38,3,'2018-10-25 16:20:21'),(104,0,22,4,'2018-10-25 16:42:12'),(105,0,23,4,'2018-10-25 16:42:12'),(106,0,36,4,'2018-10-25 16:42:12'),(107,0,24,4,'2018-10-25 16:42:17'),(108,0,37,4,'2018-10-25 16:42:21'),(109,0,31,4,'2018-10-25 16:42:29'),(110,0,26,4,'2018-10-25 16:42:30'),(111,0,25,4,'2018-10-25 16:42:34'),(112,0,30,4,'2018-10-25 16:42:41'),(113,0,29,4,'2018-10-25 16:42:41'),(114,0,28,4,'2018-10-25 16:42:43'),(115,0,32,4,'2018-10-25 16:42:43'),(116,0,27,4,'2018-10-25 16:42:44'),(117,2,21,5,'2018-10-27 18:34:33'),(118,2,37,5,'2018-10-31 14:40:56'),(119,2,36,5,'2018-10-31 14:42:12'),(120,2,24,5,'2018-10-31 14:42:13'),(121,2,23,5,'2018-10-31 14:42:13'),(122,2,22,5,'2018-10-31 14:42:13'),(123,2,33,5,'2018-10-31 14:43:27'),(124,2,32,5,'2018-10-31 14:43:27'),(125,2,31,5,'2018-10-31 14:43:27'),(126,2,30,5,'2018-10-31 14:43:28'),(127,2,28,5,'2018-10-31 14:43:28'),(128,2,26,5,'2018-10-31 14:43:28'),(129,1,39,2,'2018-11-02 14:44:02'),(130,1,40,2,'2018-11-02 17:42:32'),(131,1,41,2,'2018-11-02 17:52:25'),(132,0,42,2,'2018-11-04 15:59:06'),(133,0,43,16,'2018-11-04 16:14:59'),(134,0,43,2,'2018-11-05 08:45:48'),(135,0,44,2,'2018-11-07 16:18:16'),(136,1,45,2,'2018-11-07 17:20:52'),(137,1,46,2,'2018-11-07 17:39:12'),(138,1,47,19,'2018-11-07 18:01:23'),(139,1,48,2,'2018-11-07 18:17:13'),(140,1,17,2,'2018-11-07 18:25:05'),(141,1,49,19,'2018-11-07 18:38:31'),(142,1,49,2,'2018-11-07 18:43:47'),(143,1,49,19,'2018-11-07 18:45:58'),(144,1,50,2,'2018-11-08 13:37:53'),(145,6,38,5,'2018-11-09 15:22:18'),(146,0,44,2,'2018-11-09 15:57:25'),(147,0,51,2,'2018-11-09 17:32:47'),(148,0,43,2,'2018-11-09 17:39:34'),(149,0,42,2,'2018-11-09 17:39:34'),(150,0,52,2,'2018-11-09 17:41:19'),(151,6,53,2,'2018-11-09 18:04:23'),(152,6,53,11,'2018-11-09 18:06:16'),(153,0,42,4,'2018-11-09 19:30:06'),(154,0,44,4,'2018-11-09 19:44:57'),(155,0,43,4,'2018-11-09 19:46:45'),(156,6,54,2,'2018-11-10 16:10:33'),(157,6,55,2,'2018-11-10 18:33:05'),(158,0,55,2,'2018-11-10 18:36:02'),(159,1,56,2,'2018-11-17 17:08:04'),(160,1,57,2,'2018-11-17 18:26:20'),(161,1,58,2,'2018-11-17 18:42:55'),(162,1,59,2,'2018-11-17 18:54:45'),(163,1,60,2,'2018-11-17 19:10:41'),(164,1,61,2,'2018-11-20 11:55:06'),(165,1,62,10,'2018-11-20 14:49:32'),(166,1,63,2,'2018-11-21 13:27:54'),(167,1,64,2,'2018-11-21 13:57:00'),(168,1,65,2,'2018-11-21 14:36:26'),(169,1,66,2,'2018-11-21 14:47:41'),(170,1,67,10,'2018-11-21 15:12:06'),(171,1,68,1,'2018-11-21 15:57:38'),(172,1,69,2,'2018-11-21 16:08:03'),(173,1,70,2,'2018-11-21 16:20:39'),(174,1,71,10,'2018-11-21 16:40:53'),(175,1,72,1,'2018-11-21 16:51:51'),(176,1,73,2,'2018-11-21 17:09:30'),(177,1,74,2,'2018-11-21 17:19:44'),(178,1,47,1,'2018-11-21 18:15:03'),(179,6,75,2,'2018-11-22 16:51:31'),(180,0,75,2,'2018-11-22 17:59:39'),(181,0,75,4,'2018-11-22 19:08:34'),(182,6,76,2,'2018-11-24 13:45:13'),(183,1,77,2,'2018-11-24 14:10:59'),(184,0,78,16,'2018-11-24 14:28:28'),(185,1,79,2,'2018-11-24 15:41:08'),(186,1,80,2,'2018-11-24 16:01:46'),(187,1,81,2,'2018-11-24 16:20:40'),(188,1,82,2,'2018-11-24 16:30:02'),(189,1,83,2,'2018-11-24 16:52:13'),(190,1,84,2,'2018-11-24 17:00:58'),(191,1,85,2,'2018-11-24 17:16:18'),(192,6,86,2,'2018-11-24 17:28:04'),(193,6,87,2,'2018-11-24 17:32:02'),(194,1,88,2,'2018-11-24 17:39:16'),(195,1,89,2,'2018-11-24 18:08:10'),(196,1,90,2,'2018-11-24 18:20:57'),(197,0,78,16,'2018-11-24 18:23:03'),(198,1,91,2,'2018-11-24 18:32:48'),(199,6,92,2,'2018-11-24 18:34:50'),(200,1,93,2,'2018-11-24 18:49:15'),(201,0,78,2,'2018-11-24 19:15:17'),(202,6,94,2,'2018-11-24 19:20:55'),(203,1,95,2,'2018-11-26 16:25:18'),(204,0,96,16,'2018-11-26 20:15:50'),(205,0,97,16,'2018-11-26 20:18:03'),(206,0,98,2,'2018-11-27 12:18:50'),(207,0,78,4,'2018-11-27 12:22:27'),(208,1,97,7,'2018-11-27 12:24:27'),(209,0,96,2,'2018-11-27 12:25:11'),(210,1,99,10,'2018-11-27 18:31:01'),(211,0,100,2,'2018-11-27 19:44:13'),(212,1,3,1,'2018-11-27 20:15:07'),(213,0,101,2,'2018-11-27 20:40:14'),(214,1,102,10,'2018-11-27 20:46:13'),(215,0,103,2,'2018-11-27 23:13:08'),(216,1,104,1,'2018-11-28 10:26:08'),(217,1,52,7,'2018-11-28 11:26:45'),(218,1,51,7,'2018-11-28 11:27:15'),(219,1,105,1,'2018-11-28 13:20:21'),(220,0,93,2,'2018-11-28 15:19:23'),(221,0,93,4,'2018-11-28 16:50:29'),(222,1,104,2,'2018-11-29 12:23:52'),(223,1,102,2,'2018-11-29 12:24:20'),(224,1,67,6,'2018-11-29 12:37:50'),(225,1,62,2,'2018-11-29 12:39:13'),(226,1,106,2,'2018-11-29 13:22:31'),(227,1,107,2,'2018-11-29 13:38:10'),(228,1,93,6,'2018-11-29 13:47:53'),(229,1,108,2,'2018-11-29 14:46:40'),(230,1,83,13,'2018-11-29 15:43:28'),(231,1,83,2,'2018-11-29 15:45:20'),(232,1,109,2,'2018-11-29 15:57:34'),(233,1,110,2,'2018-11-29 16:04:17'),(234,1,111,2,'2018-11-29 16:14:52'),(235,1,112,2,'2018-11-29 16:31:50'),(236,0,113,16,'2018-11-29 16:57:00'),(237,0,113,2,'2018-11-29 19:58:26'),(238,1,114,1,'2018-11-29 20:04:31'),(239,1,115,2,'2018-11-29 20:21:20'),(240,0,113,2,'2018-11-30 13:41:35'),(241,1,116,2,'2018-11-30 15:14:18'),(242,0,117,2,'2018-11-30 15:41:24'),(243,0,118,2,'2018-11-30 15:49:27'),(244,0,119,2,'2018-11-30 17:00:21'),(245,0,120,2,'2018-11-30 17:42:28'),(246,0,113,4,'2018-11-30 18:11:48'),(247,1,121,10,'2018-11-30 18:21:01'),(248,0,122,16,'2018-12-01 09:11:24'),(249,0,122,2,'2018-12-01 11:47:50'),(250,0,119,2,'2018-12-01 13:20:04'),(251,0,123,2,'2018-12-02 15:03:50'),(252,0,124,16,'2018-12-03 00:57:31'),(253,0,125,2,'2018-12-03 11:40:05'),(254,0,119,4,'2018-12-03 16:20:33'),(255,0,124,2,'2018-12-03 23:26:52'),(256,1,126,10,'2018-12-03 23:40:14'),(257,1,127,10,'2018-12-03 23:54:28'),(258,1,99,2,'2018-12-04 12:44:59'),(259,2,99,3,'2018-12-04 14:06:06'),(260,1,104,5,'2018-12-04 14:10:28'),(261,1,114,5,'2018-12-04 15:10:51'),(262,1,128,2,'2018-12-04 15:28:33'),(263,1,128,5,'2018-12-04 15:28:54'),(264,1,105,2,'2018-12-04 15:43:53'),(265,1,129,2,'2018-12-04 15:54:52'),(266,1,118,5,'2018-12-04 16:03:35'),(267,1,117,5,'2018-12-04 16:04:09'),(268,1,79,5,'2018-12-04 16:08:15'),(269,1,80,5,'2018-12-04 16:09:11'),(270,1,81,5,'2018-12-04 16:09:56'),(271,1,82,5,'2018-12-04 16:10:22'),(272,1,83,4,'2018-12-04 16:11:01'),(273,1,83,5,'2018-12-04 16:11:13'),(274,1,84,5,'2018-12-04 16:11:43'),(275,1,85,5,'2018-12-04 16:12:18'),(276,1,88,5,'2018-12-04 16:14:37'),(277,1,89,5,'2018-12-04 16:15:04'),(278,1,90,5,'2018-12-04 16:15:42'),(279,1,55,5,'2018-12-04 16:17:36'),(280,1,91,5,'2018-12-04 16:26:46'),(281,1,92,5,'2018-12-04 16:27:14'),(282,1,106,5,'2018-12-04 16:28:02'),(283,1,107,5,'2018-12-04 16:29:59'),(284,1,108,5,'2018-12-04 16:30:17'),(285,1,109,5,'2018-12-04 16:30:35'),(286,1,110,5,'2018-12-04 16:31:57'),(287,1,112,5,'2018-12-04 16:32:28'),(288,1,54,5,'2018-12-04 16:39:17'),(289,1,130,19,'2018-12-05 11:17:04'),(290,1,130,2,'2018-12-05 11:17:18'),(291,1,131,2,'2018-12-05 13:17:01'),(292,1,132,2,'2018-12-05 13:24:04'),(293,1,133,2,'2018-12-05 13:30:13'),(294,1,127,3,'2018-12-05 13:54:00'),(295,1,16,5,'2018-12-05 15:06:51'),(296,6,134,5,'2018-12-06 16:33:21'),(297,6,135,5,'2018-12-06 16:34:49'),(298,6,76,5,'2018-12-06 16:47:10'),(299,6,87,5,'2018-12-06 16:49:17'),(300,6,136,5,'2018-12-06 16:52:15'),(301,0,120,2,'2018-12-06 18:26:09'),(302,0,120,4,'2018-12-06 19:44:36'),(303,0,137,2,'2018-12-07 08:16:15'),(304,6,138,2,'2018-12-07 16:53:27'),(305,0,125,2,'2018-12-07 17:40:14'),(306,0,123,2,'2018-12-07 17:40:14'),(307,0,124,2,'2018-12-07 17:40:14'),(308,1,139,10,'2018-12-07 18:47:19'),(309,0,125,4,'2018-12-07 19:50:29'),(310,0,124,4,'2018-12-07 19:50:30'),(311,0,123,4,'2018-12-07 19:50:32'),(312,6,86,5,'2018-12-08 15:18:11'),(313,6,140,5,'2018-12-08 19:49:40'),(314,6,141,5,'2018-12-08 19:56:21'),(315,0,142,16,'2018-12-11 17:13:35'),(316,0,143,2,'2018-12-11 20:16:30'),(317,0,142,2,'2018-12-12 00:07:24'),(318,0,144,16,'2018-12-12 14:52:52'),(319,0,144,2,'2018-12-13 01:10:01'),(320,1,121,4,'2018-12-13 01:11:24'),(321,1,68,3,'2018-12-13 10:38:14'),(322,1,71,5,'2018-12-13 10:38:51'),(323,1,61,5,'2018-12-13 10:41:03'),(324,1,62,5,'2018-12-13 10:41:26'),(325,1,63,5,'2018-12-13 10:41:48'),(326,1,70,5,'2018-12-13 10:42:19'),(327,1,77,5,'2018-12-13 10:42:42'),(328,1,115,5,'2018-12-13 10:43:53'),(329,1,111,5,'2018-12-13 10:44:25'),(330,1,105,3,'2018-12-13 10:44:50'),(331,1,102,5,'2018-12-13 10:45:48'),(332,1,73,5,'2018-12-13 10:49:14'),(333,1,69,3,'2018-12-13 10:49:50'),(334,1,66,5,'2018-12-13 10:50:17'),(335,1,60,5,'2018-12-13 10:50:45'),(336,1,59,5,'2018-12-13 10:51:03'),(337,1,58,5,'2018-12-13 10:51:22'),(338,1,57,5,'2018-12-13 10:51:46'),(339,1,56,5,'2018-12-13 10:52:09'),(340,1,50,5,'2018-12-13 10:52:29'),(341,1,49,5,'2018-12-13 10:53:12'),(342,1,48,5,'2018-12-13 10:53:35'),(343,1,46,5,'2018-12-13 10:54:03'),(344,1,45,5,'2018-12-13 10:54:29'),(345,1,41,5,'2018-12-13 10:55:52'),(346,1,40,5,'2018-12-13 10:56:25'),(347,1,39,5,'2018-12-13 10:56:46'),(348,1,19,5,'2018-12-13 10:57:13'),(349,1,18,5,'2018-12-13 10:57:33'),(350,1,17,5,'2018-12-13 10:57:54'),(351,1,20,5,'2018-12-13 10:59:04'),(352,1,99,5,'2018-12-13 10:59:44'),(353,1,74,5,'2018-12-13 11:00:16'),(354,1,65,5,'2018-12-13 11:00:48'),(355,1,64,5,'2018-12-13 11:01:09'),(356,1,122,5,'2018-12-13 11:01:40'),(357,1,47,6,'2018-12-13 11:02:17'),(358,1,130,3,'2018-12-13 11:34:59'),(359,1,103,3,'2018-12-13 12:15:18'),(360,6,145,2,'2018-12-13 13:50:56'),(361,6,146,2,'2018-12-13 14:00:49'),(362,0,147,2,'2018-12-13 22:35:19'),(363,0,148,2,'2018-12-14 08:36:12'),(364,0,149,2,'2018-12-14 10:37:29'),(365,6,147,5,'2018-12-14 16:29:52'),(366,6,130,5,'2018-12-14 16:50:33'),(367,0,146,2,'2018-12-14 17:45:41'),(368,0,142,2,'2018-12-14 17:45:41'),(369,0,145,2,'2018-12-14 17:45:41'),(370,0,148,2,'2018-12-14 17:51:17'),(371,0,148,4,'2018-12-14 18:41:42'),(372,0,145,4,'2018-12-14 19:02:59'),(373,0,146,4,'2018-12-14 19:02:59'),(374,0,142,4,'2018-12-14 19:03:00'),(375,0,150,16,'2018-12-15 07:44:32'),(376,0,150,2,'2018-12-15 12:17:13'),(377,6,151,2,'2018-12-15 14:34:53'),(378,6,151,5,'2018-12-15 14:35:13'),(379,6,152,5,'2018-12-15 14:58:02'),(380,6,153,5,'2018-12-15 14:59:06'),(381,6,154,5,'2018-12-15 15:02:19'),(382,6,155,2,'2018-12-15 15:16:06'),(383,6,143,5,'2018-12-15 15:41:19'),(384,6,156,2,'2018-12-15 18:22:16'),(385,0,155,2,'2018-12-15 18:26:12'),(386,0,156,2,'2018-12-15 18:26:12'),(387,0,150,2,'2018-12-15 18:26:12'),(388,0,157,16,'2018-12-15 19:30:06'),(389,0,158,2,'2018-12-16 14:15:22'),(390,0,158,2,'2018-12-17 10:47:10'),(391,0,157,16,'2018-12-17 10:47:10'),(392,0,157,2,'2018-12-17 11:05:33'),(393,1,159,2,'2018-12-17 14:56:58'),(394,1,160,2,'2018-12-17 15:02:53'),(395,0,160,2,'2018-12-17 15:41:19'),(396,0,159,2,'2018-12-17 15:41:20'),(397,1,161,2,'2018-12-17 15:51:16'),(398,0,162,2,'2018-12-17 17:15:44'),(399,0,163,2,'2018-12-17 17:19:11'),(400,0,164,2,'2018-12-17 17:23:03'),(401,0,156,4,'2018-12-17 17:25:36'),(402,0,165,2,'2018-12-17 17:28:24'),(403,0,166,2,'2018-12-17 17:31:41'),(404,0,167,16,'2018-12-17 17:36:15'),(405,0,160,4,'2018-12-17 17:44:17'),(406,0,158,4,'2018-12-17 17:44:22'),(407,0,159,4,'2018-12-17 17:44:22'),(408,0,157,4,'2018-12-17 17:44:29'),(409,1,167,7,'2018-12-17 17:45:44'),(410,1,163,7,'2018-12-17 17:46:25'),(411,1,164,7,'2018-12-17 17:46:45'),(412,1,165,7,'2018-12-17 17:47:04'),(413,1,166,7,'2018-12-17 17:47:20'),(414,0,155,4,'2018-12-17 17:53:04'),(415,0,150,4,'2018-12-17 17:56:52'),(416,1,69,5,'2018-12-17 19:21:59'),(417,1,168,2,'2018-12-18 17:36:47'),(418,1,168,5,'2018-12-18 17:37:34'),(419,1,14,5,'2018-12-18 18:03:50'),(420,1,15,5,'2018-12-18 18:04:14'),(421,1,169,2,'2018-12-18 18:07:34'),(422,1,169,5,'2018-12-18 18:08:13'),(423,1,170,2,'2018-12-18 18:33:40'),(424,1,170,5,'2018-12-18 18:33:52'),(425,1,171,2,'2018-12-18 18:42:00'),(426,1,171,5,'2018-12-18 18:42:12'),(427,1,121,5,'2018-12-20 12:23:28'),(428,1,105,5,'2018-12-20 12:23:47'),(429,1,139,5,'2018-12-20 12:35:20'),(430,6,172,5,'2018-12-20 13:52:37'),(431,6,173,2,'2018-12-20 16:34:46'),(432,1,174,2,'2018-12-20 16:40:04'),(433,6,175,2,'2018-12-20 16:41:14'),(434,6,176,5,'2018-12-20 17:10:11'),(435,0,175,2,'2018-12-20 17:27:17'),(436,0,173,2,'2018-12-20 17:27:17'),(437,6,177,5,'2018-12-20 18:04:14'),(438,0,173,4,'2018-12-20 18:56:32'),(439,0,175,4,'2018-12-20 18:56:32'),(440,1,65,2,'2018-12-20 19:26:59'),(441,1,65,5,'2018-12-20 19:29:48'),(442,1,96,5,'2018-12-21 13:21:26'),(443,1,103,5,'2018-12-21 13:24:22'),(444,1,178,2,'2018-12-21 13:52:25'),(445,1,178,5,'2018-12-21 13:52:35'),(446,1,65,12,'2018-12-21 16:09:03'),(447,1,65,5,'2018-12-21 17:14:37'),(448,6,179,2,'2018-12-21 17:24:52'),(449,6,180,2,'2018-12-21 17:26:07'),(450,1,181,2,'2018-12-21 17:44:42'),(451,1,181,5,'2018-12-21 17:44:54'),(452,6,182,5,'2018-12-22 16:57:22'),(453,6,183,5,'2018-12-22 17:15:03'),(454,6,184,5,'2018-12-22 17:20:13'),(455,0,185,16,'2018-12-23 19:58:36'),(456,0,185,2,'2018-12-24 14:36:57'),(457,1,186,2,'2018-12-24 14:40:18'),(458,1,187,2,'2018-12-24 14:52:12'),(459,0,186,2,'2018-12-24 15:02:23'),(460,0,185,2,'2018-12-24 15:02:23'),(461,0,187,2,'2018-12-24 15:02:23'),(462,0,187,4,'2018-12-24 15:49:51'),(463,0,186,4,'2018-12-24 16:35:52'),(464,0,185,4,'2018-12-24 16:35:56'),(465,0,188,2,'2018-12-27 19:04:16'),(466,6,180,5,'2019-01-04 16:38:38'),(467,6,179,5,'2019-01-04 16:39:29'),(468,1,126,5,'2019-01-12 18:12:52'),(469,1,127,5,'2019-01-12 18:19:07'),(470,6,144,5,'2019-01-31 18:28:46');

--
-- Table structure for table `pre3303_order_invoice`
--

CREATE TABLE `pre3303_order_invoice` (
  `id_order_invoice` int(11) unsigned NOT NULL AUTO_INCREMENT,
  `id_order` int(11) NOT NULL,
  `number` int(11) NOT NULL,
  `delivery_number` int(11) NOT NULL,
  `delivery_date` datetime DEFAULT NULL,
  `total_discount_tax_excl` decimal(20,6) NOT NULL DEFAULT '0.000000',
  `total_discount_tax_incl` decimal(20,6) NOT NULL DEFAULT '0.000000',
  `total_paid_tax_excl` decimal(20,6) NOT NULL DEFAULT '0.000000',
  `total_paid_tax_incl` decimal(20,6) NOT NULL DEFAULT '0.000000',
  `total_products` decimal(20,6) NOT NULL DEFAULT '0.000000',
  `total_products_wt` decimal(20,6) NOT NULL DEFAULT '0.000000',
  `total_shipping_tax_excl` decimal(20,6) NOT NULL DEFAULT '0.000000',
  `total_shipping_tax_incl` decimal(20,6) NOT NULL DEFAULT '0.000000',
  `shipping_tax_computation_method` int(10) unsigned NOT NULL,
  `total_wrapping_tax_excl` decimal(20,6) NOT NULL DEFAULT '0.000000',
  `total_wrapping_tax_incl` decimal(20,6) NOT NULL DEFAULT '0.000000',
  `shop_address` text,
  `note` text,
  `date_add` datetime NOT NULL,
  PRIMARY KEY (`id_order_invoice`),
  KEY `id_order` (`id_order`)
) ENGINE=InnoDB AUTO_INCREMENT=188 DEFAULT CHARSET=utf8;

--
-- Dumping data for table `pre3303_order_invoice`
--

INSERT INTO `pre3303_order_invoice` VALUES (1,1,1,0,'0000-00-00 00:00:00',0.000000,0.000000,600.000000,600.000000,600.000000,600.000000,0.000000,0.000000,0,0.000000,0.000000,'Litho.Online<br />21 rue Véron<br />75018 PARIS<br />France<br />+33(0)781612157','','2018-07-20 18:10:56'),(2,4,2,0,'0000-00-00 00:00:00',0.000000,0.000000,4.170000,5.000000,4.170000,5.000000,0.000000,0.000000,0,0.000000,0.000000,'Litho.Online<br />21 rue Véron<br />75018 PARIS<br />France<br />+33(0)781612157','','2018-09-20 17:42:44'),(3,5,3,0,'0000-00-00 00:00:00',0.000000,0.000000,1.670000,2.000000,1.670000,2.000000,0.000000,0.000000,0,0.000000,0.000000,'Litho.Online<br />21 rue Véron<br />75018 PARIS<br />France<br />+33(0)781612157','','2018-09-20 19:17:04'),(4,6,4,1,'2018-09-21 17:19:45',0.000000,0.000000,665.830000,675.000000,620.000000,620.000000,45.830000,55.000000,0,0.000000,0.000000,'Streetart-store<br />21 rue Véron<br />75018 PARIS<br />France<br />+33 (0)781612157','','2018-09-21 17:16:26'),(5,7,5,1,'2018-10-04 16:47:06',0.000000,0.000000,150.000000,150.000000,150.000000,150.000000,0.000000,0.000000,0,0.000000,0.000000,'Galerie Joël Knafo<br />182 rue du Faubourg Saint-Honoré<br />75008 PARIS<br />France<br />33(0)7 81 61 21 57','','2018-10-04 16:38:20'),(6,8,6,2,'2018-10-05 15:08:51',0.000000,0.000000,300.000000,300.000000,300.000000,300.000000,0.000000,0.000000,0,0.000000,0.000000,'Streetart-store<br />21 rue Véron<br />75018 PARIS<br />France<br />+33 (0)781612157','','2018-10-05 14:53:42'),(7,9,7,0,'0000-00-00 00:00:00',0.000000,0.000000,1300.000000,1300.000000,1300.000000,1300.000000,0.000000,0.000000,0,0.000000,0.000000,'Streetart-store<br />21 rue Véron<br />75018 PARIS<br />France<br />+33 (0)781612157','','2018-10-05 15:40:30'),(8,10,8,1,'2018-10-06 12:13:28',0.000000,0.000000,133.330000,160.000000,133.330000,160.000000,0.000000,0.000000,0,0.000000,0.000000,'Litho.Online<br />21 rue Véron<br />75018 PARIS<br />France<br />+33(0)781612157','','2018-10-06 11:34:56'),(9,11,9,3,'2018-10-06 13:53:43',0.000000,0.000000,144.160000,173.000000,133.330000,160.000000,10.830000,13.000000,0,0.000000,0.000000,'Litho.Online<br />21 rue Véron<br />75018 PARIS<br />France<br />+33(0)781612157','','2018-10-06 13:52:18'),(10,12,10,4,'2018-10-13 15:32:48',1900.000000,1900.000000,12000.000000,12000.000000,13900.000000,13900.000000,0.000000,0.000000,0,0.000000,0.000000,'Galerie Joël Knafo<br />182 rue du Faubourg Saint-Honoré<br />75008 PARIS<br />France<br />33(0)7 81 61 21 57','','2018-10-12 19:10:46'),(11,13,11,11,'2018-10-24 12:04:44',600.000000,600.000000,4500.000000,4500.000000,5100.000000,5100.000000,0.000000,0.000000,0,0.000000,0.000000,'Galerie Joël Knafo<br />182 rue du Faubourg Saint-Honoré<br />75008 PARIS<br />France<br />33(0)7 81 61 21 57','','2018-10-18 09:10:01'),(12,14,12,5,'2018-10-19 14:14:58',0.000000,0.000000,208.330000,250.000000,208.330000,250.000000,0.000000,0.000000,0,0.000000,0.000000,'Litho.Online<br />21 rue Véron<br />75018 PARIS<br />France<br />+33(0)781612157','','2018-10-18 15:55:29'),(13,15,13,6,'2018-10-23 16:52:02',0.000000,0.000000,208.330000,250.000000,208.330000,250.000000,0.000000,0.000000,0,0.000000,0.000000,'Litho.Online<br />21 rue Véron<br />75018 PARIS<br />France<br />+33(0)781612157','','2018-10-20 10:37:34'),(14,16,14,7,'2018-10-23 17:13:21',300.000000,300.000000,2200.000000,2200.000000,2500.000000,2500.000000,0.000000,0.000000,0,0.000000,0.000000,'Galerie Joël Knafo<br />182 rue du Faubourg Saint-Honoré<br />75008 PARIS<br />France<br />33(0)7 81 61 21 57','','2018-10-23 17:12:59'),(15,17,15,8,'2018-10-23 17:55:48',12.500000,15.000000,2500.000000,2500.000000,2500.000000,2500.000000,12.500000,15.000000,0,0.000000,0.000000,'Galerie Joël Knafo<br />182 rue du Faubourg Saint-Honoré<br />75008 PARIS<br />France<br />33(0)7 81 61 21 57','','2018-10-23 17:54:59'),(16,18,16,9,'2018-10-23 17:59:04',12.500000,15.000000,3500.000000,3500.000000,3500.000000,3500.000000,12.500000,15.000000,0,0.000000,0.000000,'Galerie Joël Knafo<br />182 rue du Faubourg Saint-Honoré<br />75008 PARIS<br />France<br />33(0)7 81 61 21 57','','2018-10-23 17:58:52'),(17,19,17,10,'2018-10-23 18:22:25',12.500000,15.000000,3500.000000,3500.000000,3500.000000,3500.000000,12.500000,15.000000,0,0.000000,0.000000,'Galerie Joël Knafo<br />182 rue du Faubourg Saint-Honoré<br />75008 PARIS<br />France<br />33(0)7 81 61 21 57','','2018-10-23 18:22:13'),(18,21,18,19,'2018-10-24 16:42:43',100.000000,100.000000,1200.000000,1200.000000,1300.000000,1300.000000,0.000000,0.000000,0,0.000000,0.000000,'Galerie Joël Knafo<br />182 rue du Faubourg Saint-Honoré<br />75008 PARIS<br />France<br />33(0)7 81 61 21 57','','2018-10-24 14:44:37'),(19,22,19,12,'2018-10-24 15:44:22',0.000000,0.000000,70.830000,85.000000,58.330000,70.000000,12.500000,15.000000,0,0.000000,0.000000,'Litho.Online<br />21 rue Véron<br />75018 PARIS<br />France<br />+33(0)781612157','','2018-10-24 15:44:22'),(20,23,20,13,'2018-10-24 15:50:04',0.000000,0.000000,70.830000,85.000000,58.330000,70.000000,12.500000,15.000000,0,0.000000,0.000000,'Litho.Online<br />21 rue Véron<br />75018 PARIS<br />France<br />+33(0)781612157','','2018-10-24 15:50:04'),(21,24,21,14,'2018-10-24 15:55:33',0.000000,0.000000,70.830000,85.000000,58.330000,70.000000,12.500000,15.000000,0,0.000000,0.000000,'Litho.Online<br />21 rue Véron<br />75018 PARIS<br />France<br />+33(0)781612157','','2018-10-24 15:55:33'),(22,25,22,15,'2018-10-24 16:00:36',0.000000,0.000000,112.500000,135.000000,100.000000,120.000000,12.500000,15.000000,0,0.000000,0.000000,'Litho.Online<br />21 rue Véron<br />75018 PARIS<br />France<br />+33(0)781612157','','2018-10-24 16:00:36'),(23,26,23,16,'2018-10-24 16:04:35',0.000000,0.000000,112.500000,135.000000,100.000000,120.000000,12.500000,15.000000,0,0.000000,0.000000,'Litho.Online<br />21 rue Véron<br />75018 PARIS<br />France<br />+33(0)781612157','','2018-10-24 16:04:35'),(24,27,24,17,'2018-10-24 16:08:40',0.000000,0.000000,112.500000,135.000000,100.000000,120.000000,12.500000,15.000000,0,0.000000,0.000000,'Litho.Online<br />21 rue Véron<br />75018 PARIS<br />France<br />+33(0)781612157','','2018-10-24 16:08:40'),(25,28,25,18,'2018-10-24 16:14:25',0.000000,0.000000,112.500000,135.000000,100.000000,120.000000,12.500000,15.000000,0,0.000000,0.000000,'Litho.Online<br />21 rue Véron<br />75018 PARIS<br />France<br />+33(0)781612157','','2018-10-24 16:14:25'),(26,29,26,20,'2018-10-24 16:49:15',0.000000,0.000000,112.500000,135.000000,100.000000,120.000000,12.500000,15.000000,0,0.000000,0.000000,'Litho.Online<br />21 rue Véron<br />75018 PARIS<br />France<br />+33(0)781612157','','2018-10-24 16:49:03'),(27,30,27,21,'2018-10-24 17:07:07',0.000000,0.000000,112.500000,135.000000,100.000000,120.000000,12.500000,15.000000,0,0.000000,0.000000,'Litho.Online<br />21 rue Véron<br />75018 PARIS<br />France<br />+33(0)781612157','','2018-10-24 17:07:07'),(28,31,28,22,'2018-10-24 17:10:05',0.000000,0.000000,112.500000,135.000000,100.000000,120.000000,12.500000,15.000000,0,0.000000,0.000000,'Litho.Online<br />21 rue Véron<br />75018 PARIS<br />France<br />+33(0)781612157','','2018-10-24 17:10:05'),(29,32,29,23,'2018-10-24 17:12:29',0.000000,0.000000,112.500000,135.000000,100.000000,120.000000,12.500000,15.000000,0,0.000000,0.000000,'Litho.Online<br />21 rue Véron<br />75018 PARIS<br />France<br />+33(0)781612157','','2018-10-24 17:12:29'),(30,33,30,24,'2018-10-24 17:16:41',0.000000,0.000000,112.500000,135.000000,100.000000,120.000000,12.500000,15.000000,0,0.000000,0.000000,'Litho.Online<br />21 rue Véron<br />75018 PARIS<br />France<br />+33(0)781612157','','2018-10-24 17:16:41'),(31,34,31,25,'2018-10-24 17:19:59',0.000000,0.000000,679.170000,815.000000,666.670000,800.000000,12.500000,15.000000,0,0.000000,0.000000,'Litho.Online<br />21 rue Véron<br />75018 PARIS<br />France<br />+33(0)781612157','','2018-10-24 17:19:59'),(32,35,32,26,'2018-10-24 17:24:40',0.000000,0.000000,679.170000,815.000000,666.670000,800.000000,12.500000,15.000000,0,0.000000,0.000000,'Litho.Online<br />21 rue Véron<br />75018 PARIS<br />France<br />+33(0)781612157','','2018-10-24 17:24:40'),(33,36,33,27,'2018-10-24 18:55:36',0.000000,0.000000,512.500000,615.000000,500.000000,600.000000,12.500000,15.000000,0,0.000000,0.000000,'Litho.Online<br />21 rue Véron<br />75018 PARIS<br />France<br />+33(0)781612157','','2018-10-24 18:55:36'),(34,37,34,28,'2018-10-24 18:57:12',0.000000,0.000000,512.500000,615.000000,500.000000,600.000000,12.500000,15.000000,0,0.000000,0.000000,'Litho.Online<br />21 rue Véron<br />75018 PARIS<br />France<br />+33(0)781612157','','2018-10-24 18:57:12'),(35,38,35,29,'2018-10-25 16:20:21',83.330000,100.000000,416.670000,500.000000,500.000000,600.000000,0.000000,0.000000,0,0.000000,0.000000,'Litho.Online<br />21 rue Véron<br />75018 PARIS<br />France<br />+33(0)781612157','','2018-10-25 16:20:01'),(36,39,36,232,'2018-12-13 10:56:46',0.000000,0.000000,950.000000,950.000000,950.000000,950.000000,0.000000,0.000000,0,0.000000,0.000000,'Galerie Joël Knafo<br />182 rue du Faubourg Saint-Honoré<br />75008 PARIS<br />France<br />33(0)7 81 61 21 57','','2018-11-02 14:44:02'),(37,40,37,231,'2018-12-13 10:56:25',0.000000,0.000000,1300.000000,1300.000000,1300.000000,1300.000000,0.000000,0.000000,0,0.000000,0.000000,'Galerie Joël Knafo<br />182 rue du Faubourg Saint-Honoré<br />75008 PARIS<br />France<br />33(0)7 81 61 21 57','','2018-11-02 17:42:31'),(38,41,38,230,'2018-12-13 10:55:52',300.000000,300.000000,1000.000000,1000.000000,1300.000000,1300.000000,0.000000,0.000000,0,0.000000,0.000000,'Galerie Joël Knafo<br />182 rue du Faubourg Saint-Honoré<br />75008 PARIS<br />France<br />33(0)7 81 61 21 57','','2018-11-02 17:52:25'),(39,42,39,30,'2018-11-09 19:30:06',0.000000,0.000000,175.000000,210.000000,162.500000,195.000000,12.500000,15.000000,0,0.000000,0.000000,'Litho.Online<br />21 rue Véron<br />75018 PARIS<br />France<br />+33(0)781612157','','2018-11-04 15:59:06'),(40,43,40,32,'2018-11-09 19:46:45',0.000000,0.000000,162.500000,195.000000,162.500000,195.000000,0.000000,0.000000,0,0.000000,0.000000,'Litho.Online<br />21 rue Véron<br />75018 PARIS<br />France<br />+33(0)781612157','','2018-11-05 08:45:48'),(41,44,41,31,'2018-11-09 19:44:57',0.000000,0.000000,175.000000,210.000000,162.500000,195.000000,12.500000,15.000000,0,0.000000,0.000000,'Litho.Online<br />21 rue Véron<br />75018 PARIS<br />France<br />+33(0)781612157','','2018-11-07 16:18:16'),(42,45,42,229,'2018-12-13 10:54:29',0.000000,0.000000,400.000000,400.000000,400.000000,400.000000,0.000000,0.000000,0,0.000000,0.000000,'Galerie Joël Knafo<br />182 rue du Faubourg Saint-Honoré<br />75008 PARIS<br />France<br />33(0)7 81 61 21 57','','2018-11-07 17:20:52'),(43,46,43,228,'2018-12-13 10:54:03',20.000000,20.000000,280.000000,280.000000,300.000000,300.000000,0.000000,0.000000,0,0.000000,0.000000,'Galerie Joël Knafo<br />182 rue du Faubourg Saint-Honoré<br />75008 PARIS<br />France<br />33(0)7 81 61 21 57','','2018-11-07 17:39:12'),(44,48,44,227,'2018-12-13 10:53:34',0.000000,0.000000,1500.000000,1500.000000,1500.000000,1500.000000,0.000000,0.000000,0,0.000000,0.000000,'Galerie Joël Knafo<br />182 rue du Faubourg Saint-Honoré<br />75008 PARIS<br />France<br />33(0)7 81 61 21 57','','2018-11-07 18:17:13'),(45,49,45,226,'2018-12-13 10:53:12',130.000000,130.000000,1150.000000,1150.000000,1280.000000,1280.000000,0.000000,0.000000,0,0.000000,0.000000,'Galerie Joël Knafo<br />182 rue du Faubourg Saint-Honoré<br />75008 PARIS<br />France<br />33(0)7 81 61 21 57','','2018-11-07 18:43:47'),(46,50,46,225,'2018-12-13 10:52:29',0.000000,0.000000,200.000000,200.000000,200.000000,200.000000,0.000000,0.000000,0,0.000000,0.000000,'Galerie Joël Knafo<br />182 rue du Faubourg Saint-Honoré<br />75008 PARIS<br />France<br />33(0)7 81 61 21 57','','2018-11-08 13:37:52'),(47,51,47,0,'0000-00-00 00:00:00',75.000000,90.000000,12.500000,15.000000,75.000000,90.000000,12.500000,15.000000,0,0.000000,0.000000,'Litho.Online<br />21 rue Véron<br />75018 PARIS<br />France<br />+33(0)781612157','','2018-11-09 17:32:47'),(48,52,48,0,'0000-00-00 00:00:00',162.500000,195.000000,12.500000,15.000000,162.500000,195.000000,12.500000,15.000000,0,0.000000,0.000000,'Litho.Online<br />21 rue Véron<br />75018 PARIS<br />France<br />+33(0)781612157','','2018-11-09 17:41:19'),(49,53,49,0,'0000-00-00 00:00:00',0.000000,0.000000,83.330000,100.000000,83.330000,100.000000,0.000000,0.000000,0,0.000000,0.000000,'Litho.Online<br />21 rue Véron<br />75018 PARIS<br />France<br />+33(0)781612157','','2018-11-09 18:04:23'),(50,54,50,225,'2018-12-04 16:39:17',0.000000,0.000000,166.670000,200.000000,166.670000,200.000000,0.000000,0.000000,0,0.000000,0.000000,'Litho.Online<br />21 rue Véron<br />75018 PARIS<br />France<br />+33(0)781612157','','2018-11-10 16:10:33'),(51,55,51,216,'2018-12-04 16:17:36',12.500000,15.000000,293.330000,352.000000,293.330000,352.000000,12.500000,15.000000,0,0.000000,0.000000,'Litho.Online<br />21 rue Véron<br />75018 PARIS<br />France<br />+33(0)781612157','','2018-11-10 18:33:05'),(52,56,52,224,'2018-12-13 10:52:09',0.000000,0.000000,2000.000000,2000.000000,2000.000000,2000.000000,0.000000,0.000000,0,0.000000,0.000000,'Galerie Joël Knafo<br />182 rue du Faubourg Saint-Honoré<br />75008 PARIS<br />France<br />33(0)7 81 61 21 57','','2018-11-17 17:08:03'),(53,57,53,223,'2018-12-13 10:51:46',800.000000,800.000000,4000.000000,4000.000000,4800.000000,4800.000000,0.000000,0.000000,0,0.000000,0.000000,'Galerie Joël Knafo<br />182 rue du Faubourg Saint-Honoré<br />75008 PARIS<br />France<br />33(0)7 81 61 21 57','','2018-11-17 18:26:20'),(54,58,54,222,'2018-12-13 10:51:22',100.000000,100.000000,1200.000000,1200.000000,1300.000000,1300.000000,0.000000,0.000000,0,0.000000,0.000000,'Galerie Joël Knafo<br />182 rue du Faubourg Saint-Honoré<br />75008 PARIS<br />France<br />33(0)7 81 61 21 57','','2018-11-17 18:42:55'),(55,59,55,221,'2018-12-13 10:51:03',0.000000,0.000000,800.000000,800.000000,800.000000,800.000000,0.000000,0.000000,0,0.000000,0.000000,'Galerie Joël Knafo<br />182 rue du Faubourg Saint-Honoré<br />75008 PARIS<br />France<br />33(0)7 81 61 21 57','','2018-11-17 18:54:45'),(56,60,56,220,'2018-12-13 10:50:45',250.000000,250.000000,2250.000000,2250.000000,2500.000000,2500.000000,0.000000,0.000000,0,0.000000,0.000000,'Galerie Joël Knafo<br />182 rue du Faubourg Saint-Honoré<br />75008 PARIS<br />France<br />33(0)7 81 61 21 57','','2018-11-17 19:10:41'),(57,61,57,208,'2018-12-13 10:41:03',150.000000,180.000000,5700.000000,5700.000000,5700.000000,5700.000000,150.000000,180.000000,0,0.000000,0.000000,'Galerie Joël Knafo<br />182 rue du Faubourg Saint-Honoré<br />75008 PARIS<br />France<br />33(0)7 81 61 21 57','','2018-11-20 11:55:06'),(58,62,58,209,'2018-12-13 10:41:25',0.000000,0.000000,1500.000000,1500.000000,1500.000000,1500.000000,0.000000,0.000000,0,0.000000,0.000000,'Galerie Joël Knafo<br />182 rue du Faubourg Saint-Honoré<br />75008 PARIS<br />France<br />33(0)7 81 61 21 57','','2018-11-20 14:49:48'),(59,63,59,210,'2018-12-13 10:41:48',100.000000,100.000000,1700.000000,1700.000000,1800.000000,1800.000000,0.000000,0.000000,0,0.000000,0.000000,'Galerie Joël Knafo<br />182 rue du Faubourg Saint-Honoré<br />75008 PARIS<br />France<br />33(0)7 81 61 21 57','','2018-11-21 13:27:53'),(60,64,60,236,'2018-12-13 11:01:09',0.000000,0.000000,400.000000,400.000000,400.000000,400.000000,0.000000,0.000000,0,0.000000,0.000000,'Galerie Joël Knafo<br />182 rue du Faubourg Saint-Honoré<br />75008 PARIS<br />France<br />33(0)7 81 61 21 57','','2018-11-21 13:56:59'),(61,65,61,235,'2018-12-13 11:00:48',300.000000,300.000000,2300.000000,2300.000000,2600.000000,2600.000000,0.000000,0.000000,0,0.000000,0.000000,'Galerie Joël Knafo<br />182 rue du Faubourg Saint-Honoré<br />75008 PARIS<br />France<br />33(0)7 81 61 21 57','à supprimer erreur','2018-11-21 14:36:26'),(62,66,62,219,'2018-12-13 10:50:17',500.000000,500.000000,3700.000000,3700.000000,4200.000000,4200.000000,0.000000,0.000000,0,0.000000,0.000000,'Galerie Joël Knafo<br />182 rue du Faubourg Saint-Honoré<br />75008 PARIS<br />France<br />33(0)7 81 61 21 57','','2018-11-21 14:47:40'),(63,69,63,218,'2018-12-13 10:49:50',0.000000,0.000000,4200.000000,4200.000000,4200.000000,4200.000000,0.000000,0.000000,0,0.000000,0.000000,'Galerie Joël Knafo<br />182 rue du Faubourg Saint-Honoré<br />75008 PARIS<br />France<br />33(0)7 81 61 21 57','','2018-11-21 16:08:03'),(64,70,64,211,'2018-12-13 10:42:19',0.000000,0.000000,1900.000000,1900.000000,1900.000000,1900.000000,0.000000,0.000000,0,0.000000,0.000000,'Galerie Joël Knafo<br />182 rue du Faubourg Saint-Honoré<br />75008 PARIS<br />France<br />33(0)7 81 61 21 57','','2018-11-21 16:20:39'),(65,72,65,0,'0000-00-00 00:00:00',300.000000,300.000000,3900.000000,3900.000000,4200.000000,4200.000000,0.000000,0.000000,0,0.000000,0.000000,'Galerie Joël Knafo<br />182 rue du Faubourg Saint-Honoré<br />75008 PARIS<br />France<br />33(0)7 81 61 21 57','','2018-11-21 16:52:23'),(66,73,66,217,'2018-12-13 10:49:14',0.000000,0.000000,960.000000,960.000000,960.000000,960.000000,0.000000,0.000000,0,0.000000,0.000000,'Galerie Joël Knafo<br />182 rue du Faubourg Saint-Honoré<br />75008 PARIS<br />France<br />33(0)7 81 61 21 57','','2018-11-21 17:09:30'),(67,74,67,234,'2018-12-13 11:00:16',0.000000,0.000000,580.000000,580.000000,580.000000,580.000000,0.000000,0.000000,0,0.000000,0.000000,'Galerie Joël Knafo<br />182 rue du Faubourg Saint-Honoré<br />75008 PARIS<br />France<br />33(0)7 81 61 21 57','','2018-11-21 17:19:44'),(68,47,68,0,'0000-00-00 00:00:00',150.000000,150.000000,450.000000,450.000000,600.000000,600.000000,0.000000,0.000000,0,0.000000,0.000000,'Galerie Joël Knafo<br />182 rue du Faubourg Saint-Honoré<br />75008 PARIS<br />France<br />33(0)7 81 61 21 57','','2018-11-21 18:20:53'),(69,75,69,33,'2018-11-22 19:08:33',12.500000,15.000000,433.340000,520.000000,433.340000,520.000000,12.500000,15.000000,0,0.000000,0.000000,'Litho.Online<br />21 rue Véron<br />75018 PARIS<br />France<br />+33(0)781612157','','2018-11-22 16:51:31'),(70,67,70,0,'0000-00-00 00:00:00',200.000000,200.000000,1000.000000,1000.000000,1200.000000,1200.000000,0.000000,0.000000,0,0.000000,0.000000,'Galerie Joël Knafo<br />182 rue du Faubourg Saint-Honoré<br />75008 PARIS<br />France<br />33(0)7 81 61 21 57','','2018-11-23 18:28:20'),(71,76,71,228,'2018-12-06 16:47:10',0.000000,0.000000,250.000000,300.000000,250.000000,300.000000,0.000000,0.000000,0,0.000000,0.000000,'Litho.Online<br />21 rue Véron<br />75018 PARIS<br />France<br />+33(0)781612157','','2018-11-24 13:45:13'),(72,77,72,212,'2018-12-13 10:42:41',500.000000,500.000000,2000.000000,2000.000000,2500.000000,2500.000000,0.000000,0.000000,0,0.000000,0.000000,'Galerie Joël Knafo<br />182 rue du Faubourg Saint-Honoré<br />75008 PARIS<br />France<br />33(0)7 81 61 21 57','','2018-11-24 14:10:59'),(73,79,73,206,'2018-12-04 16:08:15',41.670000,50.000000,1666.660000,2000.000000,1708.330000,2050.000000,0.000000,0.000000,0,0.000000,0.000000,'Litho.Online<br />21 rue Véron<br />75018 PARIS<br />France<br />+33(0)781612157','','2018-11-24 15:41:08'),(74,80,74,207,'2018-12-04 16:09:11',208.330000,250.000000,1000.000000,1200.000000,1208.330000,1450.000000,0.000000,0.000000,0,0.000000,0.000000,'Litho.Online<br />21 rue Véron<br />75018 PARIS<br />France<br />+33(0)781612157','','2018-11-24 16:01:46'),(75,81,75,208,'2018-12-04 16:09:56',0.000000,0.000000,358.330000,430.000000,358.330000,430.000000,0.000000,0.000000,0,0.000000,0.000000,'Litho.Online<br />21 rue Véron<br />75018 PARIS<br />France<br />+33(0)781612157','','2018-11-24 16:20:40'),(76,82,76,209,'2018-12-04 16:10:22',0.000000,0.000000,208.330000,250.000000,208.330000,250.000000,0.000000,0.000000,0,0.000000,0.000000,'Litho.Online<br />21 rue Véron<br />75018 PARIS<br />France<br />+33(0)781612157','','2018-11-24 16:30:02'),(77,83,77,210,'2018-12-04 16:11:01',108.330000,130.000000,625.000000,750.000000,733.330000,880.000000,0.000000,0.000000,0,0.000000,0.000000,'Litho.Online<br />21 rue Véron<br />75018 PARIS<br />France<br />+33(0)781612157','','2018-11-24 16:52:13'),(78,84,78,211,'2018-12-04 16:11:42',83.330000,100.000000,416.670000,500.000000,500.000000,600.000000,0.000000,0.000000,0,0.000000,0.000000,'Litho.Online<br />21 rue Véron<br />75018 PARIS<br />France<br />+33(0)781612157','','2018-11-24 17:00:58'),(79,85,79,212,'2018-12-04 16:12:18',75.000000,90.000000,333.330000,400.000000,408.330000,490.000000,0.000000,0.000000,0,0.000000,0.000000,'Litho.Online<br />21 rue Véron<br />75018 PARIS<br />France<br />+33(0)781612157','','2018-11-24 17:16:18'),(80,86,80,235,'2018-12-08 15:18:11',0.000000,0.000000,50.000000,60.000000,50.000000,60.000000,0.000000,0.000000,0,0.000000,0.000000,'Litho.Online<br />21 rue Véron<br />75018 PARIS<br />France<br />+33(0)781612157','','2018-11-24 17:28:04'),(81,87,81,229,'2018-12-06 16:49:17',0.000000,0.000000,28.440000,30.000000,28.440000,30.000000,0.000000,0.000000,0,0.000000,0.000000,'Litho.Online<br />21 rue Véron<br />75018 PARIS<br />France<br />+33(0)781612157','','2018-11-24 17:32:02'),(82,88,82,213,'2018-12-04 16:14:37',104.170000,125.000000,104.160000,125.000000,208.330000,250.000000,0.000000,0.000000,0,0.000000,0.000000,'Litho.Online<br />21 rue Véron<br />75018 PARIS<br />France<br />+33(0)781612157','','2018-11-24 17:39:15'),(83,89,83,214,'2018-12-04 16:15:04',0.000000,0.000000,297.390000,350.000000,297.390000,350.000000,0.000000,0.000000,0,0.000000,0.000000,'Litho.Online<br />21 rue Véron<br />75018 PARIS<br />France<br />+33(0)781612157','','2018-11-24 18:08:10'),(84,90,84,215,'2018-12-04 16:15:42',0.000000,0.000000,291.670000,350.000000,291.670000,350.000000,0.000000,0.000000,0,0.000000,0.000000,'Litho.Online<br />21 rue Véron<br />75018 PARIS<br />France<br />+33(0)781612157','','2018-11-24 18:20:57'),(85,91,85,217,'2018-12-04 16:26:46',0.000000,0.000000,500.000000,600.000000,500.000000,600.000000,0.000000,0.000000,0,0.000000,0.000000,'Litho.Online<br />21 rue Véron<br />75018 PARIS<br />France<br />+33(0)781612157','','2018-11-24 18:32:48'),(86,92,86,218,'2018-12-04 16:27:14',0.000000,0.000000,350.000000,420.000000,350.000000,420.000000,0.000000,0.000000,0,0.000000,0.000000,'Litho.Online<br />21 rue Véron<br />75018 PARIS<br />France<br />+33(0)781612157','','2018-11-24 18:34:49'),(87,93,87,35,'2018-11-28 16:50:29',0.000000,0.000000,208.330000,250.000000,208.330000,250.000000,0.000000,0.000000,0,0.000000,0.000000,'Litho.Online<br />21 rue Véron<br />75018 PARIS<br />France<br />+33(0)781612157','','2018-11-24 18:49:15'),(88,78,88,34,'2018-11-27 12:22:27',12.500000,15.000000,416.670000,500.000000,416.670000,500.000000,12.500000,15.000000,0,0.000000,0.000000,'Litho.Online<br />21 rue Véron<br />75018 PARIS<br />France<br />+33(0)781612157','','2018-11-24 19:15:16'),(89,94,89,0,'0000-00-00 00:00:00',358.330000,430.000000,1000.000000,1200.000000,1358.330000,1630.000000,0.000000,0.000000,0,0.000000,0.000000,'Litho.Online<br />21 rue Véron<br />75018 PARIS<br />France<br />+33(0)781612157','','2018-11-24 19:20:54'),(90,95,90,0,'0000-00-00 00:00:00',0.000000,0.000000,112.500000,135.000000,100.000000,120.000000,12.500000,15.000000,0,0.000000,0.000000,'Litho.Online<br />21 rue Véron<br />75018 PARIS<br />France<br />+33(0)781612157','','2018-11-26 16:25:18'),(91,98,91,0,'0000-00-00 00:00:00',0.000000,0.000000,125.000000,150.000000,125.000000,150.000000,0.000000,0.000000,0,0.000000,0.000000,'Galerie Joël Knafo<br />182 rue du Faubourg Saint-Honoré<br />75008 PARIS<br />France<br />33(0)7 81 61 21 57','','2018-11-27 12:18:50'),(92,97,92,0,'0000-00-00 00:00:00',0.000000,0.000000,125.000000,150.000000,125.000000,150.000000,0.000000,0.000000,0,0.000000,0.000000,'Galerie Joël Knafo<br />182 rue du Faubourg Saint-Honoré<br />75008 PARIS<br />France<br />33(0)7 81 61 21 57','','2018-11-27 12:24:27'),(93,96,93,241,'2018-12-21 13:21:26',0.000000,0.000000,125.000000,150.000000,125.000000,150.000000,0.000000,0.000000,0,0.000000,0.000000,'Galerie Joël Knafo<br />182 rue du Faubourg Saint-Honoré<br />75008 PARIS<br />France<br />33(0)7 81 61 21 57','','2018-11-27 12:25:11'),(94,99,94,201,'2018-12-04 14:06:06',150.000000,180.000000,2800.000000,2800.000000,2800.000000,2800.000000,150.000000,180.000000,0,0.000000,0.000000,'Galerie Joël Knafo<br />182 rue du Faubourg Saint-Honoré<br />75008 PARIS<br />France<br />33(0)7 81 61 21 57','','2018-11-27 18:31:12'),(95,100,95,0,'0000-00-00 00:00:00',0.000000,0.000000,387.500000,465.000000,375.000000,450.000000,12.500000,15.000000,0,0.000000,0.000000,'Litho.Online<br />21 rue Véron<br />75018 PARIS<br />France<br />+33(0)781612157','','2018-11-27 19:44:13'),(96,3,96,0,'0000-00-00 00:00:00',433.330000,520.000000,1805.000000,2166.000000,2238.330000,2686.000000,0.000000,0.000000,0,0.000000,0.000000,'Litho.Online<br />21 rue Véron<br />75018 PARIS<br />France<br />+33(0)781612157','','2018-11-27 20:15:23'),(97,101,97,0,'0000-00-00 00:00:00',0.000000,0.000000,125.000000,150.000000,125.000000,150.000000,0.000000,0.000000,0,0.000000,0.000000,'Litho.Online<br />21 rue Véron<br />75018 PARIS<br />France<br />+33(0)781612157','','2018-11-27 20:40:14'),(98,102,98,216,'2018-12-13 10:45:48',150.000000,180.000000,4000.000000,4000.000000,4000.000000,4000.000000,150.000000,180.000000,0,0.000000,0.000000,'Galerie Joël Knafo<br />182 rue du Faubourg Saint-Honoré<br />75008 PARIS<br />France<br />33(0)7 81 61 21 57','','2018-11-27 20:46:21'),(99,103,99,238,'2018-12-13 12:15:18',0.000000,0.000000,125.000000,150.000000,125.000000,150.000000,0.000000,0.000000,0,0.000000,0.000000,'Galerie Joël Knafo<br />182 rue du Faubourg Saint-Honoré<br />75008 PARIS<br />France<br />33(0)7 81 61 21 57','','2018-11-27 23:13:08'),(100,104,100,202,'2018-12-04 14:10:28',80.000000,96.000000,1400.000000,1400.000000,1400.000000,1400.000000,80.000000,96.000000,0,0.000000,0.000000,'Galerie Joël Knafo<br />182 rue du Faubourg Saint-Honoré<br />75008 PARIS<br />France<br />33(0)7 81 61 21 57','','2018-11-28 10:26:15'),(101,105,101,215,'2018-12-13 10:44:50',80.000000,96.000000,2200.000000,2200.000000,2200.000000,2200.000000,80.000000,96.000000,0,0.000000,0.000000,'Galerie Joël Knafo<br />182 rue du Faubourg Saint-Honoré<br />75008 PARIS<br />France<br />33(0)7 81 61 21 57','','2018-11-28 13:20:28'),(102,106,102,219,'2018-12-04 16:28:01',8.330000,10.000000,200.000000,240.000000,208.330000,250.000000,0.000000,0.000000,0,0.000000,0.000000,'Litho.Online<br />21 rue Véron<br />75018 PARIS<br />France<br />+33(0)781612157','','2018-11-29 13:22:30'),(103,107,103,220,'2018-12-04 16:29:59',8.330000,10.000000,200.000000,240.000000,208.330000,250.000000,0.000000,0.000000,0,0.000000,0.000000,'Litho.Online<br />21 rue Véron<br />75018 PARIS<br />France<br />+33(0)781612157','','2018-11-29 13:38:10'),(104,108,104,221,'2018-12-04 16:30:17',0.000000,0.000000,208.330000,250.000000,208.330000,250.000000,0.000000,0.000000,0,0.000000,0.000000,'Litho.Online<br />21 rue Véron<br />75018 PARIS<br />France<br />+33(0)781612157','','2018-11-29 14:46:40'),(105,71,105,207,'2018-12-13 10:38:51',0.000000,0.000000,1100.000000,1100.000000,1100.000000,1100.000000,0.000000,0.000000,0,0.000000,0.000000,'Galerie Joël Knafo<br />182 rue du Faubourg Saint-Honoré<br />75008 PARIS<br />France<br />33(0)7 81 61 21 57','','2018-11-29 14:49:58'),(106,109,106,222,'2018-12-04 16:30:35',0.000000,0.000000,208.330000,250.000000,208.330000,250.000000,0.000000,0.000000,0,0.000000,0.000000,'Litho.Online<br />21 rue Véron<br />75018 PARIS<br />France<br />+33(0)781612157','','2018-11-29 15:57:34'),(107,110,107,223,'2018-12-04 16:31:57',0.000000,0.000000,208.330000,250.000000,208.330000,250.000000,0.000000,0.000000,0,0.000000,0.000000,'Litho.Online<br />21 rue Véron<br />75018 PARIS<br />France<br />+33(0)781612157','','2018-11-29 16:04:17'),(108,111,108,214,'2018-12-13 10:44:25',0.000000,0.000000,750.000000,750.000000,750.000000,750.000000,0.000000,0.000000,0,0.000000,0.000000,'Galerie Joël Knafo<br />182 rue du Faubourg Saint-Honoré<br />75008 PARIS<br />France<br />33(0)7 81 61 21 57','','2018-11-29 16:14:52'),(109,112,109,224,'2018-12-04 16:32:28',0.000000,0.000000,208.330000,250.000000,208.330000,250.000000,0.000000,0.000000,0,0.000000,0.000000,'Litho.Online<br />21 rue Véron<br />75018 PARIS<br />France<br />+33(0)781612157','','2018-11-29 16:31:49'),(110,68,110,206,'2018-12-13 10:38:14',0.000000,0.000000,6600.000000,6600.000000,6600.000000,6600.000000,0.000000,0.000000,0,0.000000,0.000000,'Galerie Joël Knafo<br />182 rue du Faubourg Saint-Honoré<br />75008 PARIS<br />France<br />33(0)7 81 61 21 57','','2018-11-29 17:23:12'),(111,113,111,201,'2018-11-30 18:11:48',0.000000,0.000000,112.500000,135.000000,100.000000,120.000000,12.500000,15.000000,0,0.000000,0.000000,'Litho.Online<br />21 rue Véron<br />75018 PARIS<br />France<br />+33(0)781612157','','2018-11-29 19:58:26'),(112,114,112,203,'2018-12-04 15:10:51',0.000000,0.000000,3150.000000,3180.000000,3000.000000,3000.000000,150.000000,180.000000,0,0.000000,0.000000,'Galerie Joël Knafo<br />182 rue du Faubourg Saint-Honoré<br />75008 PARIS<br />France<br />33(0)7 81 61 21 57','','2018-11-29 20:04:39'),(113,115,113,213,'2018-12-13 10:43:53',0.000000,0.000000,125.000000,150.000000,125.000000,150.000000,0.000000,0.000000,0,0.000000,0.000000,'Galerie Joël Knafo<br />182 rue du Faubourg Saint-Honoré<br />75008 PARIS<br />France<br />33(0)7 81 61 21 57','','2018-11-29 20:21:20'),(114,116,201,0,'0000-00-00 00:00:00',0.000000,0.000000,125.000000,150.000000,125.000000,150.000000,0.000000,0.000000,0,0.000000,0.000000,'Litho.Online<br />21 rue Véron<br />75018 PARIS<br />France<br />+33(0)781612157','','2018-11-30 15:14:18'),(115,117,202,205,'2018-12-04 16:04:09',0.000000,0.000000,41.670000,50.000000,41.670000,50.000000,0.000000,0.000000,0,0.000000,0.000000,'Litho.Online<br />21 rue Véron<br />75018 PARIS<br />France<br />+33(0)781612157','','2018-11-30 15:41:24'),(116,118,203,204,'2018-12-04 16:03:35',0.000000,0.000000,166.670000,200.000000,166.670000,200.000000,0.000000,0.000000,0,0.000000,0.000000,'Litho.Online<br />21 rue Véron<br />75018 PARIS<br />France<br />+33(0)781612157','','2018-11-30 15:49:27'),(117,119,204,202,'2018-12-03 16:20:32',0.000000,0.000000,54.170000,65.000000,41.670000,50.000000,12.500000,15.000000,0,0.000000,0.000000,'Litho.Online<br />21 rue Véron<br />75018 PARIS<br />France<br />+33(0)781612157','','2018-11-30 17:00:20'),(118,120,205,231,'2018-12-06 19:44:36',0.000000,0.000000,333.330000,400.000000,333.330000,400.000000,0.000000,0.000000,0,0.000000,0.000000,'Litho.Online<br />21 rue Véron<br />75018 PARIS<br />France<br />+33(0)781612157','','2018-11-30 17:42:28'),(119,121,201,205,'2018-12-13 01:11:24',0.000000,0.000000,8380.000000,8416.000000,8200.000000,8200.000000,180.000000,216.000000,0,0.000000,0.000000,'Galerie Joël Knafo<br />182 rue du Faubourg Saint-Honoré<br />75008 PARIS<br />France<br />33(0)7 81 61 21 57','','2018-11-30 18:21:34'),(120,122,202,237,'2018-12-13 11:01:40',0.000000,0.000000,350.000000,350.000000,350.000000,350.000000,0.000000,0.000000,0,0.000000,0.000000,'Galerie Joël Knafo<br />182 rue du Faubourg Saint-Honoré<br />75008 PARIS<br />France<br />33(0)7 81 61 21 57','','2018-12-01 11:47:50'),(121,123,206,234,'2018-12-07 19:50:32',0.000000,0.000000,220.840000,265.000000,208.340000,250.000000,12.500000,15.000000,0,0.000000,0.000000,'Litho.Online<br />21 rue Véron<br />75018 PARIS<br />France<br />+33(0)781612157','','2018-12-02 15:03:49'),(122,125,207,232,'2018-12-07 19:50:29',0.000000,0.000000,179.170000,215.000000,166.670000,200.000000,12.500000,15.000000,0,0.000000,0.000000,'Litho.Online<br />21 rue Véron<br />75018 PARIS<br />France<br />+33(0)781612157','','2018-12-03 11:40:05'),(123,124,208,233,'2018-12-07 19:50:30',0.000000,0.000000,237.500000,285.000000,225.000000,270.000000,12.500000,15.000000,0,0.000000,0.000000,'Litho.Online<br />21 rue Véron<br />75018 PARIS<br />France<br />+33(0)781612157','','2018-12-03 23:26:52'),(124,126,203,244,'2019-01-12 18:12:51',0.000000,0.000000,850.000000,850.000000,850.000000,850.000000,0.000000,0.000000,0,0.000000,0.000000,'Galerie Joël Knafo<br />182 rue du Faubourg Saint-Honoré<br />75008 PARIS<br />France<br />33(0)7 81 61 21 57','','2018-12-03 23:43:44'),(125,127,204,204,'2018-12-05 13:53:59',0.000000,0.000000,2300.000000,2300.000000,2300.000000,2300.000000,0.000000,0.000000,0,0.000000,0.000000,'Galerie Joël Knafo<br />182 rue du Faubourg Saint-Honoré<br />75008 PARIS<br />France<br />33(0)7 81 61 21 57','','2018-12-03 23:54:38'),(126,128,209,203,'2018-12-04 15:28:54',0.000000,0.000000,500.000000,600.000000,500.000000,600.000000,0.000000,0.000000,0,0.000000,0.000000,'Litho.Online<br />21 rue Véron<br />75018 PARIS<br />France<br />+33(0)781612157','','2018-12-04 15:28:33'),(127,129,210,0,'0000-00-00 00:00:00',20.830000,25.000000,395.840000,475.000000,416.670000,500.000000,0.000000,0.000000,0,0.000000,0.000000,'Litho.Online<br />21 rue Véron<br />75018 PARIS<br />France<br />+33(0)781612157','','2018-12-04 15:54:51'),(128,130,211,238,'2018-12-13 11:34:59',0.000000,0.000000,416.670000,500.000000,416.670000,500.000000,0.000000,0.000000,0,0.000000,0.000000,'Litho.Online<br />21 rue Véron<br />75018 PARIS<br />France<br />+33(0)781612157','','2018-12-05 11:17:18'),(129,131,212,0,'0000-00-00 00:00:00',0.000000,0.000000,47.390000,50.000000,47.390000,50.000000,0.000000,0.000000,0,0.000000,0.000000,'Litho.Online<br />21 rue Véron<br />75018 PARIS<br />France<br />+33(0)781612157','','2018-12-05 13:17:01'),(130,132,213,0,'0000-00-00 00:00:00',0.000000,0.000000,208.530000,220.000000,208.530000,220.000000,0.000000,0.000000,0,0.000000,0.000000,'Litho.Online<br />21 rue Véron<br />75018 PARIS<br />France<br />+33(0)781612157','','2018-12-05 13:24:04'),(131,133,214,0,'0000-00-00 00:00:00',0.000000,0.000000,125.000000,150.000000,125.000000,150.000000,0.000000,0.000000,0,0.000000,0.000000,'Litho.Online<br />21 rue Véron<br />75018 PARIS<br />France<br />+33(0)781612157','','2018-12-05 13:30:13'),(132,134,215,226,'2018-12-06 16:33:21',0.000000,0.000000,24.170000,29.000000,24.170000,29.000000,0.000000,0.000000,0,0.000000,0.000000,'Litho.Online<br />21 rue Véron<br />75018 PARIS<br />France<br />+33(0)781612157','','2018-12-06 16:33:21'),(133,135,216,227,'2018-12-06 16:34:49',0.000000,0.000000,24.170000,29.000000,24.170000,29.000000,0.000000,0.000000,0,0.000000,0.000000,'Litho.Online<br />21 rue Véron<br />75018 PARIS<br />France<br />+33(0)781612157','','2018-12-06 16:34:49'),(134,136,217,230,'2018-12-06 16:52:14',0.000000,0.000000,83.340000,100.000000,83.340000,100.000000,0.000000,0.000000,0,0.000000,0.000000,'Litho.Online<br />21 rue Véron<br />75018 PARIS<br />France<br />+33(0)781612157','','2018-12-06 16:52:14'),(135,137,218,0,'0000-00-00 00:00:00',0.000000,0.000000,100.000000,120.000000,100.000000,120.000000,0.000000,0.000000,0,0.000000,0.000000,'Litho.Online<br />21 rue Véron<br />75018 PARIS<br />France<br />+33(0)781612157','','2018-12-07 08:16:14'),(136,138,219,0,'0000-00-00 00:00:00',0.000000,0.000000,162.500000,195.000000,162.500000,195.000000,0.000000,0.000000,0,0.000000,0.000000,'Litho.Online<br />21 rue Véron<br />75018 PARIS<br />France<br />+33(0)781612157','','2018-12-07 16:53:27'),(137,140,220,236,'2018-12-08 19:49:40',0.000000,0.000000,162.500000,195.000000,162.500000,195.000000,0.000000,0.000000,0,0.000000,0.000000,'Litho.Online<br />21 rue Véron<br />75018 PARIS<br />France<br />+33(0)781612157','','2018-12-08 19:49:40'),(138,141,221,237,'2018-12-08 19:56:21',0.000000,0.000000,83.330000,100.000000,83.330000,100.000000,0.000000,0.000000,0,0.000000,0.000000,'Litho.Online<br />21 rue Véron<br />75018 PARIS<br />France<br />+33(0)781612157','','2018-12-08 19:56:21'),(139,143,222,247,'2018-12-15 15:41:19',0.000000,0.000000,291.670000,350.000000,291.670000,350.000000,0.000000,0.000000,0,0.000000,0.000000,'Litho.Online<br />21 rue Véron<br />75018 PARIS<br />France<br />+33(0)781612157','','2018-12-11 20:16:30'),(140,142,223,242,'2018-12-14 19:03:00',0.000000,0.000000,304.170000,365.000000,291.670000,350.000000,12.500000,15.000000,0,0.000000,0.000000,'Litho.Online<br />21 rue Véron<br />75018 PARIS<br />France<br />+33(0)781612157','','2018-12-12 00:07:24'),(141,139,205,240,'2018-12-20 12:35:20',0.000000,0.000000,3800.000000,3800.000000,3800.000000,3800.000000,0.000000,0.000000,0,0.000000,0.000000,'Galerie Joël Knafo<br />182 rue du Faubourg Saint-Honoré<br />75008 PARIS<br />France<br />33(0)7 81 61 21 57','','2018-12-12 12:07:19'),(142,144,224,269,'2019-01-31 18:28:46',0.000000,0.000000,291.670000,350.000000,291.670000,350.000000,0.000000,0.000000,0,0.000000,0.000000,'Litho.Online<br />21 rue Véron<br />75018 PARIS<br />France<br />+33(0)781612157','','2018-12-13 01:10:00'),(143,20,206,233,'2018-12-13 10:59:04',100.000000,100.000000,1200.000000,1200.000000,1300.000000,1300.000000,0.000000,0.000000,0,0.000000,0.000000,'Galerie Joël Knafo<br />182 rue du Faubourg Saint-Honoré<br />75008 PARIS<br />France<br />33(0)7 81 61 21 57','','2018-12-13 10:59:04'),(144,145,225,241,'2018-12-14 19:02:59',0.000000,0.000000,405.000000,486.000000,405.000000,486.000000,0.000000,0.000000,0,0.000000,0.000000,'Litho.Online<br />21 rue Véron<br />75018 PARIS<br />France<br />+33(0)781612157','','2018-12-13 13:50:56'),(145,146,226,241,'2018-12-14 19:02:59',0.000000,0.000000,180.840000,217.000000,180.840000,217.000000,0.000000,0.000000,0,0.000000,0.000000,'Litho.Online<br />21 rue Véron<br />75018 PARIS<br />France<br />+33(0)781612157','','2018-12-13 14:00:49'),(146,147,227,239,'2018-12-14 16:29:52',0.000000,0.000000,166.670000,200.000000,166.670000,200.000000,0.000000,0.000000,0,0.000000,0.000000,'Litho.Online<br />21 rue Véron<br />75018 PARIS<br />France<br />+33(0)781612157','','2018-12-13 22:35:19'),(147,148,228,240,'2018-12-14 18:41:42',0.000000,0.000000,304.170000,365.000000,291.670000,350.000000,12.500000,15.000000,0,0.000000,0.000000,'Litho.Online<br />21 rue Véron<br />75018 PARIS<br />France<br />+33(0)781612157','','2018-12-14 08:36:11'),(148,149,229,0,'0000-00-00 00:00:00',0.000000,0.000000,304.170000,365.000000,291.670000,350.000000,12.500000,15.000000,0,0.000000,0.000000,'Litho.Online<br />21 rue Véron<br />75018 PARIS<br />France<br />+33(0)781612157','','2018-12-14 10:37:28'),(149,150,230,253,'2018-12-17 17:56:52',0.000000,0.000000,175.000000,210.000000,162.500000,195.000000,12.500000,15.000000,0,0.000000,0.000000,'Litho.Online<br />21 rue Véron<br />75018 PARIS<br />France<br />+33(0)781612157','','2018-12-15 12:17:13'),(150,151,231,243,'2018-12-15 14:35:12',0.000000,0.000000,816.670000,980.000000,816.670000,980.000000,0.000000,0.000000,0,0.000000,0.000000,'Litho.Online<br />21 rue Véron<br />75018 PARIS<br />France<br />+33(0)781612157','','2018-12-15 14:34:53'),(151,152,232,244,'2018-12-15 14:58:02',0.000000,0.000000,63.980000,67.500000,63.980000,67.500000,0.000000,0.000000,0,0.000000,0.000000,'Litho.Online<br />21 rue Véron<br />75018 PARIS<br />France<br />+33(0)781612157','','2018-12-15 14:58:02'),(152,153,233,245,'2018-12-15 14:59:06',0.000000,0.000000,100.000000,120.000000,100.000000,120.000000,0.000000,0.000000,0,0.000000,0.000000,'Litho.Online<br />21 rue Véron<br />75018 PARIS<br />France<br />+33(0)781612157','','2018-12-15 14:59:06'),(153,154,234,246,'2018-12-15 15:02:19',0.000000,0.000000,139.350000,147.010000,139.350000,147.010000,0.000000,0.000000,0,0.000000,0.000000,'Litho.Online<br />21 rue Véron<br />75018 PARIS<br />France<br />+33(0)781612157','','2018-12-15 15:02:19'),(154,155,235,252,'2018-12-17 17:53:04',0.000000,0.000000,183.330000,220.000000,183.330000,220.000000,0.000000,0.000000,0,0.000000,0.000000,'Litho.Online<br />21 rue Véron<br />75018 PARIS<br />France<br />+33(0)781612157','','2018-12-15 15:16:06'),(155,156,236,248,'2018-12-17 17:25:36',0.000000,0.000000,266.670000,320.000000,266.670000,320.000000,0.000000,0.000000,0,0.000000,0.000000,'Litho.Online<br />21 rue Véron<br />75018 PARIS<br />France<br />+33(0)781612157','','2018-12-15 18:22:16'),(156,158,237,250,'2018-12-17 17:44:22',0.000000,0.000000,304.170000,365.000000,291.670000,350.000000,12.500000,15.000000,0,0.000000,0.000000,'Litho.Online<br />21 rue Véron<br />75018 PARIS<br />France<br />+33(0)781612157','','2018-12-16 14:15:22'),(157,157,238,251,'2018-12-17 17:44:29',0.000000,0.000000,304.170000,365.000000,291.670000,350.000000,12.500000,15.000000,0,0.000000,0.000000,'Litho.Online<br />21 rue Véron<br />75018 PARIS<br />France<br />+33(0)781612157','','2018-12-17 11:05:33'),(158,159,239,250,'2018-12-17 17:44:22',12.500000,15.000000,516.670000,620.000000,516.670000,620.000000,12.500000,15.000000,0,0.000000,0.000000,'Litho.Online<br />21 rue Véron<br />75018 PARIS<br />France<br />+33(0)781612157','','2018-12-17 14:56:58'),(159,160,240,249,'2018-12-17 17:44:17',0.000000,0.000000,262.500000,315.000000,250.000000,300.000000,12.500000,15.000000,0,0.000000,0.000000,'Litho.Online<br />21 rue Véron<br />75018 PARIS<br />France<br />+33(0)781612157','','2018-12-17 15:02:53'),(160,161,241,0,'0000-00-00 00:00:00',0.000000,0.000000,166.670000,200.000000,166.670000,200.000000,0.000000,0.000000,0,0.000000,0.000000,'Litho.Online<br />21 rue Véron<br />75018 PARIS<br />France<br />+33(0)781612157','','2018-12-17 15:51:16'),(161,162,242,0,'0000-00-00 00:00:00',0.000000,0.000000,291.670000,350.000000,291.670000,350.000000,0.000000,0.000000,0,0.000000,0.000000,'Litho.Online<br />21 rue Véron<br />75018 PARIS<br />France<br />+33(0)781612157','','2018-12-17 17:15:44'),(162,163,243,0,'0000-00-00 00:00:00',0.000000,0.000000,291.670000,350.000000,291.670000,350.000000,0.000000,0.000000,0,0.000000,0.000000,'Litho.Online<br />21 rue Véron<br />75018 PARIS<br />France<br />+33(0)781612157','','2018-12-17 17:19:11'),(163,164,244,0,'0000-00-00 00:00:00',0.000000,0.000000,291.670000,350.000000,291.670000,350.000000,0.000000,0.000000,0,0.000000,0.000000,'Litho.Online<br />21 rue Véron<br />75018 PARIS<br />France<br />+33(0)781612157','','2018-12-17 17:23:03'),(164,165,245,0,'0000-00-00 00:00:00',0.000000,0.000000,291.670000,350.000000,291.670000,350.000000,0.000000,0.000000,0,0.000000,0.000000,'Litho.Online<br />21 rue Véron<br />75018 PARIS<br />France<br />+33(0)781612157','','2018-12-17 17:28:24'),(165,166,246,0,'0000-00-00 00:00:00',0.000000,0.000000,291.670000,350.000000,291.670000,350.000000,0.000000,0.000000,0,0.000000,0.000000,'Litho.Online<br />21 rue Véron<br />75018 PARIS<br />France<br />+33(0)781612157','','2018-12-17 17:31:41'),(166,167,247,0,'0000-00-00 00:00:00',0.000000,0.000000,291.670000,350.000000,291.670000,350.000000,0.000000,0.000000,0,0.000000,0.000000,'Litho.Online<br />21 rue Véron<br />75018 PARIS<br />France<br />+33(0)781612157','','2018-12-17 17:45:44'),(167,168,248,254,'2018-12-18 17:37:34',0.000000,0.000000,416.660000,500.000000,416.660000,500.000000,0.000000,0.000000,0,0.000000,0.000000,'Litho.Online<br />21 rue Véron<br />75018 PARIS<br />France<br />+33(0)781612157','','2018-12-18 17:36:46'),(168,169,249,255,'2018-12-18 18:08:13',0.000000,0.000000,416.670000,500.000000,416.670000,500.000000,0.000000,0.000000,0,0.000000,0.000000,'Litho.Online<br />21 rue Véron<br />75018 PARIS<br />France<br />+33(0)781612157','','2018-12-18 18:07:34'),(169,170,250,256,'2018-12-18 18:33:52',0.000000,0.000000,333.330000,400.000000,333.330000,400.000000,0.000000,0.000000,0,0.000000,0.000000,'Litho.Online<br />21 rue Véron<br />75018 PARIS<br />France<br />+33(0)781612157','','2018-12-18 18:33:40'),(170,171,207,239,'2018-12-18 18:42:12',0.000000,0.000000,1100.000000,1100.000000,1100.000000,1100.000000,0.000000,0.000000,0,0.000000,0.000000,'Galerie Joël Knafo<br />182 rue du Faubourg Saint-Honoré<br />75008 PARIS<br />France<br />33(0)7 81 61 21 57','','2018-12-18 18:42:00'),(171,172,251,257,'2018-12-20 13:52:37',0.000000,0.000000,291.670000,350.000000,291.670000,350.000000,0.000000,0.000000,0,0.000000,0.000000,'Litho.Online<br />21 rue Véron<br />75018 PARIS<br />France<br />+33(0)781612157','','2018-12-20 13:52:37'),(172,173,252,260,'2018-12-20 18:56:32',0.000000,0.000000,120.830000,145.000000,120.830000,145.000000,0.000000,0.000000,0,0.000000,0.000000,'Litho.Online<br />21 rue Véron<br />75018 PARIS<br />France<br />+33(0)781612157','','2018-12-20 16:34:46'),(173,174,208,0,'0000-00-00 00:00:00',0.000000,0.000000,2000.000000,2000.000000,2000.000000,2000.000000,0.000000,0.000000,0,0.000000,0.000000,'Galerie Joël Knafo<br />182 rue du Faubourg Saint-Honoré<br />75008 PARIS<br />France<br />33(0)7 81 61 21 57','','2018-12-20 16:40:03'),(174,175,253,260,'2018-12-20 18:56:32',0.000000,0.000000,83.330000,100.000000,83.330000,100.000000,0.000000,0.000000,0,0.000000,0.000000,'Litho.Online<br />21 rue Véron<br />75018 PARIS<br />France<br />+33(0)781612157','','2018-12-20 16:41:14'),(175,176,254,258,'2018-12-20 17:10:11',0.000000,0.000000,291.670000,350.000000,291.670000,350.000000,0.000000,0.000000,0,0.000000,0.000000,'Litho.Online<br />21 rue Véron<br />75018 PARIS<br />France<br />+33(0)781612157','','2018-12-20 17:10:11'),(176,177,255,259,'2018-12-20 18:04:14',0.000000,0.000000,35.000000,42.000000,35.000000,42.000000,0.000000,0.000000,0,0.000000,0.000000,'Litho.Online<br />21 rue Véron<br />75018 PARIS<br />France<br />+33(0)781612157','','2018-12-20 18:04:14'),(177,178,209,242,'2018-12-21 13:52:35',0.000000,0.000000,2200.000000,2200.000000,2200.000000,2200.000000,0.000000,0.000000,0,0.000000,0.000000,'Galerie Joël Knafo<br />182 rue du Faubourg Saint-Honoré<br />75008 PARIS<br />France<br />33(0)7 81 61 21 57','','2018-12-21 13:52:25'),(178,179,256,268,'2019-01-04 16:39:29',0.000000,0.000000,250.000000,300.000000,250.000000,300.000000,0.000000,0.000000,0,0.000000,0.000000,'Litho.Online<br />21 rue Véron<br />75018 PARIS<br />France<br />+33(0)781612157','','2018-12-21 17:24:52'),(179,180,257,267,'2019-01-04 16:38:38',0.000000,0.000000,250.000000,300.000000,250.000000,300.000000,0.000000,0.000000,0,0.000000,0.000000,'Litho.Online<br />21 rue Véron<br />75018 PARIS<br />France<br />+33(0)781612157','','2018-12-21 17:26:07'),(180,181,210,243,'2018-12-21 17:44:54',0.000000,0.000000,1150.000000,1150.000000,1150.000000,1150.000000,0.000000,0.000000,0,0.000000,0.000000,'Galerie Joël Knafo<br />182 rue du Faubourg Saint-Honoré<br />75008 PARIS<br />France<br />33(0)7 81 61 21 57','','2018-12-21 17:44:42'),(181,182,258,261,'2018-12-22 16:57:22',0.000000,0.000000,166.670000,200.000000,166.670000,200.000000,0.000000,0.000000,0,0.000000,0.000000,'Litho.Online<br />21 rue Véron<br />75018 PARIS<br />France<br />+33(0)781612157','','2018-12-22 16:57:22'),(182,183,259,262,'2018-12-22 17:15:03',0.000000,0.000000,62.500000,75.000000,62.500000,75.000000,0.000000,0.000000,0,0.000000,0.000000,'Litho.Online<br />21 rue Véron<br />75018 PARIS<br />France<br />+33(0)781612157','','2018-12-22 17:15:03'),(183,184,260,263,'2018-12-22 17:20:13',0.000000,0.000000,150.000000,180.000000,150.000000,180.000000,0.000000,0.000000,0,0.000000,0.000000,'Litho.Online<br />21 rue Véron<br />75018 PARIS<br />France<br />+33(0)781612157','','2018-12-22 17:20:13'),(184,185,261,266,'2018-12-24 16:35:56',0.000000,0.000000,216.670000,260.000000,204.170000,245.000000,12.500000,15.000000,0,0.000000,0.000000,'Litho.Online<br />21 rue Véron<br />75018 PARIS<br />France<br />+33(0)781612157','','2018-12-24 14:36:56'),(185,186,262,265,'2018-12-24 16:35:52',12.500000,15.000000,170.830000,205.000000,170.830000,205.000000,12.500000,15.000000,0,0.000000,0.000000,'Litho.Online<br />21 rue Véron<br />75018 PARIS<br />France<br />+33(0)781612157','','2018-12-24 14:40:18'),(186,187,263,264,'2018-12-24 15:49:51',12.500000,15.000000,454.990000,546.000000,454.990000,546.000000,12.500000,15.000000,0,0.000000,0.000000,'Litho.Online<br />21 rue Véron<br />75018 PARIS<br />France<br />+33(0)781612157','','2018-12-24 14:52:12'),(187,188,264,0,'0000-00-00 00:00:00',0.000000,0.000000,304.170000,365.000000,291.670000,350.000000,12.500000,15.000000,0,0.000000,0.000000,'Litho.Online<br />21 rue Véron<br />75018 PARIS<br />France<br />+33(0)781612157','','2018-12-27 19:04:16');

--
-- Table structure for table `pre3303_order_invoice_payment`
--

CREATE TABLE `pre3303_order_invoice_payment` (
  `id_order_invoice` int(11) unsigned NOT NULL,
  `id_order_payment` int(11) unsigned NOT NULL,
  `id_order` int(11) unsigned NOT NULL,
  PRIMARY KEY (`id_order_invoice`,`id_order_payment`),
  KEY `order_payment` (`id_order_payment`),
  KEY `id_order` (`id_order`)
) ENGINE=InnoDB DEFAULT CHARSET=utf8;

--
-- Dumping data for table `pre3303_order_invoice_payment`
--

INSERT INTO `pre3303_order_invoice_payment` VALUES (2,1,4),(3,2,5),(4,3,6),(5,4,7),(6,5,8),(7,6,9),(8,7,10),(8,8,10),(9,9,11),(10,10,12),(11,11,13),(12,12,14),(13,13,15),(14,14,16),(15,15,17),(16,16,18),(17,17,19),(143,141,20),(18,18,21),(19,19,22),(20,20,23),(21,21,24),(22,22,25),(23,23,26),(24,24,27),(25,25,28),(26,26,29),(27,27,30),(28,28,31),(29,29,32),(30,30,33),(31,31,34),(32,32,35),(33,33,36),(34,34,37),(35,35,38),(36,36,39),(37,37,40),(38,38,41),(39,39,42),(40,40,43),(41,41,44),(42,42,45),(43,43,46),(44,44,48),(45,45,49),(45,46,49),(46,47,50),(46,128,50),(47,48,51),(48,49,52),(49,50,53),(50,51,54),(51,52,55),(52,53,56),(53,54,57),(54,55,58),(55,56,59),(56,57,60),(57,58,61),(58,95,62),(59,59,63),(60,60,64),(61,61,65),(61,175,65),(62,62,66),(110,139,68),(63,63,69),(64,64,70),(105,140,71),(66,65,73),(67,66,74),(69,67,75),(71,68,76),(72,69,77),(88,85,78),(73,70,79),(74,71,80),(75,72,81),(76,73,82),(77,74,83),(77,99,83),(78,75,84),(79,76,85),(80,77,86),(81,78,87),(82,79,88),(83,80,89),(84,81,90),(85,82,91),(86,83,92),(87,84,93),(89,86,94),(90,87,95),(93,89,96),(91,88,98),(94,115,99),(95,90,100),(97,91,101),(98,94,102),(99,92,103),(100,93,104),(101,118,105),(102,96,106),(103,97,107),(104,98,108),(106,100,109),(107,101,110),(108,102,111),(109,103,112),(111,104,113),(112,116,114),(113,105,115),(114,106,116),(115,107,117),(116,108,118),(117,109,119),(118,110,120),(119,138,121),(120,111,122),(121,112,123),(123,114,124),(122,113,125),(124,187,126),(125,124,127),(126,117,128),(127,119,129),(128,120,130),(129,121,131),(130,122,132),(130,169,132),(131,123,133),(132,125,134),(133,126,135),(134,127,136),(135,129,137),(136,130,138),(141,135,139),(141,136,139),(137,131,140),(138,132,141),(140,134,142),(139,133,143),(142,137,144),(144,142,145),(145,143,146),(146,144,147),(147,145,148),(148,146,149),(149,147,150),(150,148,151),(151,149,152),(152,150,153),(153,151,154),(154,152,155),(155,153,156),(157,155,157),(156,154,158),(158,156,159),(159,157,160),(160,158,161),(161,159,162),(162,160,163),(163,161,164),(164,162,165),(165,163,166),(167,164,168),(168,165,169),(169,166,170),(170,167,171),(171,168,172),(172,170,173),(173,171,174),(174,172,175),(175,173,176),(176,174,177),(177,176,178),(178,177,179),(179,178,180),(180,179,181),(181,180,182),(182,181,183),(183,182,184),(184,183,185),(185,184,186),(186,185,187),(187,186,188);

--
-- Table structure for table `pre3303_order_invoice_tax`
--

CREATE TABLE `pre3303_order_invoice_tax` (
  `id_order_invoice` int(11) NOT NULL,
  `type` varchar(15) NOT NULL,
  `id_tax` int(11) NOT NULL,
  `amount` decimal(10,6) NOT NULL DEFAULT '0.000000',
  KEY `id_tax` (`id_tax`)
) ENGINE=InnoDB DEFAULT CHARSET=utf8;

--
-- Dumping data for table `pre3303_order_invoice_tax`
--

INSERT INTO `pre3303_order_invoice_tax` VALUES (1,'shipping',1,0.000000),(2,'shipping',1,0.000000),(3,'shipping',1,0.000000),(4,'shipping',1,9.166000),(5,'shipping',1,0.000000),(6,'shipping',1,0.000000),(7,'shipping',1,0.000000),(8,'shipping',1,0.000000),(9,'shipping',1,2.166000),(10,'shipping',1,0.000000),(11,'shipping',1,0.000000),(12,'shipping',1,0.000000),(13,'shipping',1,0.000000),(14,'shipping',1,0.000000),(15,'shipping',1,2.500000),(16,'shipping',1,2.500000),(17,'shipping',1,2.500000),(18,'shipping',1,0.000000),(19,'shipping',1,2.500000),(20,'shipping',1,2.500000),(21,'shipping',1,2.500000),(22,'shipping',1,2.500000),(23,'shipping',1,2.500000),(24,'shipping',1,2.500000),(25,'shipping',1,2.500000),(26,'shipping',1,2.500000),(27,'shipping',1,2.500000),(28,'shipping',1,2.500000),(29,'shipping',1,2.500000),(30,'shipping',1,2.500000),(31,'shipping',1,2.500000),(32,'shipping',1,2.500000),(33,'shipping',1,2.500000),(34,'shipping',1,2.500000),(35,'shipping',1,0.000000),(36,'shipping',1,0.000000),(37,'shipping',1,0.000000),(38,'shipping',1,0.000000),(39,'shipping',1,2.500000),(40,'shipping',1,0.000000),(41,'shipping',1,2.500000),(42,'shipping',1,0.000000),(43,'shipping',1,0.000000),(44,'shipping',1,0.000000),(45,'shipping',1,0.000000),(46,'shipping',1,0.000000),(47,'shipping',1,2.500000),(48,'shipping',1,2.500000),(49,'shipping',1,0.000000),(50,'shipping',1,0.000000),(51,'shipping',1,2.500000),(52,'shipping',1,0.000000),(53,'shipping',1,0.000000),(54,'shipping',1,0.000000),(55,'shipping',1,0.000000),(56,'shipping',1,0.000000),(57,'shipping',1,30.000000),(58,'shipping',1,0.000000),(59,'shipping',1,0.000000),(61,'shipping',1,0.000000),(62,'shipping',1,0.000000),(63,'shipping',1,0.000000),(64,'shipping',1,0.000000),(65,'shipping',1,0.000000),(66,'shipping',1,0.000000),(67,'shipping',1,0.000000),(68,'shipping',1,0.000000),(69,'shipping',1,2.500000),(70,'shipping',1,0.000000),(71,'shipping',1,0.000000),(72,'shipping',1,0.000000),(73,'shipping',1,0.000000),(74,'shipping',1,0.000000),(75,'shipping',1,0.000000),(76,'shipping',1,0.000000),(77,'shipping',1,0.000000),(78,'shipping',1,0.000000),(79,'shipping',1,0.000000),(80,'shipping',1,0.000000),(81,'shipping',1,0.000000),(82,'shipping',1,0.000000),(83,'shipping',1,0.000000),(84,'shipping',1,0.000000),(85,'shipping',1,0.000000),(86,'shipping',1,0.000000),(87,'shipping',1,0.000000),(88,'shipping',1,2.500000),(89,'shipping',1,0.000000),(90,'shipping',1,2.500000),(91,'shipping',1,0.000000),(92,'shipping',1,0.000000),(93,'shipping',1,0.000000),(94,'shipping',1,30.000000),(95,'shipping',1,2.500000),(96,'shipping',1,0.000000),(97,'shipping',1,0.000000),(98,'shipping',1,30.000000),(99,'shipping',1,0.000000),(100,'shipping',1,16.000000),(101,'shipping',1,16.000000),(102,'shipping',1,0.000000),(103,'shipping',1,0.000000),(104,'shipping',1,0.000000),(105,'shipping',1,0.000000),(106,'shipping',1,0.000000),(107,'shipping',1,0.000000),(108,'shipping',1,0.000000),(109,'shipping',1,0.000000),(110,'shipping',1,0.000000),(111,'shipping',1,2.500000),(112,'shipping',1,30.000000),(113,'shipping',1,0.000000),(114,'shipping',1,0.000000),(115,'shipping',1,0.000000),(116,'shipping',1,0.000000),(117,'shipping',1,2.500000),(118,'shipping',1,0.000000),(119,'shipping',1,36.000000),(121,'shipping',1,2.500000),(122,'shipping',1,2.500000),(123,'shipping',1,2.500000),(124,'shipping',1,0.000000),(125,'shipping',1,0.000000),(126,'shipping',1,0.000000),(127,'shipping',1,0.000000),(128,'shipping',1,0.000000),(129,'shipping',1,0.000000),(130,'shipping',1,0.000000),(131,'shipping',1,0.000000),(132,'shipping',1,0.000000),(133,'shipping',1,0.000000),(134,'shipping',1,0.000000),(135,'shipping',1,0.000000),(136,'shipping',1,0.000000),(137,'shipping',1,0.000000),(138,'shipping',1,0.000000),(139,'shipping',1,0.000000),(140,'shipping',1,2.500000),(141,'shipping',1,0.000000),(142,'shipping',1,0.000000),(143,'shipping',1,0.000000),(144,'shipping',1,0.000000),(145,'shipping',1,0.000000),(146,'shipping',1,0.000000),(147,'shipping',1,2.500000),(148,'shipping',1,2.500000),(149,'shipping',1,2.500000),(150,'shipping',1,0.000000),(151,'shipping',1,0.000000),(152,'shipping',1,0.000000),(153,'shipping',1,0.000000),(154,'shipping',1,0.000000),(155,'shipping',1,0.000000),(156,'shipping',1,2.500000),(157,'shipping',1,2.500000),(158,'shipping',1,2.500000),(159,'shipping',1,2.500000),(160,'shipping',1,0.000000),(161,'shipping',1,0.000000),(162,'shipping',1,0.000000),(163,'shipping',1,0.000000),(164,'shipping',1,0.000000),(165,'shipping',1,0.000000),(166,'shipping',1,0.000000),(167,'shipping',1,0.000000),(168,'shipping',1,0.000000),(169,'shipping',1,0.000000),(170,'shipping',1,0.000000),(171,'shipping',1,0.000000),(172,'shipping',1,0.000000),(173,'shipping',1,0.000000),(174,'shipping',1,0.000000),(175,'shipping',1,0.000000),(176,'shipping',1,0.000000),(177,'shipping',1,0.000000),(178,'shipping',1,0.000000),(179,'shipping',1,0.000000),(180,'shipping',1,0.000000),(181,'shipping',1,0.000000),(182,'shipping',1,0.000000),(183,'shipping',1,0.000000),(184,'shipping',1,2.500000),(185,'shipping',1,2.500000),(186,'shipping',1,2.500000),(187,'shipping',1,2.500000);

--
-- Table structure for table `pre3303_order_message`
--

CREATE TABLE `pre3303_order_message` (
  `id_order_message` int(10) unsigned NOT NULL AUTO_INCREMENT,
  `date_add` datetime NOT NULL,
  PRIMARY KEY (`id_order_message`)
) ENGINE=InnoDB DEFAULT CHARSET=utf8;

--
-- Dumping data for table `pre3303_order_message`
--


--
-- Table structure for table `pre3303_order_message_lang`
--

CREATE TABLE `pre3303_order_message_lang` (
  `id_order_message` int(10) unsigned NOT NULL,
  `id_lang` int(10) unsigned NOT NULL,
  `name` varchar(128) NOT NULL,
  `message` text NOT NULL,
  PRIMARY KEY (`id_order_message`,`id_lang`)
) ENGINE=InnoDB DEFAULT CHARSET=utf8;

--
-- Dumping data for table `pre3303_order_message_lang`
--


--
-- Table structure for table `pre3303_order_payment`
--

CREATE TABLE `pre3303_order_payment` (
  `id_order_payment` int(11) NOT NULL AUTO_INCREMENT,
  `order_reference` varchar(9) DEFAULT NULL,
  `id_currency` int(10) unsigned NOT NULL,
  `amount` decimal(10,2) NOT NULL,
  `payment_method` varchar(255) NOT NULL,
  `conversion_rate` decimal(13,6) NOT NULL DEFAULT '1.000000',
  `transaction_id` varchar(254) DEFAULT NULL,
  `card_number` varchar(254) DEFAULT NULL,
  `card_brand` varchar(254) DEFAULT NULL,
  `card_expiration` char(7) DEFAULT NULL,
  `card_holder` varchar(254) DEFAULT NULL,
  `date_add` datetime NOT NULL,
  PRIMARY KEY (`id_order_payment`),
  KEY `order_reference` (`order_reference`)
) ENGINE=InnoDB AUTO_INCREMENT=188 DEFAULT CHARSET=utf8;

--
-- Dumping data for table `pre3303_order_payment`
--

INSERT INTO `pre3303_order_payment` VALUES (1,'BZQTPNERA',1,5.00,'Braintree',1.000000,'k5hfaea4','','','','','2018-09-20 17:42:42'),(2,'RVYMUBDBF',1,2.00,'Braintree',1.000000,'3cwwmrev','','','','','2018-09-20 19:17:03'),(3,'EATTOEEYF',1,675.00,'Transfert bancaire',1.000000,'','','','','','2018-09-21 17:16:25'),(4,'QWBPWVDWD',1,150.00,'PayPal',1.000000,'','','','','','2018-10-04 16:38:20'),(5,'XKZXIKHBQ',1,300.00,'Transfert bancaire',1.000000,'','','','','','2018-10-05 14:53:42'),(6,'BVJMOYPKL',1,1300.00,'PayPal',1.000000,'','','','','','2018-10-05 15:40:30'),(7,'ZPIDZICSA',1,160.00,'PayPal / CB',1.000000,'','','','','','2018-10-06 11:34:55'),(8,'ZPIDZICSA',1,13.00,'PayPal / CB',1.000000,'Regul Frais Livr','','','','','2018-10-06 12:45:09'),(9,'VITUVVFIV',1,173.00,'PayPal / CB',1.000000,'','','','','','2018-10-06 13:52:17'),(10,'TQNOMERKS',1,12000.00,'Transfert bancaire',1.000000,'','','','','','2018-10-12 19:10:46'),(11,'EEHCCQEJU',1,4500.00,'Transfert bancaire',1.000000,'','','','','','2018-10-18 09:10:00'),(12,'HASHJJRVM',1,250.00,'Braintree',1.000000,'dszedak0','','','','','2018-10-18 15:55:28'),(13,'MYISLOYQB',1,250.00,'Braintree',1.000000,'06n98a18','','','','','2018-10-20 10:37:33'),(14,'HHBIJFPJX',1,2200.00,'Chèque',1.000000,'','','','','','2018-10-23 17:12:59'),(15,'RLKMQDHIU',1,2500.00,'Chèque',1.000000,'','','','','','2018-10-23 17:54:59'),(16,'FLUQHXIKY',1,3500.00,'Chèque',1.000000,'','','','','','2018-10-23 17:58:52'),(17,'GVIXAJICX',1,3500.00,'PayPal / CB',1.000000,'','','','','','2018-10-23 18:22:13'),(18,'NUECPXVCV',1,1200.00,'Braintree',1.000000,'mma5yxmp','','','','','2018-10-24 14:44:37'),(19,'TTUVZDQHA',1,85.00,'Transfert bancaire',1.000000,'','','','','','2018-10-24 15:44:22'),(20,'WGBZGMECH',1,85.00,'Transfert bancaire',1.000000,'','','','','','2018-10-24 15:50:02'),(21,'QIKPQZKFE',1,85.00,'Transfert bancaire',1.000000,'','','','','','2018-10-24 15:55:31'),(22,'UTZAMMOGC',1,135.00,'Transfert bancaire',1.000000,'','','','','','2018-10-24 16:00:31'),(23,'MBLAOCDKX',1,135.00,'Transfert bancaire',1.000000,'','','','','','2018-10-24 16:04:33'),(24,'XZHRHVIPA',1,135.00,'Transfert bancaire',1.000000,'','','','','','2018-10-24 16:08:39'),(25,'NKDNDBFEO',1,135.00,'Transfert bancaire',1.000000,'','','','','','2018-10-24 16:14:24'),(26,'IZSJAGHXU',1,135.00,'Transfert bancaire',1.000000,'','','','','','2018-10-24 16:49:02'),(27,'NKYFBHOIA',1,135.00,'Transfert bancaire',1.000000,'','','','','','2018-10-24 17:07:05'),(28,'MZFZCYABG',1,135.00,'Transfert bancaire',1.000000,'','','','','','2018-10-24 17:10:03'),(29,'QJFKCUHYI',1,135.00,'Transfert bancaire',1.000000,'','','','','','2018-10-24 17:12:27'),(30,'SLKLBFFYW',1,135.00,'Transfert bancaire',1.000000,'','','','','','2018-10-24 17:16:40'),(31,'SKRPTYWSU',1,815.00,'Transfert bancaire',1.000000,'','','','','','2018-10-24 17:19:58'),(32,'IYEDYPEKG',1,815.00,'Transfert bancaire',1.000000,'','','','','','2018-10-24 17:24:38'),(33,'YOEKNKNTO',1,615.00,'Transfert bancaire',1.000000,'','','','','','2018-10-24 18:55:35'),(34,'FNGXRSSGM',1,615.00,'Transfert bancaire',1.000000,'','','','','','2018-10-24 18:57:10'),(35,'ZVWLOYOOI',1,500.00,'PayPal / CB',1.000000,'','','','','','2018-10-25 16:19:59'),(36,'EGAUKXQGY',1,950.00,'PayPal / CB',1.000000,'','','','','','2018-11-02 14:44:02'),(37,'PBMKBVOIB',1,1300.00,'PayPal / CB',1.000000,'','','','','','2018-11-02 17:42:31'),(38,'IJWOZBSGB',1,1300.00,'PayPal / CB',1.000000,'','','','','','2018-11-02 17:52:24'),(39,'MVWCPKGZB',1,210.00,'Braintree',1.000000,'bya1ynrx','','','','','2018-11-04 15:59:04'),(40,'DOFBZBBTU',1,195.00,'PayPal / CB',1.000000,'2de3yfkx','','','','','2018-11-05 08:45:48'),(41,'BRZIOZSYD',1,210.00,'Braintree',1.000000,'71wem6nw','','','','','2018-11-07 16:18:14'),(42,'SNEUTTKDW',1,400.00,'PayPal / CB',1.000000,'','','','','','2018-11-07 17:20:51'),(43,'GXIHIYKNX',1,280.00,'PayPal / CB',1.000000,'','','','','','2018-11-07 17:39:12'),(44,'BINCSMEFF',1,1500.00,'PayPal / CB',1.000000,'','','','','','2018-11-07 18:17:13'),(45,'DFSUMNWPI',1,350.00,'PayPal / CB',1.000000,'','','','','','2018-11-07 18:42:52'),(46,'DFSUMNWPI',1,800.00,'PayPal / CB',1.000000,'','','','','','2018-11-07 18:43:47'),(47,'NMUWNHRWC',1,400.00,'PayPal / CB',1.000000,'','','','','','2018-11-08 13:37:52'),(48,'KRJWNZFNV',1,15.00,'Braintree',1.000000,'6zxxv69k','','','','','2018-11-09 17:32:44'),(49,'ETJBKVGMF',1,15.00,'Braintree',1.000000,'jmcjg6y5','','','','','2018-11-09 17:41:16'),(50,'JTJQTJFMW',1,100.00,'Chèque',1.000000,'','','','','','2018-11-09 18:04:23'),(51,'LJEHNAYMX',1,200.00,'PayPal / CB',1.000000,'','','','','','2018-11-10 16:10:33'),(52,'NGJBYRZEN',1,352.00,'PayPal / CB',1.000000,'','','','','','2018-11-10 18:33:05'),(53,'VMEXUNAFW',1,2000.00,'Chèque',1.000000,'','','','','','2018-11-17 17:08:03'),(54,'MZJCBDBRF',1,4000.00,'Transfert bancaire',1.000000,'','','','','','2018-11-17 18:26:19'),(55,'ZDZEOMFSS',1,1200.00,'PayPal / CB',1.000000,'','','','','','2018-11-17 18:42:55'),(56,'FWJSNHLSO',1,800.00,'PayPal / CB',1.000000,'','','','','','2018-11-17 18:54:45'),(57,'YHGJUXMFM',1,2250.00,'PayPal / CB',1.000000,'','','','','','2018-11-17 19:10:41'),(58,'XVNBAAZVZ',1,5700.00,'Transfert bancaire',1.000000,'','','','','','2018-11-20 11:55:05'),(59,'ISKYQWGRL',1,1700.00,'PayPal / CB',1.000000,'','','','','','2018-11-21 13:27:53'),(60,'JICQNUEIJ',1,400.00,'PayPal / CB',1.000000,'','','','','','2018-11-21 13:56:59'),(61,'BIOPXOJCS',1,2300.00,'PayPal / CB',1.000000,'','','','','','2018-11-21 14:36:26'),(62,'FKWAQEOCY',1,3700.00,'Chèque',1.000000,'','','','','','2018-11-21 14:47:40'),(63,'JJJUAQHWS',1,4200.00,'Chèque',1.000000,'','','','','','2018-11-21 16:08:03'),(64,'GXDWMKPEB',1,1900.00,'Chèque',1.000000,'','','','','','2018-11-21 16:20:39'),(65,'ISXRPHWQC',1,960.00,'PayPal / CB',1.000000,'','','','','','2018-11-21 17:09:29'),(66,'EBXBISEAL',1,580.00,'PayPal / CB',1.000000,'','','','','','2018-11-21 17:19:44'),(67,'LYRDSWGVE',1,520.00,'PayPal / CB',1.000000,'','','','','','2018-11-22 16:51:30'),(68,'JXRBQDKXB',1,300.00,'PayPal / CB',1.000000,'','','','','','2018-11-24 13:45:13'),(69,'POPVSLSDC',1,2000.00,'Chèque',1.000000,'','','','','','2018-11-24 14:10:59'),(70,'YDNDMIOIR',1,2000.00,'PayPal / CB',1.000000,'','','','','','2018-11-24 15:41:06'),(71,'FATOYELYW',1,1200.00,'PayPal / CB',1.000000,'','','','','','2018-11-24 16:01:44'),(72,'SLVZOJJCZ',1,430.00,'PayPal / CB',1.000000,'','','','','','2018-11-24 16:20:38'),(73,'DGBEPRPUY',1,250.00,'Chèque',1.000000,'','','','','','2018-11-24 16:30:01'),(74,'ORPVHRIHD',1,740.00,'Chèque',1.000000,'','','','','','2018-11-24 16:52:11'),(75,'OYDRXNNET',1,500.00,'PayPal / CB',1.000000,'','','','','','2018-11-24 17:00:57'),(76,'KRRJMCXTY',1,400.00,'Chèque',1.000000,'','','','','','2018-11-24 17:16:16'),(77,'TXNVYDZHT',1,60.00,'PayPal / CB',1.000000,'','','','','','2018-11-24 17:28:04'),(78,'NLQRYQBAB',1,30.00,'PayPal / CB',1.000000,'','','','','','2018-11-24 17:32:02'),(79,'CBAVKLHFF',1,125.00,'PayPal / CB',1.000000,'','','','','','2018-11-24 17:39:14'),(80,'KOFCYQDWQ',1,350.00,'PayPal / CB',1.000000,'','','','','','2018-11-24 18:08:08'),(81,'UPQGVVYQV',1,350.00,'PayPal / CB',1.000000,'','','','','','2018-11-24 18:20:55'),(82,'EZHPVBJOT',1,600.00,'Chèque',1.000000,'','','','','','2018-11-24 18:32:46'),(83,'RBWQZRLUX',1,420.00,'PayPal / CB',1.000000,'','','','','','2018-11-24 18:34:49'),(84,'YLSVHLVBT',1,250.00,'Chèque',1.000000,'','','','','','2018-11-24 18:49:14'),(85,'APUPHTDAB',1,500.00,'PayPal / CB',1.000000,'mtjqyfr0','','','','','2018-11-24 19:15:16'),(86,'JRARYYMKC',1,1200.00,'PayPal / CB',1.000000,'','','','','','2018-11-24 19:20:54'),(87,'RBOZJGUVL',1,135.00,'PayPal / CB',1.000000,'','','','','','2018-11-26 16:25:16'),(88,'UMDXRBMPA',1,150.00,'Braintree',1.000000,'bz3nwvx6','','','','','2018-11-27 12:18:50'),(89,'OESAJSUYB',1,150.00,'PayPal / CB',1.000000,'dhme6ddx','','','','','2018-11-27 12:25:11'),(90,'XTOJJMFDH',1,465.00,'Braintree',1.000000,'dbfewrh3','','','','','2018-11-27 19:44:12'),(91,'QLGTCDZKK',1,150.00,'Braintree',1.000000,'qnps26fb','','','','','2018-11-27 20:40:13'),(92,'EEILOLEQL',1,150.00,'Braintree',1.000000,'qd01tmew','','','','','2018-11-27 23:13:08'),(93,'IGCGXXFNV',1,1400.00,'Chèque',1.000000,'','','','','','2018-11-29 12:23:52'),(94,'WVUIBXFSN',1,4000.00,'PayPal / CB',1.000000,'','','','','','2018-11-29 12:24:20'),(95,'SSVSCBSTL',1,1500.00,'PayPal / CB',1.000000,'','','','','','2018-11-29 12:39:13'),(96,'UYBDRGPIH',1,240.00,'Chèque',1.000000,'','','','','','2018-11-29 13:22:29'),(97,'HLBONXYKU',1,240.00,'PayPal / CB',1.000000,'','','','','','2018-11-29 13:38:08'),(98,'GLZOWCWDP',1,250.00,'PayPal / CB',1.000000,'','','','','','2018-11-29 14:46:39'),(99,'ORPVHRIHD',1,10.00,'Chèque',1.000000,'','','','','','2018-11-29 15:44:58'),(100,'RONDZFJJN',1,250.00,'PayPal / CB',1.000000,'','','','','','2018-11-29 15:57:33'),(101,'JOJZXRTUT',1,250.00,'Chèque',1.000000,'','','','','','2018-11-29 16:04:15'),(102,'CPJMBZLEO',1,750.00,'PayPal / CB',1.000000,'','','','','','2018-11-29 16:14:52'),(103,'GTXCUPOCR',1,250.00,'PayPal / CB',1.000000,'','','','','','2018-11-29 16:31:48'),(104,'QWMGDFWDQ',1,135.00,'PayPal / CB',1.000000,'50c8xprs','','','','','2018-11-29 19:58:26'),(105,'TIFJMDJEQ',1,150.00,'PayPal / CB',1.000000,'','','','','','2018-11-29 20:21:20'),(106,'JUYFURXVZ',1,150.00,'PayPal / CB',1.000000,'','','','','','2018-11-30 15:14:17'),(107,'BGCUSELBJ',1,50.00,'Braintree',1.000000,'6axfy41y','','','','','2018-11-30 15:41:22'),(108,'DEKKBDDHL',1,200.00,'Braintree',1.000000,'9n822vh8','','','','','2018-11-30 15:49:25'),(109,'CYYKSCPWN',1,65.00,'Braintree',1.000000,'f953s60z','','','','','2018-11-30 17:00:19'),(110,'BECTPZHVE',1,400.00,'Braintree',1.000000,'qy8sq8se','','','','','2018-11-30 17:42:26'),(111,'PPJSJPSJT',1,350.00,'PayPal / CB',1.000000,'h00f93a9','','','','','2018-12-01 11:47:50'),(112,'ANUEAPOGW',1,265.00,'Braintree',1.000000,'gmmjkrmk','','','','','2018-12-02 15:03:48'),(113,'FCLPNPZJW',1,215.00,'Braintree',1.000000,'dfkw601c','','','','','2018-12-03 11:40:03'),(114,'ENADNUWXQ',1,285.00,'PayPal / CB',1.000000,'rrpk4ync','','','','','2018-12-03 23:26:52'),(115,'KTKDAVVOX',1,2800.00,'Transfert bancaire',1.000000,'','','','','','2018-12-04 12:44:58'),(116,'VUJBDZBPC',1,3180.00,'PayPal / CB',1.000000,'','','','','','2018-12-04 15:10:51'),(117,'BVOHOMSUS',1,600.00,'PayPal / CB',1.000000,'','','','','','2018-12-04 15:28:31'),(118,'DLNJRCUAR',1,2200.00,'PayPal / CB',1.000000,'','','','','','2018-12-04 15:43:53'),(119,'NBMMEFWNT',1,475.00,'PayPal / CB',1.000000,'','','','','','2018-12-04 15:54:50'),(120,'EGCPQYTGB',1,500.00,'PayPal / CB',1.000000,'','','','','','2018-12-05 11:17:18'),(121,'GSDKELSZS',1,50.00,'PayPal / CB',1.000000,'','','','','','2018-12-05 13:16:59'),(122,'RHUEBWLII',1,50.00,'PayPal / CB',1.000000,'','','','','','2018-12-05 13:24:02'),(123,'CJSVFCRIU',1,150.00,'PayPal / CB',1.000000,'','','','','','2018-12-05 13:30:12'),(124,'OPJHUZNYM',1,2300.00,'PayPal / CB',1.000000,'','','','','','2018-12-05 13:53:59'),(125,'EKQYEZVLL',1,29.00,'PayPal / CB',1.000000,'','','','','','2018-12-06 16:33:21'),(126,'AMPMBDDLL',1,29.00,'PayPal / CB',1.000000,'','','','','','2018-12-06 16:34:49'),(127,'VWYZASUSZ',1,100.00,'PayPal / CB',1.000000,'','','','','','2018-12-06 16:52:14'),(128,'NMUWNHRWC',1,-200.00,'PayPal / CB',1.000000,'','','','','','2018-12-06 17:08:49'),(129,'THTKYPMLV',1,120.00,'Braintree',1.000000,'f155vdm8','','','','','2018-12-07 08:16:13'),(130,'PXPSUHALZ',1,195.00,'PayPal / CB',1.000000,'','','','','','2018-12-07 16:53:27'),(131,'PYJIOBRYN',1,195.00,'PayPal / CB',1.000000,'','','','','','2018-12-08 19:49:40'),(132,'YBSLMTDZC',1,100.00,'PayPal / CB',1.000000,'','','','','','2018-12-08 19:56:21'),(133,'HPGBVNUOM',1,350.00,'Braintree',1.000000,'gtj8324h','','','','','2018-12-11 20:16:28'),(134,'CETJGHXQH',1,365.00,'PayPal / CB',1.000000,'gpmbj8am','','','','','2018-12-12 00:07:24'),(135,'YWRXFWAQU',1,2000.00,'PayPal / CB',1.000000,'','','','','','2018-12-12 12:04:19'),(136,'YWRXFWAQU',1,1800.00,'Virement',1.000000,'','','','','','2018-12-11 00:00:00'),(137,'TGZVHNNJW',1,350.00,'PayPal / CB',1.000000,'h1znx65f','','','','','2018-12-13 01:10:00'),(138,'CPRJCVEEU',1,8416.00,'Transfert bancaire',1.000000,'','','','','','2018-12-13 01:11:24'),(139,'LLNFUOQII',1,6600.00,'PayPal / CB',1.000000,'','','','','','2018-12-13 10:38:14'),(140,'ICJUNQKUV',1,1100.00,'PayPal / CB',1.000000,'','','','','','2018-12-13 10:38:51'),(141,'CUURZJIIM',1,1200.00,'PayPal / CB',1.000000,'','','','','','2018-12-13 10:59:04'),(142,'XQSUMUHYK',1,486.00,'PayPal / CB',1.000000,'','','','','','2018-12-13 13:50:56'),(143,'FFRWLDOPY',1,217.00,'PayPal / CB',1.000000,'','','','','','2018-12-13 14:00:49'),(144,'DMNULLKYU',1,200.00,'Braintree',1.000000,'hhe6chnn','','','','','2018-12-13 22:35:17'),(145,'AYNDUHCIH',1,365.00,'Braintree',1.000000,'m14dxh64','','','','','2018-12-14 08:36:10'),(146,'DMKKWLPSU',1,365.00,'Braintree',1.000000,'at368wye','','','','','2018-12-14 10:37:27'),(147,'WGJKQHCOD',1,210.00,'PayPal / CB',1.000000,'hed1141c','','','','','2018-12-15 12:17:13'),(148,'MZLBRWGDV',1,980.00,'PayPal / CB',1.000000,'','','','','','2018-12-15 14:34:53'),(149,'EMIZHUMKQ',1,67.50,'PayPal / CB',1.000000,'','','','','','2018-12-15 14:58:02'),(150,'PFTCCAXZC',1,120.00,'PayPal / CB',1.000000,'','','','','','2018-12-15 14:59:06'),(151,'HDOPERMRR',1,147.01,'PayPal / CB',1.000000,'','','','','','2018-12-15 15:02:19'),(152,'WHYLIOBCM',1,220.00,'PayPal / CB',1.000000,'','','','','','2018-12-15 15:16:06'),(153,'SYBTCBNSU',1,320.00,'PayPal / CB',1.000000,'','','','','','2018-12-15 18:22:16'),(154,'NGPBFCCWL',1,365.00,'Braintree',1.000000,'cw0zny03','','','','','2018-12-16 14:15:21'),(155,'IQDUOHXDG',1,365.00,'PayPal / CB',1.000000,'hm50hc6h','','','','','2018-12-17 11:05:33'),(156,'PKTJNNAMM',1,620.00,'PayPal / CB',1.000000,'','','','','','2018-12-17 14:56:56'),(157,'XQMGTSPIK',1,315.00,'PayPal / CB',1.000000,'','','','','','2018-12-17 15:02:52'),(158,'INASMMFOP',1,200.00,'PayPal / CB',1.000000,'','','','','','2018-12-17 15:51:14'),(159,'OJKZNXSNK',1,350.00,'Braintree',1.000000,'9ptj3sca','','','','','2018-12-17 17:15:42'),(160,'HCRGXAGDB',1,350.00,'Braintree',1.000000,'bpzcvjz4','','','','','2018-12-17 17:19:10'),(161,'KCELTHUOL',1,350.00,'Braintree',1.000000,'hfc7kwv0','','','','','2018-12-17 17:23:02'),(162,'DWZXCFLUW',1,350.00,'Braintree',1.000000,'g40y0a7v','','','','','2018-12-17 17:28:22'),(163,'GSCEBGPUL',1,350.00,'Braintree',1.000000,'7j4prf8v','','','','','2018-12-17 17:31:39'),(164,'WVBULMNJQ',1,500.00,'PayPal / CB',1.000000,'','','','','','2018-12-18 17:36:44'),(165,'UUYYTNXSD',1,500.00,'PayPal / CB',1.000000,'','','','','','2018-12-18 18:07:33'),(166,'LRLDJQPFD',1,400.00,'Ever Shop Payment',1.000000,'','','','','','2018-12-18 18:33:39'),(167,'LZRMEHDQL',1,1100.00,'PayPal / CB',1.000000,'','','','','','2018-12-18 18:42:00'),(168,'SIFZHGZIU',1,350.00,'PayPal / CB',1.000000,'','','','','','2018-12-20 13:52:37'),(169,'RHUEBWLII',1,170.00,'PayPal / CB',1.000000,'','','','','','2018-12-20 16:17:10'),(170,'TYCCIDOAE',1,145.00,'PayPal / CB',1.000000,'','','','','','2018-12-20 16:34:46'),(171,'HOYYXIUZV',1,2000.00,'Transfert bancaire',1.000000,'','','','','','2018-12-20 16:40:03'),(172,'TXDNJFSYA',1,100.00,'PayPal / CB',1.000000,'','','','','','2018-12-20 16:41:14'),(173,'QMJRKDKEQ',1,350.00,'PayPal / CB',1.000000,'','','','','','2018-12-20 17:10:11'),(174,'VRQFHECLY',1,42.00,'PayPal / CB',1.000000,'','','','','','2018-12-20 18:04:14'),(175,'BIOPXOJCS',1,11500.00,'PayPal / CB',1.000000,'','','','','','2018-12-20 19:22:11'),(176,'CSRNHUCMD',1,2200.00,'PayPal / CB',1.000000,'','','','','','2018-12-21 13:52:25'),(177,'CMWGNYZMH',1,300.00,'PayPal / CB',1.000000,'','','','','','2018-12-21 17:24:52'),(178,'VUGEMTIOD',1,300.00,'PayPal / CB',1.000000,'','','','','','2018-12-21 17:26:07'),(179,'YYOGZFNNX',1,1150.00,'PayPal / CB',1.000000,'','','','','','2018-12-21 17:44:41'),(180,'PZSABJTNF',1,200.00,'PayPal / CB',1.000000,'','','','','','2018-12-22 16:57:22'),(181,'BEIBBYORJ',1,75.00,'PayPal / CB',1.000000,'','','','','','2018-12-22 17:15:03'),(182,'MYJBELVGG',1,180.00,'PayPal / CB',1.000000,'','','','','','2018-12-22 17:20:13'),(183,'CSSSJGJVE',1,260.00,'PayPal / CB',1.000000,'dc34nftz','','','','','2018-12-24 14:36:56'),(184,'DWFYDAPKS',1,205.00,'PayPal / CB',1.000000,'','','','','','2018-12-24 14:40:16'),(185,'EXQBCMRYA',1,546.00,'PayPal / CB',1.000000,'','','','','','2018-12-24 14:52:10'),(186,'SLDFRBUQU',1,365.00,'Braintree',1.000000,'gyfgs4g3','','','','','2018-12-27 19:04:15'),(187,'OWSUUCPRL',1,850.00,'PayPal / CB',1.000000,'','','','','','2019-01-12 18:12:51');

--
-- Table structure for table `pre3303_order_return`
--

CREATE TABLE `pre3303_order_return` (
  `id_order_return` int(10) unsigned NOT NULL AUTO_INCREMENT,
  `id_customer` int(10) unsigned NOT NULL,
  `id_order` int(10) unsigned NOT NULL,
  `state` tinyint(1) unsigned NOT NULL DEFAULT '1',
  `question` text NOT NULL,
  `date_add` datetime NOT NULL,
  `date_upd` datetime NOT NULL,
  PRIMARY KEY (`id_order_return`),
  KEY `order_return_customer` (`id_customer`),
  KEY `id_order` (`id_order`)
) ENGINE=InnoDB DEFAULT CHARSET=utf8;

--
-- Dumping data for table `pre3303_order_return`
--


--
-- Table structure for table `pre3303_order_return_detail`
--

CREATE TABLE `pre3303_order_return_detail` (
  `id_order_return` int(10) unsigned NOT NULL,
  `id_order_detail` int(10) unsigned NOT NULL,
  `id_customization` int(10) unsigned NOT NULL DEFAULT '0',
  `product_quantity` int(10) unsigned NOT NULL DEFAULT '0',
  PRIMARY KEY (`id_order_return`,`id_order_detail`,`id_customization`)
) ENGINE=InnoDB DEFAULT CHARSET=utf8;

--
-- Dumping data for table `pre3303_order_return_detail`
--


--
-- Table structure for table `pre3303_order_return_state`
--

CREATE TABLE `pre3303_order_return_state` (
  `id_order_return_state` int(10) unsigned NOT NULL AUTO_INCREMENT,
  `color` varchar(32) DEFAULT NULL,
  PRIMARY KEY (`id_order_return_state`)
) ENGINE=InnoDB AUTO_INCREMENT=6 DEFAULT CHARSET=utf8;

--
-- Dumping data for table `pre3303_order_return_state`
--

INSERT INTO `pre3303_order_return_state` VALUES (1,'#4169E1'),(2,'#8A2BE2'),(3,'#32CD32'),(4,'#DC143C'),(5,'#108510');

--
-- Table structure for table `pre3303_order_return_state_lang`
--

CREATE TABLE `pre3303_order_return_state_lang` (
  `id_order_return_state` int(10) unsigned NOT NULL,
  `id_lang` int(10) unsigned NOT NULL,
  `name` varchar(64) NOT NULL,
  PRIMARY KEY (`id_order_return_state`,`id_lang`)
) ENGINE=InnoDB DEFAULT CHARSET=utf8;

--
-- Dumping data for table `pre3303_order_return_state_lang`
--

INSERT INTO `pre3303_order_return_state_lang` VALUES (1,1,'En attente de confirmation'),(1,2,'Waiting for confirmation'),(2,1,'En attente du colis'),(2,2,'Waiting for package'),(3,1,'Colis reçu'),(3,2,'Package received'),(4,1,'Retour refusé'),(4,2,'Return denied'),(5,1,'Retour terminé'),(5,2,'Return completed');

--
-- Table structure for table `pre3303_order_slip`
--

CREATE TABLE `pre3303_order_slip` (
  `id_order_slip` int(10) unsigned NOT NULL AUTO_INCREMENT,
  `conversion_rate` decimal(13,6) NOT NULL DEFAULT '1.000000',
  `id_customer` int(10) unsigned NOT NULL,
  `id_order` int(10) unsigned NOT NULL,
  `total_products_tax_excl` decimal(20,6) DEFAULT NULL,
  `total_products_tax_incl` decimal(20,6) DEFAULT NULL,
  `total_shipping_tax_excl` decimal(20,6) DEFAULT NULL,
  `total_shipping_tax_incl` decimal(20,6) DEFAULT NULL,
  `shipping_cost` tinyint(3) unsigned NOT NULL DEFAULT '0',
  `amount` decimal(10,2) NOT NULL,
  `shipping_cost_amount` decimal(10,2) NOT NULL,
  `partial` tinyint(1) NOT NULL,
  `order_slip_type` tinyint(1) unsigned NOT NULL DEFAULT '0',
  `date_add` datetime NOT NULL,
  `date_upd` datetime NOT NULL,
  PRIMARY KEY (`id_order_slip`),
  KEY `order_slip_customer` (`id_customer`),
  KEY `id_order` (`id_order`)
) ENGINE=InnoDB AUTO_INCREMENT=2 DEFAULT CHARSET=utf8;

--
-- Dumping data for table `pre3303_order_slip`
--

INSERT INTO `pre3303_order_slip` VALUES (1,1.000000,6180,4,4.170000,5.000000,0.000000,0.000000,0,5.00,0.00,0,0,'2018-09-20 19:28:55','2018-09-20 19:28:55');

--
-- Table structure for table `pre3303_order_slip_detail`
--

CREATE TABLE `pre3303_order_slip_detail` (
  `id_order_slip` int(10) unsigned NOT NULL,
  `id_order_detail` int(10) unsigned NOT NULL,
  `product_quantity` int(10) unsigned NOT NULL DEFAULT '0',
  `unit_price_tax_excl` decimal(20,6) DEFAULT NULL,
  `unit_price_tax_incl` decimal(20,6) DEFAULT NULL,
  `total_price_tax_excl` decimal(20,6) DEFAULT NULL,
  `total_price_tax_incl` decimal(20,6) DEFAULT NULL,
  `amount_tax_excl` decimal(20,6) DEFAULT NULL,
  `amount_tax_incl` decimal(20,6) DEFAULT NULL,
  PRIMARY KEY (`id_order_slip`,`id_order_detail`)
) ENGINE=InnoDB DEFAULT CHARSET=utf8;

--
-- Dumping data for table `pre3303_order_slip_detail`
--

INSERT INTO `pre3303_order_slip_detail` VALUES (1,7,1,4.170000,5.000000,4.170000,5.000000,4.170000,5.000000);

--
-- Table structure for table `pre3303_order_slip_detail_tax`
--

CREATE TABLE `pre3303_order_slip_detail_tax` (
  `id_order_slip_detail` int(11) unsigned NOT NULL,
  `id_tax` int(11) unsigned NOT NULL,
  `unit_amount` decimal(16,6) NOT NULL DEFAULT '0.000000',
  `total_amount` decimal(16,6) NOT NULL DEFAULT '0.000000',
  KEY `id_order_slip_detail` (`id_order_slip_detail`),
  KEY `id_tax` (`id_tax`)
) ENGINE=InnoDB DEFAULT CHARSET=utf8;

--
-- Dumping data for table `pre3303_order_slip_detail_tax`
--


--
-- Table structure for table `pre3303_order_state`
--

CREATE TABLE `pre3303_order_state` (
  `id_order_state` int(10) unsigned NOT NULL AUTO_INCREMENT,
  `invoice` tinyint(1) unsigned DEFAULT '0',
  `send_email` tinyint(1) unsigned NOT NULL DEFAULT '0',
  `module_name` varchar(255) DEFAULT NULL,
  `color` varchar(32) DEFAULT NULL,
  `unremovable` tinyint(1) unsigned NOT NULL,
  `hidden` tinyint(1) unsigned NOT NULL DEFAULT '0',
  `logable` tinyint(1) NOT NULL DEFAULT '0',
  `delivery` tinyint(1) unsigned NOT NULL DEFAULT '0',
  `shipped` tinyint(1) unsigned NOT NULL DEFAULT '0',
  `paid` tinyint(1) unsigned NOT NULL DEFAULT '0',
  `pdf_invoice` tinyint(1) unsigned NOT NULL DEFAULT '0',
  `pdf_delivery` tinyint(1) unsigned NOT NULL DEFAULT '0',
  `deleted` tinyint(1) unsigned NOT NULL DEFAULT '0',
  PRIMARY KEY (`id_order_state`),
  KEY `module_name` (`module_name`)
) ENGINE=InnoDB AUTO_INCREMENT=20 DEFAULT CHARSET=utf8;

--
-- Dumping data for table `pre3303_order_state`
--

INSERT INTO `pre3303_order_state` VALUES (1,0,1,'cheque','#4169E1',1,0,0,0,0,0,0,0,0),(2,1,1,'','#32CD32',1,0,1,0,0,1,1,0,0),(3,1,1,'','#FF8C00',1,0,1,1,0,1,0,0,0),(4,1,1,'','#8A2BE2',1,0,1,1,1,1,0,0,0),(5,1,0,'','#108510',1,0,1,1,1,1,0,0,0),(6,0,1,'','#DC143C',1,0,0,0,0,0,0,0,0),(7,1,1,'','#ec2e15',1,0,0,0,0,0,0,0,0),(8,0,1,'','#8f0621',1,0,0,0,0,0,0,0,0),(9,1,0,'','#FF69B4',1,0,0,0,0,1,0,0,0),(10,0,1,'bankwire','#4169E1',1,0,0,0,0,0,0,0,0),(11,1,1,'','#32CD32',1,0,1,0,0,1,0,0,0),(12,0,1,'','#FF69B4',1,0,0,0,0,0,0,0,0),(13,0,0,'cashondelivery','#4169E1',1,0,0,0,0,0,0,0,0),(14,0,0,'','#4169E1',0,0,0,0,0,0,0,0,0),(15,0,0,'','#4169E1',0,0,0,0,0,0,0,0,0),(16,0,0,'','#4169E1',0,0,0,0,0,0,0,0,0),(19,0,0,'everpsshoppayment','#9c7240',0,0,0,0,0,0,0,0,0);

--
-- Table structure for table `pre3303_order_state_lang`
--

CREATE TABLE `pre3303_order_state_lang` (
  `id_order_state` int(10) unsigned NOT NULL,
  `id_lang` int(10) unsigned NOT NULL,
  `name` varchar(64) NOT NULL,
  `template` varchar(64) NOT NULL,
  PRIMARY KEY (`id_order_state`,`id_lang`)
) ENGINE=InnoDB DEFAULT CHARSET=utf8;

--
-- Dumping data for table `pre3303_order_state_lang`
--

INSERT INTO `pre3303_order_state_lang` VALUES (1,1,'En attente de paiement par chèque','cheque'),(1,2,'En attente de paiement par chèque','cheque'),(2,1,'Paiement accepté','payment'),(2,2,'Payment accepted','payment'),(3,1,'En cours de préparation','preparation'),(3,2,'Processing in progress','preparation'),(4,1,'Expédié','shipped'),(4,2,'Shipped','shipped'),(5,1,'Livré',''),(5,2,'Delivered',''),(6,1,'Annulé','order_canceled'),(6,2,'Canceled','order_canceled'),(7,1,'Remboursé','refund'),(7,2,'Refunded','refund'),(8,1,'Erreur de paiement','payment_error'),(8,2,'Payment error','payment_error'),(9,1,'En attente de réapprovisionnement (payé)',''),(9,2,'On backorder (paid)',''),(10,1,'En attente de virement bancaire','bankwire'),(10,2,'Awaiting bank wire payment','bankwire'),(11,1,'Paiement à distance accepté','payment'),(11,2,'Remote payment accepted','payment'),(12,1,'En attente de réapprovisionnement (non payé)','outofstock'),(12,2,'On backorder (not paid)','outofstock'),(13,1,'En attente de paiement à la livraison','cashondelivery'),(13,2,'Awaiting Cash On Delivery validation','cashondelivery'),(14,1,'En attente de paiement PayPal',''),(14,2,'Awaiting for PayPal payment',''),(15,1,'En attente de paiement Braintree',''),(15,2,'Awaiting for Braintree payment',''),(16,1,'En attente de validation Braintree',''),(16,2,'Awaiting for Braintree validation',''),(19,1,'Paiement en galerie',''),(19,2,'Paiement en galerie','');

--
-- Table structure for table `pre3303_orders`
--

CREATE TABLE `pre3303_orders` (
  `id_order` int(10) unsigned NOT NULL AUTO_INCREMENT,
  `reference` varchar(9) DEFAULT NULL,
  `id_shop_group` int(11) unsigned NOT NULL DEFAULT '1',
  `id_shop` int(11) unsigned NOT NULL DEFAULT '1',
  `id_carrier` int(10) unsigned NOT NULL,
  `id_lang` int(10) unsigned NOT NULL,
  `id_customer` int(10) unsigned NOT NULL,
  `id_cart` int(10) unsigned NOT NULL,
  `id_currency` int(10) unsigned NOT NULL,
  `id_address_delivery` int(10) unsigned NOT NULL,
  `id_address_invoice` int(10) unsigned NOT NULL,
  `current_state` int(10) unsigned NOT NULL,
  `secure_key` varchar(32) NOT NULL DEFAULT '-1',
  `payment` varchar(255) NOT NULL,
  `conversion_rate` decimal(13,6) NOT NULL DEFAULT '1.000000',
  `module` varchar(255) DEFAULT NULL,
  `recyclable` tinyint(1) unsigned NOT NULL DEFAULT '0',
  `gift` tinyint(1) unsigned NOT NULL DEFAULT '0',
  `gift_message` text,
  `mobile_theme` tinyint(1) NOT NULL DEFAULT '0',
  `shipping_number` varchar(64) DEFAULT NULL,
  `total_discounts` decimal(20,6) NOT NULL DEFAULT '0.000000',
  `total_discounts_tax_incl` decimal(20,6) NOT NULL DEFAULT '0.000000',
  `total_discounts_tax_excl` decimal(20,6) NOT NULL DEFAULT '0.000000',
  `total_paid` decimal(20,6) NOT NULL DEFAULT '0.000000',
  `total_paid_tax_incl` decimal(20,6) NOT NULL DEFAULT '0.000000',
  `total_paid_tax_excl` decimal(20,6) NOT NULL DEFAULT '0.000000',
  `total_paid_real` decimal(20,6) NOT NULL DEFAULT '0.000000',
  `total_products` decimal(20,6) NOT NULL DEFAULT '0.000000',
  `total_products_wt` decimal(20,6) NOT NULL DEFAULT '0.000000',
  `total_shipping` decimal(20,6) NOT NULL DEFAULT '0.000000',
  `total_shipping_tax_incl` decimal(20,6) NOT NULL DEFAULT '0.000000',
  `total_shipping_tax_excl` decimal(20,6) NOT NULL DEFAULT '0.000000',
  `carrier_tax_rate` decimal(10,3) NOT NULL DEFAULT '0.000',
  `total_wrapping` decimal(20,6) NOT NULL DEFAULT '0.000000',
  `total_wrapping_tax_incl` decimal(20,6) NOT NULL DEFAULT '0.000000',
  `total_wrapping_tax_excl` decimal(20,6) NOT NULL DEFAULT '0.000000',
  `round_mode` tinyint(1) NOT NULL DEFAULT '2',
  `round_type` tinyint(1) NOT NULL DEFAULT '1',
  `invoice_number` int(10) unsigned NOT NULL DEFAULT '0',
  `delivery_number` int(10) unsigned NOT NULL DEFAULT '0',
  `invoice_date` datetime NOT NULL,
  `delivery_date` datetime NOT NULL,
  `valid` int(1) unsigned NOT NULL DEFAULT '0',
  `date_add` datetime NOT NULL,
  `date_upd` datetime NOT NULL,
  PRIMARY KEY (`id_order`),
  KEY `reference` (`reference`),
  KEY `id_customer` (`id_customer`),
  KEY `id_cart` (`id_cart`),
  KEY `invoice_number` (`invoice_number`),
  KEY `id_carrier` (`id_carrier`),
  KEY `id_lang` (`id_lang`),
  KEY `id_currency` (`id_currency`),
  KEY `id_address_delivery` (`id_address_delivery`),
  KEY `id_address_invoice` (`id_address_invoice`),
  KEY `id_shop_group` (`id_shop_group`),
  KEY `current_state` (`current_state`),
  KEY `id_shop` (`id_shop`),
  KEY `date_add` (`date_add`)
) ENGINE=InnoDB AUTO_INCREMENT=189 DEFAULT CHARSET=utf8;

--
-- Dumping data for table `pre3303_orders`
--

INSERT INTO `pre3303_orders` VALUES (1,'ALZGEKQZC',1,4,1,1,6024,2,1,6024,6024,6,'aebe1109ecefedc9e321d8cd263458d1','Chèque',1.000000,'ps_checkpayment',0,0,'',0,'',0.000000,0.000000,0.000000,600.000000,600.000000,600.000000,0.000000,600.000000,600.000000,0.000000,0.000000,0.000000,20.000,0.000000,0.000000,0.000000,2,2,1,0,'2018-07-20 18:10:56','0000-00-00 00:00:00',0,'2018-07-16 18:49:04','2018-07-25 23:24:58'),(2,'ZOWTJZBQJ',1,4,1,1,6024,3,1,6024,6024,6,'aebe1109ecefedc9e321d8cd263458d1','Transfert bancaire',1.000000,'ps_wirepayment',0,0,'',0,'',0.000000,0.000000,0.000000,1490.000000,1490.000000,1490.000000,0.000000,1490.000000,1490.000000,0.000000,0.000000,0.000000,20.000,0.000000,0.000000,0.000000,2,2,0,0,'0000-00-00 00:00:00','0000-00-00 00:00:00',0,'2018-07-16 22:27:00','2018-07-25 23:25:35'),(3,'YLTUVKEOE',1,4,36,1,6025,14,1,6026,6193,1,'00663f2c0993794191291d5071f706f3','Transfert bancaire',1.000000,'ps_wirepayment',0,0,'',0,'',520.000000,520.000000,433.330000,2166.000000,2166.000000,1805.000000,0.000000,2238.330000,2686.000000,0.000000,0.000000,0.000000,20.000,0.000000,0.000000,0.000000,2,2,96,0,'2018-11-27 20:15:23','0000-00-00 00:00:00',0,'2018-07-25 23:36:43','2018-11-27 20:15:23'),(4,'BZQTPNERA',1,4,21,1,6180,28,1,6084,6085,2,'d4eb9f573fe917b9316eb67e5a0760d4','Braintree',1.000000,'paypal',0,0,'',0,'',0.000000,0.000000,0.000000,5.000000,5.000000,4.170000,5.000000,4.170000,5.000000,0.000000,0.000000,0.000000,20.000,0.000000,0.000000,0.000000,2,2,2,0,'2018-09-20 17:42:44','0000-00-00 00:00:00',1,'2018-09-20 17:42:42','2018-09-20 18:41:43'),(5,'RVYMUBDBF',1,4,21,1,6180,30,1,6084,6085,9,'d4eb9f573fe917b9316eb67e5a0760d4','Braintree',1.000000,'paypal',0,0,'',0,'',0.000000,0.000000,0.000000,2.000000,2.000000,1.670000,2.000000,1.670000,2.000000,0.000000,0.000000,0.000000,20.000,0.000000,0.000000,0.000000,2,2,3,0,'2018-09-20 19:17:04','0000-00-00 00:00:00',0,'2018-09-20 19:17:02','2018-09-20 19:17:05'),(6,'EATTOEEYF',1,5,24,1,6181,31,1,6086,6086,4,'c4ead40932c3a1d83d4df18d124663c2','Transfert bancaire',1.000000,'ps_wirepayment',0,0,'',0,'',0.000000,0.000000,0.000000,675.000000,675.000000,665.830000,675.000000,620.000000,620.000000,55.000000,55.000000,45.830000,20.000,0.000000,0.000000,0.000000,2,2,4,1,'2018-09-21 17:16:26','2018-09-21 17:19:45',1,'2018-09-21 17:16:25','2018-09-25 16:05:04'),(7,'QWBPWVDWD',1,2,21,1,6187,38,1,6091,6091,5,'7fad1f626f8e0cb11102409a8a43cd13','PayPal',1.000000,'paypal',0,0,'',0,'',0.000000,0.000000,0.000000,150.000000,150.000000,150.000000,150.000000,150.000000,150.000000,0.000000,0.000000,0.000000,20.000,0.000000,0.000000,0.000000,2,2,5,1,'2018-10-04 16:38:20','2018-10-04 16:47:06',1,'2018-10-04 16:38:20','2018-10-04 16:47:06'),(8,'XKZXIKHBQ',1,5,21,1,6188,41,1,6092,6092,5,'b3f459db167b5a80ac64d9d6261ed167','Transfert bancaire',1.000000,'ps_wirepayment',0,0,'',0,'',0.000000,0.000000,0.000000,300.000000,300.000000,300.000000,300.000000,300.000000,300.000000,0.000000,0.000000,0.000000,20.000,0.000000,0.000000,0.000000,2,2,6,2,'2018-10-05 14:53:42','2018-10-05 15:08:51',1,'2018-10-05 14:53:42','2018-10-05 15:08:51'),(9,'BVJMOYPKL',1,5,21,1,6189,43,1,6093,6093,9,'5183ca0e640699f449a138e9c19faf4c','PayPal',1.000000,'paypal',0,0,'',0,'',0.000000,0.000000,0.000000,1300.000000,1300.000000,1300.000000,1300.000000,1300.000000,1300.000000,0.000000,0.000000,0.000000,20.000,0.000000,0.000000,0.000000,2,2,7,0,'2018-10-05 15:40:30','0000-00-00 00:00:00',0,'2018-10-05 15:40:29','2018-10-05 15:40:31'),(10,'ZPIDZICSA',1,4,31,1,6190,44,1,6094,6094,2,'c8ab7c976202b376e0a69b1ce0e63f5d','PayPal / CB',1.000000,'paypal',0,0,'',0,'',0.000000,0.000000,0.000000,173.000000,173.000000,144.160000,173.000000,133.330000,160.000000,13.000000,13.000000,10.830000,20.000,0.000000,0.000000,0.000000,2,2,8,1,'2018-10-06 11:34:56','2018-10-06 12:13:28',1,'2018-10-06 11:34:55','2018-10-06 12:46:45'),(11,'VITUVVFIV',1,4,38,1,6190,56,1,6094,6094,5,'c8ab7c976202b376e0a69b1ce0e63f5d','PayPal / CB',1.000000,'paypal',0,0,'',0,'',0.000000,0.000000,0.000000,173.000000,173.000000,144.160000,173.000000,133.330000,160.000000,13.000000,13.000000,10.830000,20.000,0.000000,0.000000,0.000000,2,2,9,3,'2018-10-06 13:52:18','2018-10-11 14:46:29',1,'2018-10-06 13:52:16','2018-10-11 14:46:29'),(12,'TQNOMERKS',1,2,36,1,6191,57,1,6095,6095,3,'bc34657f9acba47ef57a88c97372493f','Transfert bancaire',1.000000,'ps_wirepayment',0,0,'',0,'',1900.000000,1900.000000,1900.000000,12000.000000,12000.000000,12000.000000,12000.000000,13900.000000,13900.000000,0.000000,0.000000,0.000000,20.000,0.000000,0.000000,0.000000,2,2,10,4,'2018-10-12 19:10:46','2018-10-13 15:32:49',1,'2018-10-12 19:10:46','2018-10-13 15:32:49'),(13,'EEHCCQEJU',1,2,36,1,6192,60,1,6096,6096,3,'4672703a655471a4c382022c1db59354','Transfert bancaire',1.000000,'ps_wirepayment',0,0,'',0,'',600.000000,600.000000,600.000000,4500.000000,4500.000000,4500.000000,4500.000000,5100.000000,5100.000000,0.000000,0.000000,0.000000,20.000,0.000000,0.000000,0.000000,2,2,11,11,'2018-10-18 09:10:01','2018-10-24 12:04:44',1,'2018-10-18 09:10:00','2018-10-24 12:04:44'),(14,'HASHJJRVM',1,4,36,1,6193,61,1,6098,6098,5,'b290be74b1d2600afb7ff1e67bc72ae5','Braintree',1.000000,'paypal',0,0,'',0,'',0.000000,0.000000,0.000000,250.000000,250.000000,208.330000,250.000000,208.330000,250.000000,0.000000,0.000000,0.000000,20.000,0.000000,0.000000,0.000000,2,2,12,5,'2018-10-18 15:55:29','2018-12-18 18:03:50',1,'2018-10-18 15:55:27','2018-12-18 18:03:50'),(15,'MYISLOYQB',1,4,36,1,6194,62,1,6099,6099,5,'e3c706792ed9fcaed6144a4dd7a0b83e','Braintree',1.000000,'paypal',0,0,'',0,'',0.000000,0.000000,0.000000,250.000000,250.000000,208.330000,250.000000,208.330000,250.000000,0.000000,0.000000,0.000000,20.000,0.000000,0.000000,0.000000,2,2,13,6,'2018-10-20 10:37:34','2018-12-18 18:04:14',1,'2018-10-20 10:37:32','2018-12-18 18:04:14'),(16,'HHBIJFPJX',1,2,36,1,6195,67,1,6100,6100,5,'0190e9932c921113366091b0f6a20b97','Chèque',1.000000,'ps_checkpayment',0,0,'',0,'',300.000000,300.000000,300.000000,2200.000000,2200.000000,2200.000000,2200.000000,2500.000000,2500.000000,0.000000,0.000000,0.000000,20.000,0.000000,0.000000,0.000000,2,2,14,7,'2018-10-23 17:12:59','2018-12-05 15:06:50',1,'2018-10-23 17:12:59','2018-12-05 15:06:51'),(17,'RLKMQDHIU',1,2,30,1,6196,68,1,6101,6101,5,'58510b997aa27b205b735d75c938d761','Chèque',1.000000,'ps_checkpayment',0,0,'',0,'',15.000000,15.000000,12.500000,2500.000000,2500.000000,2500.000000,2500.000000,2500.000000,2500.000000,15.000000,15.000000,12.500000,20.000,0.000000,0.000000,0.000000,2,2,15,8,'2018-10-23 17:54:59','2018-12-13 10:57:53',1,'2018-10-23 17:54:59','2018-12-13 10:57:54'),(18,'FLUQHXIKY',1,2,30,1,6197,70,1,6103,6103,5,'b5e490517d87c079c2faa9a61b2c1134','Chèque',1.000000,'ps_checkpayment',0,0,'',0,'',15.000000,15.000000,12.500000,3500.000000,3500.000000,3500.000000,3500.000000,3500.000000,3500.000000,15.000000,15.000000,12.500000,20.000,0.000000,0.000000,0.000000,2,2,16,9,'2018-10-23 17:58:52','2018-12-13 10:57:33',1,'2018-10-23 17:58:52','2018-12-13 10:57:33'),(19,'GVIXAJICX',1,2,30,1,6198,71,1,6104,6104,5,'f7e3d686e11a0058afadab3bf4858414','PayPal / CB',1.000000,'paypal',0,0,'',0,'',15.000000,15.000000,12.500000,3500.000000,3500.000000,3500.000000,3500.000000,3500.000000,3500.000000,15.000000,15.000000,12.500000,20.000,0.000000,0.000000,0.000000,2,2,17,10,'2018-10-23 18:22:13','2018-12-13 10:57:13',1,'2018-10-23 18:22:13','2018-12-13 10:57:13'),(20,'CUURZJIIM',1,2,36,1,6199,72,1,6105,6105,5,'058f46aa2b6cbd38b28bfb4067118a50','PayPal / CB',1.000000,'paypal',0,0,'',0,'',100.000000,100.000000,100.000000,1200.000000,1200.000000,1200.000000,1200.000000,1300.000000,1300.000000,0.000000,0.000000,0.000000,20.000,0.000000,0.000000,0.000000,2,2,206,233,'2018-12-13 10:59:04','2018-12-13 10:59:04',1,'2018-10-23 19:03:10','2018-12-13 10:59:04'),(21,'NUECPXVCV',1,2,36,1,6199,74,1,6105,6105,5,'058f46aa2b6cbd38b28bfb4067118a50','Braintree',1.000000,'paypal',0,0,'',0,'',100.000000,100.000000,100.000000,1200.000000,1200.000000,1200.000000,1200.000000,1300.000000,1300.000000,0.000000,0.000000,0.000000,20.000,0.000000,0.000000,0.000000,2,2,18,19,'2018-10-24 14:44:37','2018-10-27 18:34:33',1,'2018-10-24 14:44:36','2018-10-27 18:34:33'),(22,'TTUVZDQHA',1,4,39,1,6200,77,1,6106,6106,5,'b31e335bd8f9acb38555766782e6269a','Transfert bancaire',1.000000,'ps_wirepayment',0,0,'',0,'',0.000000,0.000000,0.000000,85.000000,85.000000,70.830000,85.000000,58.330000,70.000000,15.000000,15.000000,12.500000,20.000,0.000000,0.000000,0.000000,2,2,19,12,'2018-10-24 15:44:22','2018-10-31 14:42:13',1,'2018-10-24 15:42:30','2018-10-31 14:42:13'),(23,'WGBZGMECH',1,4,39,1,6201,91,1,6108,6108,5,'6360ffba11f4907c0bef0ebaa12a984b','Transfert bancaire',1.000000,'ps_wirepayment',0,0,'',0,'',0.000000,0.000000,0.000000,85.000000,85.000000,70.830000,85.000000,58.330000,70.000000,15.000000,15.000000,12.500000,20.000,0.000000,0.000000,0.000000,2,2,20,13,'2018-10-24 15:50:04','2018-10-31 14:42:13',1,'2018-10-24 15:50:02','2018-10-31 14:42:13'),(24,'QIKPQZKFE',1,4,39,1,6202,94,1,6109,6109,5,'e01db39ef43f4cb5a08cd8f102515644','Transfert bancaire',1.000000,'ps_wirepayment',0,0,'',0,'',0.000000,0.000000,0.000000,85.000000,85.000000,70.830000,85.000000,58.330000,70.000000,15.000000,15.000000,12.500000,20.000,0.000000,0.000000,0.000000,2,2,21,14,'2018-10-24 15:55:33','2018-10-31 14:42:13',1,'2018-10-24 15:55:31','2018-10-31 14:42:13'),(25,'UTZAMMOGC',1,4,39,1,6203,95,1,6110,6110,4,'de23ebeea58460334356bb6601939511','Transfert bancaire',1.000000,'ps_wirepayment',0,0,'',0,'',0.000000,0.000000,0.000000,135.000000,135.000000,112.500000,135.000000,100.000000,120.000000,15.000000,15.000000,12.500000,20.000,0.000000,0.000000,0.000000,2,2,22,15,'2018-10-24 16:00:36','2018-10-24 16:00:36',1,'2018-10-24 16:00:31','2018-10-25 16:42:34'),(26,'MBLAOCDKX',1,4,39,1,6204,96,1,6111,6111,5,'88dba5c06975efe0bfcd73cd2fe95efb','Transfert bancaire',1.000000,'ps_wirepayment',0,0,'',0,'',0.000000,0.000000,0.000000,135.000000,135.000000,112.500000,135.000000,100.000000,120.000000,15.000000,15.000000,12.500000,20.000,0.000000,0.000000,0.000000,2,2,23,16,'2018-10-24 16:04:35','2018-10-31 14:43:28',1,'2018-10-24 16:04:33','2018-10-31 14:43:28'),(27,'XZHRHVIPA',1,4,39,1,6205,98,1,6112,6112,4,'cfbaa0b743b6ab31f8189719e3fe630f','Transfert bancaire',1.000000,'ps_wirepayment',0,0,'',0,'',0.000000,0.000000,0.000000,135.000000,135.000000,112.500000,135.000000,100.000000,120.000000,15.000000,15.000000,12.500000,20.000,0.000000,0.000000,0.000000,2,2,24,17,'2018-10-24 16:08:40','2018-10-24 16:08:40',1,'2018-10-24 16:08:38','2018-10-25 16:42:44'),(28,'NKDNDBFEO',1,4,39,1,6206,99,1,6113,6113,5,'f905b66193c9b54d578c6a5d7f44f196','Transfert bancaire',1.000000,'ps_wirepayment',0,0,'',0,'',0.000000,0.000000,0.000000,135.000000,135.000000,112.500000,135.000000,100.000000,120.000000,15.000000,15.000000,12.500000,20.000,0.000000,0.000000,0.000000,2,2,25,18,'2018-10-24 16:14:25','2018-10-31 14:43:28',1,'2018-10-24 16:14:24','2018-10-31 14:43:28'),(29,'IZSJAGHXU',1,4,39,1,6207,102,1,6114,6114,4,'95eb391f6e8b399049b9b3a847c437b6','Transfert bancaire',1.000000,'ps_wirepayment',0,0,'',0,'',0.000000,0.000000,0.000000,135.000000,135.000000,112.500000,135.000000,100.000000,120.000000,15.000000,15.000000,12.500000,20.000,0.000000,0.000000,0.000000,2,2,26,20,'2018-10-24 16:49:03','2018-10-24 16:49:15',1,'2018-10-24 16:49:02','2018-10-25 16:42:41'),(30,'NKYFBHOIA',1,4,39,1,6209,105,1,6116,6116,5,'2bc5cab1432bdd51143fb5955d50edc9','Transfert bancaire',1.000000,'ps_wirepayment',0,0,'',0,'',0.000000,0.000000,0.000000,135.000000,135.000000,112.500000,135.000000,100.000000,120.000000,15.000000,15.000000,12.500000,20.000,0.000000,0.000000,0.000000,2,2,27,21,'2018-10-24 17:07:07','2018-10-31 14:43:28',1,'2018-10-24 17:07:05','2018-10-31 14:43:28'),(31,'MZFZCYABG',1,4,39,1,6210,106,1,6117,6117,5,'49d5f535f8354d8ae3f1c9c368675f95','Transfert bancaire',1.000000,'ps_wirepayment',0,0,'',0,'',0.000000,0.000000,0.000000,135.000000,135.000000,112.500000,135.000000,100.000000,120.000000,15.000000,15.000000,12.500000,20.000,0.000000,0.000000,0.000000,2,2,28,22,'2018-10-24 17:10:05','2018-10-31 14:43:27',1,'2018-10-24 17:10:03','2018-10-31 14:43:27'),(32,'QJFKCUHYI',1,4,39,1,6211,107,1,6118,6118,5,'cef6ab5df36436f440a9b519400513f9','Transfert bancaire',1.000000,'ps_wirepayment',0,0,'',0,'',0.000000,0.000000,0.000000,135.000000,135.000000,112.500000,135.000000,100.000000,120.000000,15.000000,15.000000,12.500000,20.000,0.000000,0.000000,0.000000,2,2,29,23,'2018-10-24 17:12:29','2018-10-31 14:43:27',1,'2018-10-24 17:12:27','2018-10-31 14:43:27'),(33,'SLKLBFFYW',1,4,40,1,6208,103,1,6115,6115,5,'354cada37c66ac876f1bc441ee826a3e','Transfert bancaire',1.000000,'ps_wirepayment',0,0,'',0,'',0.000000,0.000000,0.000000,135.000000,135.000000,112.500000,135.000000,100.000000,120.000000,15.000000,15.000000,12.500000,20.000,0.000000,0.000000,0.000000,2,2,30,24,'2018-10-24 17:16:41','2018-10-31 14:43:27',1,'2018-10-24 17:16:40','2018-10-31 14:43:27'),(34,'SKRPTYWSU',1,4,40,1,6212,108,1,6119,6119,6,'61edfe43132b9610fc295f386e084b41','Transfert bancaire',1.000000,'ps_wirepayment',0,0,'',0,'',0.000000,0.000000,0.000000,815.000000,815.000000,679.170000,815.000000,666.670000,800.000000,15.000000,15.000000,12.500000,20.000,0.000000,0.000000,0.000000,2,2,31,25,'2018-10-24 17:19:59','2018-10-24 17:19:59',0,'2018-10-24 17:19:58','2018-10-24 18:52:31'),(35,'IYEDYPEKG',1,4,40,1,6213,109,1,6120,6120,6,'77f4a212378a6b1fc73022dd86d52eaa','Transfert bancaire',1.000000,'ps_wirepayment',0,0,'',0,'',0.000000,0.000000,0.000000,815.000000,815.000000,679.170000,815.000000,666.670000,800.000000,15.000000,15.000000,12.500000,20.000,0.000000,0.000000,0.000000,2,2,32,26,'2018-10-24 17:24:40','2018-10-24 17:24:56',0,'2018-10-24 17:24:38','2018-10-24 18:52:09'),(36,'YOEKNKNTO',1,4,40,1,6213,110,1,6120,6120,5,'77f4a212378a6b1fc73022dd86d52eaa','Transfert bancaire',1.000000,'ps_wirepayment',0,0,'',0,'',0.000000,0.000000,0.000000,615.000000,615.000000,512.500000,615.000000,500.000000,600.000000,15.000000,15.000000,12.500000,20.000,0.000000,0.000000,0.000000,2,2,33,27,'2018-10-24 18:55:36','2018-10-31 14:42:12',1,'2018-10-24 18:55:35','2018-10-31 14:42:12'),(37,'FNGXRSSGM',1,4,40,1,6212,111,1,6121,6119,5,'61edfe43132b9610fc295f386e084b41','Transfert bancaire',1.000000,'ps_wirepayment',0,0,'',0,'',0.000000,0.000000,0.000000,615.000000,615.000000,512.500000,615.000000,500.000000,600.000000,15.000000,15.000000,12.500000,20.000,0.000000,0.000000,0.000000,2,2,34,28,'2018-10-24 18:57:12','2018-10-31 14:40:56',1,'2018-10-24 18:57:10','2018-10-31 14:40:56'),(38,'ZVWLOYOOI',1,4,36,1,6214,114,1,6122,6122,5,'a77ec8d81fa87aa35db79bfd86b41e33','PayPal / CB',1.000000,'paypal',0,0,'',0,'',100.000000,100.000000,83.330000,500.000000,500.000000,416.670000,500.000000,500.000000,600.000000,0.000000,0.000000,0.000000,20.000,0.000000,0.000000,0.000000,2,2,35,29,'2018-10-25 16:20:01','2018-11-09 15:22:18',1,'2018-10-25 16:19:59','2018-11-09 15:22:18'),(39,'EGAUKXQGY',1,2,36,1,6216,126,1,6124,6124,5,'de170f0fe6fa62f57b0c5021d507627b','PayPal / CB',1.000000,'paypal',0,0,'',0,'',0.000000,0.000000,0.000000,950.000000,950.000000,950.000000,950.000000,950.000000,950.000000,0.000000,0.000000,0.000000,20.000,0.000000,0.000000,0.000000,2,2,36,232,'2018-11-02 14:44:02','2018-12-13 10:56:46',1,'2018-11-02 14:44:02','2018-12-13 10:56:46'),(40,'PBMKBVOIB',1,2,36,1,6217,127,1,6126,6126,5,'fab3432fdc921ab07465a27db0823300','PayPal / CB',1.000000,'paypal',0,0,'',0,'',0.000000,0.000000,0.000000,1300.000000,1300.000000,1300.000000,1300.000000,1300.000000,1300.000000,0.000000,0.000000,0.000000,20.000,0.000000,0.000000,0.000000,2,2,37,231,'2018-11-02 17:42:31','2018-12-13 10:56:25',1,'2018-11-02 17:42:31','2018-12-13 10:56:25'),(41,'IJWOZBSGB',1,2,36,1,6219,128,1,6129,6129,5,'50dedf6d4f481975b4f437c91ac506b1','PayPal / CB',1.000000,'paypal',0,0,'',0,'',300.000000,300.000000,300.000000,1000.000000,1000.000000,1000.000000,1300.000000,1300.000000,1300.000000,0.000000,0.000000,0.000000,20.000,0.000000,0.000000,0.000000,2,2,38,230,'2018-11-02 17:52:25','2018-12-13 10:55:52',1,'2018-11-02 17:52:24','2018-12-13 10:55:52'),(42,'MVWCPKGZB',1,4,40,1,6220,131,1,6131,6131,4,'172ea7af8bc0582b6242e1f2a6abeec1','Braintree',1.000000,'paypal',0,0,'',0,'',0.000000,0.000000,0.000000,210.000000,210.000000,175.000000,210.000000,162.500000,195.000000,15.000000,15.000000,12.500000,20.000,0.000000,0.000000,0.000000,2,2,39,0,'2018-11-04 15:59:06','0000-00-00 00:00:00',1,'2018-11-04 15:59:04','2018-11-09 19:30:06'),(43,'DOFBZBBTU',1,4,36,1,6221,132,1,6132,6132,4,'a127c1cfed43adc569ae6abd67c07544','Braintree',1.000000,'paypal',0,0,'',0,'',0.000000,0.000000,0.000000,195.000000,195.000000,162.500000,195.000000,162.500000,195.000000,0.000000,0.000000,0.000000,20.000,0.000000,0.000000,0.000000,2,2,40,0,'2018-11-05 08:45:48','0000-00-00 00:00:00',1,'2018-11-04 16:14:57','2018-11-09 19:46:45'),(44,'BRZIOZSYD',1,4,40,1,6223,141,1,6133,6133,4,'4e746a3f1bdecd24425a51cd3f2cdc1d','Braintree',1.000000,'paypal',0,0,'',0,'',0.000000,0.000000,0.000000,210.000000,210.000000,175.000000,210.000000,162.500000,195.000000,15.000000,15.000000,12.500000,20.000,0.000000,0.000000,0.000000,2,2,41,0,'2018-11-07 16:18:16','0000-00-00 00:00:00',1,'2018-11-07 16:18:14','2018-11-09 19:44:57'),(45,'SNEUTTKDW',1,2,36,1,6224,143,1,6134,6134,5,'530d9cbe8daa6cbe376864c8cd5254be','PayPal / CB',1.000000,'paypal',0,0,'',0,'',0.000000,0.000000,0.000000,400.000000,400.000000,400.000000,400.000000,400.000000,400.000000,0.000000,0.000000,0.000000,20.000,0.000000,0.000000,0.000000,2,2,42,229,'2018-11-07 17:20:52','2018-12-13 10:54:29',1,'2018-11-07 17:20:51','2018-12-13 10:54:29'),(46,'GXIHIYKNX',1,2,36,1,6218,145,1,6130,6130,5,'add0e344bda99b8e3a1172072e6efaec','PayPal / CB',1.000000,'paypal',0,0,'',0,'',20.000000,20.000000,20.000000,280.000000,280.000000,280.000000,280.000000,300.000000,300.000000,0.000000,0.000000,0.000000,20.000,0.000000,0.000000,0.000000,2,2,43,228,'2018-11-07 17:39:12','2018-12-13 10:54:03',1,'2018-11-07 17:39:12','2018-12-13 10:54:03'),(47,'DPIDDQYAZ',1,2,36,1,6226,147,1,6135,6135,6,'dbb51f32e815940118b2409b42c81d56','Chèque',1.000000,'ps_checkpayment',0,0,'',0,'',150.000000,150.000000,150.000000,450.000000,450.000000,450.000000,0.000000,600.000000,600.000000,0.000000,0.000000,0.000000,20.000,0.000000,0.000000,0.000000,2,2,68,0,'2018-11-21 18:20:53','0000-00-00 00:00:00',0,'2018-11-07 18:01:22','2018-12-13 11:02:17'),(48,'BINCSMEFF',1,2,36,1,6227,148,1,6136,6136,5,'a917d93b82453676db722d2a6ad4cc93','PayPal / CB',1.000000,'paypal',0,0,'',0,'',0.000000,0.000000,0.000000,1500.000000,1500.000000,1500.000000,1500.000000,1500.000000,1500.000000,0.000000,0.000000,0.000000,20.000,0.000000,0.000000,0.000000,2,2,44,227,'2018-11-07 18:17:13','2018-12-13 10:53:34',1,'2018-11-07 18:17:12','2018-12-13 10:53:35'),(49,'DFSUMNWPI',1,2,36,1,6228,151,1,6137,6137,5,'a39ba9097922e04e6f557e633cb84938','PayPal / CB',1.000000,'paypal',0,0,'',0,'',130.000000,130.000000,130.000000,1150.000000,1150.000000,1150.000000,1150.000000,1280.000000,1280.000000,0.000000,0.000000,0.000000,20.000,0.000000,0.000000,0.000000,2,2,45,226,'2018-11-07 18:43:47','2018-12-13 10:53:12',1,'2018-11-07 18:38:30','2018-12-13 10:53:12'),(50,'NMUWNHRWC',1,2,36,1,6229,152,1,6139,6139,5,'95ea6ef5401ab34f5bdb4ba0e8a9a4d2','PayPal / CB',1.000000,'paypal',0,0,'',0,'',0.000000,0.000000,0.000000,200.000000,200.000000,200.000000,200.000000,200.000000,200.000000,0.000000,0.000000,0.000000,20.000,0.000000,0.000000,0.000000,2,2,46,225,'2018-11-08 13:37:52','2018-12-13 10:52:29',1,'2018-11-08 13:37:52','2018-12-13 10:52:29'),(51,'KRJWNZFNV',1,4,40,1,6232,156,1,6141,6141,7,'bee8f13820b00b755baca065e2c905b5','Braintree',1.000000,'paypal',0,0,'',0,'',90.000000,90.000000,75.000000,15.000000,15.000000,12.500000,15.000000,75.000000,90.000000,15.000000,15.000000,12.500000,20.000,0.000000,0.000000,0.000000,2,2,47,0,'2018-11-09 17:32:47','0000-00-00 00:00:00',0,'2018-11-09 17:32:44','2018-11-28 11:27:15'),(52,'ETJBKVGMF',1,4,40,1,6232,157,1,6141,6141,7,'bee8f13820b00b755baca065e2c905b5','Braintree',1.000000,'paypal',0,0,'',0,'',195.000000,195.000000,162.500000,15.000000,15.000000,12.500000,15.000000,162.500000,195.000000,15.000000,15.000000,12.500000,20.000,0.000000,0.000000,0.000000,2,2,48,0,'2018-11-09 17:41:19','0000-00-00 00:00:00',0,'2018-11-09 17:41:16','2018-11-28 11:26:45'),(53,'JTJQTJFMW',1,4,40,1,6233,158,1,6142,6142,11,'471b04a2244e11181330def1536f2a4b','Chèque',1.000000,'ps_checkpayment',0,0,'',0,'',0.000000,0.000000,0.000000,115.000000,115.000000,95.830000,100.000000,83.330000,100.000000,15.000000,15.000000,12.500000,20.000,0.000000,0.000000,0.000000,2,2,49,0,'2018-11-09 18:04:23','0000-00-00 00:00:00',1,'2018-11-09 18:04:23','2018-11-09 18:07:04'),(54,'LJEHNAYMX',1,4,36,1,6236,162,1,6145,6145,5,'e97dddda699a3138bac5ff6d5d0971c0','PayPal / CB',1.000000,'paypal',0,0,'',0,'',0.000000,0.000000,0.000000,200.000000,200.000000,166.670000,200.000000,166.670000,200.000000,0.000000,0.000000,0.000000,20.000,0.000000,0.000000,0.000000,2,2,50,225,'2018-11-10 16:10:33','2018-12-04 16:39:17',1,'2018-11-10 16:10:32','2018-12-04 16:39:17'),(55,'NGJBYRZEN',1,4,40,1,6237,163,1,6146,6146,5,'7cfe7b579519641e66f4d355fd831ca8','PayPal / CB',1.000000,'paypal',0,0,'',0,'9V31608470018',15.000000,15.000000,12.500000,352.000000,352.000000,293.330000,352.000000,293.330000,352.000000,15.000000,15.000000,12.500000,20.000,0.000000,0.000000,0.000000,2,2,51,216,'2018-11-10 18:33:05','2018-12-04 16:17:36',1,'2018-11-10 18:33:05','2018-12-04 16:17:36'),(56,'VMEXUNAFW',1,2,36,1,6240,176,1,6148,6148,5,'67a535322ac28b63a7b068c04434531a','Chèque',1.000000,'ps_checkpayment',0,0,'',0,'',0.000000,0.000000,0.000000,2000.000000,2000.000000,2000.000000,2000.000000,2000.000000,2000.000000,0.000000,0.000000,0.000000,20.000,0.000000,0.000000,0.000000,2,2,52,224,'2018-11-17 17:08:03','2018-12-13 10:52:09',1,'2018-11-17 17:08:02','2018-12-13 10:52:09'),(57,'MZJCBDBRF',1,2,36,1,6242,178,1,6149,6149,5,'cacef0ac08a08b501c623b177e40e75a','Transfert bancaire',1.000000,'ps_wirepayment',0,0,'',0,'',800.000000,800.000000,800.000000,4000.000000,4000.000000,4000.000000,4000.000000,4800.000000,4800.000000,0.000000,0.000000,0.000000,20.000,0.000000,0.000000,0.000000,2,2,53,223,'2018-11-17 18:26:20','2018-12-13 10:51:46',1,'2018-11-17 18:26:19','2018-12-13 10:51:46'),(58,'ZDZEOMFSS',1,2,36,1,6241,177,1,6150,6150,5,'7d6c6ac4889ce53423c1db249d57662b','PayPal / CB',1.000000,'paypal',0,0,'',0,'',100.000000,100.000000,100.000000,1200.000000,1200.000000,1200.000000,1200.000000,1300.000000,1300.000000,0.000000,0.000000,0.000000,20.000,0.000000,0.000000,0.000000,2,2,54,222,'2018-11-17 18:42:55','2018-12-13 10:51:22',1,'2018-11-17 18:42:55','2018-12-13 10:51:22'),(59,'FWJSNHLSO',1,2,36,1,6243,179,1,6151,6151,5,'f757e45c9a56fd63fd057fcec483d86a','PayPal / CB',1.000000,'paypal',0,0,'',0,'',0.000000,0.000000,0.000000,800.000000,800.000000,800.000000,800.000000,800.000000,800.000000,0.000000,0.000000,0.000000,20.000,0.000000,0.000000,0.000000,2,2,55,221,'2018-11-17 18:54:45','2018-12-13 10:51:03',1,'2018-11-17 18:54:45','2018-12-13 10:51:03'),(60,'YHGJUXMFM',1,2,36,1,6244,181,1,6152,6152,5,'e76fe595473cd838700ef7ce6db7659d','PayPal / CB',1.000000,'paypal',0,0,'',0,'',250.000000,250.000000,250.000000,2250.000000,2250.000000,2250.000000,2250.000000,2500.000000,2500.000000,0.000000,0.000000,0.000000,20.000,0.000000,0.000000,0.000000,2,2,56,220,'2018-11-17 19:10:41','2018-12-13 10:50:45',1,'2018-11-17 19:10:40','2018-12-13 10:50:45'),(61,'XVNBAAZVZ',1,2,41,1,6245,184,1,6153,6153,5,'41f780de609e3ea5003ba205ce5e7151','Transfert bancaire',1.000000,'ps_wirepayment',0,0,'',0,'',180.000000,180.000000,150.000000,5700.000000,5700.000000,5700.000000,5700.000000,5700.000000,5700.000000,180.000000,180.000000,150.000000,20.000,0.000000,0.000000,0.000000,2,2,57,208,'2018-11-20 11:55:06','2018-12-13 10:41:03',1,'2018-11-20 11:55:04','2018-12-13 10:41:03'),(62,'SSVSCBSTL',1,2,36,1,6246,185,1,6154,6154,5,'d60cb8251f07fa637eb6aa111c1e1d7e','PayPal / CB',1.000000,'paypal',0,0,'',0,'',0.000000,0.000000,0.000000,1500.000000,1500.000000,1500.000000,1500.000000,1500.000000,1500.000000,0.000000,0.000000,0.000000,20.000,0.000000,0.000000,0.000000,2,2,58,209,'2018-11-20 14:49:48','2018-12-13 10:41:26',1,'2018-11-20 14:49:30','2018-12-13 10:41:26'),(63,'ISKYQWGRL',1,2,36,1,6247,186,1,6155,6155,5,'dc68d83e622d385ce8ed94da59176b96','PayPal / CB',1.000000,'paypal',0,0,'',0,'',100.000000,100.000000,100.000000,1700.000000,1700.000000,1700.000000,1700.000000,1800.000000,1800.000000,0.000000,0.000000,0.000000,20.000,0.000000,0.000000,0.000000,2,2,59,210,'2018-11-21 13:27:53','2018-12-13 10:41:48',1,'2018-11-21 13:27:53','2018-12-13 10:41:48'),(64,'JICQNUEIJ',1,2,36,1,6248,187,1,6156,6156,5,'f1993c4ccb88cff2c2f1b6451c665c30','PayPal / CB',1.000000,'paypal',0,0,'',0,'',0.000000,0.000000,0.000000,400.000000,400.000000,400.000000,400.000000,400.000000,400.000000,0.000000,0.000000,0.000000,0.000,0.000000,0.000000,0.000000,2,2,60,236,'2018-11-21 13:56:59','2018-12-13 11:01:09',1,'2018-11-21 13:56:59','2018-12-13 11:01:09'),(65,'BIOPXOJCS',1,2,36,1,6250,189,1,6158,6158,5,'58120f61cb6f30b897073890f162f3f6','PayPal / CB',1.000000,'paypal',0,0,'',0,'',300.000000,300.000000,300.000000,2300.000000,2300.000000,2300.000000,13800.000000,2600.000000,2600.000000,0.000000,0.000000,0.000000,20.000,0.000000,0.000000,0.000000,2,2,61,235,'2018-11-21 14:36:26','2018-12-21 17:14:37',1,'2018-11-21 14:36:26','2018-12-21 17:14:37'),(66,'FKWAQEOCY',1,2,36,1,6251,190,1,6159,6159,5,'6257c5ebcd859f9f0bddcfc6ed7fc307','Chèque',1.000000,'ps_checkpayment',0,0,'',0,'',500.000000,500.000000,500.000000,3700.000000,3700.000000,3700.000000,3700.000000,4200.000000,4200.000000,0.000000,0.000000,0.000000,20.000,0.000000,0.000000,0.000000,2,2,62,219,'2018-11-21 14:47:40','2018-12-13 10:50:17',1,'2018-11-21 14:47:40','2018-12-13 10:50:17'),(67,'CHYZCGPXR',1,2,36,1,6252,191,1,6160,6160,6,'cecca86deba604cded04fb214ed6bd07','Chèque',1.000000,'ps_checkpayment',0,0,'',0,'',200.000000,200.000000,200.000000,1000.000000,1000.000000,1000.000000,0.000000,1200.000000,1200.000000,0.000000,0.000000,0.000000,20.000,0.000000,0.000000,0.000000,2,2,70,0,'2018-11-23 18:28:20','0000-00-00 00:00:00',0,'2018-11-21 15:12:06','2018-11-29 12:37:50'),(68,'LLNFUOQII',1,2,36,1,6253,192,1,6161,6161,3,'ad3b6881d8821725cf4c65937b05b6e4','PayPal / CB',1.000000,'paypal',0,0,'',0,'',0.000000,0.000000,0.000000,6600.000000,6600.000000,6600.000000,6600.000000,6600.000000,6600.000000,0.000000,0.000000,0.000000,20.000,0.000000,0.000000,0.000000,2,2,110,206,'2018-11-29 17:23:12','2018-12-13 10:38:14',1,'2018-11-21 15:57:38','2018-12-13 10:38:14'),(69,'JJJUAQHWS',1,2,36,1,6254,193,1,6162,6162,5,'335c4ddfc072aeb4f90df0a92dd20060','Chèque',1.000000,'ps_checkpayment',0,0,'',0,'',0.000000,0.000000,0.000000,4200.000000,4200.000000,4200.000000,4200.000000,4200.000000,4200.000000,0.000000,0.000000,0.000000,20.000,0.000000,0.000000,0.000000,2,2,63,218,'2018-11-21 16:08:03','2018-12-17 19:21:59',1,'2018-11-21 16:08:03','2018-12-17 19:21:59'),(70,'GXDWMKPEB',1,2,36,1,6255,194,1,6163,6163,5,'f97f14921cae48a781937e874b2abc4d','Chèque',1.000000,'ps_checkpayment',0,0,'',0,'',0.000000,0.000000,0.000000,1900.000000,1900.000000,1900.000000,1900.000000,1900.000000,1900.000000,0.000000,0.000000,0.000000,20.000,0.000000,0.000000,0.000000,2,2,64,211,'2018-11-21 16:20:39','2018-12-13 10:42:19',1,'2018-11-21 16:20:39','2018-12-13 10:42:19'),(71,'ICJUNQKUV',1,2,36,1,6256,195,1,6164,6164,5,'537692be3e29969ca318ef98546ab6cf','PayPal / CB',1.000000,'paypal',0,0,'',0,'',0.000000,0.000000,0.000000,1100.000000,1100.000000,1100.000000,1100.000000,1100.000000,1100.000000,0.000000,0.000000,0.000000,20.000,0.000000,0.000000,0.000000,2,2,105,207,'2018-11-29 14:49:58','2018-12-13 10:38:51',1,'2018-11-21 16:40:53','2018-12-13 10:38:51'),(72,'AAIEQZBLD',1,2,36,1,6257,196,1,6165,6165,1,'9bb41582e3704f235294ed1ea58637e0','Chèque',1.000000,'ps_checkpayment',0,0,'',0,'',300.000000,300.000000,300.000000,3900.000000,3900.000000,3900.000000,0.000000,4200.000000,4200.000000,0.000000,0.000000,0.000000,20.000,0.000000,0.000000,0.000000,2,2,65,0,'2018-11-21 16:52:23','0000-00-00 00:00:00',0,'2018-11-21 16:51:50','2018-11-21 16:52:23'),(73,'ISXRPHWQC',1,2,36,1,6258,197,1,6166,6166,5,'aba0873eb82fe4cba542c5d612890c4b','PayPal / CB',1.000000,'paypal',0,0,'',0,'',0.000000,0.000000,0.000000,960.000000,960.000000,960.000000,960.000000,960.000000,960.000000,0.000000,0.000000,0.000000,20.000,0.000000,0.000000,0.000000,2,2,66,217,'2018-11-21 17:09:30','2018-12-13 10:49:14',1,'2018-11-21 17:09:29','2018-12-13 10:49:14'),(74,'EBXBISEAL',1,2,36,1,6259,198,1,6235,6167,5,'e02ddc012465a4cf7d60678d3ca91c4f','PayPal / CB',1.000000,'paypal',0,0,'',0,'',0.000000,0.000000,0.000000,580.000000,580.000000,580.000000,580.000000,580.000000,580.000000,0.000000,0.000000,0.000000,20.000,0.000000,0.000000,0.000000,2,2,67,234,'2018-11-21 17:19:44','2018-12-13 11:00:16',1,'2018-11-21 17:19:44','2018-12-13 11:00:16'),(75,'LYRDSWGVE',1,4,40,1,6260,199,1,6168,6168,4,'607a85e2facfe5079a7c245b963b8bce','PayPal / CB',1.000000,'paypal',0,0,'',0,'',15.000000,15.000000,12.500000,520.000000,520.000000,433.340000,520.000000,433.340000,520.000000,15.000000,15.000000,12.500000,20.000,0.000000,0.000000,0.000000,2,2,69,0,'2018-11-22 16:51:31','0000-00-00 00:00:00',1,'2018-11-22 16:51:30','2018-11-22 19:08:34'),(76,'JXRBQDKXB',1,4,36,1,6261,213,1,6169,6169,5,'535c74ab0d2559106735ccd2b88968b7','PayPal / CB',1.000000,'paypal',0,0,'',0,'',0.000000,0.000000,0.000000,300.000000,300.000000,250.000000,300.000000,250.000000,300.000000,0.000000,0.000000,0.000000,20.000,0.000000,0.000000,0.000000,2,2,71,228,'2018-11-24 13:45:13','2018-12-06 16:47:10',1,'2018-11-24 13:45:13','2018-12-06 16:47:10'),(77,'POPVSLSDC',1,2,36,1,6262,214,1,6170,6170,5,'b3e29f7aee78d8b7b1aeb988181e1156','Chèque',1.000000,'ps_checkpayment',0,0,'',0,'',500.000000,500.000000,500.000000,2000.000000,2000.000000,2000.000000,2000.000000,2500.000000,2500.000000,0.000000,0.000000,0.000000,20.000,0.000000,0.000000,0.000000,2,2,72,212,'2018-11-24 14:10:59','2018-12-13 10:42:41',1,'2018-11-24 14:10:58','2018-12-13 10:42:42'),(78,'APUPHTDAB',1,4,40,1,6264,216,1,6172,6172,4,'ceb12af79a28bf32bd0c7f8da6309f65','Braintree',1.000000,'paypal',0,0,'',0,'',15.000000,15.000000,12.500000,500.000000,500.000000,416.670000,500.000000,416.670000,500.000000,15.000000,15.000000,12.500000,20.000,0.000000,0.000000,0.000000,2,2,88,0,'2018-11-24 19:15:16','0000-00-00 00:00:00',1,'2018-11-24 14:28:26','2018-11-27 12:22:27'),(79,'YDNDMIOIR',1,4,36,1,6263,218,1,6173,6173,5,'af97ddf4db9639dfc6a85ce95ae28f3f','PayPal / CB',1.000000,'paypal',0,0,'',0,'',50.000000,50.000000,41.670000,2000.000000,2000.000000,1666.660000,2000.000000,1708.330000,2050.000000,0.000000,0.000000,0.000000,20.000,0.000000,0.000000,0.000000,2,2,73,206,'2018-11-24 15:41:08','2018-12-04 16:08:15',1,'2018-11-24 15:41:06','2018-12-04 16:08:15'),(80,'FATOYELYW',1,4,36,1,6266,220,1,6175,6175,5,'b184cb64a88f059cddcb2add5c13559d','PayPal / CB',1.000000,'paypal',0,0,'',0,'',250.000000,250.000000,208.330000,1200.000000,1200.000000,1000.000000,1200.000000,1208.330000,1450.000000,0.000000,0.000000,0.000000,20.000,0.000000,0.000000,0.000000,2,2,74,207,'2018-11-24 16:01:46','2018-12-04 16:09:11',1,'2018-11-24 16:01:44','2018-12-04 16:09:11'),(81,'SLVZOJJCZ',1,4,36,1,6267,222,1,6176,6176,5,'ece756564c3b36aedd71e49bd24c81a1','PayPal / CB',1.000000,'paypal',0,0,'',0,'',0.000000,0.000000,0.000000,430.000000,430.000000,358.330000,430.000000,358.330000,430.000000,0.000000,0.000000,0.000000,20.000,0.000000,0.000000,0.000000,2,2,75,208,'2018-11-24 16:20:40','2018-12-04 16:09:56',1,'2018-11-24 16:20:38','2018-12-04 16:09:56'),(82,'DGBEPRPUY',1,4,36,1,6268,223,1,6177,6177,5,'25b65a18a1a1023ac858102c3c074712','Chèque',1.000000,'ps_checkpayment',0,0,'',0,'',0.000000,0.000000,0.000000,250.000000,250.000000,208.330000,250.000000,208.330000,250.000000,0.000000,0.000000,0.000000,20.000,0.000000,0.000000,0.000000,2,2,76,209,'2018-11-24 16:30:02','2018-12-04 16:10:22',1,'2018-11-24 16:30:01','2018-12-04 16:10:22'),(83,'ORPVHRIHD',1,4,36,1,6269,224,1,6178,6178,5,'3e2143c2942bd0bdf03c73b6a0b75909','Chèque',1.000000,'ps_checkpayment',0,0,'',0,'',130.000000,130.000000,108.330000,750.000000,750.000000,625.000000,750.000000,733.330000,880.000000,0.000000,0.000000,0.000000,20.000,0.000000,0.000000,0.000000,2,2,77,210,'2018-11-24 16:52:13','2018-12-04 16:11:13',1,'2018-11-24 16:52:11','2018-12-04 16:11:13'),(84,'OYDRXNNET',1,4,36,1,6269,226,1,6178,6178,5,'3e2143c2942bd0bdf03c73b6a0b75909','PayPal / CB',1.000000,'paypal',0,0,'',0,'',100.000000,100.000000,83.330000,500.000000,500.000000,416.670000,500.000000,500.000000,600.000000,0.000000,0.000000,0.000000,20.000,0.000000,0.000000,0.000000,2,2,78,211,'2018-11-24 17:00:58','2018-12-04 16:11:42',1,'2018-11-24 17:00:56','2018-12-04 16:11:43'),(85,'KRRJMCXTY',1,4,36,1,6271,227,1,6180,6180,5,'f9fbec1da41ecae57d46f8d7329669a1','Chèque',1.000000,'ps_checkpayment',0,0,'',0,'',90.000000,90.000000,75.000000,400.000000,400.000000,333.330000,400.000000,408.330000,490.000000,0.000000,0.000000,0.000000,20.000,0.000000,0.000000,0.000000,2,2,79,212,'2018-11-24 17:16:18','2018-12-04 16:12:18',1,'2018-11-24 17:16:16','2018-12-04 16:12:18'),(86,'TXNVYDZHT',1,4,36,1,6272,228,1,6181,6181,5,'7a449f3e441c6415453a3228bbee5b6b','PayPal / CB',1.000000,'paypal',0,0,'',0,'',0.000000,0.000000,0.000000,60.000000,60.000000,50.000000,60.000000,50.000000,60.000000,0.000000,0.000000,0.000000,20.000,0.000000,0.000000,0.000000,2,2,80,235,'2018-11-24 17:28:04','2018-12-08 15:18:11',1,'2018-11-24 17:28:04','2018-12-08 15:18:11'),(87,'NLQRYQBAB',1,4,36,1,6272,229,1,6181,6181,5,'7a449f3e441c6415453a3228bbee5b6b','PayPal / CB',1.000000,'paypal',0,0,'',0,'',0.000000,0.000000,0.000000,30.000000,30.000000,28.440000,30.000000,28.440000,30.000000,0.000000,0.000000,0.000000,20.000,0.000000,0.000000,0.000000,2,2,81,229,'2018-11-24 17:32:02','2018-12-06 16:49:17',1,'2018-11-24 17:32:02','2018-12-06 16:49:17'),(88,'CBAVKLHFF',1,4,36,1,6026,230,1,6024,6024,5,'8ef826995237768fc1d7defb5f827eb8','PayPal / CB',1.000000,'paypal',0,0,'',0,'',125.000000,125.000000,104.170000,125.000000,125.000000,104.160000,125.000000,208.330000,250.000000,0.000000,0.000000,0.000000,20.000,0.000000,0.000000,0.000000,2,2,82,213,'2018-11-24 17:39:15','2018-12-04 16:14:37',1,'2018-11-24 17:39:14','2018-12-04 16:14:37'),(89,'KOFCYQDWQ',1,4,36,1,6273,233,1,6183,6183,5,'72a1f9be1a4002427ade551ff18b7316','PayPal / CB',1.000000,'paypal',0,0,'',0,'',0.000000,0.000000,0.000000,350.000000,350.000000,297.390000,350.000000,297.390000,350.000000,0.000000,0.000000,0.000000,20.000,0.000000,0.000000,0.000000,2,2,83,214,'2018-11-24 18:08:10','2018-12-04 16:15:04',1,'2018-11-24 18:08:08','2018-12-04 16:15:04'),(90,'UPQGVVYQV',1,4,36,1,6275,234,1,6185,6185,5,'6bc355e3744477f311c1f5813551fcb4','PayPal / CB',1.000000,'paypal',0,0,'',0,'',0.000000,0.000000,0.000000,350.000000,350.000000,291.670000,350.000000,291.670000,350.000000,0.000000,0.000000,0.000000,20.000,0.000000,0.000000,0.000000,2,2,84,215,'2018-11-24 18:20:57','2018-12-04 16:15:42',1,'2018-11-24 18:20:55','2018-12-04 16:15:42'),(91,'EZHPVBJOT',1,4,36,1,6276,235,1,6186,6186,5,'5ed17a2e3ff4fee48608093b02c7f0b9','Chèque',1.000000,'ps_checkpayment',0,0,'',0,'',0.000000,0.000000,0.000000,600.000000,600.000000,500.000000,600.000000,500.000000,600.000000,0.000000,0.000000,0.000000,20.000,0.000000,0.000000,0.000000,2,2,85,217,'2018-11-24 18:32:48','2018-12-04 16:26:46',1,'2018-11-24 18:32:46','2018-12-04 16:26:46'),(92,'RBWQZRLUX',1,4,36,1,6274,236,1,6182,6182,5,'0578fda48f0e05f6adb73b1b2d3bbede','PayPal / CB',1.000000,'paypal',0,0,'',0,'',0.000000,0.000000,0.000000,420.000000,420.000000,350.000000,420.000000,350.000000,420.000000,0.000000,0.000000,0.000000,20.000,0.000000,0.000000,0.000000,2,2,86,218,'2018-11-24 18:34:49','2018-12-04 16:27:14',1,'2018-11-24 18:34:49','2018-12-04 16:27:14'),(93,'YLSVHLVBT',1,4,36,1,6270,237,1,6179,6179,6,'7a178fa67cf5fcf9b3b86a23f3df1e72','Chèque',1.000000,'ps_checkpayment',0,0,'',0,'',0.000000,0.000000,0.000000,250.000000,250.000000,208.330000,250.000000,208.330000,250.000000,0.000000,0.000000,0.000000,20.000,0.000000,0.000000,0.000000,2,2,87,0,'2018-11-24 18:49:15','0000-00-00 00:00:00',0,'2018-11-24 18:49:14','2018-11-29 13:47:53'),(94,'JRARYYMKC',1,4,36,1,6278,239,1,6188,6188,2,'d66db395d3888f013b9993128ded39f7','PayPal / CB',1.000000,'paypal',0,0,'',0,'',430.000000,430.000000,358.330000,1200.000000,1200.000000,1000.000000,1200.000000,1358.330000,1630.000000,0.000000,0.000000,0.000000,20.000,0.000000,0.000000,0.000000,2,2,89,0,'2018-11-24 19:20:54','0000-00-00 00:00:00',1,'2018-11-24 19:20:54','2018-11-24 19:20:55'),(95,'RBOZJGUVL',1,4,40,1,6270,225,1,6179,6179,2,'3e2143c2942bd0bdf03c73b6a0b75909','PayPal / CB',1.000000,'paypal',0,0,'',0,'',0.000000,0.000000,0.000000,135.000000,135.000000,112.500000,135.000000,100.000000,120.000000,15.000000,15.000000,12.500000,20.000,0.000000,0.000000,0.000000,2,2,90,0,'2018-11-26 16:25:18','0000-00-00 00:00:00',1,'2018-11-26 16:25:16','2018-11-26 16:25:18'),(96,'OESAJSUYB',1,2,36,1,6280,249,1,6189,6189,5,'d3942e1b61c0bd8973738e9aa6e5cb15','Braintree',1.000000,'paypal',0,0,'',0,'',0.000000,0.000000,0.000000,150.000000,150.000000,125.000000,150.000000,125.000000,150.000000,0.000000,0.000000,0.000000,20.000,0.000000,0.000000,0.000000,2,2,93,241,'2018-11-27 12:25:11','2018-12-21 13:21:26',1,'2018-11-26 20:15:49','2018-12-21 13:21:26'),(97,'PGUTPELZD',1,2,36,1,6280,250,1,6189,6189,7,'d3942e1b61c0bd8973738e9aa6e5cb15','Braintree',1.000000,'paypal',0,0,'',0,'',0.000000,0.000000,0.000000,150.000000,150.000000,125.000000,0.000000,125.000000,150.000000,0.000000,0.000000,0.000000,20.000,0.000000,0.000000,0.000000,2,2,92,0,'2018-11-27 12:24:27','0000-00-00 00:00:00',0,'2018-11-26 20:18:02','2018-11-27 12:24:27'),(98,'UMDXRBMPA',1,2,36,1,6282,256,1,6190,6190,2,'a01b4495f967439b4f8dad78082f519c','Braintree',1.000000,'paypal',0,0,'',0,'',0.000000,0.000000,0.000000,150.000000,150.000000,125.000000,150.000000,125.000000,150.000000,0.000000,0.000000,0.000000,20.000,0.000000,0.000000,0.000000,2,2,91,0,'2018-11-27 12:18:50','0000-00-00 00:00:00',1,'2018-11-27 12:18:50','2018-11-27 12:18:50'),(99,'KTKDAVVOX',1,2,41,1,6283,257,1,6191,6191,5,'af0687bab8631aeda38ea8e75da625f5','Transfert bancaire',1.000000,'ps_wirepayment',0,0,'',0,'',180.000000,180.000000,150.000000,2800.000000,2800.000000,2800.000000,2800.000000,2800.000000,2800.000000,180.000000,180.000000,150.000000,20.000,0.000000,0.000000,0.000000,2,2,94,201,'2018-11-27 18:31:12','2018-12-13 10:59:44',1,'2018-11-27 18:31:00','2018-12-13 10:59:44'),(100,'XTOJJMFDH',1,4,40,1,6284,258,1,6192,6192,2,'68bb8ee8dfe8389319b46e36e0b17220','Braintree',1.000000,'paypal',0,0,'',0,'',0.000000,0.000000,0.000000,465.000000,465.000000,387.500000,465.000000,375.000000,450.000000,15.000000,15.000000,12.500000,20.000,0.000000,0.000000,0.000000,2,2,95,0,'2018-11-27 19:44:13','0000-00-00 00:00:00',1,'2018-11-27 19:44:11','2018-11-27 19:44:13'),(101,'QLGTCDZKK',1,4,36,1,6285,263,1,6194,6194,2,'305edf6914772733fb6bbbff032157bb','Braintree',1.000000,'paypal',0,0,'',0,'',0.000000,0.000000,0.000000,150.000000,150.000000,125.000000,150.000000,125.000000,150.000000,0.000000,0.000000,0.000000,20.000,0.000000,0.000000,0.000000,2,2,97,0,'2018-11-27 20:40:14','0000-00-00 00:00:00',1,'2018-11-27 20:40:13','2018-11-27 20:40:14'),(102,'WVUIBXFSN',1,2,41,1,6249,264,1,6157,6157,5,'067607e06b69db029d436fb91c8f7201','PayPal / CB',1.000000,'paypal',0,0,'',0,'',180.000000,180.000000,150.000000,4000.000000,4000.000000,4000.000000,4000.000000,4000.000000,4000.000000,180.000000,180.000000,150.000000,20.000,0.000000,0.000000,0.000000,2,2,98,216,'2018-11-27 20:46:21','2018-12-13 10:45:48',1,'2018-11-27 20:46:13','2018-12-13 10:45:48'),(103,'EEILOLEQL',1,2,36,1,6286,266,1,6195,6195,5,'49ec67bd2f0548c3c6dd6b38be3a3b2c','Braintree',1.000000,'paypal',0,0,'',0,'',0.000000,0.000000,0.000000,150.000000,150.000000,125.000000,150.000000,125.000000,150.000000,0.000000,0.000000,0.000000,20.000,0.000000,0.000000,0.000000,2,2,99,238,'2018-11-27 23:13:08','2018-12-21 13:24:22',1,'2018-11-27 23:13:08','2018-12-21 13:24:22'),(104,'IGCGXXFNV',1,2,41,1,6287,267,1,6196,6196,5,'9413c55b34e803f9e30ee76b745aacea','Chèque',1.000000,'ps_checkpayment',0,0,'',0,'',96.000000,96.000000,80.000000,1400.000000,1400.000000,1400.000000,1400.000000,1400.000000,1400.000000,96.000000,96.000000,80.000000,20.000,0.000000,0.000000,0.000000,2,2,100,202,'2018-11-28 10:26:15','2018-12-04 14:10:28',1,'2018-11-28 10:26:08','2018-12-04 14:10:28'),(105,'DLNJRCUAR',1,2,41,1,6288,268,1,6197,6197,5,'9041a97a06e131d8b4a13e47fd975e80','PayPal / CB',1.000000,'paypal',0,0,'',0,'',96.000000,96.000000,80.000000,2200.000000,2200.000000,2200.000000,2200.000000,2200.000000,2200.000000,96.000000,96.000000,80.000000,20.000,0.000000,0.000000,0.000000,2,2,101,215,'2018-11-28 13:20:28','2018-12-20 12:23:47',1,'2018-11-28 13:20:20','2018-12-20 12:23:47'),(106,'UYBDRGPIH',1,4,36,1,6290,272,1,6199,6199,5,'1339f9852674eaf8a55b42916d8975ba','Chèque',1.000000,'ps_checkpayment',0,0,'',0,'',10.000000,10.000000,8.330000,240.000000,240.000000,200.000000,240.000000,208.330000,250.000000,0.000000,0.000000,0.000000,20.000,0.000000,0.000000,0.000000,2,2,102,219,'2018-11-29 13:22:30','2018-12-04 16:28:02',1,'2018-11-29 13:22:29','2018-12-04 16:28:02'),(107,'HLBONXYKU',1,4,36,1,6291,273,1,6200,6200,5,'26bb19598c2091293762993d581c3c23','PayPal / CB',1.000000,'paypal',0,0,'',0,'',10.000000,10.000000,8.330000,240.000000,240.000000,200.000000,240.000000,208.330000,250.000000,0.000000,0.000000,0.000000,20.000,0.000000,0.000000,0.000000,2,2,103,220,'2018-11-29 13:38:10','2018-12-04 16:29:59',1,'2018-11-29 13:38:08','2018-12-04 16:29:59'),(108,'GLZOWCWDP',1,4,36,1,6292,274,1,6201,6201,5,'ae259b264a59e9c92e7b2a45dac0c586','PayPal / CB',1.000000,'paypal',0,0,'',0,'',0.000000,0.000000,0.000000,250.000000,250.000000,208.330000,250.000000,208.330000,250.000000,0.000000,0.000000,0.000000,20.000,0.000000,0.000000,0.000000,2,2,104,221,'2018-11-29 14:46:40','2018-12-04 16:30:17',1,'2018-11-29 14:46:38','2018-12-04 16:30:17'),(109,'RONDZFJJN',1,4,36,1,6293,275,1,6202,6202,5,'415b90dca44a500eada5278e2f5661e0','PayPal / CB',1.000000,'paypal',0,0,'',0,'',0.000000,0.000000,0.000000,250.000000,250.000000,208.330000,250.000000,208.330000,250.000000,0.000000,0.000000,0.000000,20.000,0.000000,0.000000,0.000000,2,2,106,222,'2018-11-29 15:57:34','2018-12-04 16:30:35',1,'2018-11-29 15:57:33','2018-12-04 16:30:35'),(110,'JOJZXRTUT',1,4,36,1,6294,278,1,6203,6203,5,'8e4a83d9d35aaa885f93120f059fd8d7','Chèque',1.000000,'ps_checkpayment',0,0,'',0,'',0.000000,0.000000,0.000000,250.000000,250.000000,208.330000,250.000000,208.330000,250.000000,0.000000,0.000000,0.000000,20.000,0.000000,0.000000,0.000000,2,2,107,223,'2018-11-29 16:04:17','2018-12-04 16:31:57',1,'2018-11-29 16:04:15','2018-12-04 16:31:57'),(111,'CPJMBZLEO',1,2,36,1,6295,279,1,6204,6204,5,'90dc3fa5922b750e473fea5df67bf91a','PayPal / CB',1.000000,'paypal',0,0,'',0,'',0.000000,0.000000,0.000000,750.000000,750.000000,750.000000,750.000000,750.000000,750.000000,0.000000,0.000000,0.000000,20.000,0.000000,0.000000,0.000000,2,2,108,214,'2018-11-29 16:14:52','2018-12-13 10:44:25',1,'2018-11-29 16:14:51','2018-12-13 10:44:25'),(112,'GTXCUPOCR',1,4,36,1,6297,280,1,6207,6205,5,'2a46b1faa8a6a62de0d3226bf875dcf4','PayPal / CB',1.000000,'paypal',0,0,'',0,'',0.000000,0.000000,0.000000,250.000000,250.000000,208.330000,250.000000,208.330000,250.000000,0.000000,0.000000,0.000000,20.000,0.000000,0.000000,0.000000,2,2,109,224,'2018-11-29 16:31:49','2018-12-04 16:32:28',1,'2018-11-29 16:31:48','2018-12-04 16:32:28'),(113,'QWMGDFWDQ',1,4,40,1,6289,271,1,6198,6198,4,'703d8d7ca17eb797044f079723a1de3a','Braintree',1.000000,'paypal',0,0,'',0,'',0.000000,0.000000,0.000000,135.000000,135.000000,112.500000,135.000000,100.000000,120.000000,15.000000,15.000000,12.500000,20.000,0.000000,0.000000,0.000000,2,2,111,0,'2018-11-29 19:58:26','0000-00-00 00:00:00',1,'2018-11-29 16:56:58','2018-11-30 18:11:48'),(114,'VUJBDZBPC',1,2,41,1,6301,285,1,6209,6208,5,'afcadaf42383b06ceb66d46d29198b01','PayPal / CB',1.000000,'paypal',0,0,'',0,'',0.000000,0.000000,0.000000,3000.000000,3000.000000,3000.000000,3180.000000,3000.000000,3000.000000,0.000000,0.000000,0.000000,20.000,0.000000,0.000000,0.000000,2,2,112,203,'2018-11-29 20:04:39','2018-12-04 15:10:51',1,'2018-11-29 20:04:30','2018-12-04 15:10:51'),(115,'TIFJMDJEQ',1,2,36,1,6302,287,1,6210,6210,5,'0a1844321a030e94e4f18b81573d26cc','PayPal / CB',1.000000,'paypal',0,0,'',0,'',0.000000,0.000000,0.000000,150.000000,150.000000,125.000000,150.000000,125.000000,150.000000,0.000000,0.000000,0.000000,20.000,0.000000,0.000000,0.000000,2,2,113,213,'2018-11-29 20:21:20','2018-12-13 10:43:53',1,'2018-11-29 20:21:20','2018-12-13 10:43:53'),(116,'JUYFURXVZ',1,4,36,1,6303,294,1,6211,6211,2,'6ffb38531095cc6035035d1f7402bb2e','PayPal / CB',1.000000,'paypal',0,0,'',0,'',0.000000,0.000000,0.000000,150.000000,150.000000,125.000000,150.000000,125.000000,150.000000,0.000000,0.000000,0.000000,20.000,0.000000,0.000000,0.000000,2,2,201,0,'2018-11-30 15:14:18','0000-00-00 00:00:00',1,'2018-11-30 15:14:17','2018-11-30 15:14:18'),(117,'BGCUSELBJ',1,4,36,1,6304,295,1,6212,6212,5,'c8f67a3d33e3f65ea62b2f5506de3b39','Braintree',1.000000,'paypal',0,0,'',0,'',0.000000,0.000000,0.000000,50.000000,50.000000,41.670000,50.000000,41.670000,50.000000,0.000000,0.000000,0.000000,20.000,0.000000,0.000000,0.000000,2,2,202,205,'2018-11-30 15:41:24','2018-12-04 16:04:09',1,'2018-11-30 15:41:22','2018-12-04 16:04:09'),(118,'DEKKBDDHL',1,4,36,2,6305,291,1,6213,6213,5,'c2a6332776997a009c9a01d855b7915c','Braintree',1.000000,'paypal',0,0,'',0,'',0.000000,0.000000,0.000000,200.000000,200.000000,166.670000,200.000000,166.670000,200.000000,0.000000,0.000000,0.000000,20.000,0.000000,0.000000,0.000000,2,2,203,204,'2018-11-30 15:49:27','2018-12-04 16:03:35',1,'2018-11-30 15:49:25','2018-12-04 16:03:35'),(119,'CYYKSCPWN',1,4,40,1,6306,297,1,6215,6215,4,'3d5b8531a86498f9f2329d786761336a','Braintree',1.000000,'paypal',0,0,'',0,'',0.000000,0.000000,0.000000,65.000000,65.000000,54.170000,65.000000,41.670000,50.000000,15.000000,15.000000,12.500000,20.000,0.000000,0.000000,0.000000,2,2,204,0,'2018-11-30 17:00:20','0000-00-00 00:00:00',1,'2018-11-30 17:00:19','2018-12-03 16:20:33'),(120,'BECTPZHVE',1,4,36,1,6307,298,1,6217,6217,4,'016e28d2837e62ef0baafaa674f8741c','Braintree',1.000000,'paypal',0,0,'',0,'',0.000000,0.000000,0.000000,400.000000,400.000000,333.330000,400.000000,333.330000,400.000000,0.000000,0.000000,0.000000,20.000,0.000000,0.000000,0.000000,2,2,205,0,'2018-11-30 17:42:28','0000-00-00 00:00:00',1,'2018-11-30 17:42:26','2018-12-06 19:44:37'),(121,'CPRJCVEEU',1,2,41,1,6309,300,1,6244,6244,5,'5fb4e0e30e6dcd3e4b73d4feaae5220e','Transfert bancaire',1.000000,'ps_wirepayment',0,0,'',0,'',0.000000,0.000000,0.000000,8200.000000,8200.000000,8200.000000,8416.000000,8200.000000,8200.000000,0.000000,0.000000,0.000000,20.000,0.000000,0.000000,0.000000,2,2,201,205,'2018-11-30 18:21:34','2018-12-20 12:23:27',1,'2018-11-30 18:21:00','2018-12-20 12:23:28'),(122,'PPJSJPSJT',1,2,0,1,6310,289,1,6220,6220,5,'a8da30e574ac0d671d16ca12a41aa7be','Braintree',1.000000,'paypal',0,0,'',0,'',0.000000,0.000000,0.000000,350.000000,350.000000,350.000000,350.000000,350.000000,350.000000,0.000000,0.000000,0.000000,0.000,0.000000,0.000000,0.000000,2,2,202,237,'2018-12-01 11:47:50','2018-12-13 11:01:40',1,'2018-12-01 09:11:23','2018-12-13 11:01:40'),(123,'ANUEAPOGW',1,4,40,1,6311,316,1,6222,6222,4,'c43785bcfa6aa987bf0960c556e8e68f','Braintree',1.000000,'paypal',0,0,'',0,'',0.000000,0.000000,0.000000,265.000000,265.000000,220.840000,265.000000,208.340000,250.000000,15.000000,15.000000,12.500000,20.000,0.000000,0.000000,0.000000,2,2,206,0,'2018-12-02 15:03:49','0000-00-00 00:00:00',1,'2018-12-02 15:03:47','2018-12-07 19:50:32'),(124,'ENADNUWXQ',1,4,40,1,6312,314,1,6223,6223,4,'e6dd250e42e794a7164acd858241f305','Braintree',1.000000,'paypal',0,0,'',0,'',0.000000,0.000000,0.000000,285.000000,285.000000,237.500000,285.000000,225.000000,270.000000,15.000000,15.000000,12.500000,20.000,0.000000,0.000000,0.000000,2,2,208,0,'2018-12-03 23:26:52','0000-00-00 00:00:00',1,'2018-12-03 00:57:30','2018-12-07 19:50:30'),(125,'FCLPNPZJW',1,4,40,1,6313,313,1,6227,6227,4,'1e182b358aa89c45375ce0455500ef82','Braintree',1.000000,'paypal',0,0,'',0,'',0.000000,0.000000,0.000000,215.000000,215.000000,179.170000,215.000000,166.670000,200.000000,15.000000,15.000000,12.500000,20.000,0.000000,0.000000,0.000000,2,2,207,0,'2018-12-03 11:40:05','0000-00-00 00:00:00',1,'2018-12-03 11:40:03','2018-12-07 19:50:29'),(126,'OWSUUCPRL',1,2,36,1,6314,320,1,6228,6228,5,'144c8494fae79c5b5c9b236ba998a887','PayPal / CB',1.000000,'paypal',0,0,'',0,'',0.000000,0.000000,0.000000,850.000000,850.000000,850.000000,850.000000,850.000000,850.000000,0.000000,0.000000,0.000000,20.000,0.000000,0.000000,0.000000,2,2,203,244,'2018-12-03 23:43:44','2019-01-12 18:12:51',1,'2018-12-03 23:40:13','2019-01-12 18:12:52'),(127,'OPJHUZNYM',1,2,36,1,6315,321,1,6229,6229,5,'1194c35cefd73717e595a0ff4c7202bd','PayPal / CB',1.000000,'paypal',0,0,'',0,'',0.000000,0.000000,0.000000,2300.000000,2300.000000,2300.000000,2300.000000,2300.000000,2300.000000,0.000000,0.000000,0.000000,20.000,0.000000,0.000000,0.000000,2,2,204,204,'2018-12-03 23:54:38','2019-01-12 18:19:07',1,'2018-12-03 23:54:27','2019-01-12 18:19:07'),(128,'BVOHOMSUS',1,4,36,1,6263,323,1,6173,6173,5,'af97ddf4db9639dfc6a85ce95ae28f3f','PayPal / CB',1.000000,'paypal',0,0,'',0,'',0.000000,0.000000,0.000000,600.000000,600.000000,500.000000,600.000000,500.000000,600.000000,0.000000,0.000000,0.000000,20.000,0.000000,0.000000,0.000000,2,2,209,203,'2018-12-04 15:28:33','2018-12-04 15:28:54',1,'2018-12-04 15:28:31','2018-12-04 15:28:54'),(129,'NBMMEFWNT',1,4,36,1,6317,325,1,6230,6230,2,'802fc8f0e07bad8c7610f48956839743','PayPal / CB',1.000000,'paypal',0,0,'',0,'',25.000000,25.000000,20.830000,475.000000,475.000000,395.840000,475.000000,416.670000,500.000000,0.000000,0.000000,0.000000,20.000,0.000000,0.000000,0.000000,2,2,210,0,'2018-12-04 15:54:51','0000-00-00 00:00:00',1,'2018-12-04 15:54:49','2018-12-04 15:54:52'),(130,'EGCPQYTGB',1,4,36,1,6318,327,1,6231,6231,5,'754ad1216e78641011a113abf38ef93d','PayPal / CB',1.000000,'paypal',0,0,'',0,'',0.000000,0.000000,0.000000,500.000000,500.000000,416.670000,500.000000,416.670000,500.000000,0.000000,0.000000,0.000000,20.000,0.000000,0.000000,0.000000,2,2,211,238,'2018-12-05 11:17:18','2018-12-14 16:50:33',1,'2018-12-05 11:17:02','2018-12-14 16:50:33'),(131,'GSDKELSZS',1,4,36,1,6319,346,1,6232,6232,2,'c00f4bf98a3604ce4f2751aca382915d','PayPal / CB',1.000000,'paypal',0,0,'',0,'',0.000000,0.000000,0.000000,50.000000,50.000000,47.390000,50.000000,47.390000,50.000000,0.000000,0.000000,0.000000,20.000,0.000000,0.000000,0.000000,2,2,212,0,'2018-12-05 13:17:01','0000-00-00 00:00:00',1,'2018-12-05 13:16:59','2018-12-05 13:17:01'),(132,'RHUEBWLII',1,4,36,1,6320,347,1,6233,6233,2,'e4c3429053031a7435df977715ab09c2','PayPal / CB',1.000000,'paypal',0,0,'',0,'',0.000000,0.000000,0.000000,220.000000,220.000000,208.530000,220.000000,208.530000,220.000000,0.000000,0.000000,0.000000,20.000,0.000000,0.000000,0.000000,2,2,213,0,'2018-12-05 13:24:04','0000-00-00 00:00:00',1,'2018-12-05 13:24:02','2018-12-20 16:17:10'),(133,'CJSVFCRIU',1,4,36,1,6321,349,1,6234,6234,2,'0c3d97539dfaa90205a8ba576faaeefd','PayPal / CB',1.000000,'paypal',0,0,'',0,'',0.000000,0.000000,0.000000,150.000000,150.000000,125.000000,150.000000,125.000000,150.000000,0.000000,0.000000,0.000000,20.000,0.000000,0.000000,0.000000,2,2,214,0,'2018-12-05 13:30:13','0000-00-00 00:00:00',1,'2018-12-05 13:30:11','2018-12-05 13:30:13'),(134,'EKQYEZVLL',1,4,36,1,6272,309,1,6181,6181,5,'7a449f3e441c6415453a3228bbee5b6b','PayPal / CB',1.000000,'paypal',0,0,'',0,'',0.000000,0.000000,0.000000,29.000000,29.000000,24.170000,29.000000,24.170000,29.000000,0.000000,0.000000,0.000000,20.000,0.000000,0.000000,0.000000,2,2,215,226,'2018-12-06 16:33:21','2018-12-06 16:33:21',1,'2018-12-06 16:33:21','2018-12-06 16:33:21'),(135,'AMPMBDDLL',1,4,36,1,6272,308,1,6181,6181,5,'7a449f3e441c6415453a3228bbee5b6b','PayPal / CB',1.000000,'paypal',0,0,'',0,'',0.000000,0.000000,0.000000,29.000000,29.000000,24.170000,29.000000,24.170000,29.000000,0.000000,0.000000,0.000000,20.000,0.000000,0.000000,0.000000,2,2,216,227,'2018-12-06 16:34:49','2018-12-06 16:34:49',1,'2018-12-06 16:34:49','2018-12-06 16:34:49'),(136,'VWYZASUSZ',1,4,36,1,6272,307,1,6181,6181,5,'7a449f3e441c6415453a3228bbee5b6b','PayPal / CB',1.000000,'paypal',0,0,'',0,'',0.000000,0.000000,0.000000,100.000000,100.000000,83.340000,100.000000,83.340000,100.000000,0.000000,0.000000,0.000000,20.000,0.000000,0.000000,0.000000,2,2,217,230,'2018-12-06 16:52:14','2018-12-06 16:52:14',1,'2018-12-06 16:52:14','2018-12-06 16:52:15'),(137,'THTKYPMLV',1,4,36,1,6323,245,1,6237,6237,2,'b7294c5bf1743c6fc090385e5d376e22','Braintree',1.000000,'paypal',0,0,'',0,'',0.000000,0.000000,0.000000,120.000000,120.000000,100.000000,120.000000,100.000000,120.000000,0.000000,0.000000,0.000000,20.000,0.000000,0.000000,0.000000,2,2,218,0,'2018-12-07 08:16:14','0000-00-00 00:00:00',1,'2018-12-07 08:16:12','2018-12-07 08:16:15'),(138,'PXPSUHALZ',1,4,36,1,6272,355,1,6181,6181,2,'7a449f3e441c6415453a3228bbee5b6b','PayPal / CB',1.000000,'paypal',0,0,'',0,'',0.000000,0.000000,0.000000,195.000000,195.000000,162.500000,195.000000,162.500000,195.000000,0.000000,0.000000,0.000000,20.000,0.000000,0.000000,0.000000,2,2,219,0,'2018-12-07 16:53:27','0000-00-00 00:00:00',1,'2018-12-07 16:53:27','2018-12-07 16:53:27'),(139,'YWRXFWAQU',1,2,36,1,6324,357,1,6245,6245,5,'97bf5d2f1983b9aa995585bb930d02fd','PayPal / CB',1.000000,'paypal',0,0,'',0,'',0.000000,0.000000,0.000000,3800.000000,3800.000000,3800.000000,3800.000000,3800.000000,3800.000000,0.000000,0.000000,0.000000,20.000,0.000000,0.000000,0.000000,2,2,205,240,'2018-12-12 12:07:19','2018-12-20 12:35:20',1,'2018-12-07 18:47:18','2018-12-20 12:35:20'),(140,'PYJIOBRYN',1,4,36,1,6325,359,1,6239,6239,5,'c32e1fbdf524a79f66077d3ba0b1b027','PayPal / CB',1.000000,'paypal',0,0,'',0,'',0.000000,0.000000,0.000000,195.000000,195.000000,162.500000,195.000000,162.500000,195.000000,0.000000,0.000000,0.000000,20.000,0.000000,0.000000,0.000000,2,2,220,236,'2018-12-08 19:49:40','2018-12-08 19:49:40',1,'2018-12-08 19:49:40','2018-12-08 19:49:40'),(141,'YBSLMTDZC',1,4,36,1,6272,360,1,6181,6181,5,'7a449f3e441c6415453a3228bbee5b6b','PayPal / CB',1.000000,'paypal',0,0,'',0,'',0.000000,0.000000,0.000000,100.000000,100.000000,83.330000,100.000000,83.330000,100.000000,0.000000,0.000000,0.000000,20.000,0.000000,0.000000,0.000000,2,2,221,237,'2018-12-08 19:56:21','2018-12-08 19:56:21',1,'2018-12-08 19:56:20','2018-12-08 19:56:21'),(142,'CETJGHXQH',1,4,40,1,6326,369,1,6242,6242,4,'086cec358b9a43a882fa2386df92f363','Braintree',1.000000,'paypal',0,0,'',0,'',0.000000,0.000000,0.000000,365.000000,365.000000,304.170000,365.000000,291.670000,350.000000,15.000000,15.000000,12.500000,20.000,0.000000,0.000000,0.000000,2,2,223,0,'2018-12-12 00:07:24','0000-00-00 00:00:00',1,'2018-12-11 17:13:33','2018-12-14 19:03:00'),(143,'HPGBVNUOM',1,4,36,1,6327,373,1,6243,6243,5,'3f4f718460eac3172d74fe46b05cd1a2','Braintree',1.000000,'paypal',0,0,'',0,'',0.000000,0.000000,0.000000,350.000000,350.000000,291.670000,350.000000,291.670000,350.000000,0.000000,0.000000,0.000000,20.000,0.000000,0.000000,0.000000,2,2,222,247,'2018-12-11 20:16:30','2018-12-15 15:41:19',1,'2018-12-11 20:16:28','2018-12-15 15:41:19'),(144,'TGZVHNNJW',1,4,36,1,6328,378,1,6246,6246,5,'a5bbd27c079b2f2b97b1e4c61d2f2000','Braintree',1.000000,'paypal',0,0,'',0,'',0.000000,0.000000,0.000000,350.000000,350.000000,291.670000,350.000000,291.670000,350.000000,0.000000,0.000000,0.000000,20.000,0.000000,0.000000,0.000000,2,2,224,269,'2018-12-13 01:10:00','2019-01-31 18:28:46',1,'2018-12-12 14:52:50','2019-01-31 18:28:46'),(145,'XQSUMUHYK',1,4,36,1,6329,380,1,6247,6247,4,'3da5571d125ddf092247f37265d9d404','PayPal / CB',1.000000,'paypal',0,0,'',0,'',0.000000,0.000000,0.000000,486.000000,486.000000,405.000000,486.000000,405.000000,486.000000,0.000000,0.000000,0.000000,20.000,0.000000,0.000000,0.000000,2,2,225,0,'2018-12-13 13:50:56','0000-00-00 00:00:00',1,'2018-12-13 13:50:56','2018-12-14 19:02:59'),(146,'FFRWLDOPY',1,4,36,1,6330,382,1,6248,6248,4,'93ec02d9adcfcc9d93f598827f8a3487','PayPal / CB',1.000000,'paypal',0,0,'',0,'',0.000000,0.000000,0.000000,217.000000,217.000000,180.840000,217.000000,180.840000,217.000000,0.000000,0.000000,0.000000,20.000,0.000000,0.000000,0.000000,2,2,226,0,'2018-12-13 14:00:49','0000-00-00 00:00:00',1,'2018-12-13 14:00:49','2018-12-14 19:02:59'),(147,'DMNULLKYU',1,4,36,1,6331,396,1,6249,6249,5,'826b6688515eef4b837e34612e8aa3e1','Braintree',1.000000,'paypal',0,0,'',0,'',0.000000,0.000000,0.000000,200.000000,200.000000,166.670000,200.000000,166.670000,200.000000,0.000000,0.000000,0.000000,20.000,0.000000,0.000000,0.000000,2,2,227,239,'2018-12-13 22:35:19','2018-12-14 16:29:52',1,'2018-12-13 22:35:17','2018-12-14 16:29:52'),(148,'AYNDUHCIH',1,4,40,2,6333,398,1,6251,6251,4,'ba4ef31fb1481ec9ff501d23227caec2','Braintree',1.000000,'paypal',0,0,'',0,'',0.000000,0.000000,0.000000,365.000000,365.000000,304.170000,365.000000,291.670000,350.000000,15.000000,15.000000,12.500000,20.000,0.000000,0.000000,0.000000,2,2,228,0,'2018-12-14 08:36:11','0000-00-00 00:00:00',1,'2018-12-14 08:36:10','2018-12-14 18:41:43'),(149,'DMKKWLPSU',1,4,40,1,6332,399,1,6250,6250,2,'0240528939d2e726c7b556f5a86e9d35','Braintree',1.000000,'paypal',0,0,'',0,'',0.000000,0.000000,0.000000,365.000000,365.000000,304.170000,365.000000,291.670000,350.000000,15.000000,15.000000,12.500000,20.000,0.000000,0.000000,0.000000,2,2,229,0,'2018-12-14 10:37:28','0000-00-00 00:00:00',1,'2018-12-14 10:37:27','2018-12-14 10:37:29'),(150,'WGJKQHCOD',1,4,40,1,6334,404,1,6252,6252,4,'0c0c1b2988b7507b37421ac11fc6192e','Braintree',1.000000,'paypal',0,0,'',0,'',0.000000,0.000000,0.000000,210.000000,210.000000,175.000000,210.000000,162.500000,195.000000,15.000000,15.000000,12.500000,20.000,0.000000,0.000000,0.000000,2,2,230,0,'2018-12-15 12:17:13','0000-00-00 00:00:00',1,'2018-12-15 07:44:31','2018-12-17 17:56:52'),(151,'MZLBRWGDV',1,4,36,1,6337,406,1,6255,6255,5,'5647ab16b4dcedc8dfa5818e2db7b326','PayPal / CB',1.000000,'paypal',0,0,'',0,'',0.000000,0.000000,0.000000,980.000000,980.000000,816.670000,980.000000,816.670000,980.000000,0.000000,0.000000,0.000000,20.000,0.000000,0.000000,0.000000,2,2,231,243,'2018-12-15 14:34:53','2018-12-15 14:35:13',1,'2018-12-15 14:34:53','2018-12-15 14:35:13'),(152,'EMIZHUMKQ',1,4,36,1,6272,401,1,6181,6181,5,'7a449f3e441c6415453a3228bbee5b6b','PayPal / CB',1.000000,'paypal',0,0,'',0,'',0.000000,0.000000,0.000000,67.500000,67.500000,63.980000,67.500000,63.980000,67.500000,0.000000,0.000000,0.000000,20.000,0.000000,0.000000,0.000000,2,2,232,244,'2018-12-15 14:58:02','2018-12-15 14:58:02',1,'2018-12-15 14:58:01','2018-12-15 14:58:02'),(153,'PFTCCAXZC',1,4,36,1,6272,407,1,6181,6181,5,'7a449f3e441c6415453a3228bbee5b6b','PayPal / CB',1.000000,'paypal',0,0,'',0,'',0.000000,0.000000,0.000000,120.000000,120.000000,100.000000,120.000000,100.000000,120.000000,0.000000,0.000000,0.000000,20.000,0.000000,0.000000,0.000000,2,2,233,245,'2018-12-15 14:59:06','2018-12-15 14:59:06',1,'2018-12-15 14:59:06','2018-12-15 14:59:06'),(154,'HDOPERMRR',1,4,36,1,6272,408,1,6181,6181,5,'7a449f3e441c6415453a3228bbee5b6b','PayPal / CB',1.000000,'paypal',0,0,'',0,'',0.000000,0.000000,0.000000,147.010000,147.010000,139.350000,147.010000,139.350000,147.010000,0.000000,0.000000,0.000000,20.000,0.000000,0.000000,0.000000,2,2,234,246,'2018-12-15 15:02:19','2018-12-15 15:02:19',1,'2018-12-15 15:02:19','2018-12-15 15:02:19'),(155,'WHYLIOBCM',1,4,36,1,6338,409,1,6256,6256,4,'398621b65a2c039a74799abba90e7651','PayPal / CB',1.000000,'paypal',0,0,'',0,'',0.000000,0.000000,0.000000,220.000000,220.000000,183.330000,220.000000,183.330000,220.000000,0.000000,0.000000,0.000000,20.000,0.000000,0.000000,0.000000,2,2,235,0,'2018-12-15 15:16:06','0000-00-00 00:00:00',1,'2018-12-15 15:16:06','2018-12-17 17:53:04'),(156,'SYBTCBNSU',1,4,36,1,6339,411,1,6257,6257,4,'b3ce48786a2a4188b906599259e5a9ea','PayPal / CB',1.000000,'paypal',0,0,'',0,'',0.000000,0.000000,0.000000,320.000000,320.000000,266.670000,320.000000,266.670000,320.000000,0.000000,0.000000,0.000000,20.000,0.000000,0.000000,0.000000,2,2,236,0,'2018-12-15 18:22:16','0000-00-00 00:00:00',1,'2018-12-15 18:22:16','2018-12-17 17:25:36'),(157,'IQDUOHXDG',1,4,40,1,6341,413,1,6260,6260,4,'c9f539dc7b1c71bc200ab6b33d860a3a','Braintree',1.000000,'paypal',0,0,'',0,'',0.000000,0.000000,0.000000,365.000000,365.000000,304.170000,365.000000,291.670000,350.000000,15.000000,15.000000,12.500000,20.000,0.000000,0.000000,0.000000,2,2,238,0,'2018-12-17 11:05:33','0000-00-00 00:00:00',1,'2018-12-15 19:30:04','2018-12-17 17:44:29'),(158,'NGPBFCCWL',1,4,40,1,6342,416,1,6261,6261,4,'fc19b631b3d706f09169d5524748709c','Braintree',1.000000,'paypal',0,0,'',0,'',0.000000,0.000000,0.000000,365.000000,365.000000,304.170000,365.000000,291.670000,350.000000,15.000000,15.000000,12.500000,20.000,0.000000,0.000000,0.000000,2,2,237,0,'2018-12-16 14:15:22','0000-00-00 00:00:00',1,'2018-12-16 14:15:20','2018-12-17 17:44:22'),(159,'PKTJNNAMM',1,4,40,1,6343,420,1,6262,6262,4,'564b7689a03c630cffaa227e68cbbab7','PayPal / CB',1.000000,'paypal',0,0,'',0,'',15.000000,15.000000,12.500000,620.000000,620.000000,516.670000,620.000000,516.670000,620.000000,15.000000,15.000000,12.500000,20.000,0.000000,0.000000,0.000000,2,2,239,0,'2018-12-17 14:56:58','0000-00-00 00:00:00',1,'2018-12-17 14:56:56','2018-12-17 17:44:22'),(160,'XQMGTSPIK',1,4,40,1,6344,422,1,6263,6263,4,'6b5dc32ab5dbebace7117b65f726f62b','PayPal / CB',1.000000,'paypal',0,0,'',0,'',0.000000,0.000000,0.000000,315.000000,315.000000,262.500000,315.000000,250.000000,300.000000,15.000000,15.000000,12.500000,20.000,0.000000,0.000000,0.000000,2,2,240,0,'2018-12-17 15:02:53','0000-00-00 00:00:00',1,'2018-12-17 15:02:52','2018-12-17 17:44:17'),(161,'INASMMFOP',1,4,36,1,6345,424,1,6264,6264,2,'5ae3843b9774f1dde254ce942043b645','PayPal / CB',1.000000,'paypal',0,0,'',0,'',0.000000,0.000000,0.000000,200.000000,200.000000,166.670000,200.000000,166.670000,200.000000,0.000000,0.000000,0.000000,20.000,0.000000,0.000000,0.000000,2,2,241,0,'2018-12-17 15:51:16','0000-00-00 00:00:00',1,'2018-12-17 15:51:14','2018-12-17 15:51:16'),(162,'OJKZNXSNK',1,4,36,1,6346,425,1,6265,6265,2,'bb0c08e486759bb5ad20fc79b0664151','Braintree',1.000000,'paypal',0,0,'',0,'',0.000000,0.000000,0.000000,350.000000,350.000000,291.670000,350.000000,291.670000,350.000000,0.000000,0.000000,0.000000,20.000,0.000000,0.000000,0.000000,2,2,242,0,'2018-12-17 17:15:44','0000-00-00 00:00:00',1,'2018-12-17 17:15:42','2018-12-17 17:15:44'),(163,'HCRGXAGDB',1,4,36,1,6346,426,1,6266,6266,7,'bb0c08e486759bb5ad20fc79b0664151','Braintree',1.000000,'paypal',0,0,'',0,'',0.000000,0.000000,0.000000,350.000000,350.000000,291.670000,350.000000,291.670000,350.000000,0.000000,0.000000,0.000000,20.000,0.000000,0.000000,0.000000,2,2,243,0,'2018-12-17 17:19:11','0000-00-00 00:00:00',0,'2018-12-17 17:19:10','2018-12-17 17:46:25'),(164,'KCELTHUOL',1,4,36,1,6346,427,1,6266,6266,7,'bb0c08e486759bb5ad20fc79b0664151','Braintree',1.000000,'paypal',0,0,'',0,'',0.000000,0.000000,0.000000,350.000000,350.000000,291.670000,350.000000,291.670000,350.000000,0.000000,0.000000,0.000000,20.000,0.000000,0.000000,0.000000,2,2,244,0,'2018-12-17 17:23:03','0000-00-00 00:00:00',0,'2018-12-17 17:23:01','2018-12-17 17:46:45'),(165,'DWZXCFLUW',1,4,36,1,6346,428,1,6266,6266,7,'bb0c08e486759bb5ad20fc79b0664151','Braintree',1.000000,'paypal',0,0,'',0,'',0.000000,0.000000,0.000000,350.000000,350.000000,291.670000,350.000000,291.670000,350.000000,0.000000,0.000000,0.000000,20.000,0.000000,0.000000,0.000000,2,2,245,0,'2018-12-17 17:28:24','0000-00-00 00:00:00',0,'2018-12-17 17:28:22','2018-12-17 17:47:04'),(166,'GSCEBGPUL',1,4,36,1,6346,429,1,6266,6266,7,'bb0c08e486759bb5ad20fc79b0664151','Braintree',1.000000,'paypal',0,0,'',0,'',0.000000,0.000000,0.000000,350.000000,350.000000,291.670000,350.000000,291.670000,350.000000,0.000000,0.000000,0.000000,20.000,0.000000,0.000000,0.000000,2,2,246,0,'2018-12-17 17:31:41','0000-00-00 00:00:00',0,'2018-12-17 17:31:39','2018-12-17 17:47:20'),(167,'IUCSNNXAU',1,4,36,1,6346,430,1,6266,6266,7,'bb0c08e486759bb5ad20fc79b0664151','Braintree',1.000000,'paypal',0,0,'',0,'',0.000000,0.000000,0.000000,350.000000,350.000000,291.670000,0.000000,291.670000,350.000000,0.000000,0.000000,0.000000,20.000,0.000000,0.000000,0.000000,2,2,247,0,'2018-12-17 17:45:44','0000-00-00 00:00:00',0,'2018-12-17 17:36:13','2018-12-17 17:45:44'),(168,'WVBULMNJQ',1,4,36,1,6272,434,1,6181,6181,5,'7a449f3e441c6415453a3228bbee5b6b','PayPal / CB',1.000000,'paypal',0,0,'',0,'',0.000000,0.000000,0.000000,500.000000,500.000000,416.660000,500.000000,416.660000,500.000000,0.000000,0.000000,0.000000,20.000,0.000000,0.000000,0.000000,2,2,248,254,'2018-12-18 17:36:46','2018-12-18 17:37:34',1,'2018-12-18 17:36:44','2018-12-18 17:37:34'),(169,'UUYYTNXSD',1,4,36,1,6272,435,1,6181,6181,5,'7a449f3e441c6415453a3228bbee5b6b','PayPal / CB',1.000000,'paypal',0,0,'',0,'',0.000000,0.000000,0.000000,500.000000,500.000000,416.670000,500.000000,416.670000,500.000000,0.000000,0.000000,0.000000,20.000,0.000000,0.000000,0.000000,2,2,249,255,'2018-12-18 18:07:34','2018-12-18 18:08:13',1,'2018-12-18 18:07:33','2018-12-18 18:08:13'),(170,'LRLDJQPFD',1,4,36,1,6272,436,1,6181,6181,5,'7a449f3e441c6415453a3228bbee5b6b','Ever Shop Payment',1.000000,'everpsshoppayment',0,0,'',0,'',0.000000,0.000000,0.000000,400.000000,400.000000,333.330000,400.000000,333.330000,400.000000,0.000000,0.000000,0.000000,20.000,0.000000,0.000000,0.000000,2,2,250,256,'2018-12-18 18:33:40','2018-12-18 18:33:52',1,'2018-12-18 18:33:39','2018-12-18 18:33:52'),(171,'LZRMEHDQL',1,2,36,1,6224,437,1,6134,6134,5,'530d9cbe8daa6cbe376864c8cd5254be','PayPal / CB',1.000000,'paypal',0,0,'',0,'',0.000000,0.000000,0.000000,1100.000000,1100.000000,1100.000000,1100.000000,1100.000000,1100.000000,0.000000,0.000000,0.000000,20.000,0.000000,0.000000,0.000000,2,2,207,239,'2018-12-18 18:42:00','2018-12-18 18:42:12',1,'2018-12-18 18:42:00','2018-12-18 18:42:12'),(172,'SIFZHGZIU',1,4,36,1,6347,443,1,6267,6267,5,'2db5cc92531324a4f8fdf5d856e22755','PayPal / CB',1.000000,'paypal',0,0,'',0,'',0.000000,0.000000,0.000000,350.000000,350.000000,291.670000,350.000000,291.670000,350.000000,0.000000,0.000000,0.000000,20.000,0.000000,0.000000,0.000000,2,2,251,257,'2018-12-20 13:52:37','2018-12-20 13:52:37',1,'2018-12-20 13:52:37','2018-12-20 13:52:37'),(173,'TYCCIDOAE',1,4,36,1,6348,447,1,6268,6268,4,'fd8594b2583f5522d2c7e4aacbb87b31','PayPal / CB',1.000000,'paypal',0,0,'',0,'',0.000000,0.000000,0.000000,145.000000,145.000000,120.830000,145.000000,120.830000,145.000000,0.000000,0.000000,0.000000,20.000,0.000000,0.000000,0.000000,2,2,252,0,'2018-12-20 16:34:46','0000-00-00 00:00:00',1,'2018-12-20 16:34:46','2018-12-20 18:56:32'),(174,'HOYYXIUZV',1,2,36,1,6350,449,1,6269,6269,2,'ba3cc9a6fbab17ac194b35e667b41d33','Transfert bancaire',1.000000,'ps_wirepayment',0,0,'',0,'',0.000000,0.000000,0.000000,2000.000000,2000.000000,2000.000000,2000.000000,2000.000000,2000.000000,0.000000,0.000000,0.000000,20.000,0.000000,0.000000,0.000000,2,2,208,0,'2018-12-20 16:40:03','0000-00-00 00:00:00',1,'2018-12-20 16:40:03','2018-12-20 16:40:04'),(175,'TXDNJFSYA',1,4,36,1,6351,450,1,6270,6270,4,'a62d1f73a48020a45c1687b6b8169421','PayPal / CB',1.000000,'paypal',0,0,'',0,'',0.000000,0.000000,0.000000,100.000000,100.000000,83.330000,100.000000,83.330000,100.000000,0.000000,0.000000,0.000000,20.000,0.000000,0.000000,0.000000,2,2,253,0,'2018-12-20 16:41:14','0000-00-00 00:00:00',1,'2018-12-20 16:41:14','2018-12-20 18:56:32'),(176,'QMJRKDKEQ',1,4,36,1,6352,451,1,6271,6271,5,'c80bef162383977fcbc7b6631f2bb6c0','PayPal / CB',1.000000,'paypal',0,0,'',0,'',0.000000,0.000000,0.000000,350.000000,350.000000,291.670000,350.000000,291.670000,350.000000,0.000000,0.000000,0.000000,20.000,0.000000,0.000000,0.000000,2,2,254,258,'2018-12-20 17:10:11','2018-12-20 17:10:11',1,'2018-12-20 17:10:11','2018-12-20 17:10:11'),(177,'VRQFHECLY',1,4,36,1,6272,452,1,6181,6181,5,'7a449f3e441c6415453a3228bbee5b6b','PayPal / CB',1.000000,'paypal',0,0,'',0,'',0.000000,0.000000,0.000000,42.000000,42.000000,35.000000,42.000000,35.000000,42.000000,0.000000,0.000000,0.000000,20.000,0.000000,0.000000,0.000000,2,2,255,259,'2018-12-20 18:04:14','2018-12-20 18:04:14',1,'2018-12-20 18:04:14','2018-12-20 18:04:14'),(178,'CSRNHUCMD',1,2,36,1,6353,454,1,6272,6272,5,'de306d84530d1a4a930515c29733c438','PayPal / CB',1.000000,'paypal',0,0,'',0,'',0.000000,0.000000,0.000000,2200.000000,2200.000000,2200.000000,2200.000000,2200.000000,2200.000000,0.000000,0.000000,0.000000,20.000,0.000000,0.000000,0.000000,2,2,209,242,'2018-12-21 13:52:25','2018-12-21 13:52:35',1,'2018-12-21 13:52:25','2018-12-21 13:52:35'),(179,'CMWGNYZMH',1,4,36,1,6354,456,1,6273,6273,5,'0acf4b1ebad12a95ddba1c54473be23c','PayPal / CB',1.000000,'paypal',0,0,'',0,'',0.000000,0.000000,0.000000,300.000000,300.000000,250.000000,300.000000,250.000000,300.000000,0.000000,0.000000,0.000000,20.000,0.000000,0.000000,0.000000,2,2,256,268,'2018-12-21 17:24:52','2019-01-04 16:39:29',1,'2018-12-21 17:24:52','2019-01-04 16:39:29'),(180,'VUGEMTIOD',1,4,36,1,6354,457,1,6273,6273,5,'0acf4b1ebad12a95ddba1c54473be23c','PayPal / CB',1.000000,'paypal',0,0,'',0,'',0.000000,0.000000,0.000000,300.000000,300.000000,250.000000,300.000000,250.000000,300.000000,0.000000,0.000000,0.000000,20.000,0.000000,0.000000,0.000000,2,2,257,267,'2018-12-21 17:26:07','2019-01-04 16:38:38',1,'2018-12-21 17:26:07','2019-01-04 16:38:38'),(181,'YYOGZFNNX',1,2,36,1,6250,458,1,6158,6158,5,'58120f61cb6f30b897073890f162f3f6','PayPal / CB',1.000000,'paypal',0,0,'',0,'',0.000000,0.000000,0.000000,1150.000000,1150.000000,1150.000000,1150.000000,1150.000000,1150.000000,0.000000,0.000000,0.000000,20.000,0.000000,0.000000,0.000000,2,2,210,243,'2018-12-21 17:44:42','2018-12-21 17:44:54',1,'2018-12-21 17:44:41','2018-12-21 17:44:54'),(182,'PZSABJTNF',1,4,36,1,6355,461,1,6274,6274,5,'2a22b8ab208ae2bbf167377ab649df91','PayPal / CB',1.000000,'paypal',0,0,'',0,'',0.000000,0.000000,0.000000,200.000000,200.000000,166.670000,200.000000,166.670000,200.000000,0.000000,0.000000,0.000000,20.000,0.000000,0.000000,0.000000,2,2,258,261,'2018-12-22 16:57:22','2018-12-22 16:57:22',1,'2018-12-22 16:57:22','2018-12-22 16:57:22'),(183,'BEIBBYORJ',1,4,36,1,6272,462,1,6181,6181,5,'7a449f3e441c6415453a3228bbee5b6b','PayPal / CB',1.000000,'paypal',0,0,'',0,'',0.000000,0.000000,0.000000,75.000000,75.000000,62.500000,75.000000,62.500000,75.000000,0.000000,0.000000,0.000000,20.000,0.000000,0.000000,0.000000,2,2,259,262,'2018-12-22 17:15:03','2018-12-22 17:15:03',1,'2018-12-22 17:15:03','2018-12-22 17:15:03'),(184,'MYJBELVGG',1,4,36,1,6356,463,1,6275,6275,5,'ec980e96b2708885d2afec21e2f0ac88','PayPal / CB',1.000000,'paypal',0,0,'',0,'',0.000000,0.000000,0.000000,180.000000,180.000000,150.000000,180.000000,150.000000,180.000000,0.000000,0.000000,0.000000,20.000,0.000000,0.000000,0.000000,2,2,260,263,'2018-12-22 17:20:13','2018-12-22 17:20:13',1,'2018-12-22 17:20:13','2018-12-22 17:20:13'),(185,'CSSSJGJVE',1,4,40,1,6357,466,1,6276,6276,4,'6b02595c1ca03f5866ad75962bb12e89','Braintree',1.000000,'paypal',0,0,'',0,'',0.000000,0.000000,0.000000,260.000000,260.000000,216.670000,260.000000,204.170000,245.000000,15.000000,15.000000,12.500000,20.000,0.000000,0.000000,0.000000,2,2,261,0,'2018-12-24 14:36:56','0000-00-00 00:00:00',1,'2018-12-23 19:58:34','2018-12-24 16:35:56'),(186,'DWFYDAPKS',1,4,40,1,6359,469,1,6277,6277,4,'143a5e334fea2e9070a64ec0628460dd','PayPal / CB',1.000000,'paypal',0,0,'',0,'',15.000000,15.000000,12.500000,205.000000,205.000000,170.830000,205.000000,170.830000,205.000000,15.000000,15.000000,12.500000,20.000,0.000000,0.000000,0.000000,2,2,262,0,'2018-12-24 14:40:18','0000-00-00 00:00:00',1,'2018-12-24 14:40:15','2018-12-24 16:35:52'),(187,'EXQBCMRYA',1,4,40,1,6360,470,1,6278,6278,4,'ff8bd29b0cf38203c0f25b3bdddc603d','PayPal / CB',1.000000,'paypal',0,0,'',0,'',15.000000,15.000000,12.500000,546.000000,546.000000,454.990000,546.000000,454.990000,546.000000,15.000000,15.000000,12.500000,20.000,0.000000,0.000000,0.000000,2,2,263,0,'2018-12-24 14:52:12','0000-00-00 00:00:00',1,'2018-12-24 14:52:10','2018-12-24 15:49:51'),(188,'SLDFRBUQU',1,4,40,1,6361,473,1,6279,6279,2,'ffeca5269a146905c550ca3115f40f08','Braintree',1.000000,'paypal',0,0,'',0,'',0.000000,0.000000,0.000000,365.000000,365.000000,304.170000,365.000000,291.670000,350.000000,15.000000,15.000000,12.500000,20.000,0.000000,0.000000,0.000000,2,2,264,0,'2018-12-27 19:04:16','0000-00-00 00:00:00',1,'2018-12-27 19:04:15','2018-12-27 19:04:16');

--
