(12280,2,0,'MailChimp error: The requested resource could not be found. url: https://us18.api.mailchimp.com/3.0/ecommerce/stores/4/promo-rules/56/promo-codes data: {\\\"id\\\":\\\"1\\\",\\\"redemption_url\\\":\\\"https:\\\\/\\\\/litho.online\\\\/\\\",\\\"enabled\\\":true,\\\"code\\\":\\\"BO_ORDER_469\\\"}','',0,1,'2018-12-24 14:40:08','2018-12-24 14:40:08'),(12281,2,0,'MailChimp error: The requested resource could not be found. url: https://us18.api.mailchimp.com/3.0/ecommerce/stores/4/promo-rules/56 data: {\\\"title\\\":\\\"Livraison gratuite\\\",\\\"description\\\":\\\"\\\",\\\"starts_at\\\":\\\"2018-12-24 14:40:08\\\",\\\"ends_at\\\":\\\"2019-01-03 14:40:08\\\",\\\"enabled\\\":true,\\\"type\\\":\\\"fixed\\\",\\\"target\\\":\\\"shipping\\\",\\\"amount\\\":0}','',0,1,'2018-12-24 14:40:16','2018-12-24 14:40:16'),(12282,2,0,'MailChimp error: The requested resource could not be found. url: https://us18.api.mailchimp.com/3.0/ecommerce/stores/4/promo-rules/56/promo-codes/1 data: {\\\"redemption_url\\\":\\\"https:\\\\/\\\\/litho.online\\\\/\\\",\\\"enabled\\\":true,\\\"code\\\":\\\"BO_ORDER_469\\\"}','',0,1,'2018-12-24 14:40:16','2018-12-24 14:40:16'),(12283,2,0,'MailChimp error: The requested resource could not be found. url: https://us18.api.mailchimp.com/3.0/ecommerce/stores/4/promo-rules/56/promo-codes data: {\\\"redemption_url\\\":\\\"https:\\\\/\\\\/litho.online\\\\/\\\",\\\"enabled\\\":true,\\\"code\\\":\\\"BO_ORDER_469\\\",\\\"id\\\":\\\"1\\\"}','',0,1,'2018-12-24 14:40:16','2018-12-24 14:40:16'),(12284,2,0,'MailChimp error: The requested resource could not be found. url: https://us18.api.mailchimp.com/3.0/ecommerce/stores/4/orders data: {\\\"id\\\":\\\"186\\\",\\\"currency_code\\\":\\\"EUR\\\",\\\"order_total\\\":205,\\\"tax_total\\\":34.17,\\\"shipping_total\\\":15,\\\"lines\\\":[{\\\"id\\\":\\\"238\\\",\\\"product_id\\\":\\\"5703\\\",\\\"product_variant_id\\\":\\\"5703\\\",\\\"quantity\\\":1,\\\"price\\\":\\\"150.000000\\\"},{\\\"id\\\":\\\"239\\\",\\\"product_id\\\":\\\"6392\\\",\\\"product_variant_id\\\":\\\"6392\\\",\\\"quantity\\\":1,\\\"price\\\":\\\"20.833333\\\"}],\\\"customer\\\":{\\\"id\\\":\\\"6359\\\",\\\"email_address\\\":\\\"hochet@litho.online\\\",\\\"opt_in_status\\\":false,\\\"first_name\\\":\\\"Coralie\\\",\\\"last_name\\\":\\\"Hochet\\\",\\\"address\\\":{\\\"address1\\\":\\\"37 rue Alesia\\\",\\\"address2\\\":\\\"\\\",\\\"city\\\":\\\"Paris\\\",\\\"state\\\":false,\\\"country\\\":\\\"FR\\\",\\\"zip\\\":\\\"75014\\\",\\\"company\\\":\\\"\\\"},\\\"orders_count\\\":1,\\\"total_spent\\\":\\\"205.000000\\\"},\\\"shipping_address\\\":{\\\"address1\\\":\\\"37 rue Alesia\\\",\\\"address2\\\":\\\"\\\",\\\"city\\\":\\\"Paris\\\",\\\"state\\\":false,\\\"country\\\":\\\"FR\\\",\\\"zip\\\":\\\"75014\\\",\\\"company\\\":\\\"\\\"},\\\"billing_address\\\":{\\\"address1\\\":\\\"37 rue Alesia\\\",\\\"address2\\\":\\\"\\\",\\\"city\\\":\\\"Paris\\\",\\\"state\\\":false,\\\"country\\\":\\\"FR\\\",\\\"zip\\\":\\\"75014\\\",\\\"company\\\":\\\"\\\"},\\\"processed_at_foreign\\\":\\\"2018-12-24 14:40:15\\\",\\\"financial_status\\\":\\\"\\\"}','',0,1,'2018-12-24 14:40:17','2018-12-24 14:40:17'),(12285,2,0,'MailChimp error: The requested resource could not be found. url: https://us18.api.mailchimp.com/3.0/ecommerce/stores/4/products/5703 data: {\\\"id\\\":\\\"5703\\\",\\\"title\\\":\\\"Jo di Bona - Space Monkey\\\",\\\"url\\\":\\\"https:\\\\/\\\\/litho.online\\\\/fr\\\\/jo-di-bona\\\\/5703-lithoonline-jo-di-bona-space-monkey-estampe-signee-et-numerotee-en-33-exemplaires-50x50cm-2018.html\\\",\\\"type\\\":\\\"Jo di Bona\\\",\\\"variants\\\":[{\\\"id\\\":\\\"5703\\\",\\\"title\\\":\\\"Jo di Bona - Space Monkey\\\",\\\"inventory_quantity\\\":21,\\\"price\\\":180,\\\"sku\\\":\\\"\\\"}],\\\"description\\\":\\\"\\\",\\\"image_url\\\":\\\"http:\\\\/\\\\/litho.online\\\\/214-home_default\\\\/lithoonline-jo-di-bona-space-monkey-estampe-signee-et-numerotee-en-33-exemplaires-50x50cm-2018.jpg\\\"}','',0,1,'2018-12-24 14:40:17','2018-12-24 14:40:17'),(12286,2,0,'MailChimp error: The requested resource could not be found. url: https://us18.api.mailchimp.com/3.0/ecommerce/stores/4/products/6392 data: {\\\"id\\\":\\\"6392\\\",\\\"title\\\":\\\"Frais de port\\\",\\\"url\\\":\\\"https:\\\\/\\\\/litho.online\\\\/fr\\\\/lithoonline\\\\/6392-lithoonline-frais-de-port.html\\\",\\\"type\\\":\\\"LithoOnline\\\",\\\"variants\\\":[{\\\"id\\\":\\\"6392\\\",\\\"title\\\":\\\"Frais de port\\\",\\\"inventory_quantity\\\":1,\\\"price\\\":25,\\\"sku\\\":\\\"\\\"}],\\\"description\\\":\\\"\\\"}','',0,1,'2018-12-24 14:40:17','2018-12-24 14:40:17'),(12287,2,0,'MailChimp error: The requested resource could not be found. url: https://us18.api.mailchimp.com/3.0/ecommerce/stores/4/carts/469 data: []','',0,1,'2018-12-24 14:40:17','2018-12-24 14:40:17'),(12288,2,0,'MailChimp error: The requested resource could not be found. url: https://us18.api.mailchimp.com/3.0/ecommerce/stores/4/orders/186 data: {\\\"id\\\":\\\"186\\\",\\\"currency_code\\\":\\\"EUR\\\",\\\"order_total\\\":205,\\\"tax_total\\\":34.17,\\\"shipping_total\\\":15,\\\"lines\\\":[{\\\"id\\\":\\\"238\\\",\\\"product_id\\\":\\\"5703\\\",\\\"product_variant_id\\\":\\\"5703\\\",\\\"quantity\\\":1,\\\"price\\\":\\\"150.000000\\\"},{\\\"id\\\":\\\"239\\\",\\\"product_id\\\":\\\"6392\\\",\\\"product_variant_id\\\":\\\"6392\\\",\\\"quantity\\\":1,\\\"price\\\":\\\"20.833333\\\"}],\\\"customer\\\":{\\\"id\\\":\\\"6359\\\",\\\"email_address\\\":\\\"hochet@litho.online\\\",\\\"opt_in_status\\\":false,\\\"first_name\\\":\\\"Coralie\\\",\\\"last_name\\\":\\\"Hochet\\\",\\\"address\\\":{\\\"address1\\\":\\\"37 rue Alesia\\\",\\\"address2\\\":\\\"\\\",\\\"city\\\":\\\"Paris\\\",\\\"state\\\":false,\\\"country\\\":\\\"FR\\\",\\\"zip\\\":\\\"75014\\\",\\\"company\\\":\\\"\\\"},\\\"orders_count\\\":1,\\\"total_spent\\\":\\\"205.000000\\\"},\\\"shipping_address\\\":{\\\"address1\\\":\\\"37 rue Alesia\\\",\\\"address2\\\":\\\"\\\",\\\"city\\\":\\\"Paris\\\",\\\"state\\\":false,\\\"country\\\":\\\"FR\\\",\\\"zip\\\":\\\"75014\\\",\\\"company\\\":\\\"\\\"},\\\"billing_address\\\":{\\\"address1\\\":\\\"37 rue Alesia\\\",\\\"address2\\\":\\\"\\\",\\\"city\\\":\\\"Paris\\\",\\\"state\\\":false,\\\"country\\\":\\\"FR\\\",\\\"zip\\\":\\\"75014\\\",\\\"company\\\":\\\"\\\"},\\\"processed_at_foreign\\\":\\\"2018-12-24 14:40:15\\\",\\\"financial_status\\\":\\\"\\\"}','',0,1,'2018-12-24 14:40:18','2018-12-24 14:40:18'),(12289,2,0,'MailChimp error: The requested resource could not be found. url: https://us18.api.mailchimp.com/3.0/ecommerce/stores/4/customers/ data: {\\\"id\\\":\\\"6360\\\",\\\"email_address\\\":\\\"sfrattoni@litho.online\\\",\\\"opt_in_status\\\":false,\\\"first_name\\\":\\\"Rinaldo\\\",\\\"last_name\\\":\\\"Sfrattoni\\\",\\\"orders_count\\\":0,\\\"total_spent\\\":0}','',0,1,'2018-12-24 14:46:27','2018-12-24 14:46:27'),(12290,1,0,'Création : Customer','Customer',6360,1,'2018-12-24 14:46:27','2018-12-24 14:46:27'),(12291,2,0,'MailChimp error: The requested resource could not be found. url: https://us18.api.mailchimp.com/3.0/ecommerce/stores/4/carts data: {\\\"id\\\":\\\"470\\\",\\\"customer\\\":{\\\"id\\\":\\\"6360\\\",\\\"email_address\\\":\\\"sfrattoni@litho.online\\\",\\\"opt_in_status\\\":false,\\\"first_name\\\":\\\"Rinaldo\\\",\\\"last_name\\\":\\\"Sfrattoni\\\",\\\"orders_count\\\":0,\\\"total_spent\\\":0},\\\"order_total\\\":0,\\\"checkout_url\\\":\\\"https:\\\\/\\\\/litho.online\\\\/fr\\\\/commande\\\",\\\"currency_code\\\":\\\"EUR\\\",\\\"lines\\\":[]}','',0,1,'2018-12-24 14:47:05','2018-12-24 14:47:05'),(12292,2,0,'MailChimp error: The requested resource could not be found. url: https://us18.api.mailchimp.com/3.0/ecommerce/stores/4/carts data: {\\\"id\\\":\\\"470\\\",\\\"customer\\\":{\\\"id\\\":\\\"6360\\\",\\\"email_address\\\":\\\"sfrattoni@litho.online\\\",\\\"opt_in_status\\\":false,\\\"first_name\\\":\\\"Rinaldo\\\",\\\"last_name\\\":\\\"Sfrattoni\\\",\\\"orders_count\\\":0,\\\"total_spent\\\":0},\\\"order_total\\\":0,\\\"checkout_url\\\":\\\"https:\\\\/\\\\/litho.online\\\\/fr\\\\/commande\\\",\\\"currency_code\\\":\\\"EUR\\\",\\\"lines\\\":[]}','',0,1,'2018-12-24 14:47:05','2018-12-24 14:47:05'),(12293,2,0,'MailChimp error: The requested resource could not be found. url: https://us18.api.mailchimp.com/3.0/ecommerce/stores/4/carts data: {\\\"id\\\":\\\"470\\\",\\\"customer\\\":{\\\"id\\\":\\\"6360\\\",\\\"email_address\\\":\\\"sfrattoni@litho.online\\\",\\\"opt_in_status\\\":false,\\\"first_name\\\":\\\"Rinaldo\\\",\\\"last_name\\\":\\\"Sfrattoni\\\",\\\"orders_count\\\":0,\\\"total_spent\\\":0},\\\"order_total\\\":200,\\\"checkout_url\\\":\\\"https:\\\\/\\\\/litho.online\\\\/fr\\\\/commande\\\",\\\"currency_code\\\":\\\"EUR\\\",\\\"lines\\\":[{\\\"id\\\":\\\"0000006412000000000000\\\",\\\"product_id\\\":\\\"6412\\\",\\\"product_variant_id\\\":\\\"6412\\\",\\\"quantity\\\":1,\\\"price\\\":200}]}','',0,1,'2018-12-24 14:47:05','2018-12-24 14:47:05'),(12294,2,0,'MailChimp error: The requested resource could not be found. url: https://us18.api.mailchimp.com/3.0/ecommerce/stores/4/carts data: {\\\"id\\\":\\\"470\\\",\\\"customer\\\":{\\\"id\\\":\\\"6360\\\",\\\"email_address\\\":\\\"sfrattoni@litho.online\\\",\\\"opt_in_status\\\":false,\\\"first_name\\\":\\\"Rinaldo\\\",\\\"last_name\\\":\\\"Sfrattoni\\\",\\\"orders_count\\\":0,\\\"total_spent\\\":0},\\\"order_total\\\":200,\\\"checkout_url\\\":\\\"https:\\\\/\\\\/litho.online\\\\/fr\\\\/commande\\\",\\\"currency_code\\\":\\\"EUR\\\",\\\"lines\\\":[{\\\"id\\\":\\\"0000006412000000000000\\\",\\\"product_id\\\":\\\"6412\\\",\\\"product_variant_id\\\":\\\"6412\\\",\\\"quantity\\\":1,\\\"price\\\":200}]}','',0,1,'2018-12-24 14:47:10','2018-12-24 14:47:10'),(12295,2,0,'MailChimp error: The requested resource could not be found. url: https://us18.api.mailchimp.com/3.0/ecommerce/stores/4/carts data: {\\\"id\\\":\\\"470\\\",\\\"customer\\\":{\\\"id\\\":\\\"6360\\\",\\\"email_address\\\":\\\"sfrattoni@litho.online\\\",\\\"opt_in_status\\\":false,\\\"first_name\\\":\\\"Rinaldo\\\",\\\"last_name\\\":\\\"Sfrattoni\\\",\\\"orders_count\\\":0,\\\"total_spent\\\":0},\\\"order_total\\\":200,\\\"checkout_url\\\":\\\"https:\\\\/\\\\/litho.online\\\\/fr\\\\/commande\\\",\\\"currency_code\\\":\\\"EUR\\\",\\\"lines\\\":[{\\\"id\\\":\\\"0000006412000000000000\\\",\\\"product_id\\\":\\\"6412\\\",\\\"product_variant_id\\\":\\\"6412\\\",\\\"quantity\\\":1,\\\"price\\\":200}]}','',0,1,'2018-12-24 14:47:11','2018-12-24 14:47:11'),(12296,2,0,'MailChimp error: The requested resource could not be found. url: https://us18.api.mailchimp.com/3.0/ecommerce/stores/4/carts data: {\\\"id\\\":\\\"470\\\",\\\"customer\\\":{\\\"id\\\":\\\"6360\\\",\\\"email_address\\\":\\\"sfrattoni@litho.online\\\",\\\"opt_in_status\\\":false,\\\"first_name\\\":\\\"Rinaldo\\\",\\\"last_name\\\":\\\"Sfrattoni\\\",\\\"orders_count\\\":0,\\\"total_spent\\\":0},\\\"order_total\\\":400,\\\"checkout_url\\\":\\\"https:\\\\/\\\\/litho.online\\\\/fr\\\\/commande\\\",\\\"currency_code\\\":\\\"EUR\\\",\\\"lines\\\":[{\\\"id\\\":\\\"0000006412000000000000\\\",\\\"product_id\\\":\\\"6412\\\",\\\"product_variant_id\\\":\\\"6412\\\",\\\"quantity\\\":1,\\\"price\\\":200},{\\\"id\\\":\\\"0000006413000000000000\\\",\\\"product_id\\\":\\\"6413\\\",\\\"product_variant_id\\\":\\\"6413\\\",\\\"quantity\\\":1,\\\"price\\\":200}]}','',0,1,'2018-12-24 14:47:11','2018-12-24 14:47:11'),(12297,2,0,'MailChimp error: The requested resource could not be found. url: https://us18.api.mailchimp.com/3.0/ecommerce/stores/4/carts data: {\\\"id\\\":\\\"470\\\",\\\"customer\\\":{\\\"id\\\":\\\"6360\\\",\\\"email_address\\\":\\\"sfrattoni@litho.online\\\",\\\"opt_in_status\\\":false,\\\"first_name\\\":\\\"Rinaldo\\\",\\\"last_name\\\":\\\"Sfrattoni\\\",\\\"orders_count\\\":0,\\\"total_spent\\\":0},\\\"order_total\\\":400,\\\"checkout_url\\\":\\\"https:\\\\/\\\\/litho.online\\\\/fr\\\\/commande\\\",\\\"currency_code\\\":\\\"EUR\\\",\\\"lines\\\":[{\\\"id\\\":\\\"0000006412000000000000\\\",\\\"product_id\\\":\\\"6412\\\",\\\"product_variant_id\\\":\\\"6412\\\",\\\"quantity\\\":1,\\\"price\\\":200},{\\\"id\\\":\\\"0000006413000000000000\\\",\\\"product_id\\\":\\\"6413\\\",\\\"product_variant_id\\\":\\\"6413\\\",\\\"quantity\\\":1,\\\"price\\\":200}]}','',0,1,'2018-12-24 14:47:11','2018-12-24 14:47:11'),(12298,2,0,'MailChimp error: The requested resource could not be found. url: https://us18.api.mailchimp.com/3.0/ecommerce/stores/4/carts data: {\\\"id\\\":\\\"470\\\",\\\"customer\\\":{\\\"id\\\":\\\"6360\\\",\\\"email_address\\\":\\\"sfrattoni@litho.online\\\",\\\"opt_in_status\\\":false,\\\"first_name\\\":\\\"Rinaldo\\\",\\\"last_name\\\":\\\"Sfrattoni\\\",\\\"orders_count\\\":0,\\\"total_spent\\\":0},\\\"order_total\\\":400,\\\"checkout_url\\\":\\\"https:\\\\/\\\\/litho.online\\\\/fr\\\\/commande\\\",\\\"currency_code\\\":\\\"EUR\\\",\\\"lines\\\":[{\\\"id\\\":\\\"0000006412000000000000\\\",\\\"product_id\\\":\\\"6412\\\",\\\"product_variant_id\\\":\\\"6412\\\",\\\"quantity\\\":1,\\\"price\\\":200},{\\\"id\\\":\\\"0000006413000000000000\\\",\\\"product_id\\\":\\\"6413\\\",\\\"product_variant_id\\\":\\\"6413\\\",\\\"quantity\\\":1,\\\"price\\\":200}]}','',0,1,'2018-12-24 14:47:28','2018-12-24 14:47:28'),(12299,2,0,'MailChimp error: The requested resource could not be found. url: https://us18.api.mailchimp.com/3.0/ecommerce/stores/4/carts data: {\\\"id\\\":\\\"470\\\",\\\"customer\\\":{\\\"id\\\":\\\"6360\\\",\\\"email_address\\\":\\\"sfrattoni@litho.online\\\",\\\"opt_in_status\\\":false,\\\"first_name\\\":\\\"Rinaldo\\\",\\\"last_name\\\":\\\"Sfrattoni\\\",\\\"orders_count\\\":0,\\\"total_spent\\\":0},\\\"order_total\\\":400,\\\"checkout_url\\\":\\\"https:\\\\/\\\\/litho.online\\\\/fr\\\\/commande\\\",\\\"currency_code\\\":\\\"EUR\\\",\\\"lines\\\":[{\\\"id\\\":\\\"0000006412000000000000\\\",\\\"product_id\\\":\\\"6412\\\",\\\"product_variant_id\\\":\\\"6412\\\",\\\"quantity\\\":1,\\\"price\\\":200},{\\\"id\\\":\\\"0000006413000000000000\\\",\\\"product_id\\\":\\\"6413\\\",\\\"product_variant_id\\\":\\\"6413\\\",\\\"quantity\\\":1,\\\"price\\\":200}]}','',0,1,'2018-12-24 14:47:28','2018-12-24 14:47:28'),(12300,2,0,'MailChimp error: The requested resource could not be found. url: https://us18.api.mailchimp.com/3.0/ecommerce/stores/4/carts data: {\\\"id\\\":\\\"470\\\",\\\"customer\\\":{\\\"id\\\":\\\"6360\\\",\\\"email_address\\\":\\\"sfrattoni@litho.online\\\",\\\"opt_in_status\\\":false,\\\"first_name\\\":\\\"Rinaldo\\\",\\\"last_name\\\":\\\"Sfrattoni\\\",\\\"orders_count\\\":0,\\\"total_spent\\\":0},\\\"order_total\\\":425,\\\"checkout_url\\\":\\\"https:\\\\/\\\\/litho.online\\\\/fr\\\\/commande\\\",\\\"currency_code\\\":\\\"EUR\\\",\\\"lines\\\":[{\\\"id\\\":\\\"0000006412000000000000\\\",\\\"product_id\\\":\\\"6412\\\",\\\"product_variant_id\\\":\\\"6412\\\",\\\"quantity\\\":1,\\\"price\\\":200},{\\\"id\\\":\\\"0000006413000000000000\\\",\\\"product_id\\\":\\\"6413\\\",\\\"product_variant_id\\\":\\\"6413\\\",\\\"quantity\\\":1,\\\"price\\\":200},{\\\"id\\\":\\\"0000006392000000000000\\\",\\\"product_id\\\":\\\"6392\\\",\\\"product_variant_id\\\":\\\"6392\\\",\\\"quantity\\\":1,\\\"price\\\":25}]}','',0,1,'2018-12-24 14:47:28','2018-12-24 14:47:28'),(12301,2,0,'MailChimp error: The requested resource could not be found. url: https://us18.api.mailchimp.com/3.0/ecommerce/stores/4/carts data: {\\\"id\\\":\\\"470\\\",\\\"customer\\\":{\\\"id\\\":\\\"6360\\\",\\\"email_address\\\":\\\"sfrattoni@litho.online\\\",\\\"opt_in_status\\\":false,\\\"first_name\\\":\\\"Rinaldo\\\",\\\"last_name\\\":\\\"Sfrattoni\\\",\\\"orders_count\\\":0,\\\"total_spent\\\":0},\\\"order_total\\\":425,\\\"checkout_url\\\":\\\"https:\\\\/\\\\/litho.online\\\\/fr\\\\/commande\\\",\\\"currency_code\\\":\\\"EUR\\\",\\\"lines\\\":[{\\\"id\\\":\\\"0000006412000000000000\\\",\\\"product_id\\\":\\\"6412\\\",\\\"product_variant_id\\\":\\\"6412\\\",\\\"quantity\\\":1,\\\"price\\\":200},{\\\"id\\\":\\\"0000006413000000000000\\\",\\\"product_id\\\":\\\"6413\\\",\\\"product_variant_id\\\":\\\"6413\\\",\\\"quantity\\\":1,\\\"price\\\":200},{\\\"id\\\":\\\"0000006392000000000000\\\",\\\"product_id\\\":\\\"6392\\\",\\\"product_variant_id\\\":\\\"6392\\\",\\\"quantity\\\":1,\\\"price\\\":25}]}','',0,1,'2018-12-24 14:48:04','2018-12-24 14:48:04'),(12302,2,0,'MailChimp error: The requested resource could not be found. url: https://us18.api.mailchimp.com/3.0/ecommerce/stores/4/carts data: {\\\"id\\\":\\\"470\\\",\\\"customer\\\":{\\\"id\\\":\\\"6360\\\",\\\"email_address\\\":\\\"sfrattoni@litho.online\\\",\\\"opt_in_status\\\":false,\\\"first_name\\\":\\\"Rinaldo\\\",\\\"last_name\\\":\\\"Sfrattoni\\\",\\\"orders_count\\\":0,\\\"total_spent\\\":0},\\\"order_total\\\":446,\\\"checkout_url\\\":\\\"https:\\\\/\\\\/litho.online\\\\/fr\\\\/commande\\\",\\\"currency_code\\\":\\\"EUR\\\",\\\"lines\\\":[{\\\"id\\\":\\\"0000006412000000000000\\\",\\\"product_id\\\":\\\"6412\\\",\\\"product_variant_id\\\":\\\"6412\\\",\\\"quantity\\\":1,\\\"price\\\":200},{\\\"id\\\":\\\"0000006413000000000000\\\",\\\"product_id\\\":\\\"6413\\\",\\\"product_variant_id\\\":\\\"6413\\\",\\\"quantity\\\":1,\\\"price\\\":200},{\\\"id\\\":\\\"0000006392000000000000\\\",\\\"product_id\\\":\\\"6392\\\",\\\"product_variant_id\\\":\\\"6392\\\",\\\"quantity\\\":1,\\\"price\\\":46}]}','',0,1,'2018-12-24 14:48:19','2018-12-24 14:48:19'),(12303,2,0,'MailChimp error: The requested resource could not be found. url: https://us18.api.mailchimp.com/3.0/ecommerce/stores/4/carts data: {\\\"id\\\":\\\"470\\\",\\\"customer\\\":{\\\"id\\\":\\\"6360\\\",\\\"email_address\\\":\\\"sfrattoni@litho.online\\\",\\\"opt_in_status\\\":false,\\\"first_name\\\":\\\"Rinaldo\\\",\\\"last_name\\\":\\\"Sfrattoni\\\",\\\"orders_count\\\":0,\\\"total_spent\\\":0},\\\"order_total\\\":496,\\\"checkout_url\\\":\\\"https:\\\\/\\\\/litho.online\\\\/fr\\\\/commande\\\",\\\"currency_code\\\":\\\"EUR\\\",\\\"lines\\\":[{\\\"id\\\":\\\"0000006412000000000000\\\",\\\"product_id\\\":\\\"6412\\\",\\\"product_variant_id\\\":\\\"6412\\\",\\\"quantity\\\":1,\\\"price\\\":200},{\\\"id\\\":\\\"0000006413000000000000\\\",\\\"product_id\\\":\\\"6413\\\",\\\"product_variant_id\\\":\\\"6413\\\",\\\"quantity\\\":1,\\\"price\\\":250},{\\\"id\\\":\\\"0000006392000000000000\\\",\\\"product_id\\\":\\\"6392\\\",\\\"product_variant_id\\\":\\\"6392\\\",\\\"quantity\\\":1,\\\"price\\\":46}]}','',0,1,'2018-12-24 14:48:31','2018-12-24 14:48:31'),(12304,2,0,'MailChimp error: The requested resource could not be found. url: https://us18.api.mailchimp.com/3.0/ecommerce/stores/4/carts data: {\\\"id\\\":\\\"470\\\",\\\"customer\\\":{\\\"id\\\":\\\"6360\\\",\\\"email_address\\\":\\\"sfrattoni@litho.online\\\",\\\"opt_in_status\\\":false,\\\"first_name\\\":\\\"Rinaldo\\\",\\\"last_name\\\":\\\"Sfrattoni\\\",\\\"orders_count\\\":0,\\\"total_spent\\\":0},\\\"order_total\\\":546,\\\"checkout_url\\\":\\\"https:\\\\/\\\\/litho.online\\\\/fr\\\\/commande\\\",\\\"currency_code\\\":\\\"EUR\\\",\\\"lines\\\":[{\\\"id\\\":\\\"0000006412000000000000\\\",\\\"product_id\\\":\\\"6412\\\",\\\"product_variant_id\\\":\\\"6412\\\",\\\"quantity\\\":1,\\\"price\\\":250},{\\\"id\\\":\\\"0000006413000000000000\\\",\\\"product_id\\\":\\\"6413\\\",\\\"product_variant_id\\\":\\\"6413\\\",\\\"quantity\\\":1,\\\"price\\\":250},{\\\"id\\\":\\\"0000006392000000000000\\\",\\\"product_id\\\":\\\"6392\\\",\\\"product_variant_id\\\":\\\"6392\\\",\\\"quantity\\\":1,\\\"price\\\":46}]}','',0,1,'2018-12-24 14:48:36','2018-12-24 14:48:36'),(12305,2,0,'MailChimp error: The requested resource could not be found. url: https://us18.api.mailchimp.com/3.0/ecommerce/stores/4/carts data: {\\\"id\\\":\\\"470\\\",\\\"customer\\\":{\\\"id\\\":\\\"6360\\\",\\\"email_address\\\":\\\"sfrattoni@litho.online\\\",\\\"opt_in_status\\\":false,\\\"first_name\\\":\\\"Rinaldo\\\",\\\"last_name\\\":\\\"Sfrattoni\\\",\\\"orders_count\\\":0,\\\"total_spent\\\":0},\\\"order_total\\\":546,\\\"checkout_url\\\":\\\"https:\\\\/\\\\/litho.online\\\\/fr\\\\/commande\\\",\\\"currency_code\\\":\\\"EUR\\\",\\\"lines\\\":[{\\\"id\\\":\\\"0000006412000000000000\\\",\\\"product_id\\\":\\\"6412\\\",\\\"product_variant_id\\\":\\\"6412\\\",\\\"quantity\\\":1,\\\"price\\\":250},{\\\"id\\\":\\\"0000006413000000000000\\\",\\\"product_id\\\":\\\"6413\\\",\\\"product_variant_id\\\":\\\"6413\\\",\\\"quantity\\\":1,\\\"price\\\":250},{\\\"id\\\":\\\"0000006392000000000000\\\",\\\"product_id\\\":\\\"6392\\\",\\\"product_variant_id\\\":\\\"6392\\\",\\\"quantity\\\":1,\\\"price\\\":46}]}','',0,1,'2018-12-24 14:48:40','2018-12-24 14:48:40'),(12306,1,0,'Création : CustomerAddress','CustomerAddress',6278,1,'2018-12-24 14:51:27','2018-12-24 14:51:27'),(12307,2,0,'MailChimp error: The requested resource could not be found. url: https://us18.api.mailchimp.com/3.0/ecommerce/stores/4/carts data: {\\\"id\\\":\\\"470\\\",\\\"customer\\\":{\\\"id\\\":\\\"6360\\\",\\\"email_address\\\":\\\"sfrattoni@litho.online\\\",\\\"opt_in_status\\\":false,\\\"first_name\\\":\\\"Rinaldo\\\",\\\"last_name\\\":\\\"Sfrattoni\\\",\\\"orders_count\\\":0,\\\"total_spent\\\":0},\\\"order_total\\\":546,\\\"checkout_url\\\":\\\"https:\\\\/\\\\/litho.online\\\\/fr\\\\/commande\\\",\\\"currency_code\\\":\\\"EUR\\\",\\\"lines\\\":[{\\\"id\\\":\\\"0000006412000000000000\\\",\\\"product_id\\\":\\\"6412\\\",\\\"product_variant_id\\\":\\\"6412\\\",\\\"quantity\\\":1,\\\"price\\\":250},{\\\"id\\\":\\\"0000006413000000000000\\\",\\\"product_id\\\":\\\"6413\\\",\\\"product_variant_id\\\":\\\"6413\\\",\\\"quantity\\\":1,\\\"price\\\":250},{\\\"id\\\":\\\"0000006392000000000000\\\",\\\"product_id\\\":\\\"6392\\\",\\\"product_variant_id\\\":\\\"6392\\\",\\\"quantity\\\":1,\\\"price\\\":46}]}','',0,1,'2018-12-24 14:51:31','2018-12-24 14:51:31'),(12308,2,0,'MailChimp error: The requested resource could not be found. url: https://us18.api.mailchimp.com/3.0/ecommerce/stores/4/carts data: {\\\"id\\\":\\\"470\\\",\\\"customer\\\":{\\\"id\\\":\\\"6360\\\",\\\"email_address\\\":\\\"sfrattoni@litho.online\\\",\\\"opt_in_status\\\":false,\\\"first_name\\\":\\\"Rinaldo\\\",\\\"last_name\\\":\\\"Sfrattoni\\\",\\\"orders_count\\\":0,\\\"total_spent\\\":0},\\\"order_total\\\":546,\\\"checkout_url\\\":\\\"https:\\\\/\\\\/litho.online\\\\/fr\\\\/commande\\\",\\\"currency_code\\\":\\\"EUR\\\",\\\"lines\\\":[{\\\"id\\\":\\\"0000006412000000000062780\\\",\\\"product_id\\\":\\\"6412\\\",\\\"product_variant_id\\\":\\\"6412\\\",\\\"quantity\\\":1,\\\"price\\\":250},{\\\"id\\\":\\\"0000006413000000000062780\\\",\\\"product_id\\\":\\\"6413\\\",\\\"product_variant_id\\\":\\\"6413\\\",\\\"quantity\\\":1,\\\"price\\\":250},{\\\"id\\\":\\\"0000006392000000000062780\\\",\\\"product_id\\\":\\\"6392\\\",\\\"product_variant_id\\\":\\\"6392\\\",\\\"quantity\\\":1,\\\"price\\\":46}]}','',0,1,'2018-12-24 14:51:41','2018-12-24 14:51:41'),(12309,2,0,'MailChimp error: The requested resource could not be found. url: https://us18.api.mailchimp.com/3.0/ecommerce/stores/4/carts data: {\\\"id\\\":\\\"470\\\",\\\"customer\\\":{\\\"id\\\":\\\"6360\\\",\\\"email_address\\\":\\\"sfrattoni@litho.online\\\",\\\"opt_in_status\\\":false,\\\"first_name\\\":\\\"Rinaldo\\\",\\\"last_name\\\":\\\"Sfrattoni\\\",\\\"orders_count\\\":0,\\\"total_spent\\\":0},\\\"order_total\\\":561,\\\"checkout_url\\\":\\\"https:\\\\/\\\\/litho.online\\\\/fr\\\\/commande\\\",\\\"currency_code\\\":\\\"EUR\\\",\\\"lines\\\":[{\\\"id\\\":\\\"0000006412000000000062780\\\",\\\"product_id\\\":\\\"6412\\\",\\\"product_variant_id\\\":\\\"6412\\\",\\\"quantity\\\":1,\\\"price\\\":250},{\\\"id\\\":\\\"0000006413000000000062780\\\",\\\"product_id\\\":\\\"6413\\\",\\\"product_variant_id\\\":\\\"6413\\\",\\\"quantity\\\":1,\\\"price\\\":250},{\\\"id\\\":\\\"0000006392000000000062780\\\",\\\"product_id\\\":\\\"6392\\\",\\\"product_variant_id\\\":\\\"6392\\\",\\\"quantity\\\":1,\\\"price\\\":46}]}','',0,1,'2018-12-24 14:51:41','2018-12-24 14:51:41'),(12310,2,0,'MailChimp error: The requested resource could not be found. url: https://us18.api.mailchimp.com/3.0/ecommerce/stores/4/carts data: {\\\"id\\\":\\\"470\\\",\\\"customer\\\":{\\\"id\\\":\\\"6360\\\",\\\"email_address\\\":\\\"sfrattoni@litho.online\\\",\\\"opt_in_status\\\":false,\\\"first_name\\\":\\\"Rinaldo\\\",\\\"last_name\\\":\\\"Sfrattoni\\\",\\\"orders_count\\\":0,\\\"total_spent\\\":0},\\\"order_total\\\":561,\\\"checkout_url\\\":\\\"https:\\\\/\\\\/litho.online\\\\/fr\\\\/commande\\\",\\\"currency_code\\\":\\\"EUR\\\",\\\"lines\\\":[{\\\"id\\\":\\\"0000006412000000000062780\\\",\\\"product_id\\\":\\\"6412\\\",\\\"product_variant_id\\\":\\\"6412\\\",\\\"quantity\\\":1,\\\"price\\\":250},{\\\"id\\\":\\\"0000006413000000000062780\\\",\\\"product_id\\\":\\\"6413\\\",\\\"product_variant_id\\\":\\\"6413\\\",\\\"quantity\\\":1,\\\"price\\\":250},{\\\"id\\\":\\\"0000006392000000000062780\\\",\\\"product_id\\\":\\\"6392\\\",\\\"product_variant_id\\\":\\\"6392\\\",\\\"quantity\\\":1,\\\"price\\\":46}]}','',0,1,'2018-12-24 14:51:42','2018-12-24 14:51:42'),(12311,2,0,'MailChimp error: The requested resource could not be found. url: https://us18.api.mailchimp.com/3.0/ecommerce/stores/4/promo-rules data: {\\\"title\\\":\\\"Livraison gratuite\\\",\\\"description\\\":null,\\\"starts_at\\\":\\\"2018-12-24 14:51:42\\\",\\\"ends_at\\\":\\\"2019-01-03 14:51:42\\\",\\\"enabled\\\":true,\\\"type\\\":\\\"fixed\\\",\\\"target\\\":\\\"shipping\\\",\\\"amount\\\":0,\\\"id\\\":\\\"57\\\"}','',0,1,'2018-12-24 14:51:43','2018-12-24 14:51:43'),(12312,2,0,'MailChimp error: The requested resource could not be found. url: https://us18.api.mailchimp.com/3.0/ecommerce/stores/4/promo-rules/57/promo-codes data: {\\\"id\\\":\\\"1\\\",\\\"redemption_url\\\":\\\"https:\\\\/\\\\/litho.online\\\\/\\\",\\\"enabled\\\":true,\\\"code\\\":\\\"BO_ORDER_470\\\"}','',0,1,'2018-12-24 14:51:43','2018-12-24 14:51:43'),(12313,2,0,'MailChimp error: The requested resource could not be found. url: https://us18.api.mailchimp.com/3.0/ecommerce/stores/4/promo-rules/57 data: {\\\"title\\\":\\\"Livraison gratuite\\\",\\\"description\\\":\\\"\\\",\\\"starts_at\\\":\\\"2018-12-24 14:51:42\\\",\\\"ends_at\\\":\\\"2019-01-03 14:51:42\\\",\\\"enabled\\\":true,\\\"type\\\":\\\"fixed\\\",\\\"target\\\":\\\"shipping\\\",\\\"amount\\\":0}','',0,1,'2018-12-24 14:52:10','2018-12-24 14:52:10'),(12314,2,0,'MailChimp error: The requested resource could not be found. url: https://us18.api.mailchimp.com/3.0/ecommerce/stores/4/promo-rules/57/promo-codes/1 data: {\\\"redemption_url\\\":\\\"https:\\\\/\\\\/litho.online\\\\/\\\",\\\"enabled\\\":true,\\\"code\\\":\\\"BO_ORDER_470\\\"}','',0,1,'2018-12-24 14:52:10','2018-12-24 14:52:10'),(12315,2,0,'MailChimp error: The requested resource could not be found. url: https://us18.api.mailchimp.com/3.0/ecommerce/stores/4/promo-rules/57/promo-codes data: {\\\"redemption_url\\\":\\\"https:\\\\/\\\\/litho.online\\\\/\\\",\\\"enabled\\\":true,\\\"code\\\":\\\"BO_ORDER_470\\\",\\\"id\\\":\\\"1\\\"}','',0,1,'2018-12-24 14:52:11','2018-12-24 14:52:11'),(12316,2,0,'MailChimp error: The requested resource could not be found. url: https://us18.api.mailchimp.com/3.0/ecommerce/stores/4/orders data: {\\\"id\\\":\\\"187\\\",\\\"currency_code\\\":\\\"EUR\\\",\\\"order_total\\\":546,\\\"tax_total\\\":91.01,\\\"shipping_total\\\":15,\\\"lines\\\":[{\\\"id\\\":\\\"240\\\",\\\"product_id\\\":\\\"6412\\\",\\\"product_variant_id\\\":\\\"6412\\\",\\\"quantity\\\":1,\\\"price\\\":\\\"166.666667\\\"},{\\\"id\\\":\\\"241\\\",\\\"product_id\\\":\\\"6413\\\",\\\"product_variant_id\\\":\\\"6413\\\",\\\"quantity\\\":1,\\\"price\\\":\\\"166.666667\\\"},{\\\"id\\\":\\\"242\\\",\\\"product_id\\\":\\\"6392\\\",\\\"product_variant_id\\\":\\\"6392\\\",\\\"quantity\\\":1,\\\"price\\\":\\\"20.833333\\\"}],\\\"customer\\\":{\\\"id\\\":\\\"6360\\\",\\\"email_address\\\":\\\"sfrattoni@litho.online\\\",\\\"opt_in_status\\\":false,\\\"first_name\\\":\\\"Rinaldo\\\",\\\"last_name\\\":\\\"Sfrattoni\\\",\\\"address\\\":{\\\"address1\\\":\\\"via g. capasso torre n.5\\\",\\\"address2\\\":\\\"\\\",\\\"city\\\":\\\"benevento\\\",\\\"state\\\":\\\"Benevento\\\",\\\"country\\\":\\\"IT\\\",\\\"zip\\\":\\\"82100\\\",\\\"company\\\":\\\"\\\"},\\\"orders_count\\\":1,\\\"total_spent\\\":\\\"546.000000\\\"},\\\"shipping_address\\\":{\\\"address1\\\":\\\"via g. capasso torre n.5\\\",\\\"address2\\\":\\\"\\\",\\\"city\\\":\\\"benevento\\\",\\\"state\\\":\\\"Benevento\\\",\\\"country\\\":\\\"IT\\\",\\\"zip\\\":\\\"82100\\\",\\\"company\\\":\\\"\\\"},\\\"billing_address\\\":{\\\"address1\\\":\\\"via g. capasso torre n.5\\\",\\\"address2\\\":\\\"\\\",\\\"city\\\":\\\"benevento\\\",\\\"state\\\":\\\"Benevento\\\",\\\"country\\\":\\\"IT\\\",\\\"zip\\\":\\\"82100\\\",\\\"company\\\":\\\"\\\"},\\\"processed_at_foreign\\\":\\\"2018-12-24 14:52:10\\\",\\\"financial_status\\\":\\\"\\\"}','',0,1,'2018-12-24 14:52:11','2018-12-24 14:52:11'),(12317,2,0,'MailChimp error: The requested resource could not be found. url: https://us18.api.mailchimp.com/3.0/ecommerce/stores/4/products/6412 data: {\\\"id\\\":\\\"6412\\\",\\\"title\\\":\\\"C215 - Bring Back Our Girls - Bleu\\\",\\\"url\\\":\\\"https:\\\\/\\\\/litho.online\\\\/fr\\\\/c215\\\\/6412-lithoonline-c215-bring-back-our-girls-bleu-estampe-numerique-signee-et-numerotee-en-50-exemplaires-70x50cm-2018.html\\\",\\\"type\\\":\\\"C215\\\",\\\"variants\\\":[{\\\"id\\\":\\\"6412\\\",\\\"title\\\":\\\"C215 - Bring Back Our Girls - Bleu\\\",\\\"inventory_quantity\\\":34,\\\"price\\\":200,\\\"sku\\\":\\\"\\\"}],\\\"description\\\":\\\"\\\",\\\"image_url\\\":\\\"http:\\\\/\\\\/litho.online\\\\/1010-home_default\\\\/lithoonline-c215-bring-back-our-girls-bleu-estampe-numerique-signee-et-numerotee-en-50-exemplaires-70x50cm-2018.jpg\\\"}','',0,1,'2018-12-24 14:52:11','2018-12-24 14:52:11'),(12318,2,0,'MailChimp error: The requested resource could not be found. url: https://us18.api.mailchimp.com/3.0/ecommerce/stores/4/products/6413 data: {\\\"id\\\":\\\"6413\\\",\\\"title\\\":\\\"C215 - Bring Back Our Girls - Rouge\\\",\\\"url\\\":\\\"https:\\\\/\\\\/litho.online\\\\/fr\\\\/c215\\\\/6413-lithoonline-c215-bring-back-our-girls-rouge-estampe-numerique-signee-et-numerotee-en-50-exemplaires-70x50cm-2018.html\\\",\\\"type\\\":\\\"C215\\\",\\\"variants\\\":[{\\\"id\\\":\\\"6413\\\",\\\"title\\\":\\\"C215 - Bring Back Our Girls - Rouge\\\",\\\"inventory_quantity\\\":33,\\\"price\\\":200,\\\"sku\\\":\\\"\\\"}],\\\"description\\\":\\\"\\\",\\\"image_url\\\":\\\"http:\\\\/\\\\/litho.online\\\\/1012-home_default\\\\/lithoonline-c215-bring-back-our-girls-rouge-estampe-numerique-signee-et-numerotee-en-50-exemplaires-70x50cm-2018.jpg\\\"}','',0,1,'2018-12-24 14:52:11','2018-12-24 14:52:11'),(12319,2,0,'MailChimp error: The requested resource could not be found. url: https://us18.api.mailchimp.com/3.0/ecommerce/stores/4/products/6392 data: {\\\"id\\\":\\\"6392\\\",\\\"title\\\":\\\"Frais de port\\\",\\\"url\\\":\\\"https:\\\\/\\\\/litho.online\\\\/fr\\\\/lithoonline\\\\/6392-lithoonline-frais-de-port.html\\\",\\\"type\\\":\\\"LithoOnline\\\",\\\"variants\\\":[{\\\"id\\\":\\\"6392\\\",\\\"title\\\":\\\"Frais de port\\\",\\\"inventory_quantity\\\":0,\\\"price\\\":25,\\\"sku\\\":\\\"\\\"}],\\\"description\\\":\\\"\\\"}','',0,1,'2018-12-24 14:52:12','2018-12-24 14:52:12'),(12320,2,0,'MailChimp error: The requested resource could not be found. url: https://us18.api.mailchimp.com/3.0/ecommerce/stores/4/carts/470 data: []','',0,1,'2018-12-24 14:52:12','2018-12-24 14:52:12'),(12321,2,0,'MailChimp error: The requested resource could not be found. url: https://us18.api.mailchimp.com/3.0/ecommerce/stores/4/orders/187 data: {\\\"id\\\":\\\"187\\\",\\\"currency_code\\\":\\\"EUR\\\",\\\"order_total\\\":546,\\\"tax_total\\\":91.01,\\\"shipping_total\\\":15,\\\"lines\\\":[{\\\"id\\\":\\\"240\\\",\\\"product_id\\\":\\\"6412\\\",\\\"product_variant_id\\\":\\\"6412\\\",\\\"quantity\\\":1,\\\"price\\\":\\\"166.666667\\\"},{\\\"id\\\":\\\"241\\\",\\\"product_id\\\":\\\"6413\\\",\\\"product_variant_id\\\":\\\"6413\\\",\\\"quantity\\\":1,\\\"price\\\":\\\"166.666667\\\"},{\\\"id\\\":\\\"242\\\",\\\"product_id\\\":\\\"6392\\\",\\\"product_variant_id\\\":\\\"6392\\\",\\\"quantity\\\":1,\\\"price\\\":\\\"20.833333\\\"}],\\\"customer\\\":{\\\"id\\\":\\\"6360\\\",\\\"email_address\\\":\\\"sfrattoni@litho.online\\\",\\\"opt_in_status\\\":false,\\\"first_name\\\":\\\"Rinaldo\\\",\\\"last_name\\\":\\\"Sfrattoni\\\",\\\"address\\\":{\\\"address1\\\":\\\"via g. capasso torre n.5\\\",\\\"address2\\\":\\\"\\\",\\\"city\\\":\\\"benevento\\\",\\\"state\\\":\\\"Benevento\\\",\\\"country\\\":\\\"IT\\\",\\\"zip\\\":\\\"82100\\\",\\\"company\\\":\\\"\\\"},\\\"orders_count\\\":1,\\\"total_spent\\\":\\\"546.000000\\\"},\\\"shipping_address\\\":{\\\"address1\\\":\\\"via g. capasso torre n.5\\\",\\\"address2\\\":\\\"\\\",\\\"city\\\":\\\"benevento\\\",\\\"state\\\":\\\"Benevento\\\",\\\"country\\\":\\\"IT\\\",\\\"zip\\\":\\\"82100\\\",\\\"company\\\":\\\"\\\"},\\\"billing_address\\\":{\\\"address1\\\":\\\"via g. capasso torre n.5\\\",\\\"address2\\\":\\\"\\\",\\\"city\\\":\\\"benevento\\\",\\\"state\\\":\\\"Benevento\\\",\\\"country\\\":\\\"IT\\\",\\\"zip\\\":\\\"82100\\\",\\\"company\\\":\\\"\\\"},\\\"processed_at_foreign\\\":\\\"2018-12-24 14:52:10\\\",\\\"financial_status\\\":\\\"\\\"}','',0,1,'2018-12-24 14:52:12','2018-12-24 14:52:12'),(12322,2,0,'MailChimp error: The requested resource could not be found. url: https://us18.api.mailchimp.com/3.0/ecommerce/stores/4/orders/186 data: {\\\"id\\\":\\\"186\\\",\\\"currency_code\\\":\\\"EUR\\\",\\\"order_total\\\":205,\\\"tax_total\\\":34.17,\\\"shipping_total\\\":15,\\\"lines\\\":[{\\\"id\\\":\\\"238\\\",\\\"product_id\\\":\\\"5703\\\",\\\"product_variant_id\\\":\\\"5703\\\",\\\"quantity\\\":1,\\\"price\\\":\\\"150.000000\\\"},{\\\"id\\\":\\\"239\\\",\\\"product_id\\\":\\\"6392\\\",\\\"product_variant_id\\\":\\\"6392\\\",\\\"quantity\\\":1,\\\"price\\\":\\\"20.833333\\\"}],\\\"customer\\\":{\\\"id\\\":\\\"6359\\\",\\\"email_address\\\":\\\"hochet@litho.online\\\",\\\"opt_in_status\\\":false,\\\"first_name\\\":\\\"Coralie\\\",\\\"last_name\\\":\\\"Hochet\\\",\\\"address\\\":{\\\"address1\\\":\\\"37 rue Alesia\\\",\\\"address2\\\":\\\"\\\",\\\"city\\\":\\\"Paris\\\",\\\"state\\\":false,\\\"country\\\":\\\"FR\\\",\\\"zip\\\":\\\"75014\\\",\\\"company\\\":\\\"\\\"},\\\"orders_count\\\":1,\\\"total_spent\\\":\\\"205.000000\\\"},\\\"shipping_address\\\":{\\\"address1\\\":\\\"37 rue Alesia\\\",\\\"address2\\\":\\\"\\\",\\\"city\\\":\\\"Paris\\\",\\\"state\\\":false,\\\"country\\\":\\\"FR\\\",\\\"zip\\\":\\\"75014\\\",\\\"company\\\":\\\"\\\"},\\\"billing_address\\\":{\\\"address1\\\":\\\"37 rue Alesia\\\",\\\"address2\\\":\\\"\\\",\\\"city\\\":\\\"Paris\\\",\\\"state\\\":false,\\\"country\\\":\\\"FR\\\",\\\"zip\\\":\\\"75014\\\",\\\"company\\\":\\\"\\\"},\\\"processed_at_foreign\\\":\\\"2018-12-24 14:40:15\\\",\\\"financial_status\\\":\\\"\\\"}','',0,0,'2018-12-24 15:02:23','2018-12-24 15:02:23'),(12323,2,0,'MailChimp error: The requested resource could not be found. url: https://us18.api.mailchimp.com/3.0/ecommerce/stores/4/orders/185 data: {\\\"id\\\":\\\"185\\\",\\\"currency_code\\\":\\\"EUR\\\",\\\"order_total\\\":260,\\\"tax_total\\\":43.33,\\\"shipping_total\\\":15,\\\"lines\\\":[{\\\"id\\\":\\\"236\\\",\\\"product_id\\\":\\\"6344\\\",\\\"product_variant_id\\\":\\\"6344\\\",\\\"quantity\\\":1,\\\"price\\\":\\\"162.500000\\\"},{\\\"id\\\":\\\"237\\\",\\\"product_id\\\":\\\"6405\\\",\\\"product_variant_id\\\":\\\"6405\\\",\\\"quantity\\\":1,\\\"price\\\":\\\"41.666667\\\"}],\\\"customer\\\":{\\\"id\\\":\\\"6357\\\",\\\"email_address\\\":\\\"jean.autissier@wanadoo.fr\\\",\\\"opt_in_status\\\":true,\\\"first_name\\\":\\\"Jean-louis\\\",\\\"last_name\\\":\\\"Autissier\\\",\\\"address\\\":{\\\"address1\\\":\\\"6 place De Gaulle, THAON LES VOSGES\\\",\\\"address2\\\":\\\"THAON LES VOSGES\\\",\\\"city\\\":\\\"Thaon les Vosges\\\",\\\"state\\\":false,\\\"country\\\":\\\"FR\\\",\\\"zip\\\":\\\"88150\\\",\\\"company\\\":\\\"Groupe m\\\\u00e9dical laennec\\\"},\\\"orders_count\\\":1,\\\"total_spent\\\":\\\"260.000000\\\"},\\\"shipping_address\\\":{\\\"address1\\\":\\\"6 place De Gaulle, THAON LES VOSGES\\\",\\\"address2\\\":\\\"THAON LES VOSGES\\\",\\\"city\\\":\\\"Thaon les Vosges\\\",\\\"state\\\":false,\\\"country\\\":\\\"FR\\\",\\\"zip\\\":\\\"88150\\\",\\\"company\\\":\\\"Groupe m\\\\u00e9dical laennec\\\"},\\\"billing_address\\\":{\\\"address1\\\":\\\"6 place De Gaulle, THAON LES VOSGES\\\",\\\"address2\\\":\\\"THAON LES VOSGES\\\",\\\"city\\\":\\\"Thaon les Vosges\\\",\\\"state\\\":false,\\\"country\\\":\\\"FR\\\",\\\"zip\\\":\\\"88150\\\",\\\"company\\\":\\\"Groupe m\\\\u00e9dical laennec\\\"},\\\"processed_at_foreign\\\":\\\"2018-12-23 19:58:34\\\",\\\"financial_status\\\":\\\"\\\"}','',0,0,'2018-12-24 15:02:23','2018-12-24 15:02:23'),(12324,2,0,'MailChimp error: The requested resource could not be found. url: https://us18.api.mailchimp.com/3.0/ecommerce/stores/4/orders/187 data: {\\\"id\\\":\\\"187\\\",\\\"currency_code\\\":\\\"EUR\\\",\\\"order_total\\\":546,\\\"tax_total\\\":91.01,\\\"shipping_total\\\":15,\\\"lines\\\":[{\\\"id\\\":\\\"240\\\",\\\"product_id\\\":\\\"6412\\\",\\\"product_variant_id\\\":\\\"6412\\\",\\\"quantity\\\":1,\\\"price\\\":\\\"166.666667\\\"},{\\\"id\\\":\\\"241\\\",\\\"product_id\\\":\\\"6413\\\",\\\"product_variant_id\\\":\\\"6413\\\",\\\"quantity\\\":1,\\\"price\\\":\\\"166.666667\\\"},{\\\"id\\\":\\\"242\\\",\\\"product_id\\\":\\\"6392\\\",\\\"product_variant_id\\\":\\\"6392\\\",\\\"quantity\\\":1,\\\"price\\\":\\\"20.833333\\\"}],\\\"customer\\\":{\\\"id\\\":\\\"6360\\\",\\\"email_address\\\":\\\"sfrattoni@litho.online\\\",\\\"opt_in_status\\\":false,\\\"first_name\\\":\\\"Rinaldo\\\",\\\"last_name\\\":\\\"Sfrattoni\\\",\\\"address\\\":{\\\"address1\\\":\\\"via g. capasso torre n.5\\\",\\\"address2\\\":\\\"\\\",\\\"city\\\":\\\"benevento\\\",\\\"state\\\":\\\"Benevento\\\",\\\"country\\\":\\\"IT\\\",\\\"zip\\\":\\\"82100\\\",\\\"company\\\":\\\"\\\"},\\\"orders_count\\\":1,\\\"total_spent\\\":\\\"546.000000\\\"},\\\"shipping_address\\\":{\\\"address1\\\":\\\"via g. capasso torre n.5\\\",\\\"address2\\\":\\\"\\\",\\\"city\\\":\\\"benevento\\\",\\\"state\\\":\\\"Benevento\\\",\\\"country\\\":\\\"IT\\\",\\\"zip\\\":\\\"82100\\\",\\\"company\\\":\\\"\\\"},\\\"billing_address\\\":{\\\"address1\\\":\\\"via g. capasso torre n.5\\\",\\\"address2\\\":\\\"\\\",\\\"city\\\":\\\"benevento\\\",\\\"state\\\":\\\"Benevento\\\",\\\"country\\\":\\\"IT\\\",\\\"zip\\\":\\\"82100\\\",\\\"company\\\":\\\"\\\"},\\\"processed_at_foreign\\\":\\\"2018-12-24 14:52:10\\\",\\\"financial_status\\\":\\\"\\\"}','',0,0,'2018-12-24 15:02:23','2018-12-24 15:02:23'),(12325,1,0,'Connexion au back-office depuis 31.34.102.108','',0,1,'2018-12-24 15:22:34','2018-12-24 15:22:34'),(12326,2,0,'MailChimp error: The requested resource could not be found. url: https://us18.api.mailchimp.com/3.0/ecommerce/stores/4/orders/187 data: {\\\"id\\\":\\\"187\\\",\\\"currency_code\\\":\\\"EUR\\\",\\\"order_total\\\":546,\\\"tax_total\\\":91.01,\\\"shipping_total\\\":15,\\\"lines\\\":[{\\\"id\\\":\\\"240\\\",\\\"product_id\\\":\\\"6412\\\",\\\"product_variant_id\\\":\\\"6412\\\",\\\"quantity\\\":1,\\\"price\\\":\\\"166.666667\\\"},{\\\"id\\\":\\\"241\\\",\\\"product_id\\\":\\\"6413\\\",\\\"product_variant_id\\\":\\\"6413\\\",\\\"quantity\\\":1,\\\"price\\\":\\\"166.666667\\\"},{\\\"id\\\":\\\"242\\\",\\\"product_id\\\":\\\"6392\\\",\\\"product_variant_id\\\":\\\"6392\\\",\\\"quantity\\\":1,\\\"price\\\":\\\"20.833333\\\"}],\\\"customer\\\":{\\\"id\\\":\\\"6360\\\",\\\"email_address\\\":\\\"sfrattoni@litho.online\\\",\\\"opt_in_status\\\":false,\\\"first_name\\\":\\\"Rinaldo\\\",\\\"last_name\\\":\\\"Sfrattoni\\\",\\\"address\\\":{\\\"address1\\\":\\\"via g. capasso torre n.5\\\",\\\"address2\\\":\\\"\\\",\\\"city\\\":\\\"benevento\\\",\\\"state\\\":\\\"Benevento\\\",\\\"country\\\":\\\"IT\\\",\\\"zip\\\":\\\"82100\\\",\\\"company\\\":\\\"\\\"},\\\"orders_count\\\":1,\\\"total_spent\\\":\\\"546.000000\\\"},\\\"shipping_address\\\":{\\\"address1\\\":\\\"via g. capasso torre n.5\\\",\\\"address2\\\":\\\"\\\",\\\"city\\\":\\\"benevento\\\",\\\"state\\\":\\\"Benevento\\\",\\\"country\\\":\\\"IT\\\",\\\"zip\\\":\\\"82100\\\",\\\"company\\\":\\\"\\\"},\\\"billing_address\\\":{\\\"address1\\\":\\\"via g. capasso torre n.5\\\",\\\"address2\\\":\\\"\\\",\\\"city\\\":\\\"benevento\\\",\\\"state\\\":\\\"Benevento\\\",\\\"country\\\":\\\"IT\\\",\\\"zip\\\":\\\"82100\\\",\\\"company\\\":\\\"\\\"},\\\"processed_at_foreign\\\":\\\"2018-12-24 14:52:10\\\",\\\"financial_status\\\":\\\"\\\"}','',0,0,'2018-12-24 15:49:51','2018-12-24 15:49:51'),(12327,2,0,'MailChimp error: The requested resource could not be found. url: https://us18.api.mailchimp.com/3.0/ecommerce/stores/4/orders/186 data: {\\\"id\\\":\\\"186\\\",\\\"currency_code\\\":\\\"EUR\\\",\\\"order_total\\\":205,\\\"tax_total\\\":34.17,\\\"shipping_total\\\":15,\\\"lines\\\":[{\\\"id\\\":\\\"238\\\",\\\"product_id\\\":\\\"5703\\\",\\\"product_variant_id\\\":\\\"5703\\\",\\\"quantity\\\":1,\\\"price\\\":\\\"150.000000\\\"},{\\\"id\\\":\\\"239\\\",\\\"product_id\\\":\\\"6392\\\",\\\"product_variant_id\\\":\\\"6392\\\",\\\"quantity\\\":1,\\\"price\\\":\\\"20.833333\\\"}],\\\"customer\\\":{\\\"id\\\":\\\"6359\\\",\\\"email_address\\\":\\\"hochet@litho.online\\\",\\\"opt_in_status\\\":false,\\\"first_name\\\":\\\"Coralie\\\",\\\"last_name\\\":\\\"Hochet\\\",\\\"address\\\":{\\\"address1\\\":\\\"37 rue Alesia\\\",\\\"address2\\\":\\\"\\\",\\\"city\\\":\\\"Paris\\\",\\\"state\\\":false,\\\"country\\\":\\\"FR\\\",\\\"zip\\\":\\\"75014\\\",\\\"company\\\":\\\"\\\"},\\\"orders_count\\\":1,\\\"total_spent\\\":\\\"205.000000\\\"},\\\"shipping_address\\\":{\\\"address1\\\":\\\"37 rue Alesia\\\",\\\"address2\\\":\\\"\\\",\\\"city\\\":\\\"Paris\\\",\\\"state\\\":false,\\\"country\\\":\\\"FR\\\",\\\"zip\\\":\\\"75014\\\",\\\"company\\\":\\\"\\\"},\\\"billing_address\\\":{\\\"address1\\\":\\\"37 rue Alesia\\\",\\\"address2\\\":\\\"\\\",\\\"city\\\":\\\"Paris\\\",\\\"state\\\":false,\\\"country\\\":\\\"FR\\\",\\\"zip\\\":\\\"75014\\\",\\\"company\\\":\\\"\\\"},\\\"processed_at_foreign\\\":\\\"2018-12-24 14:40:15\\\",\\\"financial_status\\\":\\\"\\\"}','',0,0,'2018-12-24 16:35:52','2018-12-24 16:35:52'),(12328,2,0,'MailChimp error: The requested resource could not be found. url: https://us18.api.mailchimp.com/3.0/ecommerce/stores/4/orders/185 data: {\\\"id\\\":\\\"185\\\",\\\"currency_code\\\":\\\"EUR\\\",\\\"order_total\\\":260,\\\"tax_total\\\":43.33,\\\"shipping_total\\\":15,\\\"lines\\\":[{\\\"id\\\":\\\"236\\\",\\\"product_id\\\":\\\"6344\\\",\\\"product_variant_id\\\":\\\"6344\\\",\\\"quantity\\\":1,\\\"price\\\":\\\"162.500000\\\"},{\\\"id\\\":\\\"237\\\",\\\"product_id\\\":\\\"6405\\\",\\\"product_variant_id\\\":\\\"6405\\\",\\\"quantity\\\":1,\\\"price\\\":\\\"41.666667\\\"}],\\\"customer\\\":{\\\"id\\\":\\\"6357\\\",\\\"email_address\\\":\\\"jean.autissier@wanadoo.fr\\\",\\\"opt_in_status\\\":true,\\\"first_name\\\":\\\"Jean-louis\\\",\\\"last_name\\\":\\\"Autissier\\\",\\\"address\\\":{\\\"address1\\\":\\\"6 place De Gaulle, THAON LES VOSGES\\\",\\\"address2\\\":\\\"THAON LES VOSGES\\\",\\\"city\\\":\\\"Thaon les Vosges\\\",\\\"state\\\":false,\\\"country\\\":\\\"FR\\\",\\\"zip\\\":\\\"88150\\\",\\\"company\\\":\\\"Groupe m\\\\u00e9dical laennec\\\"},\\\"orders_count\\\":1,\\\"total_spent\\\":\\\"260.000000\\\"},\\\"shipping_address\\\":{\\\"address1\\\":\\\"6 place De Gaulle, THAON LES VOSGES\\\",\\\"address2\\\":\\\"THAON LES VOSGES\\\",\\\"city\\\":\\\"Thaon les Vosges\\\",\\\"state\\\":false,\\\"country\\\":\\\"FR\\\",\\\"zip\\\":\\\"88150\\\",\\\"company\\\":\\\"Groupe m\\\\u00e9dical laennec\\\"},\\\"billing_address\\\":{\\\"address1\\\":\\\"6 place De Gaulle, THAON LES VOSGES\\\",\\\"address2\\\":\\\"THAON LES VOSGES\\\",\\\"city\\\":\\\"Thaon les Vosges\\\",\\\"state\\\":false,\\\"country\\\":\\\"FR\\\",\\\"zip\\\":\\\"88150\\\",\\\"company\\\":\\\"Groupe m\\\\u00e9dical laennec\\\"},\\\"processed_at_foreign\\\":\\\"2018-12-23 19:58:34\\\",\\\"financial_status\\\":\\\"\\\"}','',0,0,'2018-12-24 16:35:56','2018-12-24 16:35:56'),(12329,1,0,'Connexion au back-office depuis 80.15.37.209','',0,1,'2018-12-27 17:47:00','2018-12-27 17:47:00'),(12330,1,0,'Product modification','Product',6152,1,'2018-12-27 17:48:01','2018-12-27 17:48:01'),(12331,1,0,'Product modification','Product',6350,1,'2018-12-27 17:52:50','2018-12-27 17:52:50'),(12332,1,0,'Connexion au back-office depuis 80.15.37.209','',0,1,'2018-12-27 17:54:10','2018-12-27 17:54:10'),(12333,2,0,'MailChimp error: The requested resource could not be found. url: https://us18.api.mailchimp.com/3.0/ecommerce/stores/4/customers/ data: {\\\"id\\\":\\\"6361\\\",\\\"email_address\\\":\\\"laurent.besson-imbert@laposte.net\\\",\\\"opt_in_status\\\":true,\\\"first_name\\\":\\\"laurent\\\",\\\"last_name\\\":\\\"besson-imbert\\\",\\\"orders_count\\\":0,\\\"total_spent\\\":0}','',0,0,'2018-12-27 18:59:26','2018-12-27 18:59:26'),(12334,2,0,'MailChimp error: The requested resource could not be found. url: https://us18.api.mailchimp.com/3.0/ecommerce/stores/4/carts data: {\\\"id\\\":\\\"473\\\",\\\"customer\\\":{\\\"id\\\":\\\"6361\\\",\\\"email_address\\\":\\\"laurent.besson-imbert@laposte.net\\\",\\\"opt_in_status\\\":true,\\\"first_name\\\":\\\"laurent\\\",\\\"last_name\\\":\\\"besson-imbert\\\",\\\"orders_count\\\":0,\\\"total_spent\\\":0},\\\"order_total\\\":350,\\\"checkout_url\\\":\\\"https:\\\\/\\\\/litho.online\\\\/fr\\\\/commande\\\",\\\"currency_code\\\":\\\"EUR\\\",\\\"lines\\\":[{\\\"id\\\":\\\"0000006414000000000000\\\",\\\"product_id\\\":\\\"6414\\\",\\\"product_variant_id\\\":\\\"6414\\\",\\\"quantity\\\":1,\\\"price\\\":350}]}','',0,0,'2018-12-27 18:59:27','2018-12-27 18:59:27'),(12335,2,0,'MailChimp error: The requested resource could not be found. url: https://us18.api.mailchimp.com/3.0/ecommerce/stores/4/carts data: {\\\"id\\\":\\\"473\\\",\\\"customer\\\":{\\\"id\\\":\\\"6361\\\",\\\"email_address\\\":\\\"laurent.besson-imbert@laposte.net\\\",\\\"opt_in_status\\\":true,\\\"first_name\\\":\\\"laurent\\\",\\\"last_name\\\":\\\"besson-imbert\\\",\\\"orders_count\\\":0,\\\"total_spent\\\":0},\\\"order_total\\\":350,\\\"checkout_url\\\":\\\"https:\\\\/\\\\/litho.online\\\\/fr\\\\/commande\\\",\\\"currency_code\\\":\\\"EUR\\\",\\\"lines\\\":[{\\\"id\\\":\\\"0000006414000000000000\\\",\\\"product_id\\\":\\\"6414\\\",\\\"product_variant_id\\\":\\\"6414\\\",\\\"quantity\\\":1,\\\"price\\\":350}]}','',0,0,'2018-12-27 18:59:27','2018-12-27 18:59:27'),(12336,2,0,'MailChimp error: The requested resource could not be found. url: https://us18.api.mailchimp.com/3.0/ecommerce/stores/4/carts data: {\\\"id\\\":\\\"473\\\",\\\"customer\\\":{\\\"id\\\":\\\"6361\\\",\\\"email_address\\\":\\\"laurent.besson-imbert@laposte.net\\\",\\\"opt_in_status\\\":true,\\\"first_name\\\":\\\"laurent\\\",\\\"last_name\\\":\\\"besson-imbert\\\",\\\"orders_count\\\":0,\\\"total_spent\\\":0},\\\"order_total\\\":350,\\\"checkout_url\\\":\\\"https:\\\\/\\\\/litho.online\\\\/fr\\\\/commande\\\",\\\"currency_code\\\":\\\"EUR\\\",\\\"lines\\\":[{\\\"id\\\":\\\"0000006414000000000000\\\",\\\"product_id\\\":\\\"6414\\\",\\\"product_variant_id\\\":\\\"6414\\\",\\\"quantity\\\":1,\\\"price\\\":350}]}','',0,0,'2018-12-27 19:00:17','2018-12-27 19:00:17'),(12337,2,0,'MailChimp error: The requested resource could not be found. url: https://us18.api.mailchimp.com/3.0/ecommerce/stores/4/carts data: {\\\"id\\\":\\\"473\\\",\\\"customer\\\":{\\\"id\\\":\\\"6361\\\",\\\"email_address\\\":\\\"laurent.besson-imbert@laposte.net\\\",\\\"opt_in_status\\\":true,\\\"first_name\\\":\\\"laurent\\\",\\\"last_name\\\":\\\"besson-imbert\\\",\\\"orders_count\\\":0,\\\"total_spent\\\":0},\\\"order_total\\\":350,\\\"checkout_url\\\":\\\"https:\\\\/\\\\/litho.online\\\\/fr\\\\/commande\\\",\\\"currency_code\\\":\\\"EUR\\\",\\\"lines\\\":[{\\\"id\\\":\\\"0000006414000000000062790\\\",\\\"product_id\\\":\\\"6414\\\",\\\"product_variant_id\\\":\\\"6414\\\",\\\"quantity\\\":1,\\\"price\\\":350}]}','',0,0,'2018-12-27 19:00:18','2018-12-27 19:00:18'),(12338,2,0,'MailChimp error: The requested resource could not be found. url: https://us18.api.mailchimp.com/3.0/ecommerce/stores/4/carts data: {\\\"id\\\":\\\"473\\\",\\\"customer\\\":{\\\"id\\\":\\\"6361\\\",\\\"email_address\\\":\\\"laurent.besson-imbert@laposte.net\\\",\\\"opt_in_status\\\":true,\\\"first_name\\\":\\\"laurent\\\",\\\"last_name\\\":\\\"besson-imbert\\\",\\\"orders_count\\\":0,\\\"total_spent\\\":0},\\\"order_total\\\":350,\\\"checkout_url\\\":\\\"https:\\\\/\\\\/litho.online\\\\/fr\\\\/commande\\\",\\\"currency_code\\\":\\\"EUR\\\",\\\"lines\\\":[{\\\"id\\\":\\\"0000006414000000000062790\\\",\\\"product_id\\\":\\\"6414\\\",\\\"product_variant_id\\\":\\\"6414\\\",\\\"quantity\\\":1,\\\"price\\\":350}]}','',0,0,'2018-12-27 19:00:18','2018-12-27 19:00:18'),(12339,2,0,'MailChimp error: The requested resource could not be found. url: https://us18.api.mailchimp.com/3.0/ecommerce/stores/4/carts data: {\\\"id\\\":\\\"473\\\",\\\"customer\\\":{\\\"id\\\":\\\"6361\\\",\\\"email_address\\\":\\\"laurent.besson-imbert@laposte.net\\\",\\\"opt_in_status\\\":true,\\\"first_name\\\":\\\"laurent\\\",\\\"last_name\\\":\\\"besson-imbert\\\",\\\"orders_count\\\":0,\\\"total_spent\\\":0},\\\"order_total\\\":365,\\\"checkout_url\\\":\\\"https:\\\\/\\\\/litho.online\\\\/fr\\\\/commande\\\",\\\"currency_code\\\":\\\"EUR\\\",\\\"lines\\\":[{\\\"id\\\":\\\"0000006414000000000062790\\\",\\\"product_id\\\":\\\"6414\\\",\\\"product_variant_id\\\":\\\"6414\\\",\\\"quantity\\\":1,\\\"price\\\":350}]}','',0,0,'2018-12-27 19:00:27','2018-12-27 19:00:27'),(12340,2,0,'MailChimp error: The requested resource could not be found. url: https://us18.api.mailchimp.com/3.0/ecommerce/stores/4/carts data: {\\\"id\\\":\\\"473\\\",\\\"customer\\\":{\\\"id\\\":\\\"6361\\\",\\\"email_address\\\":\\\"laurent.besson-imbert@laposte.net\\\",\\\"opt_in_status\\\":true,\\\"first_name\\\":\\\"laurent\\\",\\\"last_name\\\":\\\"besson-imbert\\\",\\\"orders_count\\\":0,\\\"total_spent\\\":0},\\\"order_total\\\":365,\\\"checkout_url\\\":\\\"https:\\\\/\\\\/litho.online\\\\/fr\\\\/commande\\\",\\\"currency_code\\\":\\\"EUR\\\",\\\"lines\\\":[{\\\"id\\\":\\\"0000006414000000000062790\\\",\\\"product_id\\\":\\\"6414\\\",\\\"product_variant_id\\\":\\\"6414\\\",\\\"quantity\\\":1,\\\"price\\\":350}]}','',0,0,'2018-12-27 19:00:27','2018-12-27 19:00:27'),(12341,2,0,'MailChimp error: The requested resource could not be found. url: https://us18.api.mailchimp.com/3.0/ecommerce/stores/4/carts data: {\\\"id\\\":\\\"473\\\",\\\"customer\\\":{\\\"id\\\":\\\"6361\\\",\\\"email_address\\\":\\\"laurent.besson-imbert@laposte.net\\\",\\\"opt_in_status\\\":true,\\\"first_name\\\":\\\"laurent\\\",\\\"last_name\\\":\\\"besson-imbert\\\",\\\"orders_count\\\":0,\\\"total_spent\\\":0},\\\"order_total\\\":365,\\\"checkout_url\\\":\\\"https:\\\\/\\\\/litho.online\\\\/fr\\\\/commande\\\",\\\"currency_code\\\":\\\"EUR\\\",\\\"lines\\\":[{\\\"id\\\":\\\"0000006414000000000062790\\\",\\\"product_id\\\":\\\"6414\\\",\\\"product_variant_id\\\":\\\"6414\\\",\\\"quantity\\\":1,\\\"price\\\":350}]}','',0,0,'2018-12-27 19:00:27','2018-12-27 19:00:27'),(12342,1,0,'Connexion au back-office depuis 80.15.37.209','',0,1,'2018-12-27 19:00:42','2018-12-27 19:00:42'),(12343,2,0,'MailChimp error: The requested resource could not be found. url: https://us18.api.mailchimp.com/3.0/ecommerce/stores/4/carts data: {\\\"id\\\":\\\"473\\\",\\\"customer\\\":{\\\"id\\\":\\\"6361\\\",\\\"email_address\\\":\\\"laurent.besson-imbert@laposte.net\\\",\\\"opt_in_status\\\":true,\\\"first_name\\\":\\\"laurent\\\",\\\"last_name\\\":\\\"besson-imbert\\\",\\\"orders_count\\\":0,\\\"total_spent\\\":0},\\\"order_total\\\":365,\\\"checkout_url\\\":\\\"https:\\\\/\\\\/litho.online\\\\/fr\\\\/commande\\\",\\\"currency_code\\\":\\\"EUR\\\",\\\"lines\\\":[{\\\"id\\\":\\\"0000006414000000000062790\\\",\\\"product_id\\\":\\\"6414\\\",\\\"product_variant_id\\\":\\\"6414\\\",\\\"quantity\\\":1,\\\"price\\\":350}]}','',0,0,'2018-12-27 19:00:45','2018-12-27 19:00:45'),(12344,2,0,'MailChimp error: The requested resource could not be found. url: https://us18.api.mailchimp.com/3.0/ecommerce/stores/4/carts data: {\\\"id\\\":\\\"473\\\",\\\"customer\\\":{\\\"id\\\":\\\"6361\\\",\\\"email_address\\\":\\\"laurent.besson-imbert@laposte.net\\\",\\\"opt_in_status\\\":true,\\\"first_name\\\":\\\"laurent\\\",\\\"last_name\\\":\\\"besson-imbert\\\",\\\"orders_count\\\":0,\\\"total_spent\\\":0},\\\"order_total\\\":365,\\\"checkout_url\\\":\\\"https:\\\\/\\\\/litho.online\\\\/fr\\\\/commande\\\",\\\"currency_code\\\":\\\"EUR\\\",\\\"lines\\\":[{\\\"id\\\":\\\"0000006414000000000062790\\\",\\\"product_id\\\":\\\"6414\\\",\\\"product_variant_id\\\":\\\"6414\\\",\\\"quantity\\\":1,\\\"price\\\":350}]}','',0,0,'2018-12-27 19:00:45','2018-12-27 19:00:45'),(12345,2,0,'MailChimp error: The requested resource could not be found. url: https://us18.api.mailchimp.com/3.0/ecommerce/stores/4/carts data: {\\\"id\\\":\\\"473\\\",\\\"customer\\\":{\\\"id\\\":\\\"6361\\\",\\\"email_address\\\":\\\"laurent.besson-imbert@laposte.net\\\",\\\"opt_in_status\\\":true,\\\"first_name\\\":\\\"laurent\\\",\\\"last_name\\\":\\\"besson-imbert\\\",\\\"orders_count\\\":0,\\\"total_spent\\\":0},\\\"order_total\\\":365,\\\"checkout_url\\\":\\\"https:\\\\/\\\\/litho.online\\\\/fr\\\\/commande\\\",\\\"currency_code\\\":\\\"EUR\\\",\\\"lines\\\":[{\\\"id\\\":\\\"0000006414000000000062790\\\",\\\"product_id\\\":\\\"6414\\\",\\\"product_variant_id\\\":\\\"6414\\\",\\\"quantity\\\":1,\\\"price\\\":350}]}','',0,0,'2018-12-27 19:00:46','2018-12-27 19:00:46'),(12346,2,0,'MailChimp error: The requested resource could not be found. url: https://us18.api.mailchimp.com/3.0/ecommerce/stores/4/orders data: {\\\"id\\\":\\\"188\\\",\\\"currency_code\\\":\\\"EUR\\\",\\\"order_total\\\":365,\\\"tax_total\\\":60.83,\\\"shipping_total\\\":15,\\\"lines\\\":[{\\\"id\\\":\\\"243\\\",\\\"product_id\\\":\\\"6414\\\",\\\"product_variant_id\\\":\\\"6414\\\",\\\"quantity\\\":1,\\\"price\\\":\\\"291.666667\\\"}],\\\"customer\\\":{\\\"id\\\":\\\"6361\\\",\\\"email_address\\\":\\\"laurent.besson-imbert@laposte.net\\\",\\\"opt_in_status\\\":true,\\\"first_name\\\":\\\"laurent\\\",\\\"last_name\\\":\\\"besson-imbert\\\",\\\"address\\\":{\\\"address1\\\":\\\"2 rue ziegler\\\",\\\"address2\\\":\\\"villa 22\\\",\\\"city\\\":\\\"Toulouse\\\",\\\"state\\\":false,\\\"country\\\":\\\"FR\\\",\\\"zip\\\":\\\"31300\\\",\\\"company\\\":\\\"\\\"},\\\"orders_count\\\":1,\\\"total_spent\\\":\\\"365.000000\\\"},\\\"shipping_address\\\":{\\\"address1\\\":\\\"2 rue ziegler\\\",\\\"address2\\\":\\\"villa 22\\\",\\\"city\\\":\\\"Toulouse\\\",\\\"state\\\":false,\\\"country\\\":\\\"FR\\\",\\\"zip\\\":\\\"31300\\\",\\\"company\\\":\\\"\\\"},\\\"billing_address\\\":{\\\"address1\\\":\\\"2 rue ziegler\\\",\\\"address2\\\":\\\"villa 22\\\",\\\"city\\\":\\\"Toulouse\\\",\\\"state\\\":false,\\\"country\\\":\\\"FR\\\",\\\"zip\\\":\\\"31300\\\",\\\"company\\\":\\\"\\\"},\\\"processed_at_foreign\\\":\\\"2018-12-27 19:04:15\\\",\\\"financial_status\\\":\\\"\\\"}','',0,0,'2018-12-27 19:04:15','2018-12-27 19:04:15'),(12347,2,0,'MailChimp error: The requested resource could not be found. url: https://us18.api.mailchimp.com/3.0/ecommerce/stores/4/products/6414 data: {\\\"id\\\":\\\"6414\\\",\\\"title\\\":\\\"C215 - 2 estampes Bring Back Our Girls - bleu et rouge\\\",\\\"url\\\":\\\"https:\\\\/\\\\/litho.online\\\\/fr\\\\/c215\\\\/6414-lithoonline-c215-2-estampes-bring-back-our-girls-bleu-et-rouge-estampe-numerique-bring-back-our-girls-bleu-et-rouge-les-deux-est.html\\\",\\\"type\\\":\\\"C215\\\",\\\"variants\\\":[{\\\"id\\\":\\\"6414\\\",\\\"title\\\":\\\"C215 - 2 estampes Bring Back Our Girls - bleu et rouge\\\",\\\"inventory_quantity\\\":1,\\\"price\\\":350,\\\"sku\\\":\\\"\\\"}],\\\"description\\\":\\\"\\\",\\\"image_url\\\":\\\"http:\\\\/\\\\/litho.online\\\\/1016-home_default\\\\/lithoonline-c215-2-estampes-bring-back-our-girls-bleu-et-rouge-estampe-numerique-bring-back-our-girls-bleu-et-rouge-les-deux-est.jpg\\\"}','',0,0,'2018-12-27 19:04:16','2018-12-27 19:04:16'),(12348,2,0,'MailChimp error: The requested resource could not be found. url: https://us18.api.mailchimp.com/3.0/ecommerce/stores/4/carts/473 data: []','',0,0,'2018-12-27 19:04:16','2018-12-27 19:04:16'),(12349,2,0,'MailChimp error: The requested resource could not be found. url: https://us18.api.mailchimp.com/3.0/ecommerce/stores/4/orders/188 data: {\\\"id\\\":\\\"188\\\",\\\"currency_code\\\":\\\"EUR\\\",\\\"order_total\\\":365,\\\"tax_total\\\":60.83,\\\"shipping_total\\\":15,\\\"lines\\\":[{\\\"id\\\":\\\"243\\\",\\\"product_id\\\":\\\"6414\\\",\\\"product_variant_id\\\":\\\"6414\\\",\\\"quantity\\\":1,\\\"price\\\":\\\"291.666667\\\"}],\\\"customer\\\":{\\\"id\\\":\\\"6361\\\",\\\"email_address\\\":\\\"laurent.besson-imbert@laposte.net\\\",\\\"opt_in_status\\\":true,\\\"first_name\\\":\\\"laurent\\\",\\\"last_name\\\":\\\"besson-imbert\\\",\\\"address\\\":{\\\"address1\\\":\\\"2 rue ziegler\\\",\\\"address2\\\":\\\"villa 22\\\",\\\"city\\\":\\\"Toulouse\\\",\\\"state\\\":false,\\\"country\\\":\\\"FR\\\",\\\"zip\\\":\\\"31300\\\",\\\"company\\\":\\\"\\\"},\\\"orders_count\\\":1,\\\"total_spent\\\":\\\"365.000000\\\"},\\\"shipping_address\\\":{\\\"address1\\\":\\\"2 rue ziegler\\\",\\\"address2\\\":\\\"villa 22\\\",\\\"city\\\":\\\"Toulouse\\\",\\\"state\\\":false,\\\"country\\\":\\\"FR\\\",\\\"zip\\\":\\\"31300\\\",\\\"company\\\":\\\"\\\"},\\\"billing_address\\\":{\\\"address1\\\":\\\"2 rue ziegler\\\",\\\"address2\\\":\\\"villa 22\\\",\\\"city\\\":\\\"Toulouse\\\",\\\"state\\\":false,\\\"country\\\":\\\"FR\\\",\\\"zip\\\":\\\"31300\\\",\\\"company\\\":\\\"\\\"},\\\"processed_at_foreign\\\":\\\"2018-12-27 19:04:15\\\",\\\"financial_status\\\":\\\"\\\"}','',0,0,'2018-12-27 19:04:16','2018-12-27 19:04:16'),(12350,1,0,'Frontcontroller::init - Cart cannot be loaded or an order has already been placed using this cart','Cart',473,0,'2018-12-27 19:04:17','2018-12-27 19:04:17'),(12351,1,0,'Connexion au back-office depuis 88.191.25.127','',0,2,'2018-12-29 06:30:16','2018-12-29 06:30:16'),(12352,1,0,'Connexion au back-office depuis 88.191.25.127','',0,2,'2018-12-29 06:55:09','2018-12-29 06:55:09'),(12353,1,0,'Connexion au back-office depuis 88.191.25.127','',0,2,'2018-12-29 12:39:35','2018-12-29 12:39:35'),(12354,1,0,'Connexion au back-office depuis 88.191.25.127','',0,2,'2018-12-29 12:41:05','2018-12-29 12:41:05'),(12355,1,0,'Connexion au back-office depuis 88.191.25.127','',0,2,'2018-12-30 16:56:24','2018-12-30 16:56:24'),(12356,1,0,'Connexion au back-office depuis 88.191.25.127','',0,2,'2018-12-30 16:56:33','2018-12-30 16:56:33'),(12357,1,0,'Connexion au back-office depuis 88.191.25.127','',0,2,'2018-12-30 20:42:44','2018-12-30 20:42:44'),(12358,1,0,'Connexion au back-office depuis 88.191.25.127','',0,2,'2018-12-31 09:37:49','2018-12-31 09:37:49'),(12359,1,0,'Connexion au back-office depuis 88.191.25.127','',0,2,'2018-12-31 10:02:46','2018-12-31 10:02:46'),(12360,1,0,'Connexion au back-office depuis 88.191.25.127','',0,2,'2019-01-02 09:56:12','2019-01-02 09:56:12'),(12361,1,0,'Connexion au back-office depuis 88.191.25.127','',0,2,'2019-01-02 09:56:16','2019-01-02 09:56:16'),(12362,1,0,'Connexion au back-office depuis 88.191.25.127','',0,2,'2019-01-02 10:26:44','2019-01-02 10:26:44'),(12363,1,0,'Connexion au back-office depuis 88.191.25.127','',0,2,'2019-01-02 10:27:12','2019-01-02 10:27:12'),(12364,1,0,'Connexion au back-office depuis 88.191.25.127','',0,2,'2019-01-02 11:12:47','2019-01-02 11:12:47'),(12365,1,0,'Connexion au back-office depuis 88.191.25.127','',0,2,'2019-01-02 12:13:58','2019-01-02 12:13:58'),(12366,1,0,'Connexion au back-office depuis 80.12.33.70','',0,6,'2019-01-03 13:53:33','2019-01-03 13:53:33'),(12367,1,0,'Connexion au back-office depuis 88.191.25.127','',0,2,'2019-01-03 14:10:59','2019-01-03 14:10:59'),(12368,1,0,'Connexion au back-office depuis 31.34.102.108','',0,6,'2019-01-03 14:27:35','2019-01-03 14:27:35'),(12369,1,0,'Connexion au back-office depuis 88.191.25.127','',0,2,'2019-01-03 18:13:51','2019-01-03 18:13:51'),(12370,1,0,'Connexion au back-office depuis 88.191.25.127','',0,2,'2019-01-03 18:14:11','2019-01-03 18:14:11'),(12371,1,0,'Connexion au back-office depuis 31.34.102.108','',0,6,'2019-01-04 13:39:29','2019-01-04 13:39:29'),(12372,1,0,'Connexion au back-office depuis 31.34.102.108','',0,6,'2019-01-04 16:37:52','2019-01-04 16:37:52'),(12373,1,0,'Connexion au back-office depuis 31.34.102.108','',0,6,'2019-01-05 13:50:12','2019-01-05 13:50:12'),(12374,1,0,'Connexion au back-office depuis 31.34.102.108','',0,6,'2019-01-05 18:39:21','2019-01-05 18:39:21'),(12375,1,0,'Connexion au back-office depuis 81.57.7.82','',0,1,'2019-01-09 14:14:59','2019-01-09 14:14:59'),(12376,1,0,'Connexion au back-office depuis 31.34.102.108','',0,1,'2019-01-12 17:55:08','2019-01-12 17:55:08'),(12377,1,0,'Connexion au back-office depuis 31.34.102.108','',0,1,'2019-01-12 18:05:30','2019-01-12 18:05:30'),(12378,1,0,'Connexion au back-office depuis 31.34.102.108','',0,1,'2019-01-12 18:05:34','2019-01-12 18:05:34'),(12379,1,0,'Connexion au back-office depuis 31.34.102.108','',0,1,'2019-01-12 18:36:21','2019-01-12 18:36:21'),(12380,1,0,'Connexion au back-office depuis 81.57.7.82','',0,1,'2019-01-16 17:02:08','2019-01-16 17:02:08'),(12381,1,0,'Connexion au back-office depuis 81.57.7.82','',0,1,'2019-01-17 14:44:31','2019-01-17 14:44:31'),(12382,1,0,'Connexion au back-office depuis 31.34.102.108','',0,6,'2019-01-17 15:37:16','2019-01-17 15:37:16'),(12383,1,0,'Connexion au back-office depuis 31.34.102.108','',0,6,'2019-01-17 16:20:16','2019-01-17 16:20:16'),(12384,1,0,'Connexion au back-office depuis 81.57.7.82','',0,1,'2019-01-18 16:04:42','2019-01-18 16:04:42'),(12385,1,0,'Connexion au back-office depuis 31.34.102.108','',0,6,'2019-01-18 16:36:11','2019-01-18 16:36:11'),(12386,2,0,'MailChimp error: The requested resource could not be found. url: https://us18.api.mailchimp.com/3.0/ecommerce/stores/4/customers/ data: {\\\"id\\\":\\\"6362\\\",\\\"email_address\\\":\\\"deschryver@litho.online\\\",\\\"opt_in_status\\\":false,\\\"first_name\\\":\\\"Madame\\\",\\\"last_name\\\":\\\"Deschryver\\\",\\\"orders_count\\\":0,\\\"total_spent\\\":0}','',0,1,'2019-01-18 16:43:24','2019-01-18 16:43:24'),(12387,1,0,'Création : Customer','Customer',6362,1,'2019-01-18 16:43:24','2019-01-18 16:43:24'),(12388,1,0,'Connexion au back-office depuis 81.57.7.82','',0,1,'2019-01-18 17:04:32','2019-01-18 17:04:32'),(12389,1,0,'Création : Customer','Customer',6363,1,'2019-01-18 17:07:42','2019-01-18 17:07:42'),(12390,1,0,'Connexion au back-office depuis 31.34.102.108','',0,6,'2019-01-18 17:19:04','2019-01-18 17:19:04'),(12391,1,0,'Connexion au back-office depuis 81.57.7.82','',0,1,'2019-01-18 17:56:44','2019-01-18 17:56:44'),(12392,2,0,'MailChimp error: The requested resource could not be found. url: https://us18.api.mailchimp.com/3.0/ecommerce/stores/4/products/6427 data: {\\\"id\\\":\\\"6427\\\",\\\"title\\\":\\\"Livre\\\",\\\"url\\\":\\\"https:\\\\/\\\\/storetest2.joelknafo-art.com\\\\/fr\\\\/lithoonline\\\\/6427-lithoonline-livre.html\\\",\\\"type\\\":\\\"LithoOnline\\\",\\\"variants\\\":[{\\\"id\\\":\\\"6427\\\",\\\"title\\\":\\\"Livre\\\",\\\"inventory_quantity\\\":0,\\\"price\\\":13.5,\\\"sku\\\":\\\"\\\"}],\\\"description\\\":\\\"\\\"}','',0,1,'2019-01-18 18:09:20','2019-01-18 18:09:20'),(12393,2,0,'MailChimp error: The requested resource could not be found. url: https://us18.api.mailchimp.com/3.0/ecommerce/stores/4/products data: {\\\"id\\\":\\\"6427\\\",\\\"title\\\":\\\"Livre\\\",\\\"url\\\":\\\"https:\\\\/\\\\/storetest2.joelknafo-art.com\\\\/fr\\\\/lithoonline\\\\/6427-lithoonline-livre.html\\\",\\\"type\\\":\\\"LithoOnline\\\",\\\"variants\\\":[{\\\"id\\\":\\\"6427\\\",\\\"title\\\":\\\"Livre\\\",\\\"inventory_quantity\\\":0,\\\"price\\\":13.5,\\\"sku\\\":\\\"\\\"}],\\\"description\\\":\\\"\\\"}','',0,1,'2019-01-18 18:09:20','2019-01-18 18:09:20'),(12394,1,0,'Product modification','Product',6427,1,'2019-01-18 18:09:20','2019-01-18 18:09:20'),(12395,2,0,'MailChimp error: The requested resource could not be found. url: https://us18.api.mailchimp.com/3.0/ecommerce/stores/4/products/6427 data: {\\\"id\\\":\\\"6427\\\",\\\"title\\\":\\\"Livre\\\",\\\"url\\\":\\\"https:\\\\/\\\\/storetest2.joelknafo-art.com\\\\/fr\\\\/lithoonline\\\\/6427-lithoonline-livre.html\\\",\\\"type\\\":\\\"LithoOnline\\\",\\\"variants\\\":[{\\\"id\\\":\\\"6427\\\",\\\"title\\\":\\\"Livre\\\",\\\"inventory_quantity\\\":2,\\\"price\\\":13.5,\\\"sku\\\":\\\"\\\"}],\\\"description\\\":\\\"\\\"}','',0,1,'2019-01-18 18:09:21','2019-01-18 18:09:21'),(12396,2,0,'MailChimp error: The requested resource could not be found. url: https://us18.api.mailchimp.com/3.0/ecommerce/stores/4/products data: {\\\"id\\\":\\\"6427\\\",\\\"title\\\":\\\"Livre\\\",\\\"url\\\":\\\"https:\\\\/\\\\/storetest2.joelknafo-art.com\\\\/fr\\\\/lithoonline\\\\/6427-lithoonline-livre.html\\\",\\\"type\\\":\\\"LithoOnline\\\",\\\"variants\\\":[{\\\"id\\\":\\\"6427\\\",\\\"title\\\":\\\"Livre\\\",\\\"inventory_quantity\\\":2,\\\"price\\\":13.5,\\\"sku\\\":\\\"\\\"}],\\\"description\\\":\\\"\\\"}','',0,1,'2019-01-18 18:09:21','2019-01-18 18:09:21'),(12397,2,0,'MailChimp error: The requested resource could not be found. url: https://us18.api.mailchimp.com/3.0/ecommerce/stores/4/products/6427 data: {\\\"id\\\":\\\"6427\\\",\\\"title\\\":\\\"Livre\\\",\\\"url\\\":\\\"https:\\\\/\\\\/storetest2.joelknafo-art.com\\\\/fr\\\\/lithoonline\\\\/6427-lithoonline-livre.html\\\",\\\"type\\\":\\\"LithoOnline\\\",\\\"variants\\\":[{\\\"id\\\":\\\"6427\\\",\\\"title\\\":\\\"Livre\\\",\\\"inventory_quantity\\\":2,\\\"price\\\":13.5,\\\"sku\\\":\\\"\\\"}],\\\"description\\\":\\\"\\\"}','',0,1,'2019-01-18 18:09:40','2019-01-18 18:09:40'),(12398,2,0,'MailChimp error: The requested resource could not be found. url: https://us18.api.mailchimp.com/3.0/ecommerce/stores/4/products data: {\\\"id\\\":\\\"6427\\\",\\\"title\\\":\\\"Livre\\\",\\\"url\\\":\\\"https:\\\\/\\\\/storetest2.joelknafo-art.com\\\\/fr\\\\/lithoonline\\\\/6427-lithoonline-livre.html\\\",\\\"type\\\":\\\"LithoOnline\\\",\\\"variants\\\":[{\\\"id\\\":\\\"6427\\\",\\\"title\\\":\\\"Livre\\\",\\\"inventory_quantity\\\":2,\\\"price\\\":13.5,\\\"sku\\\":\\\"\\\"}],\\\"description\\\":\\\"\\\"}','',0,1,'2019-01-18 18:09:41','2019-01-18 18:09:41'),(12399,1,0,'Product modification','Product',6427,1,'2019-01-18 18:09:41','2019-01-18 18:09:41'),(12400,2,0,'MailChimp error: The requested resource could not be found. url: https://us18.api.mailchimp.com/3.0/ecommerce/stores/4/products/6427 data: {\\\"id\\\":\\\"6427\\\",\\\"title\\\":\\\"Livre\\\",\\\"url\\\":\\\"https:\\\\/\\\\/storetest2.joelknafo-art.com\\\\/fr\\\\/lithoonline\\\\/6427-lithoonline-livre.html\\\",\\\"type\\\":\\\"LithoOnline\\\",\\\"variants\\\":[{\\\"id\\\":\\\"6427\\\",\\\"title\\\":\\\"Livre\\\",\\\"inventory_quantity\\\":2,\\\"price\\\":13.5,\\\"sku\\\":\\\"\\\"}],\\\"description\\\":\\\"\\\"}','',0,1,'2019-01-18 18:09:41','2019-01-18 18:09:41'),(12401,2,0,'MailChimp error: The requested resource could not be found. url: https://us18.api.mailchimp.com/3.0/ecommerce/stores/4/products data: {\\\"id\\\":\\\"6427\\\",\\\"title\\\":\\\"Livre\\\",\\\"url\\\":\\\"https:\\\\/\\\\/storetest2.joelknafo-art.com\\\\/fr\\\\/lithoonline\\\\/6427-lithoonline-livre.html\\\",\\\"type\\\":\\\"LithoOnline\\\",\\\"variants\\\":[{\\\"id\\\":\\\"6427\\\",\\\"title\\\":\\\"Livre\\\",\\\"inventory_quantity\\\":2,\\\"price\\\":13.5,\\\"sku\\\":\\\"\\\"}],\\\"description\\\":\\\"\\\"}','',0,1,'2019-01-18 18:09:41','2019-01-18 18:09:41'),(12402,1,0,'Connexion au back-office depuis 81.57.7.82','',0,1,'2019-01-18 18:46:58','2019-01-18 18:46:58'),(12403,1,0,'Connexion au back-office depuis 81.57.7.82','',0,1,'2019-01-18 18:48:13','2019-01-18 18:48:13'),(12404,1,0,'Connexion au back-office depuis 81.57.7.82','',0,1,'2019-01-19 15:17:27','2019-01-19 15:17:27'),(12405,1,0,'Connexion au back-office depuis 31.34.102.108','',0,6,'2019-01-24 17:36:06','2019-01-24 17:36:06'),(12406,1,0,'Connexion au back-office depuis 31.34.102.108','',0,6,'2019-01-25 13:47:42','2019-01-25 13:47:42'),(12407,1,0,'Connexion au back-office depuis 31.34.102.108','',0,6,'2019-01-25 14:44:21','2019-01-25 14:44:21'),(12408,1,0,'Connexion au back-office depuis 31.34.102.108','',0,6,'2019-01-31 18:27:57','2019-01-31 18:27:57'),(12409,1,0,'Connexion au back-office depuis 31.34.102.108','',0,6,'2019-02-07 17:36:45','2019-02-07 17:36:45'),(12410,1,0,'Connexion au back-office depuis 31.34.102.108','',0,6,'2019-02-07 17:57:05','2019-02-07 17:57:05'),(12411,1,0,'Connexion au back-office depuis 81.57.7.82','',0,1,'2019-02-08 11:45:44','2019-02-08 11:45:44'),(12412,1,0,'Connexion au back-office depuis 31.34.102.108','',0,6,'2019-02-09 14:20:57','2019-02-09 14:20:57'),(12413,1,0,'Connexion au back-office depuis 81.57.7.82','',0,1,'2019-03-05 11:59:45','2019-03-05 11:59:45'),(12414,1,0,'Connexion au back-office depuis 81.57.7.82','',0,1,'2019-03-07 18:01:06','2019-03-07 18:01:06'),(12415,1,0,'Connexion au back-office depuis 81.57.7.82','',0,1,'2019-03-15 17:49:21','2019-03-15 17:49:21'),(12416,1,0,'Connexion au back-office depuis 81.57.7.82','',0,1,'2019-03-27 16:24:19','2019-03-27 16:24:19'),(12417,1,0,'Connexion au back-office depuis 81.57.7.82','',0,1,'2019-03-27 16:26:50','2019-03-27 16:26:50'),(12418,1,0,'Connexion au back-office depuis 81.57.7.82','',0,1,'2019-03-27 18:27:05','2019-03-27 18:27:05'),(12419,1,0,'Connexion au back-office depuis 81.57.7.82','',0,1,'2019-03-27 18:28:40','2019-03-27 18:28:40'),(12420,1,0,'Connexion au back-office depuis 81.57.7.82','',0,1,'2019-03-27 18:28:45','2019-03-27 18:28:45'),(12421,1,0,'Connexion au back-office depuis 81.57.7.82','',0,1,'2019-04-05 17:55:45','2019-04-05 17:55:45'),(12422,1,0,'Connexion au back-office depuis 2a01:e35:1390:7520:dd1c:db27:dc64:47d3','',0,1,'2019-04-05 18:04:37','2019-04-05 18:04:37'),(12423,1,0,'Connexion au back-office depuis 81.57.7.82','',0,1,'2019-04-06 13:25:18','2019-04-06 13:25:18'),(12424,1,0,'Connexion au back-office depuis 81.57.7.82','',0,1,'2019-04-06 13:25:49','2019-04-06 13:25:49'),(12425,1,0,'Connexion au back-office depuis 2a01:e35:1390:7520:45f0:2683:89e1:7482','',0,1,'2019-04-06 13:28:01','2019-04-06 13:28:01'),(12426,1,0,'Connexion au back-office depuis 81.57.7.82','',0,1,'2019-04-12 15:53:39','2019-04-12 15:53:39'),(12427,1,0,'Connexion au back-office depuis 81.57.7.82','',0,1,'2019-04-12 15:54:23','2019-04-12 15:54:23'),(12428,1,0,'Connexion au back-office depuis 81.57.7.82','',0,1,'2019-04-13 14:08:59','2019-04-13 14:08:59'),(12429,1,0,'Connexion au back-office depuis 81.57.7.82','',0,1,'2019-04-13 18:42:53','2019-04-13 18:42:53'),(12430,1,0,'Connexion au back-office depuis 81.57.7.82','',0,1,'2019-04-18 19:09:19','2019-04-18 19:09:19');

--
-- Table structure for table `pre3303_mail`
--

CREATE TABLE `pre3303_mail` (
  `id_mail` int(11) unsigned NOT NULL AUTO_INCREMENT,
  `recipient` varchar(126) NOT NULL,
  `template` varchar(62) NOT NULL,
  `subject` varchar(254) NOT NULL,
  `id_lang` int(11) unsigned NOT NULL,
  `date_add` timestamp NOT NULL DEFAULT CURRENT_TIMESTAMP,
  PRIMARY KEY (`id_mail`),
  KEY `recipient` (`recipient`(10))
) ENGINE=InnoDB AUTO_INCREMENT=691 DEFAULT CHARSET=utf8;

--
-- Dumping data for table `pre3303_mail`
--

INSERT INTO `pre3303_mail` VALUES (1,'contact@art-triberium.com','account','[Litho.Online] Bienvenue !',1,'2018-07-16 16:37:56'),(2,'contact@art-triberium.com','cheque','[Litho.Online] En attente de paiement par chèque',1,'2018-07-16 16:49:04'),(3,'contact@art-triberium.com','outofstock','[Litho.Online] En attente de réapprovisionnement (non payé)',1,'2018-07-16 16:49:04'),(4,'contact@art-triberium.com','order_conf','[Litho.Online] Confirmation de commande',1,'2018-07-16 16:49:04'),(5,'jknafo@lisit.com','import','[Litho.Online] Import terminé',1,'2018-07-16 19:09:35'),(6,'contact@art-triberium.com','bankwire','[Litho.Online] En attente de virement bancaire',1,'2018-07-16 20:27:00'),(7,'contact@art-triberium.com','outofstock','[Litho.Online] En attente de réapprovisionnement (non payé)',1,'2018-07-16 20:27:00'),(8,'contact@art-triberium.com','order_conf','[Litho.Online] Confirmation de commande',1,'2018-07-16 20:27:00'),(9,'contact@art-triberium.com','wishlist','[Litho.Online] Message from PEDEN Thierry',1,'2018-07-16 21:39:03'),(10,'jknafo@lisit.com','import','[Litho.Online] Import terminé',1,'2018-07-19 14:36:28'),(11,'contact@art-triberium.com','order_canceled','[Litho.Online] Annulé',1,'2018-07-25 21:24:58'),(12,'contact@art-triberium.com','order_canceled','[Litho.Online] Annulé',1,'2018-07-25 21:25:35'),(13,'Grafitti.Magazine@lisit.com','bankwire','[Litho.Online] En attente de virement bancaire',1,'2018-07-25 21:36:43'),(14,'Grafitti.Magazine@lisit.com','order_conf','[Litho.Online] Confirmation de commande',1,'2018-07-25 21:36:43'),(15,'thierry.peden@art-triberium.com','account','[Litho.Online] Bienvenue !',1,'2018-07-28 10:56:23'),(16,'thierry.peden@art-triberium.com','contact_form','[Litho.Online] Votre message a été correctement envoyé #ct1 #tcpfzBCe89vEWD',1,'2018-08-03 18:56:18'),(17,'bruno.coulon@free.fr','newsletter_conf','[StreetArt-Store] Confirmation newsletter',1,'2018-08-28 16:31:40'),(18,'jplorizon@racine.eu','account','[Litho.Online] Bienvenue !',1,'2018-08-30 17:32:23'),(19,'thierry.peden@art-triberium.com','password_query','[Litho.Online] Confirmation de demande de mot de passe',1,'2018-09-04 13:33:29'),(20,'thierry.peden@art-triberium.com','password','[Litho.Online] Votre nouveau mot de passe',1,'2018-09-04 13:34:28'),(21,'contact@art-triberium.com','outofstock','[Litho.Online] En attente de réapprovisionnement (non payé)',1,'2018-09-20 16:34:02'),(22,'contact@art-triberium.com','cheque','[Litho.Online] En attente de paiement par chèque',1,'2018-09-20 16:34:34'),(23,'joel@joelknafo-art.com','payment','[Litho.Online] Paiement accepté',1,'2018-09-20 16:36:24'),(24,'joel@joelknafo-art.com','payment','[Litho.Online] Paiement accepté',1,'2018-09-20 17:17:04'),(25,'joel@joelknafo-art.com','outofstock','[Litho.Online] En attente de réapprovisionnement (payé)',1,'2018-09-20 17:17:05'),(26,'joel@joelknafo-art.com','order_conf','[Litho.Online] Confirmation de commande',1,'2018-09-20 17:17:05'),(27,'joel@joelknafo-art.com','credit_slip','[Litho.Online] Nouvel avoir concernant votre commande',1,'2018-09-20 17:28:55'),(28,'jknafo@lisit.com','payment','[Streetart-store] Paiement accepté',1,'2018-09-21 15:16:26'),(29,'jknafo@lisit.com','outofstock','[Streetart-store] En attente de réapprovisionnement (payé)',1,'2018-09-21 15:16:26'),(30,'jknafo@lisit.com','order_conf','[Streetart-store] Confirmation de commande',1,'2018-09-21 15:16:26'),(31,'jknafo@lisit.com','preparation','[Streetart-store] En cours de préparation',1,'2018-09-21 15:19:45'),(32,'jknafo@lisit.com','preparation','[Streetart-store] En cours de préparation',1,'2018-09-25 13:06:56'),(33,'jknafo@lisit.com','shipped','[Streetart-store] Expédié',1,'2018-09-25 14:05:04'),(34,'jknafo@lisit.com','account','[Galerie Joël Knafo] Bienvenue !',1,'2018-09-27 13:38:53'),(35,'thierry.peden@free.fr','account','[Galerie Joël Knafo] Bienvenue !',1,'2018-09-27 14:17:45'),(36,'nfimnews@gmail.com','payment','[Galerie Joël Knafo] Paiement accepté',1,'2018-10-04 14:38:21'),(37,'nfimnews@gmail.com','outofstock','[Galerie Joël Knafo] En attente de réapprovisionnement (payé)',1,'2018-10-04 14:38:21'),(38,'nfimnews@gmail.com','order_conf','[Galerie Joël Knafo] Confirmation de commande',1,'2018-10-04 14:38:22'),(39,'gilduin@hotmail.com','payment','[Streetart-store] Paiement accepté',1,'2018-10-05 12:53:43'),(40,'gilduin@hotmail.com','outofstock','[Streetart-store] En attente de réapprovisionnement (payé)',1,'2018-10-05 12:53:43'),(41,'gilduin@hotmail.com','order_conf','[Streetart-store] Confirmation de commande',1,'2018-10-05 12:53:43'),(42,'j.bonhoure@hotmail.fr','payment','[Streetart-store] Paiement accepté',1,'2018-10-05 13:40:31'),(43,'j.bonhoure@hotmail.fr','outofstock','[Streetart-store] En attente de réapprovisionnement (payé)',1,'2018-10-05 13:40:31'),(44,'j.bonhoure@hotmail.fr','order_conf','[Streetart-store] Confirmation de commande',1,'2018-10-05 13:40:31'),(45,'Bruno.palier@sciencespo.fr','newsletter_conf','[Streetart-store] Confirmation newsletter',1,'2018-10-05 15:49:00'),(46,'Juliette.raynaud@gmail.com','newsletter_conf','[Streetart-store] Confirmation newsletter',1,'2018-10-05 16:01:35'),(47,'nicole.Amato@litho.online','payment','[Litho.Online] Paiement accepté',1,'2018-10-06 09:34:57'),(48,'nicole.Amato@litho.online','order_conf','[Litho.Online] Confirmation de commande',1,'2018-10-06 09:34:57'),(49,'nicole.Amato@litho.online','preparation','[Litho.Online] En cours de préparation',1,'2018-10-06 10:13:28'),(50,'nicole.Amato@litho.online','payment','[Litho.Online] Paiement accepté',1,'2018-10-06 10:14:46'),(51,'nicole.Amato@litho.online','payment','[Litho.Online] Paiement accepté',1,'2018-10-06 10:46:45'),(52,'nicole.Amato@litho.online','payment','[Litho.Online] Paiement accepté',1,'2018-10-06 11:52:18'),(53,'nicole.Amato@litho.online','outofstock','[Litho.Online] En attente de réapprovisionnement (payé)',1,'2018-10-06 11:52:19'),(54,'nicole.Amato@litho.online','order_conf','[Litho.Online] Confirmation de commande',1,'2018-10-06 11:52:19'),(55,'nicole.Amato@litho.online','preparation','[Litho.Online] En cours de préparation',1,'2018-10-06 11:53:44'),(56,'nicole.Amato@litho.online','preparation','[Litho.Online] En cours de préparation',1,'2018-10-06 14:16:57'),(57,'nicole.Amato@litho.online','shipped','[Litho.Online] Expédié',1,'2018-10-08 16:17:56'),(58,'bruno.coulon@free.fr','payment','[Galerie Joël Knafo] Paiement accepté',1,'2018-10-12 17:10:47'),(59,'bruno.coulon@free.fr','outofstock','[Galerie Joël Knafo] En attente de réapprovisionnement (payé)',1,'2018-10-12 17:10:48'),(60,'bruno.coulon@free.fr','order_conf','[Galerie Joël Knafo] Confirmation de commande',1,'2018-10-12 17:10:48'),(61,'bruno.coulon@free.fr','preparation','[Galerie Joël Knafo] En cours de préparation',1,'2018-10-13 13:32:49'),(62,'wrobel@litho.online','payment','[Galerie Joël Knafo] Paiement accepté',1,'2018-10-18 07:10:03'),(63,'wrobel@litho.online','order_conf','[Galerie Joël Knafo] Confirmation de commande',1,'2018-10-18 07:10:03'),(64,'siegrid.bigot-baumgartner@bmeia.gv.at','payment','[Litho.Online] Paiement accepté',1,'2018-10-18 13:55:30'),(65,'siegrid.bigot-baumgartner@bmeia.gv.at','order_conf','[Litho.Online] Confirmation de commande',1,'2018-10-18 13:55:30'),(66,'siegrid.bigot-baumgartner@bmeia.gv.at','preparation','[Litho.Online] En cours de préparation',1,'2018-10-19 12:14:58'),(67,'siegrid.bigot-baumgartner@bmeia.gv.at','reply_msg','[Litho.Online] Une réponse à votre message est disponible #ct6 #tcqICZMrGzCveD',1,'2018-10-19 12:18:18'),(68,'s.bimbaud@laposte.net','account','[Litho.Online] Bienvenue !',1,'2018-10-20 08:32:35'),(69,'s.bimbaud@laposte.net','payment','[Litho.Online] Paiement accepté',1,'2018-10-20 08:37:35'),(70,'s.bimbaud@laposte.net','order_conf','[Litho.Online] Confirmation de commande',1,'2018-10-20 08:37:35'),(71,'s.bimbaud@laposte.net','preparation','[Litho.Online] En cours de préparation',1,'2018-10-23 14:52:02'),(72,'Bruno.virylitho@joelKnafo-art.com','payment','[Galerie Joël Knafo] Paiement accepté',1,'2018-10-23 15:13:00'),(73,'Bruno.virylitho@joelKnafo-art.com','order_conf','[Galerie Joël Knafo] Confirmation de commande',1,'2018-10-23 15:13:00'),(74,'Bruno.virylitho@joelKnafo-art.com','preparation','[Galerie Joël Knafo] En cours de préparation',1,'2018-10-23 15:13:21'),(75,'serge.Didier@joelkanfo-art.com','payment','[Galerie Joël Knafo] Paiement accepté',1,'2018-10-23 15:54:59'),(76,'serge.Didier@joelkanfo-art.com','order_conf','[Galerie Joël Knafo] Confirmation de commande',1,'2018-10-23 15:55:00'),(77,'serge.Didier@joelkanfo-art.com','preparation','[Galerie Joël Knafo] En cours de préparation',1,'2018-10-23 15:55:48'),(78,'clementine.doumerc@joelknafo-art.com','payment','[Galerie Joël Knafo] Paiement accepté',1,'2018-10-23 15:58:53'),(79,'clementine.doumerc@joelknafo-art.com','order_conf','[Galerie Joël Knafo] Confirmation de commande',1,'2018-10-23 15:58:53'),(80,'clementine.doumerc@joelknafo-art.com','preparation','[Galerie Joël Knafo] En cours de préparation',1,'2018-10-23 15:59:04'),(81,'steve.arcelin@joelknafo-art.com','payment','[Galerie Joël Knafo] Paiement accepté',1,'2018-10-23 16:22:14'),(82,'steve.arcelin@joelknafo-art.com','order_conf','[Galerie Joël Knafo] Confirmation de commande',1,'2018-10-23 16:22:14'),(83,'steve.arcelin@joelknafo-art.com','preparation','[Galerie Joël Knafo] En cours de préparation',1,'2018-10-23 16:22:25'),(84,'yjmbiancard@gmail.com','outofstock','[Galerie Joël Knafo] En attente de réapprovisionnement (non payé)',1,'2018-10-23 17:03:11'),(85,'yjmbiancard@gmail.com','order_conf','[Galerie Joël Knafo] Confirmation de commande',1,'2018-10-23 17:03:11'),(86,'yjmbiancard@gmail.com','password_query','[Galerie Joël Knafo] Confirmation de demande de mot de passe',1,'2018-10-23 20:07:06'),(87,'yjmbiancard@gmail.com','password','[Galerie Joël Knafo] Votre nouveau mot de passe',1,'2018-10-23 20:07:35'),(88,'ugo.mailloux@gmail.com','contact_form','[Litho.Online] Your message no. ct8 has been correctly sent (thread ID tc3N0a7MMurBIP)',2,'2018-10-24 08:15:56'),(89,'wrobel@litho.online','preparation','[Galerie Joël Knafo] En cours de préparation',1,'2018-10-24 10:04:44'),(90,'galerie@joelknafo-art.com','order_customer_comment','[Galerie Joël Knafo] Message d\'un client',1,'2018-10-24 11:44:02'),(91,'yjmbiancard@gmail.com','payment','[Galerie Joël Knafo] Paiement accepté',1,'2018-10-24 12:44:37'),(92,'yjmbiancard@gmail.com','order_conf','[Galerie Joël Knafo] Confirmation de commande',1,'2018-10-24 12:44:37'),(93,'jean.Lefranc@litho.online','bankwire','[Litho.Online] En attente de virement bancaire',1,'2018-10-24 13:42:32'),(94,'jean.Lefranc@litho.online','outofstock','[Litho.Online] En attente de réapprovisionnement (non payé)',1,'2018-10-24 13:42:32'),(95,'jean.Lefranc@litho.online','order_conf','[Litho.Online] Confirmation de commande',1,'2018-10-24 13:42:32'),(96,'jean.Lefranc@litho.online','preparation','[Litho.Online] En cours de préparation',1,'2018-10-24 13:44:22'),(97,'Elisabeth.Darmaille@litho.online','preparation','[Litho.Online] En cours de préparation',1,'2018-10-24 13:50:04'),(98,'Elisabeth.Darmaille@litho.online','order_conf','[Litho.Online] Confirmation de commande',1,'2018-10-24 13:50:04'),(99,'Jean-Claude.Massou@litho.online','preparation','[Litho.Online] En cours de préparation',1,'2018-10-24 13:55:33'),(100,'Jean-Claude.Massou@litho.online','order_conf','[Litho.Online] Confirmation de commande',1,'2018-10-24 13:55:33'),(101,'matthieu.dallon@litho.online','preparation','[Litho.Online] En cours de préparation',1,'2018-10-24 14:00:36'),(102,'matthieu.dallon@litho.online','order_conf','[Litho.Online] Confirmation de commande',1,'2018-10-24 14:00:36'),(103,'mathieu.debats@litho.online','preparation','[Litho.Online] En cours de préparation',1,'2018-10-24 14:04:35'),(104,'mathieu.debats@litho.online','order_conf','[Litho.Online] Confirmation de commande',1,'2018-10-24 14:04:35'),(105,'pierre.Raffray@litho.online','preparation','[Litho.Online] En cours de préparation',1,'2018-10-24 14:08:40'),(106,'pierre.Raffray@litho.online','order_conf','[Litho.Online] Confirmation de commande',1,'2018-10-24 14:08:40'),(107,'jean-pierre.Boyrie@litho.online','preparation','[Litho.Online] En cours de préparation',1,'2018-10-24 14:14:25'),(108,'jean-pierre.Boyrie@litho.online','order_conf','[Litho.Online] Confirmation de commande',1,'2018-10-24 14:14:26'),(109,'yjmbiancard@gmail.com','preparation','[Galerie Joël Knafo] En cours de préparation',1,'2018-10-24 14:42:43'),(110,'vincent.Ivars@litho.online','payment','[Litho.Online] Paiement accepté',1,'2018-10-24 14:49:04'),(111,'vincent.Ivars@litho.online','order_conf','[Litho.Online] Confirmation de commande',1,'2018-10-24 14:49:04'),(112,'vincent.Ivars@litho.online','preparation','[Litho.Online] En cours de préparation',1,'2018-10-24 14:49:15'),(113,'olivier.Pansart@litho.online','preparation','[Litho.Online] En cours de préparation',1,'2018-10-24 15:07:07'),(114,'olivier.Pansart@litho.online','order_conf','[Litho.Online] Confirmation de commande',1,'2018-10-24 15:07:07'),(115,'gregory.desprets@litho.online','preparation','[Litho.Online] En cours de préparation',1,'2018-10-24 15:10:05'),(116,'gregory.desprets@litho.online','order_conf','[Litho.Online] Confirmation de commande',1,'2018-10-24 15:10:05'),(117,'Elena.Rizza@litho.online','preparation','[Litho.Online] En cours de préparation',1,'2018-10-24 15:12:29'),(118,'Elena.Rizza@litho.online','order_conf','[Litho.Online] Confirmation de commande',1,'2018-10-24 15:12:29'),(119,'nathalie.dAndrimont@litho.online','preparation','[Litho.Online] En cours de préparation',1,'2018-10-24 15:16:41'),(120,'nathalie.dAndrimont@litho.online','order_conf','[Litho.Online] Confirmation de commande',1,'2018-10-24 15:16:42'),(121,'julien.muller@litho.online','preparation','[Litho.Online] En cours de préparation',1,'2018-10-24 15:24:40'),(122,'julien.muller@litho.online','order_conf','[Litho.Online] Confirmation de commande',1,'2018-10-24 15:24:40'),(123,'julien.muller@litho.online','preparation','[Litho.Online] En cours de préparation',1,'2018-10-24 15:24:56'),(124,'julien.muller@litho.online','order_canceled','[Litho.Online] Annulé',1,'2018-10-24 16:52:09'),(125,'julien.muller@litho.online','preparation','[Litho.Online] En cours de préparation',1,'2018-10-24 16:55:37'),(126,'julien.muller@litho.online','order_conf','[Litho.Online] Confirmation de commande',1,'2018-10-24 16:55:37'),(127,'Elena.Rizza@litho.online','preparation','[Litho.Online] En cours de préparation',1,'2018-10-25 12:47:08'),(128,'nathalie.dAndrimont@litho.online','preparation','[Litho.Online] En cours de préparation',1,'2018-10-25 12:47:08'),(129,'olivier.Pansart@litho.online','preparation','[Litho.Online] En cours de préparation',1,'2018-10-25 12:47:09'),(130,'vincent.Ivars@litho.online','preparation','[Litho.Online] En cours de préparation',1,'2018-10-25 12:47:11'),(131,'jean-pierre.Boyrie@litho.online','preparation','[Litho.Online] En cours de préparation',1,'2018-10-25 12:47:12'),(132,'pierre.Raffray@litho.online','preparation','[Litho.Online] En cours de préparation',1,'2018-10-25 12:47:13'),(133,'gregory.desprets@litho.online','preparation','[Litho.Online] En cours de préparation',1,'2018-10-25 12:47:13'),(134,'mathieu.debats@litho.online','preparation','[Litho.Online] En cours de préparation',1,'2018-10-25 12:47:14'),(135,'matthieu.dallon@litho.online','preparation','[Litho.Online] En cours de préparation',1,'2018-10-25 12:47:14'),(136,'julien.muller@litho.online','payment','[Litho.Online] Paiement accepté',1,'2018-10-25 12:50:56'),(137,'julien.muller@litho.online','payment','[Litho.Online] Paiement accepté',1,'2018-10-25 13:07:09'),(138,'Jean-Claude.Massou@litho.online','preparation','[Litho.Online] En cours de préparation',1,'2018-10-25 13:10:16'),(139,'Elisabeth.Darmaille@litho.online','preparation','[Litho.Online] En cours de préparation',1,'2018-10-25 13:10:16'),(140,'jean.Lefranc@litho.online','preparation','[Litho.Online] En cours de préparation',1,'2018-10-25 13:10:17'),(141,'FrancoisXavier.paquin@litho.online','preparation','[Litho.Online] En cours de préparation',1,'2018-10-25 13:20:05'),(142,'nathalie.dAndrimont@litho.online','shipped','[Litho.Online] Expédié',1,'2018-10-25 14:05:52'),(143,'anapaula.guedj@litho.online','payment','[Litho.Online] Paiement accepté',1,'2018-10-25 14:20:01'),(144,'anapaula.guedj@litho.online','order_conf','[Litho.Online] Confirmation de commande',1,'2018-10-25 14:20:02'),(145,'anapaula.guedj@litho.online','preparation','[Litho.Online] En cours de préparation',1,'2018-10-25 14:20:21'),(146,'jean.Lefranc@litho.online','shipped','[Litho.Online] Expédié',1,'2018-10-25 14:42:12'),(147,'Elisabeth.Darmaille@litho.online','shipped','[Litho.Online] Expédié',1,'2018-10-25 14:42:12'),(148,'julien.muller@litho.online','shipped','[Litho.Online] Expédié',1,'2018-10-25 14:42:12'),(149,'Jean-Claude.Massou@litho.online','shipped','[Litho.Online] Expédié',1,'2018-10-25 14:42:17'),(150,'FrancoisXavier.paquin@litho.online','shipped','[Litho.Online] Expédié',1,'2018-10-25 14:42:22'),(151,'gregory.desprets@litho.online','shipped','[Litho.Online] Expédié',1,'2018-10-25 14:42:29'),(152,'mathieu.debats@litho.online','shipped','[Litho.Online] Expédié',1,'2018-10-25 14:42:30'),(153,'matthieu.dallon@litho.online','shipped','[Litho.Online] Expédié',1,'2018-10-25 14:42:34'),(154,'olivier.Pansart@litho.online','shipped','[Litho.Online] Expédié',1,'2018-10-25 14:42:41'),(155,'vincent.Ivars@litho.online','shipped','[Litho.Online] Expédié',1,'2018-10-25 14:42:41'),(156,'jean-pierre.Boyrie@litho.online','shipped','[Litho.Online] Expédié',1,'2018-10-25 14:42:43'),(157,'Elena.Rizza@litho.online','shipped','[Litho.Online] Expédié',1,'2018-10-25 14:42:43'),(158,'pierre.Raffray@litho.online','shipped','[Litho.Online] Expédié',1,'2018-10-25 14:42:44'),(159,'ugo.mailloux@gmail.com','reply_msg','[Litho.Online] An answer to your message no. ct%thread_id is available (thread ID tc3N0a7MMurBIP)',2,'2018-10-29 18:27:54'),(160,'thierry.peden@free.fr','backoffice_order','[Galerie Joël Knafo] Régler votre commande',1,'2018-10-30 16:55:34'),(161,'Randy@TalkWithLead.com','contact_form','[Litho.Online] Your message no. ct14 has been correctly sent (thread ID tcqItIJkz2Taqe)',2,'2018-10-31 02:15:06'),(162,'contact@art-triberium.com','contact_form','[Galerie Joël Knafo] Votre message a été correctement envoyé #ct15 #tc912Mk7rrTMWd',1,'2018-10-31 17:23:31'),(163,'schwartz@litho.online','payment','[Galerie Joël Knafo] Paiement accepté',1,'2018-11-02 13:44:03'),(164,'schwartz@litho.online','order_conf','[Galerie Joël Knafo] Confirmation de commande',1,'2018-11-02 13:44:03'),(165,'ordioni@litho.online','payment','[Galerie Joël Knafo] Paiement accepté',1,'2018-11-02 16:42:32'),(166,'ordioni@litho.online','order_conf','[Galerie Joël Knafo] Confirmation de commande',1,'2018-11-02 16:42:32'),(167,'valade@litho.online','payment','[Galerie Joël Knafo] Paiement accepté',1,'2018-11-02 16:52:25'),(168,'valade@litho.online','order_conf','[Galerie Joël Knafo] Confirmation de commande',1,'2018-11-02 16:52:25'),(169,'Folliet@gmail.com','payment','[Litho.Online] Paiement accepté',1,'2018-11-04 14:59:06'),(170,'Folliet@gmail.com','order_conf','[Litho.Online] Confirmation de commande',1,'2018-11-04 14:59:07'),(171,'yves.cointrelle@gmail.com','order_conf','[Litho.Online] Confirmation de commande',1,'2018-11-04 15:14:59'),(172,'yves.cointrelle@gmail.com','payment','[Litho.Online] Paiement accepté',1,'2018-11-05 07:45:48'),(173,'s.minot@minot.fr','payment','[Litho.Online] Paiement accepté',1,'2018-11-07 15:18:16'),(174,'s.minot@minot.fr','order_conf','[Litho.Online] Confirmation de commande',1,'2018-11-07 15:18:16'),(175,'vente@litho.online','payment','[Galerie Joël Knafo] Paiement accepté',1,'2018-11-07 16:20:52'),(176,'vente@litho.online','order_conf','[Galerie Joël Knafo] Confirmation de commande',1,'2018-11-07 16:20:53'),(177,'merceron@litho.online','payment','[Galerie Joël Knafo] Paiement accepté',1,'2018-11-07 16:39:12'),(178,'merceron@litho.online','order_conf','[Galerie Joël Knafo] Confirmation de commande',1,'2018-11-07 16:39:12'),(179,'tevenin@litho.online','order_conf','[Galerie Joël Knafo] Confirmation de commande',1,'2018-11-07 17:01:23'),(180,'roehri@litho.online','payment','[Galerie Joël Knafo] Paiement accepté',1,'2018-11-07 17:17:13'),(181,'roehri@litho.online','order_conf','[Galerie Joël Knafo] Confirmation de commande',1,'2018-11-07 17:17:13'),(182,'serge.Didier@joelkanfo-art.com','payment','[Galerie Joël Knafo] Paiement accepté',1,'2018-11-07 17:25:05'),(183,'guidi@litho.online','order_conf','[Galerie Joël Knafo] Confirmation de commande',1,'2018-11-07 17:38:31'),(184,'guidi@litho.online','payment','[Galerie Joël Knafo] Paiement accepté',1,'2018-11-07 17:43:48'),(185,'jknafo@lisit.com','new_order','[Galerie Joël Knafo] New order : #50 - NMUWNHRWC',1,'2018-11-08 12:37:52'),(186,'banchereau@litho.online','payment','[Galerie Joël Knafo] Paiement accepté',1,'2018-11-08 12:37:54'),(187,'banchereau@litho.online','order_conf','[Galerie Joël Knafo] Confirmation de commande',1,'2018-11-08 12:37:54'),(188,'steve.arcelin@joelknafo-art.com','payment','[Galerie Joël Knafo] Paiement accepté',1,'2018-11-08 15:13:30'),(189,'s.minot@minot.fr','payment','[Litho.Online] Paiement accepté',1,'2018-11-09 14:57:26'),(190,'master-v@live.fr','account','[Litho.Online] Bienvenue !',1,'2018-11-09 16:25:16'),(191,'master-v@live.fr','voucher','[Litho.Online] Nouveau bon de réduction pour votre commande KRJWNZFNV',1,'2018-11-09 16:32:45'),(192,'master-v@live.fr','voucher','[Litho.Online] Nouveau bon de réduction pour votre commande KRJWNZFNV',1,'2018-11-09 16:32:45'),(193,'jknafo@lisit.com','new_order','[Litho.Online] New order : #51 - KRJWNZFNV',1,'2018-11-09 16:32:46'),(194,'master-v@live.fr','payment','[Litho.Online] Paiement accepté',1,'2018-11-09 16:32:47'),(195,'master-v@live.fr','order_conf','[Litho.Online] Confirmation de commande',1,'2018-11-09 16:32:48'),(196,'Folliet@gmail.com','payment','[Litho.Online] Paiement accepté',1,'2018-11-09 16:39:34'),(197,'yves.cointrelle@gmail.com','payment','[Litho.Online] Paiement accepté',1,'2018-11-09 16:39:34'),(198,'master-v@live.fr','voucher','[Litho.Online] Nouveau bon de réduction pour votre commande ETJBKVGMF',1,'2018-11-09 16:41:17'),(199,'jknafo@lisit.com','new_order','[Litho.Online] New order : #52 - ETJBKVGMF',1,'2018-11-09 16:41:19'),(200,'master-v@live.fr','payment','[Litho.Online] Paiement accepté',1,'2018-11-09 16:41:19'),(201,'master-v@live.fr','order_conf','[Litho.Online] Confirmation de commande',1,'2018-11-09 16:41:20'),(202,'davidbriot@litho.online','payment','[Litho.Online] Paiement accepté',1,'2018-11-09 17:04:24'),(203,'davidbriot@litho.online','order_conf','[Litho.Online] Confirmation de commande',1,'2018-11-09 17:04:24'),(204,'davidbriot@litho.online','payment','[Litho.Online] Paiement à distance accepté',1,'2018-11-09 17:06:16'),(205,'Folliet@gmail.com','shipped','[Litho.Online] Expédié',1,'2018-11-09 18:30:06'),(206,'s.minot@minot.fr','shipped','[Litho.Online] Expédié',1,'2018-11-09 18:44:57'),(207,'yves.cointrelle@gmail.com','shipped','[Litho.Online] Expédié',1,'2018-11-09 18:46:45'),(208,'juliewallaert@litho.online','payment','[Litho.Online] Paiement accepté',1,'2018-11-10 15:10:33'),(209,'juliewallaert@litho.online','order_conf','[Litho.Online] Confirmation de commande',1,'2018-11-10 15:10:34'),(210,'stafanovieceli@litho.online','payment','[Litho.Online] Paiement accepté',1,'2018-11-10 17:33:05'),(211,'stafanovieceli@litho.online','order_conf','[Litho.Online] Confirmation de commande',1,'2018-11-10 17:33:05'),(212,'stafanovieceli@litho.online','payment','[Litho.Online] Paiement accepté',1,'2018-11-10 17:36:02'),(213,'stafanovieceli@litho.online','in_transit','[Litho.Online] Livraison en cours',1,'2018-11-10 17:37:23'),(214,'jknafo@lisit.com','productoutofstock','[Galerie Joël Knafo] Product out of stock',1,'2018-11-15 00:07:11'),(215,'ckilnino@hotmail.fr','account','[Litho.Online] Bienvenue !',1,'2018-11-15 17:26:09'),(216,'jknafo@lisit.com','new_order','[Galerie Joël Knafo] New order : #56 - VMEXUNAFW',1,'2018-11-17 16:08:03'),(217,'branger@litho.online','payment','[Galerie Joël Knafo] Paiement accepté',1,'2018-11-17 16:08:04'),(218,'branger@litho.online','order_conf','[Galerie Joël Knafo] Confirmation de commande',1,'2018-11-17 16:08:04'),(219,'jknafo@lisit.com','new_order','[Galerie Joël Knafo] New order : #57 - MZJCBDBRF',1,'2018-11-17 17:26:20'),(220,'khalert@litho.online','payment','[Galerie Joël Knafo] Paiement accepté',1,'2018-11-17 17:26:20'),(221,'khalert@litho.online','order_conf','[Galerie Joël Knafo] Confirmation de commande',1,'2018-11-17 17:26:20'),(222,'jknafo@lisit.com','new_order','[Galerie Joël Knafo] New order : #58 - ZDZEOMFSS',1,'2018-11-17 17:42:55'),(223,'drouet@litho.online','payment','[Galerie Joël Knafo] Paiement accepté',1,'2018-11-17 17:42:56'),(224,'drouet@litho.online','order_conf','[Galerie Joël Knafo] Confirmation de commande',1,'2018-11-17 17:42:56'),(225,'jknafo@lisit.com','new_order','[Galerie Joël Knafo] New order : #59 - FWJSNHLSO',1,'2018-11-17 17:54:45'),(226,'gallin@litho.online','payment','[Galerie Joël Knafo] Paiement accepté',1,'2018-11-17 17:54:46'),(227,'gallin@litho.online','order_conf','[Galerie Joël Knafo] Confirmation de commande',1,'2018-11-17 17:54:46'),(228,'jknafo@lisit.com','new_order','[Galerie Joël Knafo] New order : #60 - YHGJUXMFM',1,'2018-11-17 18:10:41'),(229,'rietsch@litho.online','payment','[Galerie Joël Knafo] Paiement accepté',1,'2018-11-17 18:10:41'),(230,'rietsch@litho.online','order_conf','[Galerie Joël Knafo] Confirmation de commande',1,'2018-11-17 18:10:41'),(231,'jknafo@lisit.com','productoutofstock','[Galerie Joël Knafo] Product out of stock',1,'2018-11-20 10:55:05'),(232,'jknafo@lisit.com','productoutofstock','[Galerie Joël Knafo] Product out of stock',1,'2018-11-20 10:55:05'),(233,'jknafo@lisit.com','new_order','[Galerie Joël Knafo] New order : #61 - XVNBAAZVZ',1,'2018-11-20 10:55:05'),(234,'eberle@litho.online','payment','[Galerie Joël Knafo] Paiement accepté',1,'2018-11-20 10:55:07'),(235,'eberle@litho.online','order_conf','[Galerie Joël Knafo] Confirmation de commande',1,'2018-11-20 10:55:07'),(236,'jknafo@lisit.com','new_order','[Galerie Joël Knafo] New order : #62 - SSVSCBSTL',1,'2018-11-20 13:49:31'),(237,'bailart@litho.online','bankwire','[Galerie Joël Knafo] En attente de virement bancaire',1,'2018-11-20 13:49:32'),(238,'bailart@litho.online','order_conf','[Galerie Joël Knafo] Confirmation de commande',1,'2018-11-20 13:49:32'),(239,'valentin.bouteculet@live.fr','contact_form','[Litho.Online] Votre message a été correctement envoyé #ct24 #tcswDpF866MjwR',1,'2018-11-21 12:01:36'),(240,'jknafo@lisit.com','new_order','[Galerie Joël Knafo] New order : #63 - ISKYQWGRL',1,'2018-11-21 12:27:53'),(241,'dehay@online.fr','payment','[Galerie Joël Knafo] Paiement accepté',1,'2018-11-21 12:27:54'),(242,'dehay@online.fr','order_conf','[Galerie Joël Knafo] Confirmation de commande',1,'2018-11-21 12:27:54'),(243,'jknafo@lisit.com','new_order','[Galerie Joël Knafo] New order : #64 - JICQNUEIJ',1,'2018-11-21 12:56:59'),(244,'arkman@litho.online','payment','[Galerie Joël Knafo] Paiement accepté',1,'2018-11-21 12:57:00'),(245,'arkman@litho.online','order_conf','[Galerie Joël Knafo] Confirmation de commande',1,'2018-11-21 12:57:00'),(246,'jknafo@lisit.com','new_order','[Galerie Joël Knafo] New order : #65 - BIOPXOJCS',1,'2018-11-21 13:36:26'),(247,'hittner@litho.online','payment','[Galerie Joël Knafo] Paiement accepté',1,'2018-11-21 13:36:27'),(248,'hittner@litho.online','order_conf','[Galerie Joël Knafo] Confirmation de commande',1,'2018-11-21 13:36:27'),(249,'jknafo@lisit.com','new_order','[Galerie Joël Knafo] New order : #66 - FKWAQEOCY',1,'2018-11-21 13:47:40'),(250,'vitrant@litho.online','payment','[Galerie Joël Knafo] Paiement accepté',1,'2018-11-21 13:47:41'),(251,'vitrant@litho.online','order_conf','[Galerie Joël Knafo] Confirmation de commande',1,'2018-11-21 13:47:41'),(252,'jknafo@lisit.com','new_order','[Galerie Joël Knafo] New order : #67 - CHYZCGPXR',1,'2018-11-21 14:12:06'),(253,'colmart@litho.online','bankwire','[Galerie Joël Knafo] En attente de virement bancaire',1,'2018-11-21 14:12:06'),(254,'colmart@litho.online','order_conf','[Galerie Joël Knafo] Confirmation de commande',1,'2018-11-21 14:12:06'),(255,'jknafo@lisit.com','new_order','[Galerie Joël Knafo] New order : #68 - LLNFUOQII',1,'2018-11-21 14:57:38'),(256,'siriushome@litho.online','cheque','[Galerie Joël Knafo] En attente de paiement par chèque',1,'2018-11-21 14:57:38'),(257,'siriushome@litho.online','order_conf','[Galerie Joël Knafo] Confirmation de commande',1,'2018-11-21 14:57:38'),(258,'jknafo@lisit.com','new_order','[Galerie Joël Knafo] New order : #69 - JJJUAQHWS',1,'2018-11-21 15:08:03'),(259,'gagnant@litho.online','payment','[Galerie Joël Knafo] Paiement accepté',1,'2018-11-21 15:08:04'),(260,'gagnant@litho.online','order_conf','[Galerie Joël Knafo] Confirmation de commande',1,'2018-11-21 15:08:04'),(261,'jknafo@lisit.com','new_order','[Galerie Joël Knafo] New order : #70 - GXDWMKPEB',1,'2018-11-21 15:20:39'),(262,'bedouelle@litho.online','payment','[Galerie Joël Knafo] Paiement accepté',1,'2018-11-21 15:20:39'),(263,'bedouelle@litho.online','order_conf','[Galerie Joël Knafo] Confirmation de commande',1,'2018-11-21 15:20:39'),(264,'jknafo@lisit.com','productoutofstock','[Galerie Joël Knafo] Product out of stock',1,'2018-11-21 15:40:53'),(265,'jknafo@lisit.com','new_order','[Galerie Joël Knafo] New order : #71 - ICJUNQKUV',1,'2018-11-21 15:40:53'),(266,'delikat@litho.online','bankwire','[Galerie Joël Knafo] En attente de virement bancaire',1,'2018-11-21 15:40:53'),(267,'delikat@litho.online','order_conf','[Galerie Joël Knafo] Confirmation de commande',1,'2018-11-21 15:40:53'),(268,'jknafo@lisit.com','new_order','[Galerie Joël Knafo] New order : #72 - AAIEQZBLD',1,'2018-11-21 15:51:50'),(269,'hmitti@litho.online','cheque','[Galerie Joël Knafo] En attente de paiement par chèque',1,'2018-11-21 15:51:51'),(270,'hmitti@litho.online','order_conf','[Galerie Joël Knafo] Confirmation de commande',1,'2018-11-21 15:51:51'),(271,'jknafo@lisit.com','productoutofstock','[Galerie Joël Knafo] Product out of stock',1,'2018-11-21 16:09:29'),(272,'jknafo@lisit.com','productoutofstock','[Galerie Joël Knafo] Product out of stock',1,'2018-11-21 16:09:29'),(273,'jknafo@lisit.com','new_order','[Galerie Joël Knafo] New order : #73 - ISXRPHWQC',1,'2018-11-21 16:09:29'),(274,'tierrie@litho.online','payment','[Galerie Joël Knafo] Paiement accepté',1,'2018-11-21 16:09:30'),(275,'tierrie@litho.online','order_conf','[Galerie Joël Knafo] Confirmation de commande',1,'2018-11-21 16:09:30'),(276,'jknafo@lisit.com','new_order','[Galerie Joël Knafo] New order : #74 - EBXBISEAL',1,'2018-11-21 16:19:44'),(277,'besancenot@litho.online','payment','[Galerie Joël Knafo] Paiement accepté',1,'2018-11-21 16:19:45'),(278,'besancenot@litho.online','order_conf','[Galerie Joël Knafo] Confirmation de commande',1,'2018-11-21 16:19:45'),(279,'tevenin@litho.online','cheque','[Galerie Joël Knafo] En attente de paiement par chèque',1,'2018-11-21 17:15:03'),(280,'jknafo@lisit.com','productoutofstock','[Galerie Joël Knafo] Product out of stock',1,'2018-11-22 14:57:21'),(281,'sylviefontaine@litho.online','payment','[Litho.Online] Paiement accepté',1,'2018-11-22 15:51:31'),(282,'sylviefontaine@litho.online','order_conf','[Litho.Online] Confirmation de commande',1,'2018-11-22 15:51:31'),(283,'sylviefontaine@litho.online','payment','[Litho.Online] Paiement accepté',1,'2018-11-22 16:59:40'),(284,'sylviefontaine@litho.online','shipped','[Litho.Online] Expédié',1,'2018-11-22 18:08:34'),(285,'Andreademurtas@Litho.online','payment','[Litho.Online] Paiement accepté',1,'2018-11-24 12:45:14'),(286,'Andreademurtas@Litho.online','order_conf','[Litho.Online] Confirmation de commande',1,'2018-11-24 12:45:14'),(287,'jknafo@lisit.com','productoutofstock','[Galerie Joël Knafo] Product out of stock',1,'2018-11-24 13:10:59'),(288,'jknafo@lisit.com','new_order','[Galerie Joël Knafo] New order : #77 - POPVSLSDC',1,'2018-11-24 13:10:59'),(289,'amacor@litho.online','payment','[Galerie Joël Knafo] Paiement accepté',1,'2018-11-24 13:11:00'),(290,'amacor@litho.online','order_conf','[Galerie Joël Knafo] Confirmation de commande',1,'2018-11-24 13:11:00'),(291,'jknafo@lisit.com','new_order','[Litho.Online] New order : #78 - APUPHTDAB',1,'2018-11-24 13:28:27'),(292,'emilfost@hotmail.fr','order_conf','[Litho.Online] Confirmation de commande',1,'2018-11-24 13:28:28'),(293,'jknafo@lisit.com','productoutofstock','[Litho.Online] Product out of stock',1,'2018-11-24 14:41:06'),(294,'jknafo@lisit.com','new_order','[Litho.Online] New order : #79 - YDNDMIOIR',1,'2018-11-24 14:41:08'),(295,'amacor@litho.online','payment','[Litho.Online] Paiement accepté',1,'2018-11-24 14:41:09'),(296,'amacor@litho.online','order_conf','[Litho.Online] Confirmation de commande',1,'2018-11-24 14:41:09'),(297,'jknafo@lisit.com','new_order','[Litho.Online] New order : #80 - FATOYELYW',1,'2018-11-24 15:01:46'),(298,'lavocat@litho.online','payment','[Litho.Online] Paiement accepté',1,'2018-11-24 15:01:47'),(299,'lavocat@litho.online','order_conf','[Litho.Online] Confirmation de commande',1,'2018-11-24 15:01:47'),(300,'jknafo@lisit.com','productoutofstock','[Litho.Online] Product out of stock',1,'2018-11-24 15:20:38'),(301,'jknafo@lisit.com','new_order','[Litho.Online] New order : #81 - SLVZOJJCZ',1,'2018-11-24 15:20:39'),(302,'lefebvre@litho.online','payment','[Litho.Online] Paiement accepté',1,'2018-11-24 15:20:40'),(303,'lefebvre@litho.online','order_conf','[Litho.Online] Confirmation de commande',1,'2018-11-24 15:20:40'),(304,'jknafo@lisit.com','new_order','[Litho.Online] New order : #82 - DGBEPRPUY',1,'2018-11-24 15:30:02'),(305,'perrier@litho.online','payment','[Litho.Online] Paiement accepté',1,'2018-11-24 15:30:03'),(306,'perrier@litho.online','order_conf','[Litho.Online] Confirmation de commande',1,'2018-11-24 15:30:03'),(307,'jknafo@lisit.com','productoutofstock','[Litho.Online] Product out of stock',1,'2018-11-24 15:52:11'),(308,'jknafo@lisit.com','productoutofstock','[Litho.Online] Product out of stock',1,'2018-11-24 15:52:11'),(309,'jknafo@lisit.com','new_order','[Litho.Online] New order : #83 - ORPVHRIHD',1,'2018-11-24 15:52:13'),(310,'poison@litho.online','payment','[Litho.Online] Paiement accepté',1,'2018-11-24 15:52:13'),(311,'poison@litho.online','order_conf','[Litho.Online] Confirmation de commande',1,'2018-11-24 15:52:14'),(312,'m.stefarno@orange.fr','account','[Litho.Online] Bienvenue !',1,'2018-11-24 15:56:49'),(313,'jknafo@lisit.com','productoutofstock','[Litho.Online] Product out of stock',1,'2018-11-24 16:00:57'),(314,'jknafo@lisit.com','new_order','[Litho.Online] New order : #84 - OYDRXNNET',1,'2018-11-24 16:00:58'),(315,'poison@litho.online','payment','[Litho.Online] Paiement accepté',1,'2018-11-24 16:00:59'),(316,'poison@litho.online','order_conf','[Litho.Online] Confirmation de commande',1,'2018-11-24 16:00:59'),(317,'jknafo@lisit.com','productoutofstock','[Litho.Online] Product out of stock',1,'2018-11-24 16:16:16'),(318,'jknafo@lisit.com','new_order','[Litho.Online] New order : #85 - KRRJMCXTY',1,'2018-11-24 16:16:17'),(319,'durandbaissas@litho.online','payment','[Litho.Online] Paiement accepté',1,'2018-11-24 16:16:18'),(320,'durandbaissas@litho.online','order_conf','[Litho.Online] Confirmation de commande',1,'2018-11-24 16:16:18'),(321,'Clientgalerie@Litho.online','payment','[Litho.Online] Paiement accepté',1,'2018-11-24 16:28:05'),(322,'Clientgalerie@Litho.online','order_conf','[Litho.Online] Confirmation de commande',1,'2018-11-24 16:28:05'),(323,'Clientgalerie@Litho.online','payment','[Litho.Online] Paiement accepté',1,'2018-11-24 16:32:02'),(324,'Clientgalerie@Litho.online','order_conf','[Litho.Online] Confirmation de commande',1,'2018-11-24 16:32:02'),(325,'jknafo@lisit.com','new_order','[Litho.Online] New order : #88 - CBAVKLHFF',1,'2018-11-24 16:39:15'),(326,'thierry.peden@art-triberium.com','payment','[Litho.Online] Paiement accepté',1,'2018-11-24 16:39:16'),(327,'thierry.peden@art-triberium.com','order_conf','[Litho.Online] Confirmation de commande',1,'2018-11-24 16:39:16'),(328,'jknafo@lisit.com','new_order','[Litho.Online] New order : #89 - KOFCYQDWQ',1,'2018-11-24 17:08:10'),(329,'sergent@litho.online','payment','[Litho.Online] Paiement accepté',1,'2018-11-24 17:08:10'),(330,'sergent@litho.online','order_conf','[Litho.Online] Confirmation de commande',1,'2018-11-24 17:08:11'),(331,'jknafo@lisit.com','productoutofstock','[Litho.Online] Product out of stock',1,'2018-11-24 17:20:55'),(332,'jknafo@lisit.com','new_order','[Litho.Online] New order : #90 - UPQGVVYQV',1,'2018-11-24 17:20:57'),(333,'picavetguidez@litho.online','payment','[Litho.Online] Paiement accepté',1,'2018-11-24 17:20:57'),(334,'picavetguidez@litho.online','order_conf','[Litho.Online] Confirmation de commande',1,'2018-11-24 17:20:58'),(335,'jknafo@lisit.com','productoutofstock','[Litho.Online] Product out of stock',1,'2018-11-24 17:32:46'),(336,'jknafo@lisit.com','new_order','[Litho.Online] New order : #91 - EZHPVBJOT',1,'2018-11-24 17:32:47'),(337,'letourneux@litho.online','payment','[Litho.Online] Paiement accepté',1,'2018-11-24 17:32:48'),(338,'letourneux@litho.online','order_conf','[Litho.Online] Confirmation de commande',1,'2018-11-24 17:32:48'),(339,'rossetti.ivan@orange.fr','payment','[Litho.Online] Paiement accepté',1,'2018-11-24 17:34:50'),(340,'rossetti.ivan@orange.fr','order_conf','[Litho.Online] Confirmation de commande',1,'2018-11-24 17:34:50'),(341,'jknafo@lisit.com','new_order','[Litho.Online] New order : #93 - YLSVHLVBT',1,'2018-11-24 17:49:15'),(342,'m.stefarno@orange.fr','payment','[Litho.Online] Paiement accepté',1,'2018-11-24 17:49:16'),(343,'m.stefarno@orange.fr','order_conf','[Litho.Online] Confirmation de commande',1,'2018-11-24 17:49:16'),(344,'emilfost@hotmail.fr','payment','[Litho.Online] Paiement accepté',1,'2018-11-24 18:15:17'),(345,'netbuzz@Litho.online','payment','[Litho.Online] Paiement accepté',1,'2018-11-24 18:20:55'),(346,'netbuzz@Litho.online','order_conf','[Litho.Online] Confirmation de commande',1,'2018-11-24 18:20:55'),(347,'k-m-o@orange.fr','account','[Litho.Online] Bienvenue !',1,'2018-11-25 09:15:31'),(348,'galerie@litho.online','contact','[Litho.Online] Message depuis le formulaire de contact [no_sync]',1,'2018-11-26 11:32:58'),(349,'master-v@live.fr','contact_form','[Litho.Online] Votre message a été correctement envoyé #ct32 #tcHGrsaupqieGm',1,'2018-11-26 11:32:58'),(350,'master-v@live.fr','reply_msg','[Litho.Online] Une réponse à votre message est disponible #ct32 #tcHGrsaupqieGm',1,'2018-11-26 13:46:03'),(351,'valentin.bouteculet@live.fr','reply_msg','[Litho.Online] Une réponse à votre message est disponible #ct24 #tcswDpF866MjwR',1,'2018-11-26 13:47:16'),(352,'jknafo@lisit.com','new_order','[Litho.Online] New order : #95 - RBOZJGUVL',1,'2018-11-26 15:25:17'),(353,'m.stefarno@orange.fr','payment','[Litho.Online] Paiement accepté',1,'2018-11-26 15:25:19'),(354,'m.stefarno@orange.fr','order_conf','[Litho.Online] Confirmation de commande',1,'2018-11-26 15:25:19'),(355,'jknafo@lisit.com','productoutofstock','[Litho.Online] Product out of stock',1,'2018-11-26 15:48:41'),(356,'jknafo@lisit.com','new_order','[Galerie Joël Knafo] New order : #96 - OESAJSUYB',1,'2018-11-26 19:15:50'),(357,'romain.schneider.fr@gmail.com','order_conf','[Galerie Joël Knafo] Confirmation de commande',1,'2018-11-26 19:15:50'),(358,'jknafo@lisit.com','new_order','[Galerie Joël Knafo] New order : #97 - PGUTPELZD',1,'2018-11-26 19:18:03'),(359,'romain.schneider.fr@gmail.com','order_conf','[Galerie Joël Knafo] Confirmation de commande',1,'2018-11-26 19:18:03'),(360,'romain.schneider.fr@gmail.com','account','[Galerie Joël Knafo] Bienvenue !',1,'2018-11-26 19:19:31'),(361,'jknafo@lisit.com','new_order','[Galerie Joël Knafo] New order : #98 - UMDXRBMPA',1,'2018-11-27 11:18:50'),(362,'virginie.novais@gmail.com','payment','[Galerie Joël Knafo] Paiement accepté',1,'2018-11-27 11:18:51'),(363,'emilfost@hotmail.fr','shipped','[Litho.Online] Expédié',1,'2018-11-27 11:22:27'),(364,'romain.schneider.fr@gmail.com','refund','[Galerie Joël Knafo] Remboursé',1,'2018-11-27 11:24:27'),(365,'romain.schneider.fr@gmail.com','payment','[Galerie Joël Knafo] Paiement accepté',1,'2018-11-27 11:25:12'),(366,'jknafo@lisit.com','productoutofstock','[Galerie Joël Knafo] Product out of stock',1,'2018-11-27 17:31:00'),(367,'jknafo@lisit.com','new_order','[Galerie Joël Knafo] New order : #99 - KTKDAVVOX',1,'2018-11-27 17:31:01'),(368,'agap2@litho.online','bankwire','[Galerie Joël Knafo] En attente de virement bancaire',1,'2018-11-27 17:31:01'),(369,'agap2@litho.online','order_conf','[Galerie Joël Knafo] Confirmation de commande',1,'2018-11-27 17:31:01'),(370,'jknafo@lisit.com','new_order','[Litho.Online] New order : #100 - XTOJJMFDH',1,'2018-11-27 18:44:13'),(371,'54.ericgirard@gmail.com','payment','[Litho.Online] Paiement accepté',1,'2018-11-27 18:44:14'),(372,'Grafitti.Magazine@lisit.com','cheque','[Litho.Online] En attente de paiement par chèque',1,'2018-11-27 19:15:07'),(373,'jknafo@lisit.com','productoutofstock','[Litho.Online] Product out of stock',1,'2018-11-27 19:40:13'),(374,'jknafo@lisit.com','new_order','[Litho.Online] New order : #101 - QLGTCDZKK',1,'2018-11-27 19:40:14'),(375,'54.ericgirard@gmail.com','payment','[Litho.Online] Paiement accepté',1,'2018-11-27 19:40:15'),(376,'jknafo@lisit.com','new_order','[Galerie Joël Knafo] New order : #102 - WVUIBXFSN',1,'2018-11-27 19:46:13'),(377,'goulon@litho.online','bankwire','[Galerie Joël Knafo] En attente de virement bancaire',1,'2018-11-27 19:46:13'),(378,'goulon@litho.online','order_conf','[Galerie Joël Knafo] Confirmation de commande',1,'2018-11-27 19:46:13'),(379,'jknafo@lisit.com','new_order','[Galerie Joël Knafo] New order : #103 - EEILOLEQL',1,'2018-11-27 22:13:08'),(380,'adrien.girard@hotmail.com','payment','[Galerie Joël Knafo] Paiement accepté',1,'2018-11-27 22:13:09'),(381,'jknafo@lisit.com','productoutofstock','[Galerie Joël Knafo] Product out of stock',1,'2018-11-28 09:26:08'),(382,'jknafo@lisit.com','new_order','[Galerie Joël Knafo] New order : #104 - IGCGXXFNV',1,'2018-11-28 09:26:08'),(383,'hardy@litho.online','cheque','[Galerie Joël Knafo] En attente de paiement par chèque',1,'2018-11-28 09:26:08'),(384,'hardy@litho.online','order_conf','[Galerie Joël Knafo] Confirmation de commande',1,'2018-11-28 09:26:08'),(385,'master-v@live.fr','refund','[Litho.Online] Remboursé',1,'2018-11-28 10:26:45'),(386,'master-v@live.fr','refund','[Litho.Online] Remboursé',1,'2018-11-28 10:27:15'),(387,'jknafo@lisit.com','new_order','[Galerie Joël Knafo] New order : #105 - DLNJRCUAR',1,'2018-11-28 12:20:20'),(388,'florianeregnier@gmail.com','cheque','[Galerie Joël Knafo] En attente de paiement par chèque',1,'2018-11-28 12:20:21'),(389,'florianeregnier@gmail.com','order_conf','[Galerie Joël Knafo] Confirmation de commande',1,'2018-11-28 12:20:21'),(390,'m.stefarno@orange.fr','payment','[Litho.Online] Paiement accepté',1,'2018-11-28 14:19:23'),(391,'m.stefarno@orange.fr','shipped','[Litho.Online] Expédié',1,'2018-11-28 15:50:29'),(392,'adrien.girard@hotmail.com','guest_to_customer','[Galerie Joël Knafo] Votre compte invité a été transformé en compte client',1,'2018-11-29 07:38:49'),(393,'hardy@litho.online','payment','[Galerie Joël Knafo] Paiement accepté',1,'2018-11-29 11:23:52'),(394,'goulon@litho.online','payment','[Galerie Joël Knafo] Paiement accepté',1,'2018-11-29 11:24:20'),(395,'colmart@litho.online','order_canceled','[Galerie Joël Knafo] Annulé',1,'2018-11-29 11:37:51'),(396,'bailart@litho.online','payment','[Galerie Joël Knafo] Paiement accepté',1,'2018-11-29 11:39:13'),(397,'jknafo@lisit.com','new_order','[Litho.Online] New order : #106 - UYBDRGPIH',1,'2018-11-29 12:22:30'),(398,'pellegrin@litho.online','payment','[Litho.Online] Paiement accepté',1,'2018-11-29 12:22:31'),(399,'pellegrin@litho.online','order_conf','[Litho.Online] Confirmation de commande',1,'2018-11-29 12:22:31'),(400,'jknafo@lisit.com','new_order','[Litho.Online] New order : #107 - HLBONXYKU',1,'2018-11-29 12:38:09'),(401,'auzoux@litho.online','payment','[Litho.Online] Paiement accepté',1,'2018-11-29 12:38:10'),(402,'auzoux@litho.online','order_conf','[Litho.Online] Confirmation de commande',1,'2018-11-29 12:38:10'),(403,'m.stefarno@orange.fr','order_canceled','[Litho.Online] Annulé',1,'2018-11-29 12:47:53'),(404,'jknafo@lisit.com','new_order','[Litho.Online] New order : #108 - GLZOWCWDP',1,'2018-11-29 13:46:40'),(405,'chambraud@litho.online','payment','[Litho.Online] Paiement accepté',1,'2018-11-29 13:46:40'),(406,'chambraud@litho.online','order_conf','[Litho.Online] Confirmation de commande',1,'2018-11-29 13:46:41'),(407,'jknafo@lisit.com','productoutofstock','[Litho.Online] Product out of stock',1,'2018-11-29 14:44:16'),(408,'poison@litho.online','payment','[Litho.Online] Paiement accepté',1,'2018-11-29 14:45:20'),(409,'jknafo@lisit.com','new_order','[Litho.Online] New order : #109 - RONDZFJJN',1,'2018-11-29 14:57:34'),(410,'bonin@litho.online','payment','[Litho.Online] Paiement accepté',1,'2018-11-29 14:57:35'),(411,'bonin@litho.online','order_conf','[Litho.Online] Confirmation de commande',1,'2018-11-29 14:57:35'),(412,'jknafo@lisit.com','new_order','[Litho.Online] New order : #110 - JOJZXRTUT',1,'2018-11-29 15:04:16'),(413,'vatonier@litho.online','payment','[Litho.Online] Paiement accepté',1,'2018-11-29 15:04:17'),(414,'vatonier@litho.online','order_conf','[Litho.Online] Confirmation de commande',1,'2018-11-29 15:04:17'),(415,'jknafo@lisit.com','productoutofstock','[Galerie Joël Knafo] Product out of stock',1,'2018-11-29 15:14:52'),(416,'jknafo@lisit.com','new_order','[Galerie Joël Knafo] New order : #111 - CPJMBZLEO',1,'2018-11-29 15:14:52'),(417,'bosio@litho.online','payment','[Galerie Joël Knafo] Paiement accepté',1,'2018-11-29 15:14:52'),(418,'bosio@litho.online','order_conf','[Galerie Joël Knafo] Confirmation de commande',1,'2018-11-29 15:14:53'),(419,'jknafo@lisit.com','new_order','[Litho.Online] New order : #112 - GTXCUPOCR',1,'2018-11-29 15:31:49'),(420,'hentges@litho.online','payment','[Litho.Online] Paiement accepté',1,'2018-11-29 15:31:50'),(421,'hentges@litho.online','order_conf','[Litho.Online] Confirmation de commande',1,'2018-11-29 15:31:50'),(422,'jknafo@lisit.com','productoutofstock','[Litho.Online] Product out of stock',1,'2018-11-29 15:56:58'),(423,'jknafo@lisit.com','new_order','[Litho.Online] New order : #113 - QWMGDFWDQ',1,'2018-11-29 15:56:59'),(424,'marcabed@yahoo.fr','order_conf','[Litho.Online] Confirmation de commande',1,'2018-11-29 15:57:00'),(425,'marcabed@yahoo.fr','payment','[Litho.Online] Paiement accepté',1,'2018-11-29 18:58:27'),(426,'jknafo@lisit.com','productoutofstock','[Galerie Joël Knafo] Product out of stock',1,'2018-11-29 19:04:30'),(427,'jknafo@lisit.com','new_order','[Galerie Joël Knafo] New order : #114 - VUJBDZBPC',1,'2018-11-29 19:04:31'),(428,'mektooob@free.fr','cheque','[Galerie Joël Knafo] En attente de paiement par chèque',1,'2018-11-29 19:04:31'),(429,'mektooob@free.fr','order_conf','[Galerie Joël Knafo] Confirmation de commande',1,'2018-11-29 19:04:31'),(430,'jknafo@lisit.com','new_order','[Galerie Joël Knafo] New order : #115 - TIFJMDJEQ',1,'2018-11-29 19:21:20'),(431,'dimitri.mani@gmail.com','payment','[Galerie Joël Knafo] Paiement accepté',1,'2018-11-29 19:21:20'),(432,'dimitri.mani@gmail.com','order_conf','[Galerie Joël Knafo] Confirmation de commande',1,'2018-11-29 19:21:20'),(433,'marcabed@yahoo.fr','payment','[Litho.Online] Paiement accepté',1,'2018-11-30 12:41:36'),(434,'jknafo@lisit.com','new_order','[Litho.Online] New order : #116 - JUYFURXVZ',1,'2018-11-30 14:14:18'),(435,'dauquet@litho.online','payment','[Litho.Online] Paiement accepté',1,'2018-11-30 14:14:19'),(436,'dauquet@litho.online','order_conf','[Litho.Online] Confirmation de commande',1,'2018-11-30 14:14:19'),(437,'jknafo@lisit.com','new_order','[Litho.Online] New order : #117 - BGCUSELBJ',1,'2018-11-30 14:41:23'),(438,'lydieb181@gmail.com','payment','[Litho.Online] Paiement accepté',1,'2018-11-30 14:41:24'),(439,'jknafo@lisit.com','new_order','[Litho.Online] New order : #118 - DEKKBDDHL',1,'2018-11-30 14:49:26'),(440,'davrosenbaum@yahoo.fr','payment','[Litho.Online] Payment accepted',2,'2018-11-30 14:49:27'),(441,'jknafo@lisit.com','new_order','[Litho.Online] New order : #119 - CYYKSCPWN',1,'2018-11-30 16:00:20'),(442,'regis.bailly@amplifon.com','payment','[Litho.Online] Paiement accepté',1,'2018-11-30 16:00:21'),(443,'jknafo@lisit.com','new_order','[Litho.Online] New order : #120 - BECTPZHVE',1,'2018-11-30 16:42:27'),(444,'54.ericgirard@gmail.com','payment','[Litho.Online] Paiement accepté',1,'2018-11-30 16:42:28'),(445,'ceren@gridistanbul.com','account','[Litho.Online] Bienvenue !',1,'2018-11-30 17:09:53'),(446,'marcabed@yahoo.fr','shipped','[Litho.Online] Expédié',1,'2018-11-30 17:11:48'),(447,'jknafo@lisit.com','productoutofstock','[Galerie Joël Knafo] Product out of stock',1,'2018-11-30 17:21:01'),(448,'jknafo@lisit.com','new_order','[Galerie Joël Knafo] New order : #121 - CPRJCVEEU',1,'2018-11-30 17:21:01'),(449,'johannes@litho.online','bankwire','[Galerie Joël Knafo] En attente de virement bancaire',1,'2018-11-30 17:21:01'),(450,'johannes@litho.online','order_conf','[Galerie Joël Knafo] Confirmation de commande',1,'2018-11-30 17:21:01'),(451,'galerie@joelknafo-art.com','order_customer_comment','[Galerie Joël Knafo] Message d\'un client',1,'2018-11-30 19:18:20'),(452,'oliviergarry@free.fr','account','[Galerie Joël Knafo] Bienvenue !',1,'2018-12-01 08:08:21'),(453,'jknafo@lisit.com','productoutofstock','[Galerie Joël Knafo] Product out of stock',1,'2018-12-01 08:11:23'),(454,'jknafo@lisit.com','new_order','[Galerie Joël Knafo] New order : #122 - PPJSJPSJT',1,'2018-12-01 08:11:23'),(455,'oliviergarry@free.fr','order_conf','[Galerie Joël Knafo] Confirmation de commande',1,'2018-12-01 08:11:24'),(456,'oliviergarry@free.fr','payment','[Galerie Joël Knafo] Paiement accepté',1,'2018-12-01 10:47:50'),(457,'regis.bailly@amplifon.com','payment','[Litho.Online] Paiement accepté',1,'2018-12-01 12:20:04'),(458,'0686079884@orange.fr','account','[Litho.Online] Bienvenue !',1,'2018-12-02 13:59:44'),(459,'jknafo@lisit.com','new_order','[Litho.Online] New order : #123 - ANUEAPOGW',1,'2018-12-02 14:03:49'),(460,'0686079884@orange.fr','payment','[Litho.Online] Paiement accepté',1,'2018-12-02 14:03:50'),(461,'jknafo@lisit.com','new_order','[Litho.Online] New order : #124 - ENADNUWXQ',1,'2018-12-02 23:57:31'),(462,'stephanemadoeuf@gmail.com','order_conf','[Litho.Online] Confirmation de commande',1,'2018-12-02 23:57:31'),(463,'simon.laurent4@bbox.fr','account','[Litho.Online] Bienvenue !',1,'2018-12-03 10:37:22'),(464,'jknafo@lisit.com','new_order','[Litho.Online] New order : #125 - FCLPNPZJW',1,'2018-12-03 10:40:04'),(465,'simon.laurent4@bbox.fr','payment','[Litho.Online] Paiement accepté',1,'2018-12-03 10:40:05'),(466,'regis.bailly@amplifon.com','shipped','[Litho.Online] Expédié',1,'2018-12-03 15:20:33'),(467,'stephanemadoeuf@gmail.com','payment','[Litho.Online] Paiement accepté',1,'2018-12-03 22:26:52'),(468,'jknafo@lisit.com','new_order','[Galerie Joël Knafo] New order : #126 - OWSUUCPRL',1,'2018-12-03 22:40:14'),(469,'rochette@litho.online','bankwire','[Galerie Joël Knafo] En attente de virement bancaire',1,'2018-12-03 22:40:14'),(470,'rochette@litho.online','order_conf','[Galerie Joël Knafo] Confirmation de commande',1,'2018-12-03 22:40:14'),(471,'jknafo@lisit.com','productoutofstock','[Galerie Joël Knafo] Product out of stock',1,'2018-12-03 22:54:27'),(472,'jknafo@lisit.com','new_order','[Galerie Joël Knafo] New order : #127 - OPJHUZNYM',1,'2018-12-03 22:54:27'),(473,'baron@litho.online','bankwire','[Galerie Joël Knafo] En attente de virement bancaire',1,'2018-12-03 22:54:28'),(474,'baron@litho.online','order_conf','[Galerie Joël Knafo] Confirmation de commande',1,'2018-12-03 22:54:28'),(475,'agap2@litho.online','payment','[Galerie Joël Knafo] Paiement accepté',1,'2018-12-04 11:44:59'),(476,'agap2@litho.online','preparation','[Galerie Joël Knafo] En cours de préparation',1,'2018-12-04 13:06:06'),(477,'jknafo@lisit.com','new_order','[Litho.Online] New order : #128 - BVOHOMSUS',1,'2018-12-04 14:28:33'),(478,'amacor@litho.online','payment','[Litho.Online] Paiement accepté',1,'2018-12-04 14:28:33'),(479,'amacor@litho.online','order_conf','[Litho.Online] Confirmation de commande',1,'2018-12-04 14:28:33'),(480,'florianeregnier@gmail.com','payment','[Galerie Joël Knafo] Paiement accepté',1,'2018-12-04 14:43:53'),(481,'jknafo@lisit.com','new_order','[Litho.Online] New order : #129 - NBMMEFWNT',1,'2018-12-04 14:54:51'),(482,'kapu@litho.online','payment','[Litho.Online] Paiement accepté',1,'2018-12-04 14:54:52'),(483,'kapu@litho.online','order_conf','[Litho.Online] Confirmation de commande',1,'2018-12-04 14:54:52'),(484,'poison@litho.online','shipped','[Litho.Online] Expédié',1,'2018-12-04 15:11:01'),(485,'jknafo@lisit.com','new_order','[Litho.Online] New order : #130 - EGCPQYTGB',1,'2018-12-05 10:17:03'),(486,'lienard@litho.online','order_conf','[Litho.Online] Confirmation de commande',1,'2018-12-05 10:17:04'),(487,'lienard@litho.online','payment','[Litho.Online] Paiement accepté',1,'2018-12-05 10:17:19'),(488,'jknafo@lisit.com','productoutofstock','[Litho.Online] Product out of stock',1,'2018-12-05 10:31:20'),(489,'jknafo@lisit.com','productoutofstock','[Litho.Online] Product out of stock',1,'2018-12-05 10:31:39'),(490,'jknafo@lisit.com','productoutofstock','[Litho.Online] Product out of stock',1,'2018-12-05 10:32:19'),(491,'jknafo@lisit.com','productoutofstock','[Litho.Online] Product out of stock',1,'2018-12-05 10:32:47'),(492,'jknafo@lisit.com','new_order','[Litho.Online] New order : #131 - GSDKELSZS',1,'2018-12-05 12:17:00'),(493,'cheque@litho.online','payment','[Litho.Online] Paiement accepté',1,'2018-12-05 12:17:02'),(494,'cheque@litho.online','order_conf','[Litho.Online] Confirmation de commande',1,'2018-12-05 12:17:02'),(495,'jknafo@lisit.com','new_order','[Litho.Online] New order : #132 - RHUEBWLII',1,'2018-12-05 12:24:03'),(496,'cb@litho.online','payment','[Litho.Online] Paiement accepté',1,'2018-12-05 12:24:04'),(497,'cb@litho.online','order_conf','[Litho.Online] Confirmation de commande',1,'2018-12-05 12:24:05'),(498,'jknafo@lisit.com','new_order','[Litho.Online] New order : #133 - CJSVFCRIU',1,'2018-12-05 12:30:13'),(499,'talone@litho.online','payment','[Litho.Online] Paiement accepté',1,'2018-12-05 12:30:14'),(500,'talone@litho.online','order_conf','[Litho.Online] Confirmation de commande',1,'2018-12-05 12:30:14'),(501,'baron@litho.online','preparation','[Galerie Joël Knafo] En cours de préparation',1,'2018-12-05 12:54:00'),(502,'lethierrr@yahoo.fr','account','[Litho.Online] Bienvenue !',1,'2018-12-05 19:49:18'),(503,'Clientgalerie@Litho.online','order_conf','[Litho.Online] Confirmation de commande',1,'2018-12-06 15:33:21'),(504,'Clientgalerie@Litho.online','order_conf','[Litho.Online] Confirmation de commande',1,'2018-12-06 15:34:49'),(505,'Clientgalerie@Litho.online','order_conf','[Litho.Online] Confirmation de commande',1,'2018-12-06 15:52:15'),(506,'54.ericgirard@gmail.com','payment','[Litho.Online] Paiement accepté',1,'2018-12-06 17:26:09'),(507,'54.ericgirard@gmail.com','shipped','[Litho.Online] Expédié',1,'2018-12-06 18:44:37'),(508,'chantal.eisbrenner@orange.fr','account','[Litho.Online] Bienvenue !',1,'2018-12-07 07:06:19'),(509,'jknafo@lisit.com','new_order','[Litho.Online] New order : #137 - THTKYPMLV',1,'2018-12-07 07:16:14'),(510,'chantal.eisbrenner@orange.fr','payment','[Litho.Online] Paiement accepté',1,'2018-12-07 07:16:15'),(511,'Clientgalerie@Litho.online','payment','[Litho.Online] Paiement accepté',1,'2018-12-07 15:53:28'),(512,'Clientgalerie@Litho.online','order_conf','[Litho.Online] Confirmation de commande',1,'2018-12-07 15:53:28'),(513,'0686079884@orange.fr','payment','[Litho.Online] Paiement accepté',1,'2018-12-07 16:40:14'),(514,'simon.laurent4@bbox.fr','payment','[Litho.Online] Paiement accepté',1,'2018-12-07 16:40:14'),(515,'stephanemadoeuf@gmail.com','payment','[Litho.Online] Paiement accepté',1,'2018-12-07 16:40:14'),(516,'jknafo@lisit.com','productoutofstock','[Galerie Joël Knafo] Product out of stock',1,'2018-12-07 17:47:18'),(517,'jknafo@lisit.com','new_order','[Galerie Joël Knafo] New order : #139 - YWRXFWAQU',1,'2018-12-07 17:47:18'),(518,'aleksandrowicz@litho.online','bankwire','[Galerie Joël Knafo] En attente de virement bancaire',1,'2018-12-07 17:47:19'),(519,'aleksandrowicz@litho.online','order_conf','[Galerie Joël Knafo] Confirmation de commande',1,'2018-12-07 17:47:19'),(520,'simon.laurent4@bbox.fr','shipped','[Litho.Online] Expédié',1,'2018-12-07 18:50:29'),(521,'stephanemadoeuf@gmail.com','shipped','[Litho.Online] Expédié',1,'2018-12-07 18:50:30'),(522,'0686079884@orange.fr','shipped','[Litho.Online] Expédié',1,'2018-12-07 18:50:32'),(523,'philippe@hotels-premium.com','order_conf','[Litho.Online] Confirmation de commande',1,'2018-12-08 18:49:41'),(524,'Clientgalerie@Litho.online','order_conf','[Litho.Online] Confirmation de commande',1,'2018-12-08 18:56:21'),(525,'laurent.ledoux@orange.fr','account','[Litho.Online] Bienvenue !',1,'2018-12-11 16:01:34'),(526,'jknafo@lisit.com','new_order','[Litho.Online] New order : #142 - CETJGHXQH',1,'2018-12-11 16:13:35'),(527,'laurent.ledoux@orange.fr','order_conf','[Litho.Online] Confirmation de commande',1,'2018-12-11 16:13:35'),(528,'jknafo@lisit.com','new_order','[Litho.Online] New order : #143 - HPGBVNUOM',1,'2018-12-11 19:16:30'),(529,'jpgris06@gmail.com','payment','[Litho.Online] Paiement accepté',1,'2018-12-11 19:16:31'),(530,'contact@litho.online','contact','[Litho.Online] Message from contact form [no_sync]',2,'2018-12-11 19:38:24'),(531,'sophie.bradford1992@yahoo.com','contact_form','[Litho.Online] Your message no. ct42 has been correctly sent (thread ID tcyah6J9zWKGDj)',2,'2018-12-11 19:38:24'),(532,'laurent.ledoux@orange.fr','payment','[Litho.Online] Paiement accepté',1,'2018-12-11 23:07:25'),(533,'clocdl@gmail.com','account','[Litho.Online] Bienvenue !',1,'2018-12-12 13:46:51'),(534,'jknafo@lisit.com','new_order','[Litho.Online] New order : #144 - TGZVHNNJW',1,'2018-12-12 13:52:51'),(535,'clocdl@gmail.com','order_conf','[Litho.Online] Confirmation de commande',1,'2018-12-12 13:52:52'),(536,'clocdl@gmail.com','payment','[Litho.Online] Paiement accepté',1,'2018-12-13 00:10:01'),(537,'johannes@litho.online','shipped','[Galerie Joël Knafo] Expédié',1,'2018-12-13 00:11:24'),(538,'jknafo@lisit.com','productoutofstock','[Litho.Online] Product out of stock',1,'2018-12-13 00:33:29'),(539,'siriushome@litho.online','preparation','[Galerie Joël Knafo] En cours de préparation',1,'2018-12-13 09:38:14'),(540,'florianeregnier@gmail.com','preparation','[Galerie Joël Knafo] En cours de préparation',1,'2018-12-13 09:44:50'),(541,'gagnant@litho.online','preparation','[Galerie Joël Knafo] En cours de préparation',1,'2018-12-13 09:49:50'),(542,'tevenin@litho.online','order_canceled','[Galerie Joël Knafo] Annulé',1,'2018-12-13 10:02:17'),(543,'jknafo@lisit.com','productoutofstock','[Galerie Joël Knafo] Product out of stock',1,'2018-12-13 10:26:19'),(544,'jknafo@lisit.com','productoutofstock','[Galerie Joël Knafo] Product out of stock',1,'2018-12-13 10:26:57'),(545,'lienard@litho.online','preparation','[Litho.Online] En cours de préparation',1,'2018-12-13 10:35:00'),(546,'contact@litho.online','contact','[Litho.Online] Message depuis le formulaire de contact [no_sync]',1,'2018-12-13 10:52:18'),(547,'ericgaonach@orange.fr','contact_form','[Litho.Online] Votre message a été correctement envoyé #ct43 #tcc6p17kfBxprR',1,'2018-12-13 10:52:18'),(548,'adrien.girard@hotmail.com','preparation','[Galerie Joël Knafo] En cours de préparation',1,'2018-12-13 11:15:18'),(549,'ericgaonach@orange.fr','reply_msg','[Litho.Online] Une réponse à votre message est disponible #ct43 #tcc6p17kfBxprR',1,'2018-12-13 11:58:56'),(550,'yuceldogan@litho.online','payment','[Litho.Online] Paiement accepté',1,'2018-12-13 12:50:57'),(551,'yuceldogan@litho.online','order_conf','[Litho.Online] Confirmation de commande',1,'2018-12-13 12:50:57'),(552,'chiaramurdoch@litho.online','payment','[Litho.Online] Paiement accepté',1,'2018-12-13 13:00:49'),(553,'chiaramurdoch@litho.online','order_conf','[Litho.Online] Confirmation de commande',1,'2018-12-13 13:00:49'),(554,'jknafo@lisit.com','new_order','[Litho.Online] New order : #147 - DMNULLKYU',1,'2018-12-13 21:35:18'),(555,'fabio75013@hotmail.com','payment','[Litho.Online] Paiement accepté',1,'2018-12-13 21:35:19'),(556,'agostini.benjamin@gmail.com','account','[Litho.Online] Bienvenue !',1,'2018-12-14 06:05:17'),(557,'jknafo@lisit.com','new_order','[Litho.Online] New order : #148 - AYNDUHCIH',1,'2018-12-14 07:36:11'),(558,'e.krpata@chello.at','payment','[Litho.Online] Payment accepted',2,'2018-12-14 07:36:12'),(559,'jknafo@lisit.com','new_order','[Litho.Online] New order : #149 - DMKKWLPSU',1,'2018-12-14 09:37:28'),(560,'agostini.benjamin@gmail.com','payment','[Litho.Online] Paiement accepté',1,'2018-12-14 09:37:29'),(561,'chiaramurdoch@litho.online','payment','[Litho.Online] Paiement accepté',1,'2018-12-14 16:45:41'),(562,'yuceldogan@litho.online','payment','[Litho.Online] Paiement accepté',1,'2018-12-14 16:45:41'),(563,'laurent.ledoux@orange.fr','payment','[Litho.Online] Paiement accepté',1,'2018-12-14 16:45:41'),(564,'e.krpata@chello.at','payment','[Litho.Online] Payment accepted',2,'2018-12-14 16:51:17'),(565,'e.krpata@chello.at','shipped','[Litho.Online] Shipped',2,'2018-12-14 17:41:43'),(566,'chiaramurdoch@litho.online','shipped','[Litho.Online] Expédié',1,'2018-12-14 18:02:59'),(567,'yuceldogan@litho.online','shipped','[Litho.Online] Expédié',1,'2018-12-14 18:02:59'),(568,'laurent.ledoux@orange.fr','shipped','[Litho.Online] Expédié',1,'2018-12-14 18:03:00'),(569,'jknafo@lisit.com','new_order','[Litho.Online] New order : #150 - WGJKQHCOD',1,'2018-12-15 06:44:32'),(570,'villeroymatthieu@yahoo.fr','order_conf','[Litho.Online] Confirmation de commande',1,'2018-12-15 06:44:33'),(571,'villeroymatthieu@yahoo.fr','payment','[Litho.Online] Paiement accepté',1,'2018-12-15 11:17:14'),(572,'frank.zerbib@orange.fr','payment','[Litho.Online] Paiement accepté',1,'2018-12-15 13:34:54'),(573,'frank.zerbib@orange.fr','order_conf','[Litho.Online] Confirmation de commande',1,'2018-12-15 13:34:54'),(574,'Clientgalerie@Litho.online','order_conf','[Litho.Online] Confirmation de commande',1,'2018-12-15 13:58:02'),(575,'Clientgalerie@Litho.online','order_conf','[Litho.Online] Confirmation de commande',1,'2018-12-15 13:59:06'),(576,'Clientgalerie@Litho.online','order_conf','[Litho.Online] Confirmation de commande',1,'2018-12-15 14:02:19'),(577,'petularenard@litho.online','payment','[Litho.Online] Paiement accepté',1,'2018-12-15 14:16:06'),(578,'petularenard@litho.online','order_conf','[Litho.Online] Confirmation de commande',1,'2018-12-15 14:16:06'),(579,'christinaschmidlin@litho.online','payment','[Litho.Online] Paiement accepté',1,'2018-12-15 17:22:17'),(580,'christinaschmidlin@litho.online','order_conf','[Litho.Online] Confirmation de commande',1,'2018-12-15 17:22:17'),(581,'christinaschmidlin@litho.online','payment','[Litho.Online] Paiement accepté',1,'2018-12-15 17:26:13'),(582,'petularenard@litho.online','payment','[Litho.Online] Paiement accepté',1,'2018-12-15 17:26:13'),(583,'villeroymatthieu@yahoo.fr','payment','[Litho.Online] Paiement accepté',1,'2018-12-15 17:26:13'),(584,'jknafo@lisit.com','new_order','[Litho.Online] New order : #157 - IQDUOHXDG',1,'2018-12-15 18:30:06'),(585,'forge.guetrot@gmail.com','order_conf','[Litho.Online] Confirmation de commande',1,'2018-12-15 18:30:06'),(586,'jknafo@lisit.com','new_order','[Litho.Online] New order : #158 - NGPBFCCWL',1,'2018-12-16 13:15:22'),(587,'legallokarine@gmail.com','payment','[Litho.Online] Paiement accepté',1,'2018-12-16 13:15:23'),(588,'legallokarine@gmail.com','payment','[Litho.Online] Paiement accepté',1,'2018-12-17 09:47:10'),(589,'forge.guetrot@gmail.com','payment','[Litho.Online] Paiement accepté',1,'2018-12-17 10:05:33'),(590,'jknafo@lisit.com','productoutofstock','[Litho.Online] Product out of stock',1,'2018-12-17 10:55:09'),(591,'jknafo@lisit.com','new_order','[Litho.Online] New order : #159 - PKTJNNAMM',1,'2018-12-17 13:56:58'),(592,'laraki@litho.online','payment','[Litho.Online] Paiement accepté',1,'2018-12-17 13:56:59'),(593,'laraki@litho.online','order_conf','[Litho.Online] Confirmation de commande',1,'2018-12-17 13:56:59'),(594,'jknafo@lisit.com','new_order','[Litho.Online] New order : #160 - XQMGTSPIK',1,'2018-12-17 14:02:53'),(595,'fey@litho.online','payment','[Litho.Online] Paiement accepté',1,'2018-12-17 14:02:54'),(596,'fey@litho.online','order_conf','[Litho.Online] Confirmation de commande',1,'2018-12-17 14:02:54'),(597,'fey@litho.online','payment','[Litho.Online] Paiement accepté',1,'2018-12-17 14:41:19'),(598,'laraki@litho.online','payment','[Litho.Online] Paiement accepté',1,'2018-12-17 14:41:20'),(599,'jknafo@lisit.com','new_order','[Litho.Online] New order : #161 - INASMMFOP',1,'2018-12-17 14:51:16'),(600,'lefebvreJC@litho.online','payment','[Litho.Online] Paiement accepté',1,'2018-12-17 14:51:17'),(601,'lefebvreJC@litho.online','order_conf','[Litho.Online] Confirmation de commande',1,'2018-12-17 14:51:17'),(602,'jknafo@lisit.com','new_order','[Litho.Online] New order : #162 - OJKZNXSNK',1,'2018-12-17 16:15:44'),(603,'neymhau@gmail.com','payment','[Litho.Online] Paiement accepté',1,'2018-12-17 16:15:44'),(604,'jknafo@lisit.com','new_order','[Litho.Online] New order : #163 - HCRGXAGDB',1,'2018-12-17 16:19:11'),(605,'neymhau@gmail.com','payment','[Litho.Online] Paiement accepté',1,'2018-12-17 16:19:12'),(606,'jknafo@lisit.com','new_order','[Litho.Online] New order : #164 - KCELTHUOL',1,'2018-12-17 16:23:03'),(607,'neymhau@gmail.com','payment','[Litho.Online] Paiement accepté',1,'2018-12-17 16:23:03'),(608,'christinaschmidlin@litho.online','shipped','[Litho.Online] Expédié',1,'2018-12-17 16:25:36'),(609,'jknafo@lisit.com','new_order','[Litho.Online] New order : #165 - DWZXCFLUW',1,'2018-12-17 16:28:23'),(610,'neymhau@gmail.com','payment','[Litho.Online] Paiement accepté',1,'2018-12-17 16:28:24'),(611,'jknafo@lisit.com','new_order','[Litho.Online] New order : #166 - GSCEBGPUL',1,'2018-12-17 16:31:40'),(612,'neymhau@gmail.com','payment','[Litho.Online] Paiement accepté',1,'2018-12-17 16:31:42'),(613,'jknafo@lisit.com','new_order','[Litho.Online] New order : #167 - IUCSNNXAU',1,'2018-12-17 16:36:14'),(614,'neymhau@gmail.com','order_conf','[Litho.Online] Confirmation de commande',1,'2018-12-17 16:36:15'),(615,'fey@litho.online','shipped','[Litho.Online] Expédié',1,'2018-12-17 16:44:17'),(616,'legallokarine@gmail.com','shipped','[Litho.Online] Expédié',1,'2018-12-17 16:44:22'),(617,'laraki@litho.online','shipped','[Litho.Online] Expédié',1,'2018-12-17 16:44:22'),(618,'forge.guetrot@gmail.com','shipped','[Litho.Online] Expédié',1,'2018-12-17 16:44:29'),(619,'neymhau@gmail.com','refund','[Litho.Online] Remboursé',1,'2018-12-17 16:45:44'),(620,'neymhau@gmail.com','refund','[Litho.Online] Remboursé',1,'2018-12-17 16:46:25'),(621,'neymhau@gmail.com','refund','[Litho.Online] Remboursé',1,'2018-12-17 16:46:45'),(622,'neymhau@gmail.com','refund','[Litho.Online] Remboursé',1,'2018-12-17 16:47:04'),(623,'neymhau@gmail.com','refund','[Litho.Online] Remboursé',1,'2018-12-17 16:47:20'),(624,'petularenard@litho.online','shipped','[Litho.Online] Expédié',1,'2018-12-17 16:53:04'),(625,'villeroymatthieu@yahoo.fr','shipped','[Litho.Online] Expédié',1,'2018-12-17 16:56:52'),(626,'jknafo@lisit.com','new_order','[Litho.Online] New order : #168 - WVBULMNJQ',1,'2018-12-18 16:36:46'),(627,'Clientgalerie@Litho.online','payment','[Litho.Online] Paiement accepté',1,'2018-12-18 16:36:47'),(628,'Clientgalerie@Litho.online','order_conf','[Litho.Online] Confirmation de commande',1,'2018-12-18 16:36:47'),(629,'jknafo@lisit.com','new_order','[Litho.Online] New order : #169 - UUYYTNXSD',1,'2018-12-18 17:07:34'),(630,'Clientgalerie@Litho.online','payment','[Litho.Online] Paiement accepté',1,'2018-12-18 17:07:34'),(631,'Clientgalerie@Litho.online','order_conf','[Litho.Online] Confirmation de commande',1,'2018-12-18 17:07:35'),(632,'jknafo@lisit.com','new_order','[Litho.Online] New order : #170 - LRLDJQPFD',1,'2018-12-18 17:33:40'),(633,'Clientgalerie@Litho.online','payment','[Litho.Online] Paiement accepté',1,'2018-12-18 17:33:41'),(634,'Clientgalerie@Litho.online','order_conf','[Litho.Online] Confirmation de commande',1,'2018-12-18 17:33:41'),(635,'jknafo@lisit.com','new_order','[Galerie Joël Knafo] New order : #171 - LZRMEHDQL',1,'2018-12-18 17:42:00'),(636,'vente@litho.online','payment','[Galerie Joël Knafo] Paiement accepté',1,'2018-12-18 17:42:00'),(637,'vente@litho.online','order_conf','[Galerie Joël Knafo] Confirmation de commande',1,'2018-12-18 17:42:01'),(638,'jknafo@lisit.com','productoutofstock','[Galerie Joël Knafo] Product out of stock',1,'2018-12-20 11:25:01'),(639,'jknafo@lisit.com','productoutofstock','[Galerie Joël Knafo] Product out of stock',1,'2018-12-20 11:25:19'),(640,'coulleau@free.fr','order_conf','[Litho.Online] Confirmation de commande',1,'2018-12-20 12:52:37'),(641,'florianehippolite@litho.online','payment','[Litho.Online] Paiement accepté',1,'2018-12-20 15:34:46'),(642,'florianehippolite@litho.online','order_conf','[Litho.Online] Confirmation de commande',1,'2018-12-20 15:34:47'),(643,'jknafo@lisit.com','productoutofstock','[Galerie Joël Knafo] Product out of stock',1,'2018-12-20 15:40:03'),(644,'jknafo@lisit.com','new_order','[Galerie Joël Knafo] New order : #174 - HOYYXIUZV',1,'2018-12-20 15:40:03'),(645,'houssier@litho.online','payment','[Galerie Joël Knafo] Paiement accepté',1,'2018-12-20 15:40:04'),(646,'houssier@litho.online','order_conf','[Galerie Joël Knafo] Confirmation de commande',1,'2018-12-20 15:40:04'),(647,'davidcohen@litho.online','payment','[Litho.Online] Paiement accepté',1,'2018-12-20 15:41:16'),(648,'davidcohen@litho.online','order_conf','[Litho.Online] Confirmation de commande',1,'2018-12-20 15:41:16'),(649,'julianmonnier@gmail.com','order_conf','[Litho.Online] Confirmation de commande',1,'2018-12-20 16:10:12'),(650,'florianehippolite@litho.online','payment','[Litho.Online] Paiement accepté',1,'2018-12-20 16:27:17'),(651,'davidcohen@litho.online','payment','[Litho.Online] Paiement accepté',1,'2018-12-20 16:27:17'),(652,'Clientgalerie@Litho.online','order_conf','[Litho.Online] Confirmation de commande',1,'2018-12-20 17:04:15'),(653,'florianehippolite@litho.online','shipped','[Litho.Online] Expédié',1,'2018-12-20 17:56:32'),(654,'davidcohen@litho.online','shipped','[Litho.Online] Expédié',1,'2018-12-20 17:56:32'),(655,'hittner@litho.online','payment','[Galerie Joël Knafo] Paiement accepté',1,'2018-12-20 18:26:59'),(656,'jknafo@lisit.com','productoutofstock','[Galerie Joël Knafo] Product out of stock',1,'2018-12-21 12:52:25'),(657,'jknafo@lisit.com','new_order','[Galerie Joël Knafo] New order : #178 - CSRNHUCMD',1,'2018-12-21 12:52:25'),(658,'battung@litho.online','payment','[Galerie Joël Knafo] Paiement accepté',1,'2018-12-21 12:52:26'),(659,'battung@litho.online','order_conf','[Galerie Joël Knafo] Confirmation de commande',1,'2018-12-21 12:52:26'),(660,'hittner@litho.online','outofstock','[Galerie Joël Knafo] En attente de réapprovisionnement (non payé)',1,'2018-12-21 15:09:03'),(661,'claudebelissa@litho.online','payment','[Litho.Online] Paiement accepté',1,'2018-12-21 16:24:53'),(662,'claudebelissa@litho.online','order_conf','[Litho.Online] Confirmation de commande',1,'2018-12-21 16:24:53'),(663,'claudebelissa@litho.online','payment','[Litho.Online] Paiement accepté',1,'2018-12-21 16:26:08'),(664,'claudebelissa@litho.online','order_conf','[Litho.Online] Confirmation de commande',1,'2018-12-21 16:26:08'),(665,'jknafo@lisit.com','new_order','[Galerie Joël Knafo] New order : #181 - YYOGZFNNX',1,'2018-12-21 16:44:42'),(666,'hittner@litho.online','payment','[Galerie Joël Knafo] Paiement accepté',1,'2018-12-21 16:44:42'),(667,'hittner@litho.online','order_conf','[Galerie Joël Knafo] Confirmation de commande',1,'2018-12-21 16:44:42'),(668,'floa92@hotmail.fr','order_conf','[Litho.Online] Confirmation de commande',1,'2018-12-22 15:57:23'),(669,'Clientgalerie@Litho.online','order_conf','[Litho.Online] Confirmation de commande',1,'2018-12-22 16:15:03'),(670,'helene.cheio@gmail.com','order_conf','[Litho.Online] Confirmation de commande',1,'2018-12-22 16:20:14'),(671,'jknafo@lisit.com','new_order','[Litho.Online] New order : #185 - CSSSJGJVE',1,'2018-12-23 18:58:35'),(672,'jean.autissier@wanadoo.fr','order_conf','[Litho.Online] Confirmation de commande',1,'2018-12-23 18:58:36'),(673,'jean.autissier@wanadoo.fr','account','[Litho.Online] Bienvenue !',1,'2018-12-24 09:25:47'),(674,'jean.autissier@wanadoo.fr','payment','[Litho.Online] Paiement accepté',1,'2018-12-24 13:36:57'),(675,'jknafo@lisit.com','new_order','[Litho.Online] New order : #186 - DWFYDAPKS',1,'2018-12-24 13:40:17'),(676,'hochet@litho.online','payment','[Litho.Online] Paiement accepté',1,'2018-12-24 13:40:18'),(677,'hochet@litho.online','order_conf','[Litho.Online] Confirmation de commande',1,'2018-12-24 13:40:18'),(678,'jknafo@lisit.com','new_order','[Litho.Online] New order : #187 - EXQBCMRYA',1,'2018-12-24 13:52:12'),(679,'sfrattoni@litho.online','payment','[Litho.Online] Paiement accepté',1,'2018-12-24 13:52:13'),(680,'sfrattoni@litho.online','order_conf','[Litho.Online] Confirmation de commande',1,'2018-12-24 13:52:13'),(681,'hochet@litho.online','payment','[Litho.Online] Paiement accepté',1,'2018-12-24 14:02:23'),(682,'jean.autissier@wanadoo.fr','payment','[Litho.Online] Paiement accepté',1,'2018-12-24 14:02:23'),(683,'sfrattoni@litho.online','payment','[Litho.Online] Paiement accepté',1,'2018-12-24 14:02:23'),(684,'sfrattoni@litho.online','shipped','[Litho.Online] Expédié',1,'2018-12-24 14:49:51'),(685,'hochet@litho.online','shipped','[Litho.Online] Expédié',1,'2018-12-24 15:35:52'),(686,'jean.autissier@wanadoo.fr','shipped','[Litho.Online] Expédié',1,'2018-12-24 15:35:56'),(687,'jknafo@lisit.com','productoutofstock','[Galerie Joël Knafo] Product out of stock',1,'2018-12-27 16:48:01'),(688,'laurent.besson-imbert@laposte.net','account','[Litho.Online] Bienvenue !',1,'2018-12-27 17:59:27'),(689,'jknafo@lisit.com','new_order','[Litho.Online] New order : #188 - SLDFRBUQU',1,'2018-12-27 18:04:16'),(690,'laurent.besson-imbert@laposte.net','payment','[Litho.Online] Paiement accepté',1,'2018-12-27 18:04:17');

--
-- Table structure for table `pre3303_mailalert_customer_oos`
--

CREATE TABLE `pre3303_mailalert_customer_oos` (
  `id_customer` int(10) unsigned NOT NULL,
  `customer_email` varchar(128) NOT NULL,
  `id_product` int(10) unsigned NOT NULL,
  `id_product_attribute` int(10) unsigned NOT NULL,
  `id_shop` int(10) unsigned NOT NULL,
  `id_lang` int(10) unsigned NOT NULL,
  PRIMARY KEY (`id_customer`,`customer_email`,`id_product`,`id_product_attribute`,`id_shop`)
) ENGINE=InnoDB DEFAULT CHARSET=utf8;

--
-- Dumping data for table `pre3303_mailalert_customer_oos`
--


--
-- Table structure for table `pre3303_manufacturer`
--

CREATE TABLE `pre3303_manufacturer` (
  `id_manufacturer` int(10) unsigned NOT NULL AUTO_INCREMENT,
  `name` varchar(64) NOT NULL,
  `date_add` datetime NOT NULL,
  `date_upd` datetime NOT NULL,
  `active` tinyint(1) NOT NULL DEFAULT '0',
  PRIMARY KEY (`id_manufacturer`)
) ENGINE=InnoDB AUTO_INCREMENT=56 DEFAULT CHARSET=utf8;

--
-- Dumping data for table `pre3303_manufacturer`
--

INSERT INTO `pre3303_manufacturer` VALUES (4,'Miss Tic','2018-07-12 00:50:36','2018-08-25 16:14:07',1),(5,'Jo Di Bona','2018-07-12 00:50:36','2018-07-21 15:31:17',1),(6,'Philippe Hérard','2018-07-12 00:50:36','2018-07-21 16:05:40',1),(7,'Hush','2018-07-12 00:50:36','2018-07-12 00:50:36',1),(8,'Stoul','2018-07-12 00:50:36','2018-07-16 13:23:50',1),(9,'Jérôme Mesnager','2018-07-12 00:50:37','2018-07-21 15:09:24',1),(11,'Gottfried Salzmann','2018-07-12 00:50:37','2018-07-21 14:59:23',1),(12,'Levalet','2018-07-12 00:50:37','2018-08-22 19:23:06',1),(13,'Romain Froquet','2018-07-12 00:50:37','2018-07-21 15:34:45',1),(14,'Lek','2018-07-12 00:50:37','2018-07-21 15:58:17',1),(15,'EvazéSir','2018-07-12 00:50:37','2018-07-21 14:55:13',1),(16,'Jana & JS','2018-07-12 00:50:37','2018-07-21 15:51:00',1),(17,'Speedy Graphito','2018-07-12 00:50:37','2018-07-21 15:33:03',1),(18,'Guy Denning','2018-07-12 00:50:37','2018-07-21 15:35:06',1),(19,'Jacques Villeglé','2018-07-12 00:50:37','2018-07-27 23:48:35',1),(20,'Annabelle Tattu','2018-07-12 00:50:37','2018-08-24 15:29:13',1),(21,'Zenoy','2018-07-12 00:50:37','2018-07-21 15:45:31',1),(22,'René Botti','2018-07-12 00:50:37','2018-07-21 15:39:44',1),(23,'Gregos','2018-07-12 00:50:37','2018-07-21 15:04:22',1),(24,'JonOne','2018-07-12 00:50:37','2018-07-27 23:49:03',1),(25,'Hervé Di Rosa','2018-07-12 00:50:37','2018-07-27 23:48:15',1),(26,'Bault','2018-07-12 00:50:37','2018-08-24 15:31:13',1),(27,'FKDL','2018-07-12 01:54:39','2018-07-21 14:56:34',1),(28,'Galerie Joel Knafo Art','2018-07-12 01:54:44','2018-07-12 01:54:44',1),(29,'Artiste Ouvrier','2018-07-12 01:54:46','2018-07-12 01:54:46',1),(30,'Collaboration','2018-07-12 01:55:00','2018-07-12 01:55:00',1),(31,'Seen','2018-07-12 01:55:02','2018-08-24 15:34:31',1),(32,'Cleon Peterson','2018-07-12 01:55:28','2018-07-12 01:55:28',1),(33,'C215','2018-07-12 01:55:43','2018-09-04 19:08:43',1),(35,'Shepard Fairey','2018-07-12 19:34:25','2018-08-22 19:27:25',1),(37,'Jean Rustin','2018-07-18 12:43:25','2018-08-24 15:33:43',1),(38,'Dran','2018-07-18 12:57:23','2018-07-18 12:57:23',1),(39,'César','2018-07-18 12:57:25','2018-07-18 12:57:25',1),(40,'Jef Aérosol','2018-07-25 16:09:49','2018-07-25 16:09:59',1),(41,'Basto','2018-07-25 17:00:30','2018-07-25 17:05:49',1),(42,'VHILS','2018-07-25 17:17:05','2018-07-25 17:17:17',1),(43,'Antonio Segui','2018-07-25 17:57:49','2018-07-25 17:57:53',1),(44,'Barthelemy Toguo','2018-07-28 16:04:12','2018-08-24 15:29:45',1),(45,'Ernest Pignon Ernest','2018-07-28 16:23:40','2018-08-24 15:32:16',1),(46,'Andre','2018-07-28 16:24:26','2018-08-24 15:30:01',1),(47,'Philippe Cognee','2018-07-28 16:29:13','2018-08-24 15:34:05',1),(48,'Astro','2018-07-28 18:08:27','2018-08-24 15:30:51',1),(49,'Jean Miotte','2018-07-28 18:09:11','2018-08-24 15:33:12',1),(50,'Quik','2018-07-28 18:09:45','2018-07-28 18:09:45',1),(51,'Clet','2018-08-01 15:41:09','2018-08-24 15:31:48',1),(52,'Philippe Bonan','2018-08-01 17:10:47','2018-08-01 19:31:44',1),(53,'Bom K','2018-10-13 16:45:15','2018-10-13 17:21:52',1),(54,'Kool Koor','2018-11-14 18:52:52','2018-11-14 18:54:05',1),(55,'Lady M','2018-11-14 18:56:33','2018-11-14 18:57:36',1);

--
-- Table structure for table `pre3303_manufacturer_lang`
--

CREATE TABLE `pre3303_manufacturer_lang` (
  `id_manufacturer` int(10) unsigned NOT NULL,
  `id_lang` int(10) unsigned NOT NULL,
  `description` text,
  `short_description` text,
  `meta_title` varchar(128) DEFAULT NULL,
  `meta_keywords` varchar(255) DEFAULT NULL,
  `meta_description` varchar(255) DEFAULT NULL,
  PRIMARY KEY (`id_manufacturer`,`id_lang`)
) ENGINE=InnoDB DEFAULT CHARSET=utf8;

--
-- Dumping data for table `pre3303_manufacturer_lang`
--

INSERT INTO `pre3303_manufacturer_lang` VALUES (4,1,'<p style=\"text-align:center;\"><span style=\"color:#a10b0b;\"><em><strong>Artiste emblématique de la scène urbaine.</strong></em></span></p>\n<p>Poète et plasticienne, <strong>Miss. Tic</strong> développe depuis 1985 un univers qui repose sur un subtil mélange de légèreté et de gravité, d’insouciance et de lucidité.</p>\n<p>Ses <strong>aphorismes poétiques</strong> qui accompagnent ses dessins de femmes provoquent et interrogent. Miss. Tic joue avec les stéréotypes de la féminité. Les compositions percutantes de l’artiste proposent un rapport texte/image qui interpelle et <strong>dialogue avec le public par son humour, son esprit et parfois ses colères.</strong></p>\n<p>Miss.Tic alterne depuis 30 ans, les expositions personnelles, collectives, les foires internationales, les commandes d’entreprise et institutionnelle, à travers le monde. Cependant, elle continue à investir l’espace urbain pour offrir aux passants, malgré la prédominance du noir dans ses œuvres, <strong>des couleurs à la ville</strong> et des réflexions comme des hymnes à la beauté et à la liberté.</p>','','Miss Tic','Miss Tic, Oeuvres originales, Multiples','Miss Tic'),(4,2,'<p style=\"text-align:center;\"><span style=\"color:#a10b0b;\"><em><strong>Iconic artist of the urban scene.</strong></em></span></p>\n<p>Poet and visual artist, since 1985, <strong>Miss Tic</strong> has developed a universe based on a delicate mix of lightness and gravity, carelessness and lucidity. Her poetic aphorisms that join her drawings of women provoke and question. Miss Tic plays with stereotypes of femininity. The artist\'s striking compositions offer a text / image report that challenges and talks to the public <strong>through its humor, its spirit and sometimes its anger</strong>. Miss.Tic alternates for 30 years, personal exhibitions, collective, international fairs, corporate and institutional orders, all over the world. However, she continues to invest urban space to offer passersby, despite the predominance of black in her works, <strong>colors to the city and reflections as anthem to beauty and freedom</strong>.</p>','','Miss Tic','Miss Tic, uvres originales, Multiples','Miss Tic'),(5,1,'<p style=\"text-align:justify;\"><strong>Jo Di Bona</strong> fait ses armes artistiques en banlieue parisienne sur murs et trains aux côtés de Nestor &amp; Lek, avec leur team VF.<br /> A tout juste 40 ans, ce fervent adepte du Graffiti, va s’en éloigner pour créer ce qu’il appellera par la suite le «<strong>POP GRAFFITI</strong>», mélangeant collages, diverses influences du Graffiti, mais aussi de la culture Pop dont il s’est profondément imprégné.<br /> Dans ses œuvres, Jo rend hommage aux icônes et grands personnages de l’histoire, travaille sur des portraits d’anonymes, tout en faisant des clins d’œil à d’autres artistes qui lui sont chers.</p>\n<p style=\"text-align:justify;\">Jo Di Bona a obtenu en 2014 le 1<sup>er</sup> Prix du Graffiti à la Fondation EDF et participe à de nombreux projets d’expositions, de performances et de fresques murales.</p>\n<p style=\"text-align:justify;\">Jo Di Bona apparait aussi dans de nombreux magazines et prépare actuellement plusieurs expositions et projets, avec notamment la réalisation d’une grande fresque au POINT EPHEMERE pour PREMIERE URGENCE INTERNATIONALE, au LOURES URBAN ART FEST au Portugal et sur le 1<sup>er</sup> salon d’Art Contemporain au Cameroun, où il peindra également un grand mur.<br /> Il est aussi cité par le site de référence ARTSPER parmi <em>« <strong>Les 10 artistes à suivre absolument en 2016 </strong>»</em>, et fera la <strong>une du prestigieux NEW YORK TIMES</strong> pour son mur hommage réalisé au PETIT CAMBODGE… pour cet artiste dont la générosité est à la hauteur de son talent car <em>« le plus important à ses yeux, c’est le partage. »</em> <em>(ARTIST’UP)</em></p>','','Jo Di Bona','Jo Di Bona, Oeuvres originales, Multiples','Jo Di Bona'),(5,2,'<p style=\"text-align:justify;\"><span id=\"result_box\" lang=\"en\" xml:lang=\"en\"><span title=\"Jo Di Bona fait ses armes artistiques en banlieue parisienne sur murs et trains aux côtés de Nestor &amp; Lek, avec leur team VF.\"><strong>Jo Di Bona</strong> is doing artistic work in suburban Paris on walls and trains alongside Nestor &amp; Lek, with their team VF.<br /></span><span title=\"A tout juste 40 ans, ce fervent adepte du Graffiti, va s\'en éloigner pour créer ce qu\'il appellera par la suite le «POP GRAFFITI», mélangeant collages, diverses influences du Graffiti, mais aussi de la culture Pop dont il s\">At just 40 years old, this fervent follower of Graffiti, will move away to create what he will call later <strong>\"POP GRAFFITI\"</strong>, mixing collages, various influences of Graffiti, but also Pop culture which he s </span><span title=\"\'est profondément imprégné.\">is deeply impregnated.<br /></span><span title=\"Dans ses œuvres, Jo rend hommage aux icônes et grands personnages de l’histoire, travaille sur des portraits d’anonymes, tout en faisant des clins d’œil à d’autres artistes qui lui sont chers.\">In his works, Jo pays tribute to icons and great characters in history, works on anonymous portraits, while winking at other artists who are dear to him.<br /><br /></span><span title=\"Jo Di Bona a obtenu en 2014 le 1er Prix du Graffiti à la Fondation EDF et participe à de nombreux projets d’expositions, de performances et de fresques murales.\">Jo Di Bona was awarded the 1st Graffiti Prize at the EDF Foundation in 2014 and participates in numerous projects of exhibitions, performances and murals.<br /><br /></span><span title=\"Jo Di Bona apparait aussi dans de nombreux magazines et prépare actuellement plusieurs expositions et projets, avec notamment la réalisation d\'une grande fresque au POINT EPHEMERE pour PREMIERE URGENCE INTERNATIONALE, au LOURES URBAN ART FEST au Portugal et sur le 1er salon d\'Art Contemporain\">Jo Di Bona also appears in many magazines and is currently preparing several exhibitions and projects, including the realization of a large fresco at POINT EPHEMERE for PREMIERE EMERGENCY INTERNATIONAL, the LOURES URBAN ART FEST in Portugal and on the 1st Salon of Contemporary Art </span><span title=\"au Cameroun, où il peindra également un grand mur.\">in Cameroon, where he will also paint a large wall.<br /></span><span title=\"Il est aussi cité par le site de référence ARTSPER parmi « Les 10 artistes à suivre absolument en 2016 », et fera la une du prestigieux NEW YORK TIMES pour son mur hommage réalisé au PETIT CAMBODGE… pour cet artiste dont la générosité est à la hauteur\">He is also quoted by the reference website ARTSPER among \"The 10 artists to be absolutely followed in 2016\", and will make the front page of the prestigious NEW YORK TIMES for his tribute wall directed at PETIT CAMBODGE ... for this artist whose generosity is up to </span><span title=\"de son talent car « le plus important à ses yeux, c\'est le partage.\">of his talent because \"the most important in his eyes is sharing. </span><span title=\"» (ARTIST’UP)\">»(ARTIST\'UP)</span></span></p>','','Jo Di Bona','Jo Di Bona, uvres originales, Multiples','Jo Di Bona'),(6,1,'<p><strong><span style=\"color:#d0121a;\">Poésies Urbaines ...</span></strong></p>\n<p>Une rencontre avec <em>Philippe Hérard</em> provoque toujours une émotion forte, de l’effet de surprise à la jubilation.<br /> Devant ses personnages au regard effacé, le flâneur s’arrête pour observer l’histoire qui se joue devant lui. Un rictus le gagne en même temps que des interrogations sur la nature humaine. Souvent simples. Parfois existentielles.</p>\n<p><strong>Le travail de <em>Philippe Hérard</em> est tout en contraste</strong>, à l’image d’un artiste qui livre beaucoup de lui et un peu de nous aussi. Il est de ceux qui puisent leur énergie de vie dans la création, celle qui vient des profondeurs de soi, qui n’a pas besoin d’être commentée car tout est déjà dit.</p>\n<p>Ses œuvres touchent par leur <strong>sensibilité</strong>, leur <strong>humour,</strong> leur <strong>poésie</strong> et la <strong>justesse</strong> de situations qui pointent les nombreux paradoxes d’un Homme en perpétuel questionnement.</p>\n<p>Tantôt minimaliste, tantôt saturé par des accumulations improbables, entre <strong>équilibre et instabilité, liberté et enfermement, douceur et angoisse, dérision et profondeur</strong>, l’œuvre de <em>Philippe Hérard</em> nous promène dans son univers au gré d’intentions spontanées.<strong><br /></strong></p>\n<p><i>«Quand on regarde dans les rues, les collages de Philippe </i><i>Hérard</i><i>,- tels ces hommes nus ceints d’une bouée on peut se demander si ce n’est pas la ville elle-même qui crée un effet d’équilibre pour ces personnages en posture instable. C’est elle, la ville, qui présenterait pour notre regard le sens allégorique de leur place dans l’espace public. Quand la figuration du bancal se fait légende urbaine… »<br /></i>Extrait de « street-art collages de Philippe Hérard » de Henri-Pierre Jeudy, sociologue au CNRS</p>','<p><strong><span style=\"color:#d0121a;\"></span><br /></strong></p>','Philippe Hérard','Philippe Hérard, uvres originales, Multiples','Philippe Hérard'),(6,2,'<p style=\"text-align:justify;\"><span id=\"result_box\" lang=\"en\" xml:lang=\"en\"><span title=\"Poésies Urbaines ...\"></span></span><strong><span style=\"color:#d0121a;\">Urban Poetry ...<br /></span></strong></p>\n<p style=\"text-align:justify;\"><span lang=\"en\" xml:lang=\"en\"><span title=\"Une rencontre avec Philippe Hérard provoque toujours une émotion forte, de l’effet de surprise à la jubilation.\">A meeting with <strong>Philippe Hérard</strong> always provokes a strong emotion, from the surprise effect to the jubilation.<br /></span><span title=\"Devant ses personnages au regard effacé, le flâneur s’arrête pour observer l’histoire qui se joue devant lui.\">In front of his characters with the erased look, the stroller stops to observe the story that is played in front of him. </span><span title=\"Un rictus le gagne en même temps que des interrogations sur la nature humaine.\">A grin gains him at the same time as questions about human nature. </span><span title=\"Souvent simples.\">Often simple. </span><span title=\"Parfois existentielles.\">Sometimes existential.<br /><br /></span><span title=\"Le travail de Philippe Hérard est tout en contraste, à l’image d’un artiste qui livre beaucoup de lui et un peu de nous aussi.\">The work of Philippe Hérard is all in contrast, like an artist who delivers a lot of himself and a few of us too. </span><span title=\"Il est de ceux qui puisent leur énergie de vie dans la création, celle qui vient des profondeurs de soi, qui n’a pas besoin d’être commentée car tout est déjà dit.\">He is one of those who draw their energy from life in creation, that which comes from the depths of the self, which does not need to be commented on because everything is already said.<br /><br /></span><span title=\"Ses œuvres touchent par leur sensibilité, leur humour, leur poésie et la justesse de situations qui pointent les nombreux paradoxes d’un Homme en perpétuel questionnement.\">His works touch by their sensitivity, their humor, their poetry and the accuracy of situations that point to the many paradoxes of a Man in perpetual questioning.<br /><br /></span><span title=\"Tantôt minimaliste, tantôt saturé par des accumulations improbables, entre équilibre et instabilité, liberté et enfermement, douceur et angoisse, dérision et profondeur, l’œuvre de Philippe Hérard nous promène dans son univers au gré d’intentions spontanées.\">Sometimes minimalist, sometimes saturated by improbable accumulations,<strong> between balance and instability, freedom and confinement, sweetness and anguish, derision and depth</strong>, the work of Philippe Hérard takes us into his universe according to spontaneous intentions.<br /><br /></span><span title=\"«Quand on regarde dans les rues, les collages de Philippe Hérard,- tels ces hommes nus ceints d\'une bouée on peut se demander si ce n\'est pas la ville elle-même qui crée un effet d\'équilibre pour ces personnages en\">\"When we look in the streets, the collages of Philippe Hérard, - like these naked men with a buoy we can wonder if it is not the city itself that creates a balance effect for these characters in </span><span title=\"posture instable.\">unstable posture. </span><span title=\"C’est elle, la ville, qui présenterait pour notre regard le sens allégorique de leur place dans l’espace public.\">It is she, the city, who would present for our view the allegorical meaning of their place in the public space. </span><span title=\"Quand la figuration du bancal se fait légende urbaine… »\"><strong>When the representation of the wobbly becomes urban legend ...</strong> \"<br /></span><span title=\"Extrait de « street-art collages de Philippe Hérard » de Henri-Pierre Jeudy, sociologue au CNRS\">Exctract from <strong>\"street-art collages by Philippe Hérard\"</strong> by Henri-Pierre Jeudy, sociologist at CNRS</span></span><br /><span lang=\"en\" xml:lang=\"en\"><span title=\"Poésies Urbaines ...\"></span><span title=\"Extrait de « street-art collages de Philippe Hérard » de Henri-Pierre Jeudy, sociologue au CNRS\"></span></span></p>','','Philippe Hérard','Philippe Hérard, uvres originales, Multiples','Philippe Hérard'),(7,1,'','','Hush','Hush, uvres originales, Multiples','Hush'),(7,2,'','','Hush','Hush, uvres originales, Multiples','Hush'),(8,1,'','','Stoul','Stoul, uvres originales, Multiples','Stoul'),(8,2,'','','Stoul','Stoul, uvres originales, Multiples','Stoul'),(9,1,'<p style=\"text-align:justify;\"><strong>Peintres des rues ...</strong></p>\n<p style=\"text-align:justify;\">Avec l’<strong>Homme Blanc,</strong> Jérôme Mesnager a créé un langage universel qui se renouvelle depuis plus de 30 ans sur les murs du monde entier.<br /> Ce symbole de “<strong>lumière, de force et de paix</strong>“, comme aime le définir l’artiste, s’inscrit dans l’espace urbain par des postures joyeuses, dansantes, humouristiques et développe une incroyable énergie communicative.</p>\n<p style=\"text-align:justify;\">Les personnages articulés de Jérôme Mesnager passent de la rue à la galerie, de la galerie à de nombreux ouvrages avec une apparente simplicité, une évidente spontanéité et toujours la même sensibilité.</p>','<p><span style=\"color:#a60c0c;\"><em><strong> </strong></em></span></p>','Jérôme Mesnager','Jérôme Mesnager, uvres originales, Multiples','Jérôme Mesnager'),(9,2,'<p style=\"text-align:justify;\"><span id=\"result_box\" lang=\"en\" xml:lang=\"en\"><strong>Painters of the streets ...</strong><br /><br /><span>With the <strong>White Man</strong>, Jérôme Mesnager has created a universal language that has been renewed for over 30 years on the walls of the world.</span><br /><span>This symbol of <strong>\"light, strength and peace\"</strong>, as the artist likes to define it, fits in the urban space with joyous, dancing, humorous postures and develops an incredible communicative energy.</span><br /><br /><span>Jérôme Mesnager\'s articulated characters move from the street to the gallery, from the gallery to many works with apparent simplicity, obvious spontaneity and always the same sensitivity.</span></span></p>','','Jérôme Mesnager','Jérôme Mesnager, uvres originales, Multiples','Jérôme Mesnager'),(11,1,'<p style=\"text-align:justify;\"><strong>Gottfried Salzmann</strong> est un plasticien autrichien qui associe la peinture à la photo et au collage. Depuis son atelier parisien, il développe un univers artistique où l’aquarelle apporte élégance et fluidité à son œuvre.</p>\n<p style=\"text-align:justify;\">Ne connaissant aucune limite, ni esthétique ni technologique, son regard photographique traduit des émotions avec une grande intelligence esthétique.<br /> En se concentrant actuellement sur des vues urbaines, Salzmann redéfinit l’espace et fait surgir des perspectives verticales qui dominent son œuvre.</p>\n<p style=\"text-align:justify;\">Il transforme ainsi le papier vierge en un support expressif aussi important que la couleur et devient un élément stabilisateur des compositions. Les éclaboussures d’eau et de couleurs sont à la fois délicatesse et agressivité venant perturber l’équilibre des œuvres.</p>\n<p style=\"text-align:justify;\"><strong>Gottfried Salzmann</strong> est un des <b>rares virtuoses de l’aquarelle de notre temps</b>.</p>','<p><strong> </strong></p>','Gottfried Salzmann','Gottfried Salzmann, uvres originales, Multiples','Gottfried Salzmann'),(11,2,'<p style=\"text-align:justify;\"><span id=\"result_box\" lang=\"en\" xml:lang=\"en\"><span><strong>Gottfried Salzmann</strong> is an Austrian artist who combines painting with photography and collage.</span> <span>From his studio in Paris, he develops an artistic universe where watercolor brings elegance and fluidity to his work.</span><br /><br /><span>Knowing no limits, neither aesthetic nor technological, his photographic look reflects emotions with great aesthetic intelligence.</span><br /><span>By focusing on urban views, Salzmann redefines space and brings out vertical perspectives that dominate his work.</span><br /><br /><span>It transforms virgin paper into an expressive medium as important as color and becomes a stabilizing element of the compositions.</span> <span>Splashes of water and colors are both delicacy and aggressiveness disturbing the balance of works.</span><br /><br /><span><strong>Gottfried Salzmann</strong> is one of the rare virtuosos of the watercolor of our time.</span></span></p>','','Gottfried Salzmann','Gottfried Salzmann, uvres originales, Multiples','Gottfried Salzmann'),(12,1,'<p style=\"text-align:center;\"><span style=\"color:#d0121a;\"><strong>Le sens de l\'espace</strong></span></p>\n<p><strong>Figure montante de l’art urbain</strong>, <em>Levalet</em> a investi la rue par l’installation de personnages à échelle humaine au langage corporel expressif. Cinéma, mime, théâtre d’improvisation nourrissent son travail pour donner naissance à une compagnie de comédiens qui<strong> interagit avec le passant</strong>.</p>\n<p>Cette démarche illusionniste est un jeu de rôles qui semble croqué sur le vif, de préférence à l’encre et sur papier. Collés ensuite dans la rue, les dessins de <em>Levale</em>t interpellent par leur trait caractéristique, leur décalage, leur poésie, leur imagination et la pertinence d’un contexte toujours choisi avec soin.</p>\n<p>Chaque installation raconte ainsi une histoire habile entre <strong>humour</strong> et <strong>questionnement</strong> et transforme l’espace public en scènes inattendues aux <strong>sens multiples.</strong></p>','','Levalet','Levalet, uvres originales, Multiples','Levalet'),(12,2,'<p style=\"text-align:center;\"><strong><span xml:lang=\"en\" style=\"color:#d0121a;\" lang=\"en\">Sens of space</span></strong></p>\n<p><span id=\"result_box\" xml:lang=\"en\" lang=\"en\"><span>A rising figure in urban art, <strong>Levalet</strong> has taken to the streets by installing characters on a human scale with expressive body language.</span> <span>Cinema, mime, improvisational theater feed his work to give birth to a comedians company <strong>that interacts with the passer-by.</strong></span><br /><br /><span>This illusionist approach is a role play that seems sketched on the spot, preferably in ink and on paper.</span> <span>Then stuck in the street, Levalet\'s drawings challenge by their characteristic feature, their shift, their poetry, their imagination and the relevance of a context always chosen carefully.</span><br /><br /><span>Each installation tells a clever story between humor and questioning and <strong>transforms the public space into unexpected scenes with multiple meanings.</strong></span></span></p>','','Levalet','Levalet, uvres originales, Multiples','Levalet'),(13,1,'<p style=\"text-align:justify;\">Artiste autodidacte, <em><strong>Romain Froquet</strong></em> fait ses premiers pas dans le domaine artistique en 2000.</p>\n<p style=\"text-align:justify;\"><strong>Son travail répétitif autour de la ligne l’amène à créer son propre langage pictural.</strong></p>\n<p style=\"text-align:justify;\"><strong>Ses inspirations multiples</strong>, art ethnique, populaire ou design lui permettent de développer un langage qu’il applique dans l’espace public lors de performances.<br /><em>Romain Froquet</em> est aussi à l’aise en exécutant des dessins à l’encre de chine sur papier, ou en travaillant la matière et la couleur sur toile en atelier que lors d’interventions in situ. L’univers urbain est son terrain d’expression pour les œuvres d’envergure.<br /> Sa quête principale réside dans une<strong> recherche d’équilibre au travers d’une gestuelle minutieuse et rythmée.</strong><br /> L’artiste n’hésite pas à développer cette recherche lors d’expositions en galeries, centres d’art ou résidences artistiques en France et à l’étranger : Inde, Etats-Unis et Russie</p>\n<p style=\"text-align:justify;\"><em>Romain Froquet</em> est un artiste français, né à Villeurbanne en 1982.<br /> Il vit et travaille à Paris.</p>','','Romain Froquet','Romain Froquet, uvres originales, Multiples','Romain Froquet'),(13,2,'<p style=\"text-align:justify;\"><span id=\"result_box\" lang=\"en\" xml:lang=\"en\"><span title=\"Artiste autodidacte, Romain Froquet fait ses premiers pas dans le domaine artistique en 2000.\">Self-taught artist, <strong>Romain Froquet</strong> made his first steps in the artistic field in 2000.<br /><br /></span><span title=\"Son travail répétitif autour de la ligne l’amène à créer son propre langage pictural.\">His repetitive work around the line leads him to create his own pictorial language.<br /><br /></span><span title=\"Ses inspirations multiples, art ethnique, populaire ou design lui permettent de développer un langage qu’il applique dans l’espace public lors de performances.\">His multiple inspirations, ethnic, popular or design art allow him to develop a language that he applies in the public space during performances.<br /></span><span title=\"Romain Froquet est aussi à l’aise en exécutant des dessins à l’encre de chine sur papier, ou en travaillant la matière et la couleur sur toile en atelier que lors d’interventions in situ.\">Romain Froquet is equally at home in drawing drawings in India ink on paper, or in working the material and color on canvas in the workshop only during in situ interventions. </span><span title=\"L’univers urbain est son terrain d’expression pour les œuvres d’envergure.\">The urban universe is its field of expression for major works.<br /></span><span title=\"Sa quête principale réside dans une recherche d’équilibre au travers d’une gestuelle minutieuse et rythmée.\">His main quest lies in a search for balance through a meticulous and rhythmic gesture.<br /></span><span title=\"L’artiste n’hésite pas à développer cette recherche lors d’expositions en galeries, centres d’art ou résidences artistiques en France et à l’étranger : Inde, Etats-Unis et Russie\">The artist does not hesitate to develop this research during exhibitions in galleries, art centers or residences in France and abroad: India, United States and Russia<br /><br /></span><span title=\"Romain Froquet est un artiste français, né à Villeurbanne en 1982.\">Romain Froquet is a French artist, born in Villeurbanne in 1982.<br /></span><span title=\"Il vit et travaille à Paris.\">He lives and works in Paris.</span></span></p>','','Romain Froquet','Romain Froquet, uvres originales, Multiples','Romain Froquet'),(14,1,'<p style=\"text-align:justify;\"><strong>La puissance de la déconstruction</strong></p>\n<p style=\"text-align:justify;\">Artiste issu de la scène graffiti parisienne, <strong>Lek développe un style nourri par ses années d’études d’architecture dont le lettrage, l’abstraction et le futurisme signent son travail</strong>.</p>\n<p style=\"text-align:justify;\">Influencé par le style Bauhaus, Lek réinvente, casse les codes classiques et fait naitre des œuvres d’une forme de chaos. Le travail de l’artiste, dont la déconstruction serait le guide, voit naitre des formes inédites comme autant de directions ou de structures à la fois rigides et éphémères.<br /> Toujours à la recherche de lieux d’envergure, <strong>Lek s’exprime en prenant en compte les contraintes de l’espace</strong> pour créer une dynamique nouvelle et inattendue qui dialogue avec l’environnement.</p>\n<p style=\"text-align:justify;\"><strong>Lek et Sowat : un goût commun pour l’Urbex !</strong></p>\n<p style=\"text-align:justify;\">Lek est à l’origine du projet Mausolée avec Sowat, monumentale exposition clandestine révélée en 2012 dans un ouvrage qui leur a ouvert les portes du Palais de Tokyo dans lequel ils passent deux années à créer une exposition expérimentale dans les issues de secours du bâtiment, initiant ce qui deviendra le Lasco Project, premier programme officiel d’art urbain du centre d’art</p>\n<p style=\"text-align:justify;\">Depuis, <strong>Lek et Sowat multiplient les collaborations</strong> avec des artistes d’horizons aussi variés que le poète beat John Giorno, les stylistes Agnès b et Jean Charles de Castelbajac, les pionniers du Graffiti que sont Futura, Mode2 et Jonone ou encore Jacques Villeglé, précurseur du street art.</p>\n<p style=\"text-align:justify;\"><em><strong>De 2015 à 2016, Lek &amp; Sowat ont été pensionnaires de la villa Médicis à Rome.</strong></em></p>','','Lek','Lek, uvres originales, Multiples','Lek'),(14,2,'<p style=\"text-align:justify;\"><span id=\"result_box\" lang=\"en\" xml:lang=\"en\"><span title=\"La puissance de la déconstruction\"><strong>The power of deconstruction</strong><br /><br /></span><span title=\"Artiste issu de la scène graffiti parisienne, Lek développe un style nourri par ses années d’études d’architecture dont le lettrage, l’abstraction et le futurisme signent son travail.\">Artist from the graffiti scene in Paris, Lek develops a style nourished by his years of architectural studies whose lettering, abstraction and futurism sign his work.<br /><br /></span><span title=\"Influencé par le style Bauhaus, Lek réinvente, casse les codes classiques et fait naitre des œuvres d’une forme de chaos.\"><strong>Influenced by the Bauhaus style, Lek reinvents classic codes and creates works of chaos</strong>. The a</span><span title=\"Le travail de l’artiste, dont la déconstruction serait le guide, voit naitre des formes inédites comme autant de directions ou de structures à la fois rigides et éphémères.\">rtist uses deconstruction as a guide, making his work made of new forms such as directions or structures both rigid and ephemeral.<br /></span><span title=\"Toujours à la recherche de lieux d’envergure, Lek s’exprime en prenant en compte les contraintes de l’espace pour créer une dynamique nouvelle et inattendue qui dialogue avec l’environnement.\">Always in search of places of importance, Lek expresses himself considering <strong>the constraints of the space to create a new and unexpected dynamics</strong> which dialogues with the environment.<br /><br /></span><span title=\"Lek et Sowat : un goût commun pour l’Urbex !\">Lek and Sowat: a common taste for Urbex!<br /><br /></span><span title=\"Lek est à l\'origine du projet Mausolée avec Sowat, monumentale exposition clandestine révélée en 2012 dans un ouvrage qui leur a ouvert les portes du Palais de Tokyo dans lequel ils passent deux années à créer une exposition expérimentale dans les issues de secours du bâtiment,\">Lek is at the origin of the Mausoleum project with Sowat, a monumental clandestine exhibition revealed in 2012 in a book that opened the doors of the Palais de Tokyo in which they spent two years creating an experimental exhibition in the building\'s emergency exits, </span><span title=\"initiant ce qui deviendra le Lasco Project, premier programme officiel d\'art urbain du centre d\'art\">initiating what will become the Lasco Project, the city\'s first official urban art program<br /><br /></span><span title=\"Depuis, Lek et Sowat multiplient les collaborations avec des artistes d\'horizons aussi variés que le poète beat John Giorno, les stylistes Agnès b et Jean Charles de Castelbajac, les pionniers du Graffiti que sont Futura, Mode2 et Jonone ou encore Jacques Villeglé, précurseur\">Since, Lek and Sowat multiply collaborations with artists from various scopes such as the poet beat John Giorno, the stylists Agnès b and Jean Charles de Castelbajac, the pioneers of Graffiti Futura, Mode2 and Jonone or Jacques Villeglé, forerunner </span><span title=\"du street art.\">street art.<br /><br /></span><span title=\"De 2015 à 2016, Lek &amp; Sowat ont été pensionnaires de la villa Médicis à Rome.\">From 2015 to 2016, Lek &amp; Sowat were residents of Villa Medicis in Rome.</span></span></p>','','Lek','Lek, uvres originales, Multiples','Lek'),(15,1,'<p><em><strong><em>Fragments de vie ...</em></strong></em></p>\n<p><em>Construire, réaliser, œuvrer, assembler les éléments, chercher l’harmonie.</em><br /><em>Raconter des histoires, de l’ordre de l’intime, liées aux souvenirs, ceux enfouis, ceux des autres, ceux de chacun.</em><br /><em>Faire parler la matière, lui redonner un souffle, la rappeler, l’assembler en fragments de vie.</em><br /><em>Peindre des instantanés, des images réelles et imaginées, des portraits, des reflets, des figures.</em><br /><em>Donner à s’évader, se perdre dans le motif, convoquer l’imaginaire, dépasser l’apparence.</em><br /><em>Construire encore, ordonner, déstructurer toujours, renaitre du chaos.</em><br /><em>Formes, couleurs, contrastes, voyager plus loin que l’imagination vers un univers intemporel.</em></p>\n<p><a href=\"https://joelknafo-art.com/categorie-produit/evazesir/\">EvazéSir</a> aiment explorer les sentiments les plus profonds. Chacune de leur intervention voit naitre des installations qui puisent leur force dans l’assemblage de leurs trouvailles, s’inscrivent dans les lieux qu’ils explorent et laissent une trace. Celle des souvenirs.</p>','<p><strong><em> </em></strong></p>','EvazéSir','EvazéSir, uvres originales, Multiples','EvazéSir'),(15,2,'<p><span id=\"result_box\" lang=\"en\" xml:lang=\"en\"><strong><span>Fragments of life ...</span></strong><br /><br /><span>To build, to realize, to work, to assemble the elements, to seek the harmony.</span><br /><span class=\"alt-edited\">Telling stories, from inner self, related to memories, those buried, those of others, those of each.</span><br /><span>Make matter speak, make it a breath, recall it, assemble it into fragments of life.</span><br /><span>Paint snapshots, real and imagined images, portraits, reflections, figures.</span><br /><span>Escape, to be lost in the motive, to summon the imaginary, to exceed the appearance.</span><br /><span>To build again, to order, to destructure always, to reborn from chaos.</span><br /><span>Forms, colors, contrasts, traveling beyond imagination to a timeless universe.</span><br /><br /><span>EvazéSir like to explore the deepest feelings.</span> <span>Each of their intervention sees the birth of installations that draw their strength from the assembly of their finds, register in the places they explore and leave a trace.</span> <span>That of memories.</span></span></p>','','EvazéSir','EvazéSir, uvres originales, Multiples','EvazéSir'),(16,1,'<p style=\"text-align:justify;\"><strong><em>Jana &amp; JS</em> est un duo d’artistes qui travaille à quatre mains depuis 10 ans.</strong><br /> En couple dans la vie comme en art, ils peignent, grâce à leurs pochoirs, des portraits, souvent sur fond d’architectures urbaines.<br /><strong>Intéressés par les quartiers en pleine mutation,</strong> ils inscrivent dans leurs œuvres, des figures humaines qui apportent et portent un nouveau regard sur leur<br /> environnement.<br /> L’<strong>espace urbain</strong> et les lieux dans lesquels ils interviennent, les <strong>traces du temps qui passe</strong> et une certaine mélancolie sont tant d’inspirations qui nourrissent leur travail. Elles se traduisent dans les expressions ou attitudes de leurs personnages et dans le choix des supports utilisés.<br /> En faisant figurer leurs portraits devant des façades de tours d’immeubles déshumanisées, ils <strong>redonnent à l’individu sa singularité et le place comme sujet principal et essentiel.</strong><br /> Installés en Autriche, pays d’origine de Jana, ils travaillent aussi bien en extérieur sur des grandes surfaces murales que sur des supports originaux dans leur atelier. Leur œuvre dégage une poésie délicate et rend compte d’une grande recherche plastique.<br /><em>Jana &amp; JS</em> utilisent de multiples supports, du bois au béton, pour donner vie à leurs silhouettes</p>','<p><strong><em> </em></strong></p>','Jana & JS','Jana & JS, uvres originales, Multiples','Jana & JS'),(16,2,'<p style=\"text-align:justify;\"><span id=\"result_box\" lang=\"en\" xml:lang=\"en\"><span title=\"Jana &amp; JS est un duo d’artistes qui travaille à quatre mains depuis 10 ans.\"><strong>Jana &amp; JS</strong> is an artist duo who has been working with four hands for 10 years.<br /></span><span title=\"En couple dans la vie comme en art, ils peignent, grâce à leurs pochoirs, des portraits, souvent sur fond d’architectures urbaines.\">As a couple in life as in art, they paint with stencils, portraits, often on the background of urban architectures.<br /></span><span title=\"Intéressés par les quartiers en pleine mutation, ils inscrivent dans leurs œuvres, des figures humaines qui apportent et portent un nouveau regard sur leur\">Interested in <strong>changing neighborhoods</strong>, they include in their works, human figures who bring and take a new look at their<br /></span><span title=\"environnement.\">environment.<br /></span><span title=\"L’espace urbain et les lieux dans lesquels ils interviennent, les traces du temps qui passe et une certaine mélancolie sont tant d’inspirations qui nourrissent leur travail.\">The urban space and the places in which they\'re performing, the traces of passing time and a certain melancholy are so many inspirations that feed their work. </span><span title=\"Elles se traduisent dans les expressions ou attitudes de leurs personnages et dans le choix des supports utilisés.\"><strong>They are depicting in the expressions or attitudes of their characters and in the choice of media used.</strong><br /></span><span title=\"En faisant figurer leurs portraits devant des façades de tours d’immeubles déshumanisées, ils redonnent à l’individu sa singularité et le place comme sujet principal et essentiel.\">By portraying their portraits in front of the façades of dehumanized buildings, they give the individual his singularity and place him as the main and essential subject.<br /></span><span title=\"Installés en Autriche, pays d’origine de Jana, ils travaillent aussi bien en extérieur sur des grandes surfaces murales que sur des supports originaux dans leur atelier.\">Based in Austria, home of Jana, they work both outdoors on large wall surfaces and original media in their workshop. </span><span title=\"Leur œuvre dégage une poésie délicate et rend compte d’une grande recherche plastique.\">Their work exudes a delicate poetry and accounts for a great plastic research.<br /></span><span title=\"Jana &amp; JS utilisent de multiples supports, du bois au béton, pour donner vie à leurs silhouettes\">Jana &amp; JS use multiple supports, from wood to concrete, to give life to their silhouettes.</span></span></p>','','Jana & JS','Jana & JS, uvres originales, Multiples','Jana & JS'),(17,1,'<p><strong>SpeedyGraphito</strong> est un plasticien français qui a su faire la <b>jonction entre la figuration libre et le </b><b>street</b><b> art des années 1980</b>. Après des études artistiques à l’École Estienne à Paris, il intègre le collectif X-Moulinex en 1983 qu’il quitte l’année suivante. Il réalise des graffitis exécutés au pochoir ou au pinceau.</p>\n<p>L’artiste a développé son propre imaginaire culturel, l’« <b>imagerie </b><b>Speedy</b> », qui représente des personnages schématiques et dynamiques <strong>inspir</strong><b>és de l’iconographie pop regroupant les jeux vidéo, les comics, les marques publicitaires etc. </b></p>\n<p>Ses œuvres font l’objet de performance sur les murs des villes du monde entier lui permettant de participer à des festivals, des ventes aux enchères et des expositions.</p>','','Speedy Graphito','Speedy Graphito, uvres originales, Multiples','Speedy Graphito'),(17,2,'<p><span id=\"result_box\" lang=\"en\" xml:lang=\"en\"><span><strong>Speedy Graphito </strong> is a French artist who was able to make the connection between free figuration and street art of the 1980s. After studying art at the Estienne School in Paris, he joined the collective <strong>X-Moulinex</strong> in 1983 that he left the</span> <span>Next year.</span> <span>He makes graffiti executed stencil or brush.</span><br /><br /><span>The artist has developed his own cultural imagination, the \"Speedy imagery\", which represents schematic and dynamic characters inspired by the pop iconography including video games, comics, advertising brands, etc.</span><br /><br /><span>His works are featured on the walls of cities around the world allowing him to participate in festivals, auctions and exhibitions.</span></span></p>','','Speedy Graphito','Speedy Graphito, Multiples','Speedy Graphito'),(18,1,'<p style=\"text-align:justify;\">Né en 1965 à Bristol, <strong>Guy Denning est un plasticien britannique</strong> dont le travail évolue entre tradition et modernité. Refusé à plusieurs reprises des Ecoles des Beaux Arts, il suivra un parcours d’histoire de l’art à Open University. La création artistique étant son véritable moteur, Guy Denning ne se décourage pas et se lie d’amitié avec plusieurs artistes qui confortent sa technique acquise en autodidacte.</p>\n<p style=\"text-align:justify;\">D’abord intéressé par l’abstraction au début des années 1990, et notamment par l’œuvre du peintre américain Franz Kline, Guy Denning reviendra naturellement à la figuration pour <strong>représenter des sujets de société.</strong> Avec sa touche « punk » il développe un univers où se <strong>mélange discours politique et chimères contemporaines.</strong></p>\n<p style=\"text-align:justify;\">Son esthétique touche aujourd’hui un public de collectionneurs d’art urbain intéressés par les messages sociopolitique de l’artiste.</p>','','Guy Denning','Guy Denning, uvres originales, Multiples','Guy Denning'),(18,2,'<p style=\"text-align:justify;\"><span id=\"result_box\" xml:lang=\"en\" lang=\"en\"><span>Born in 1965 in Bristol, <strong>Guy Denning is a British artist whose work evolves between tradition and modernity</strong>.</span> <span>Rejected several times from the Schools of Fine Arts, he will follow a history of art at Open University.</span> <span>As artistic creation is his real driving force, Guy Denning does not get discouraged and befriends several artists who reinforce his self-taught technique.</span><br /><br /><span>First interested in abstraction in the early 1990s, and especially by the work of the American painter Franz Kline, Guy Denning will naturally return to figuration to represent social issues.</span> <span><strong>With his \"punk\" touch, he develops a world where political discourses and contemporary chimeras mix</strong>.</span><br /><br /><span>His aesthetic today touches an audience of urban art collectors interested in the sociopolitical messages of the artist.</span></span></p>','','Guy Denning','Guy Denning, uvres originales, Multiples','Guy Denning'),(19,1,'<p><strong>Jacques Villeglé,</strong> né en 1926, est avec Raymond Hains, un des membres fondateurs du groupe des <strong>Nouveaux Réalistes.</strong></p>\n<p>Formé aux Beaux Arts de Rennes et de Nantes, ce plasticien propose, à travers son œuvre des <strong>affiches lacérées</strong> qu’ils prélèvent dans la rue, un instantané de la Ville.</p>\n<p>Avec son<strong> alphabet socio-politique</strong>, composé de symboles et de signes empruntés à l’espace urbain, il révèle les traces de notre civilisation et recompose des textes et citations d’auteurs connus ou inconnus.</p>\n<p>Jacques Villeglé, participe à de nombreux projets et passe allégrement de la rue au livre, du livre à la galerie et de la galerie au musée.</p>','<p><strong> </strong></p>','Jacques Villeglé','Jacques Villeglé, uvres originales, Multiples','Jacques Villeglé'),(19,2,'','','Jacques Villeglé','Jacques Villeglé, uvres originales, Multiples','Jacques Villeglé'),(20,1,'<p style=\"text-align:justify;\">Artiste pluridisciplinaire, Annabelle Tattu redéfinit les codes de la rue pour imposer son style unique :</p>\n<h2 style=\"text-align:justify;\"><strong><span style=\"color:#ff0000;\">L’ART SINGULIER URBAIN !</span></strong></h2>\n<p style=\"text-align:justify;\">Son univers onirique et fantastique se construit à partir des dialogues que l’artiste noue avec ses personnages. Elle leur donne vie, leur crée des histoires, les multiplie, les transforme… ils envahissent son esprit, puis son espace, se forment de traits impulsifs qu’ils semblent eux-mêmes guider. Ils s’expriment selon l’humeur du moment et à l’instar d’esprits bienveillants s’animent pour répondre à leur mission, protéger ceux qui engageront le dialogue.</p>\n<p style=\"text-align:justify;\">Chaque œuvre, dessin ou peinture, conjugue souci du détail, spontanéité du trait, gaité et luminosité des couleurs pour exprimer sans retenue les émotions d’Annabelle Tattu. Ce travail, sans équivalent sur la scène artistique urbaine, apporte une énergie nouvelle, de la sensibilité et de la poésie à un courant encore dominé par les hommes.</p>\n<p style=\"text-align:justify;\">Née en 1979, Annabelle Tattu est diplômée des Beaux Arts de Metz (DNAP et DNSEP) et diplômée en infographie multimédia.<br /> Annabelle Tattu est la gagnante 2014 du <strong><em>Prix Jeunes Artistes Urbains</em></strong> organisé par Joël Knafo Art.</p>','','Annabelle Tattu','Annabelle Tattu','Annabelle Tattu'),(20,2,'<p style=\"text-align:justify;\"><span id=\"result_box\" xml:lang=\"en\" lang=\"en\"><span title=\"Artiste pluridisciplinaire, Annabelle Tattu redéfinit les codes de la rue pour imposer son style unique :\">Multidisciplinary artist, Annabelle Tattu redefines the codes of the street to impose her unique style:<br /></span></span></p>\n<p style=\"text-align:justify;\"><span xml:lang=\"en\" lang=\"en\"><span title=\"L’ART SINGULIER URBAIN !\"><strong>SINGULAR URBAN ART!</strong></span></span></p>\n<p style=\"text-align:justify;\"><span xml:lang=\"en\" lang=\"en\"><span title=\"Son univers onirique et fantastique se construit à partir des dialogues que l’artiste noue avec ses personnages.\">His dreamlike and fantastic universe is built from dialogues that the artist makes with his characters. </span><span title=\"Elle leur donne vie, leur crée des histoires, les multiplie, les transforme… ils envahissent son esprit, puis son espace, se forment de traits impulsifs qu’ils semblent eux-mêmes guider.\">She gives them life, creates stories for them, multiplies them, transforms them ... they invade her mind, then her space, they form impulsive traits that they themselves seem to guide. </span><span title=\"Ils s’expriment selon l’humeur du moment et à l’instar d’esprits bienveillants s’animent pour répondre à leur mission, protéger ceux qui engageront le dialogue.\">They express themselves according to the mood of the moment and like benevolent spirits come alive to answer their mission, to protect those who will initiate the dialogue.<br /><br /></span><span title=\"Chaque œuvre, dessin ou peinture, conjugue souci du détail, spontanéité du trait, gaité et luminosité des couleurs pour exprimer sans retenue les émotions d’Annabelle Tattu.\">Each work, drawing or painting, combines attention to detail, spontaneity of line, cheerfulness and brightness of colors to express without restraint the emotions of Annabelle Tattu. </span><span title=\"Ce travail, sans équivalent sur la scène artistique urbaine, apporte une énergie nouvelle, de la sensibilité et de la poésie à un courant encore dominé par les hommes.\">This work, unparalleled on the urban art scene, brings a new energy, sensitivity and poetry to a current still dominated by men.<br /><br /></span><span title=\"Née en 1979, Annabelle Tattu est diplômée des Beaux Arts de Metz (DNAP et DNSEP) et diplômée en infographie multimédia.\">Born in 1979, Annabelle Tattu graduated from the Beaux Arts of Metz (DNAP and DNSEP) and graduated in multimedia computer graphics.<br /></span><span title=\"Annabelle Tattu est la gagnante 2014 du Prix Jeunes Artistes Urbains organisé par Joël Knafo Art.\">Annabelle Tattu is the 2014 winner of the Young Artists Urban Award organized by Joël Knafo Art.</span></span></p>','','Annabelle Tattu','Annabelle Tattu, Multiples','Annabelle Tattu'),(21,1,'<p style=\"text-align:justify;\">Artiste contemporain urbain, <strong>Zenoy développe depuis 1988 une écriture visuelle inspirée de la technique du writing</strong> née à Philadelphie à la fin des années 1960. A la croisée de multiples influences, musicales et plastiques, son art s’exprime par une recherche constante autour de la lettre pour construire une écriture personnelle stylisée.</p>\n<p style=\"text-align:justify;\">Si l’artiste évolue aujourd’hui en galeries, son travail trouve son origine dans l’action en mode vandale, avec des premiers graffs sur le métro ou des trains.</p>\n<p style=\"text-align:justify;\">Aujourd’hui l’art du graffiti fait partie intégrante de sa vie. Outre celui de rue, véritable moteur pour <strong>Zenoy</strong>, il se consacre depuis plus de 15 ans au graffiti sur toile et participe à de nombreuses expositions contemporaines.<br /><strong>Les œuvres de Zenoy sur toiles sont des expériences sans cesse renouvelées</strong> dont la recherche des lignes de force associées aux mélanges de couleurs signent un style pétillant résolument actuel.</p>','<p><strong> </strong></p>','Zenoy','Zenoy, uvres originales, Multiples','Zenoy'),(21,2,'<p style=\"text-align:justify;\"><span id=\"result_box\" lang=\"en\" xml:lang=\"en\"><span>Urban contemporary artist, <strong>Zenoy</strong> develops since 1988 a visual writing inspired by the technique of writing born in Philadelphia in the late 1960s. At the crossroads of multiple influences, musical and plastic, his art is expressed by a constant search around the world.</span> <span>letter to build a stylized personal writing.</span><br /><br /><span>If the artist evolves today in galleries, his work finds its origin in the action in vandal mode, with first graffiti on the subway or trains.</span><br /><br /><span>Today the art of graffiti is an integral part of his life.</span> <span>In addition to the street, a real engine for Zenoy, he has devoted himself for more than 15 years to graffiti on canvas and participates in many contemporary exhibitions.</span><br /><span>The works of Zenoy on canvas are<strong> constantly renewed experiences whose search for the lines of force associated with the blends of colors sign a sparkling style resolutely actual</strong>.</span></span></p>','','Zenoy','Zenoy, uvres originales, Multiples','Zenoy'),(22,1,'<p style=\"text-align:justify;\"><strong>René Botti est</strong> <b>peintre et illustrateur de l’imaginaire</b>.</p>\n<p style=\"text-align:justify;\">Après des études à l’école des Arts Appliqués et l’école des Arts Graphiques, il choisit de suivre une carrière d’illustrateur dès les années 60.</p>\n<p style=\"text-align:justify;\">L’artiste utilise des <b>mat</b><b>ériaux hétérogènes souvent issus de l’espace urbain, notamment des palissades en bois, </b>qui unifient des compositions ironiques dans un même travail pictural. En métamorphosant les éléments, René Botti crée des œuvres qui se lisent tel un texte et reflètent notre condition contemporaine, ambiguë et harcelée par les mots.</p>\n<p style=\"text-align:justify;\">Son œuvre, toujours extraordinaire, fait surgir le merveilleux de chaque tranche de vie. <b>Elle parle au cœur et à l’intelligence de celui qui la rencontre.</b></p>','<p><strong> </strong></p>','René Botti','René Botti, uvres originales, Multiples','René Botti'),(22,2,'<p style=\"text-align:justify;\"><span id=\"result_box\" lang=\"en\" xml:lang=\"en\"><span><strong>René Botti</strong> is a painter and illustrator of the imagination.</span><br /><br /><span>After studying at the School of Applied Arts and the School of Graphic Arts, he chose to follow a career as an illustrator in the 60s.</span><br /><br /><span>The artist uses <strong>heterogeneous materials often from the urban space, including wooden palisades, which unify ironic compositions in the same pictorial work</strong>.</span> <span>By transforming the elements, René Botti creates works that read like a text and reflect our contemporary condition, ambiguous and harassed by words.</span><br /><br /><span>His work, always extraordinary, brings out the wonderful of each slice of life.</span> <strong><span>She speaks to the heart and the intelligence of those who meet her.</span></strong></span></p>','','René Botti','René Botti, Multiples','René Botti'),(23,1,'<p style=\"text-align:justify;\"><strong>Des Murs et des visages ...</strong></p>\n<p style=\"text-align:justify;\">Artiste permanent de Joël Knafo Art Gallery, <strong>Gregos</strong>, donne une nouvelle dimension à l’<strong>art de la rue.</strong></p>\n<p style=\"text-align:justify;\">Son visage, présent plus de 1000 fois sur les murs du monde, voyage et partage ses humeurs d’Athènes à Berlin ou de Los Angeles à Londres.</p>\n<p style=\"text-align:justify;\">Tantôt sourire, tantôt colère, et souvent facétieux, <strong>les visages de Gregos ne laissent jamais indifférents</strong> et provoquent instantanément le passant. Les plus audacieux le “customise” tandis que les touristes l’immortalisent en se photographiant à ses côtés.<br /> Aujourd’hui, si la rue reste le terrain de jeu préféré de <strong>Gregos</strong>, ses visages et installations trouvent une place de choix chez les collectionneurs. Depuis ses<strong> moulages, initialement en plâtre</strong>, <strong>aux matériaux les plus nobles</strong> (Bronze, Cristal, chrome) <strong>Gregos</strong> explore de nouvelles matières, développe de nouveaux procédés qui signent des œuvres évoluant entre tradition et modernité.</p>\n<p style=\"text-align:justify;\"><em>“Les murs avaient des oreilles, ils ont maintenant des visages”</em><br /> N’hésitez pas à <a href=\"https://joelknafo-art.com/contact/\">nous contacter</a> pour découvrir l’ensemble de son travail.</p>','<p><strong> </strong></p>','Gregos','Gregos, uvres originales, Multiples','Gregos'),(23,2,'<p style=\"text-align:justify;\"><span id=\"result_box\" lang=\"en\" xml:lang=\"en\"><span title=\"Des Murs et des visages ...\"><strong>Walls and faces ...</strong><br /><br /></span><span title=\"Artiste permanent de Joël Knafo Art Gallery, Gregos, donne une nouvelle dimension à l’art de la rue.\">Permanent Artist Joel Knafo Art Gallery, <strong>Gregos</strong>, gives a new dimension to the art of the street.<br /><br /></span><span title=\"Son visage, présent plus de 1000 fois sur les murs du monde, voyage et partage ses humeurs d’Athènes à Berlin ou de Los Angeles à Londres.\">His face, present more than 1000 times on the walls of the world, travels and shares his moods from Athens to Berlin or from Los Angeles to London.<br /><br /></span><span title=\"Tantôt sourire, tantôt colère, et souvent facétieux, les visages de Gregos ne laissent jamais indifférents et provoquent instantanément le passant.\">Sometimes smiling, sometimes angry, and often facetious, the faces of Gregos never leave indifferent and instantly cause the passer-by. </span><span title=\"Les plus audacieux le “customise” tandis que les touristes l’immortalisent en se photographiant à ses côtés.\">The most daring \"customizes\" while tourists immortalize by photographing at his side.<br /></span><span title=\"Aujourd’hui, si la rue reste le terrain de jeu préféré de Gregos, ses visages et installations trouvent une place de choix chez les collectionneurs.\">Today, if the street remains Gregos\' favorite playground, his faces and installations find a place of choice among collectors. </span><span title=\"Depuis ses moulages, initialement en plâtre, aux matériaux les plus nobles (Bronze, Cristal, chrome) Gregos explore de nouvelles matières, développe de nouveaux procédés qui signent des œuvres évoluant entre tradition et modernité.\">From his casts, initially cast, to the most noble materials (Bronze, Crystal, chrome) Gregos explores new materials, develops new processes that sign works evolving between tradition and modernity.<br /><br /></span><span title=\"“Les murs avaient des oreilles, ils ont maintenant des visages”\">\"The walls had ears, they now have faces\"<br /></span><span title=\"N’hésitez pas à nous contacter pour découvrir l’ensemble de son travail.\">Do not hesitate to contact us to discover all of his work.</span></span></p>','','Gregos','Gregos, uvres originales, Multiples','Gregos'),(24,1,'<p>JonOne est <b>grapheur et artiste-peintre américain inscrit dans le mouvement d’art urbain</b>. Il commence par le graffiti à New York qu’il quitte pour s’installer à Paris dans les années 80. Il utilise principalement <b>son nom comme signature visuelle </b>qu’il transpose des rames de métro à la toile.</p>\n<p>Il porte son attention tout particulièrement sur l’agitation et le mouvement de son geste à travers la couleur pour se définir aujourd’hui comme « <b>peintre graffiti expressionniste abstrait </b>».</p>','','JonOne','JonOne, uvres originales, Multiples','JonOne'),(24,2,'','','JonOne','JonOne, uvres originales, Multiples','JonOne'),(25,1,'<p><strong>Hervé Di Rosa est un</strong> <b>représ</b><b>entant majeur du mouvement de la figuration libre en France</b>.</p>\n<p>Il emprunte à la fois à la BD, au rock et au graffiti. Il crée des œuvres qu’il souhaite être une rencontre de plusieurs domaines, et n’hésite pas à définir son style : « <b><i>Ce que je cherche, c’est d’être colonisé par l’autre</i></b><i> </i>».</p>\n<p>Il se nourrit des cultures du monde et donne à ses œuvres une vivacité des couleurs et des tonalités pétillantes.</p>\n<p>Faisant <b>référence aux arts populaires</b>, Hervé Di Rosa s’inscrit dans l’actualité de son temps et revendique son <b>appartenance à la culture u</b><b>rbaine</b>.</p>','<p><b><span style=\"color:#d0121a;\"></span><br /></b></p>','Hervé Di Rosa','Hervé Di Rosa, uvres originales, Multiples','Hervé Di Rosa'),(25,2,'','','Hervé Di Rosa','Hervé Di Rosa, uvres originales, Multiples','Hervé Di Rosa'),(26,1,'<p style=\"text-align:justify;\"><strong>Hybridations fantasmagoriques ...</strong></p>\n<p style=\"text-align:justify;\">Diplômé des Arts Décoratifs de Strasbourg en 2004, <em>Bault</em> vit et travaille à Paris.<br /> L’univers de <em>Bault</em> est <strong>peuplé de créatures étranges</strong>, sorties d’un bestiaire imaginaire aux couleurs vives.<br /> Son trait, expressif, trace sur les murs comme sur les toiles, un <strong>monde inspiré par l’absurde et la rêverie</strong>. <em>Bault</em> puise également dans l’actualité et les travers humains pour les métamorphoser sous une forme animale. Ses insectes démesurés et ses petits monstres sont souvent dotés de multiples membres, leur conférant un caractère inquiétant, parfois même effrayant, mais aussi amusant.</p>\n<p style=\"text-align:justify;\">Libéré des contraintes du dessin académique, <strong>il invente sans aucune limite</strong>. D’apparence primitive, ses œuvres sont instinctives, son trait est précis et ses couleurs choisies avec soin afin de transmettre ses idées ou émotions.</p>','','Bault','Bault','Bault'),(26,2,'<p style=\"text-align:justify;\"><span id=\"result_box\" xml:lang=\"en\" lang=\"en\"><strong>Spooky Hybridations ...</strong><br /><br /><span>Graduated from the Decorative Arts of Strasbourg in 2004, Bault lives and works in Paris.</span><br /><span>Bault\'s universe is populated by strange creatures, out of an imaginary bestiary with bright colors.</span><br /><span class=\"alt-edited\">His line, expressive, hit the walls like paintings, a world inspired by the absurd and daydreaming.</span> <span>Bault also draws on current events and human traits to transform them into an animal form.</span> <span>Its oversized insects and small monsters are often endowed with multiple members, giving them a disturbing, sometimes frightening, but also amusing character.</span><br /><br /><span>Free from the constraints of academic design, he invents without any limit.</span> <span>Primitive in appearance, his works are instinctive, his line is precise and his colors carefully chosen to convey his ideas or emotions.</span></span></p>','','Bault','Bault, uvres originales, Multiples','Bault'),(27,1,'','','','',''),(27,2,'','','','',''),(28,1,'','','','',''),(28,2,'','','','',''),(29,1,'','','','',''),(29,2,'','','','',''),(30,1,'','','','',''),(30,2,'','','','',''),(31,1,'','','','',''),(31,2,'','','','',''),(32,1,'','','','',''),(32,2,'','','','',''),(33,1,'','','','',''),(33,2,'','','','',''),(35,1,'<p style=\"text-align:center;\"><span style=\"color:#a10b0b;\"><em><strong>Guérilla urbaine.</strong></em></span></p>\n<p></p>\n<p>Issu de l’univers du <b>graphisme</b> <i>Shepard Fairey </i>construit par diverses techniques un <span style=\"color:#000000;\">art figuratif qui dénonce les mensonges de la culture publicitaire.</span></p>\n<p>Artiste <b>activiste</b> et engagé, ses œuvres poussent à <b>une réflexion sur les mécanismes de contrôle et d’obéissance des individus,</b> ainsi qu’à un questionnement sur les <b>systèmes de surveillance dans l’espace public.</b></p>\n<p><i>Shepard Fairey<span>  </span></i><span class=\"none\"> accède à une <b>reconnaissance internationale</b> en 2008 lors de la campagne présidentielle américaine de Barack Obama avec la création du poster HOPE.</span></p>\n<p><span class=\"none\">Depuis, en saturant les grandes villes de visuels marqués par son identité graphique, il affirme son <b>engagement environnemental et sociétal </b>dans une forme de propagande qui n’est pas sans rappeler les publicités qu’il dénonce.</span></p>\n<p></p>','','','',''),(35,2,'','','','',''),(37,1,'','','','',''),(37,2,'','','','',''),(38,1,'','','','',''),(38,2,'','','','',''),(39,1,'','','','',''),(39,2,'','','','',''),(40,1,'','','','',''),(40,2,'','','','',''),(41,1,'','','','',''),(41,2,'','','','',''),(42,1,'','','','',''),(42,2,'','','','',''),(43,1,'','','','',''),(43,2,'','','','',''),(44,1,'','','','',''),(44,2,'','','','',''),(45,1,'','','','',''),(45,2,'','','','',''),(46,1,'','','','',''),(46,2,'','','','',''),(47,1,'','','','',''),(47,2,'','','','',''),(48,1,'','','','',''),(48,2,'','','','',''),(49,1,'','','','',''),(49,2,'','','','',''),(50,1,'','','','',''),(50,2,'','','','',''),(51,1,'','','','',''),(51,2,'','','','',''),(52,1,'','','','',''),(52,2,'','','','',''),(53,1,'','','','',''),(53,2,'','','','',''),(54,1,'<p></p>\n<p class=\"MsoNormal\" style=\"text-align:justify;\"><span style=\"font-size:7.5pt;font-family:Segoe;\" xml:lang=\"fr\" lang=\"fr\">Né à New-York en 1963, <strong>Charles Hargrove</strong> alias <strong>Kool Koor</strong> est considéré comme un des<strong> pionniers du graffiti new yorkais.</strong> </span></p>\n<p></p>\n<p class=\"MsoNormal\" style=\"text-align:justify;\"><span style=\"font-size:7.5pt;font-family:Segoe;\" xml:lang=\"fr\" lang=\"fr\">Fils de peintres d’origine caribéenne, il se passionne très jeune pour le graffiti dans le South Bronx où la culture hip hop est en pleine effervescence. </span></p>\n<p></p>\n<p class=\"MsoNormal\" style=\"text-align:justify;\"><span style=\"font-size:7.5pt;font-family:Segoe;\" xml:lang=\"fr\" lang=\"fr\">En 1979, Il expose à l’âge d’à peine seize ans pour la première fois à la galerie <em>Fashion Moda </em>; la première galerie à présenter la scène du Graffiti New Yorkais et la jeune création contemporaine avec des artistes comme Keith Haring en plein cœur de Manhattan. </span></p>\n<p></p>\n<p class=\"MsoNormal\" style=\"text-align:justify;\"><span style=\"font-size:7.5pt;font-family:Segoe;\" xml:lang=\"fr\" lang=\"fr\">Inspiré à la fois par ses études en <strong>architecture et la culture futuriste,</strong> il passe de la bombe au pinceau pour créer des villes, des univers remplis de vaisseaux spatiaux qui peu à peu se transforment en formes épurées proches d’une écriture galactique. Ses lignes serpentines entrecroisées par des flux de lettres abstraites forment de véritables labyrinthes fantastiques. </span></p>\n<p></p>\n<p class=\"MsoNormal\" style=\"text-align:justify;\"><span style=\"font-size:7.5pt;font-family:Segoe;\" xml:lang=\"fr\" lang=\"fr\">Désormais ses <strong>œuvres sont conservées dans de grands musées tel que le Metropolitan Museum of Art de New York</strong>, et elles figurent dans nombre de collections privées américaines ou européennes. </span></p>\n<p></p>\n<p></p>','','Kool Koor','kool koor,Oeuvres originales,multiples','Kool Koor artiste américain issu du graffiti - writter'),(54,2,'','','Kool Koor','','Graffiti artist - writter - american'),(55,1,'<p></p>\n<p class=\"MsoNormal\" style=\"text-align:justify;margin:.1pt 0cm .1pt 0cm;\"><span style=\"font-size:7.5pt;font-family:Segoe;\"><strong>Lady M</strong> est une artiste française née en 1981. Elle pratique dès son plus jeune âge le piano et la clarinette pour se tourner à l’adolescence vers la peinture. Après des études en architecture d’intérieur, elle rejoint en 2006 l’Opéra de Paris en tant que peintre décorateur. </span></p>\n<p></p>\n<p class=\"MsoNormal\" style=\"text-align:justify;margin:.1pt 0cm .1pt 0cm;\"><span style=\"font-size:7.5pt;font-family:Segoe;\">Cette nouvelle appréhension de l’espace a beaucoup nourri sa pratique dans l’art urbain . Elle a notamment<strong> participé à la réalisation de la plus grande fresque d’Europe</strong> à Evry avec le street artiste <em>Speedy Graphito</em> en 2016. Cette même année, elle fait sa première exposition à Paris et participe au festival d’art contemporain “arvest expo” à Yerevan en Arménie. </span></p>\n<p></p>\n<p class=\"MsoNormal\" style=\"text-align:justify;margin:.1pt 0cm .1pt 0cm;\"><span style=\"font-size:7.5pt;font-family:Segoe;\"><strong>Son travail s’articule autour de la notion d’espace</strong>. Ses lignes concentriques se propagent sur la toile dans une atmosphère galactique. La musique qui l’a imprégnée du temps de sa jeunesse rythme ses couleurs. Il s’en dégage une harmonie et un équilibre similaire aux mouvements des astres. </span></p>\n<p></p>\n<p></p>','','Lady M','Lady m,galaxie ,peinture,futur','Artiste de la scène urbaine française'),(55,2,'','','Lady m','Urban artist,galaxy','French urban artist');

--
-- Table structure for table `pre3303_manufacturer_shop`
--

CREATE TABLE `pre3303_manufacturer_shop` (
  `id_manufacturer` int(11) unsigned NOT NULL,
  `id_shop` int(11) unsigned NOT NULL,
  PRIMARY KEY (`id_manufacturer`,`id_shop`),
  KEY `id_shop` (`id_shop`)
) ENGINE=InnoDB DEFAULT CHARSET=utf8;

--
-- Dumping data for table `pre3303_manufacturer_shop`
--

INSERT INTO `pre3303_manufacturer_shop` VALUES (4,2),(5,2),(6,2),(7,2),(8,2),(9,2),(11,2),(12,2),(13,2),(14,2),(15,2),(16,2),(17,2),(18,2),(19,2),(20,2),(21,2),(22,2),(23,2),(24,2),(25,2),(26,2),(31,2),(33,2),(37,2),(40,2),(41,2),(42,2),(44,2),(45,2),(46,2),(47,2),(48,2),(49,2),(50,2),(51,2),(52,2),(53,2),(54,2),(55,2),(4,4),(5,4),(6,4),(7,4),(8,4),(9,4),(11,4),(12,4),(13,4),(14,4),(15,4),(16,4),(17,4),(18,4),(19,4),(21,4),(22,4),(23,4),(24,4),(25,4),(27,4),(28,4),(29,4),(30,4),(32,4),(33,4),(35,4),(38,4),(39,4),(40,4),(41,4),(42,4),(43,4),(50,4),(52,4),(53,4),(54,4),(55,4),(4,5),(5,5),(6,5),(7,5),(8,5),(9,5),(11,5),(12,5),(13,5),(14,5),(15,5),(16,5),(17,5),(18,5),(19,5),(20,5),(21,5),(22,5),(23,5),(24,5),(25,5),(26,5),(31,5),(33,5),(35,5),(37,5),(40,5),(41,5),(42,5),(44,5),(45,5),(46,5),(47,5),(48,5),(49,5),(50,5),(51,5),(52,5),(53,5),(54,5),(55,5);

--
-- Table structure for table `pre3303_memcached_servers`
--

CREATE TABLE `pre3303_memcached_servers` (
  `id_memcached_server` int(11) unsigned NOT NULL AUTO_INCREMENT,
  `ip` varchar(254) NOT NULL,
  `port` int(11) unsigned NOT NULL,
  `weight` int(11) unsigned NOT NULL,
  PRIMARY KEY (`id_memcached_server`)
) ENGINE=InnoDB DEFAULT CHARSET=utf8;

--
-- Dumping data for table `pre3303_memcached_servers`
--


--
-- Table structure for table `pre3303_message`
--

CREATE TABLE `pre3303_message` (
  `id_message` int(10) unsigned NOT NULL AUTO_INCREMENT,
  `id_cart` int(10) unsigned DEFAULT NULL,
  `id_customer` int(10) unsigned NOT NULL,
  `id_employee` int(10) unsigned DEFAULT NULL,
  `id_order` int(10) unsigned NOT NULL,
  `message` text NOT NULL,
  `private` tinyint(1) unsigned NOT NULL DEFAULT '1',
  `date_add` datetime NOT NULL,
  PRIMARY KEY (`id_message`),
  KEY `message_order` (`id_order`),
  KEY `id_cart` (`id_cart`),
  KEY `id_customer` (`id_customer`),
  KEY `id_employee` (`id_employee`)
) ENGINE=InnoDB AUTO_INCREMENT=220 DEFAULT CHARSET=utf8;

--
-- Dumping data for table `pre3303_message`
--

INSERT INTO `pre3303_message` VALUES (1,14,6025,0,3,'Commande manuelle - Employé : J. Knafo Joël',1,'2018-07-25 23:36:43'),(2,28,6180,0,4,'Paiement accepté.',1,'2018-09-20 17:42:42'),(3,30,6180,0,5,'je ne sais pas ce que j&#039;ach&egrave;te !!!',0,'2018-09-20 19:16:09'),(4,30,6180,0,5,'Paiement accepté.',1,'2018-09-20 19:17:03'),(5,31,6181,0,6,'Commande payée via ARTSPER',0,'2018-09-21 17:16:05'),(6,31,6181,0,6,'Commande manuelle - Employé : J. Knafo Joël',1,'2018-09-21 17:16:25'),(7,38,6187,0,7,'Commande manuelle - Employé : J. Knafo Joël',1,'2018-10-04 16:38:20'),(8,41,6188,0,8,'Commande manuelle - Employé : J. Knafo Joël',1,'2018-10-05 14:53:42'),(9,43,6189,0,9,'Commande manuelle - Employé : J. Knafo Joël',1,'2018-10-05 15:40:30'),(10,44,6190,0,10,'Commande via Artsper',0,'2018-10-06 11:34:42'),(11,44,6190,0,10,'Commande manuelle - Employé : J. Knafo Joël',1,'2018-10-06 11:34:55'),(12,56,6190,0,11,'Commande payée via ARTSPER',1,'2018-10-06 13:52:17'),(13,57,6191,0,12,'Commande manuelle - Employé : J. Knafo Joël',1,'2018-10-12 19:10:46'),(14,60,6192,0,13,'Commande manuelle - Employé : J. Knafo Joël',1,'2018-10-18 09:10:01'),(15,61,6193,0,14,'Merci de laisser d&eacute;dicacer la lithographie par M. Gottfried Salzmann &agrave; mon nom. ',0,'2018-10-18 15:52:00'),(16,61,6193,0,14,'Payment accepted.',1,'2018-10-18 15:55:28'),(17,62,6194,0,15,'Merci pour une d&eacute;dicace de l&#039;artiste :\r\nF&uuml;r Sabine und Igor\r\n\r\nBon week-end et au plaisir de vous revoir lors du retrait dans la galerie\r\nSabine Bimbaud (Forum Culturel Autrichien)\r\n\r\n',0,'2018-10-20 10:35:55'),(18,62,6194,0,15,'Payment accepted.',1,'2018-10-20 10:37:33'),(19,67,6195,0,16,'Commande manuelle - Employé : T. PEDEN',1,'2018-10-23 17:12:59'),(20,68,6196,0,17,'Commande manuelle - Employé : T. PEDEN',1,'2018-10-23 17:54:59'),(21,70,6197,0,18,'Commande manuelle - Employé : T. PEDEN',1,'2018-10-23 17:58:52'),(22,71,6198,0,19,'Commande manuelle - Employé : T. PEDEN',1,'2018-10-23 18:22:13'),(23,72,6199,0,20,'Commande manuelle - Employé : T. PEDEN',1,'2018-10-23 19:03:10'),(24,74,6199,0,21,'Payment accepted.',1,'2018-10-24 14:44:37'),(25,77,6200,0,22,'Commande manuelle - Employé : T. PEDEN',1,'2018-10-24 15:42:30'),(26,91,6201,0,23,'Commande manuelle - Employé : T. PEDEN',1,'2018-10-24 15:50:02'),(27,94,6202,0,24,'Commande manuelle - Employé : T. PEDEN',1,'2018-10-24 15:55:31'),(28,95,6203,0,25,'Réglé via la campagne KISS KISS BANK BANK pour Graffiti Art Magazine',1,'2018-10-24 16:00:31'),(29,96,6204,0,26,'Réglé via la campagne KISS KISS BANK BANK pour Graffiti Art Magazine\n',1,'2018-10-24 16:04:33'),(30,98,6205,0,27,'Réglé via la campagne KISS KISS BANK BANK pour Graffiti Art Magazine\n',1,'2018-10-24 16:08:39'),(31,99,6206,0,28,'Réglé via la campagne KISS KISS BANK BANK pour Graffiti Art Magazine',0,'2018-10-24 16:14:23'),(32,99,6206,0,28,'Commande manuelle - Employé : T. PEDEN',1,'2018-10-24 16:14:24'),(33,102,6207,0,29,'Réglé via la campagne KISS KISS BANK BANK pour Graffiti Art Magazine',0,'2018-10-24 16:49:01'),(34,102,6207,0,29,'Commande manuelle - Employé : T. PEDEN',1,'2018-10-24 16:49:02'),(35,105,6209,0,30,'Réglé via la campagne KISS KISS BANK BANK pour Graffiti Art Magazine',1,'2018-10-24 17:07:05'),(36,106,6210,0,31,'Commande manuelle - Employé : T. PEDEN',1,'2018-10-24 17:10:03'),(37,107,6211,0,32,'Commande manuelle - Employé : T. PEDEN',1,'2018-10-24 17:12:27'),(38,103,6208,0,33,'Réglé via la campagne KISS KISS BANK BANK pour Graffiti Art Magazine\n',1,'2018-10-24 17:16:40'),(39,108,6212,0,34,'Réglé via la campagne KISS KISS BANK BANK pour Graffiti Art Magazine\n',0,'2018-10-24 17:19:54'),(40,108,6212,0,34,'Commande manuelle - Employé : T. PEDEN',1,'2018-10-24 17:19:58'),(41,109,6213,0,35,'Commande manuelle - Employé : T. PEDEN',1,'2018-10-24 17:24:38'),(42,110,6213,0,36,'Commande manuelle - Employé : T. PEDEN',1,'2018-10-24 18:55:35'),(43,111,6212,0,37,'Commande manuelle - Employé : T. PEDEN',1,'2018-10-24 18:57:10'),(44,114,6214,0,38,'Commande Via ARTSPER',0,'2018-10-25 16:19:40'),(45,114,6214,0,38,'Commande manuelle - Employé : T. PEDEN',1,'2018-10-25 16:19:59'),(46,126,6216,0,39,'Commande manuelle - Employé : J. Knafo Joël',1,'2018-11-02 14:44:02'),(47,127,6217,0,40,'Commande manuelle - Employé : J. Knafo Joël',1,'2018-11-02 17:42:31'),(48,128,6219,0,41,'Commande manuelle - Employé : J. Knafo Joël',1,'2018-11-02 17:52:24'),(49,131,6220,0,42,'Payment accepted.',1,'2018-11-04 15:59:04'),(50,132,6221,0,43,'Bonjour Jo&euml;l, je poursuis ma collection de litho de shepard. Bien &agrave; vous',0,'2018-11-04 16:13:23'),(51,132,6221,0,43,'Payment accepted.',1,'2018-11-04 16:14:58'),(52,141,6223,0,44,'Payment accepted.',1,'2018-11-07 16:18:14'),(53,143,6224,0,45,'Commande manuelle - Employé : J. Knafo Joël',1,'2018-11-07 17:20:51'),(54,145,6218,0,46,'Commande manuelle - Employé : J. Knafo Joël',1,'2018-11-07 17:39:12'),(55,147,6226,0,47,'Reste à payer en 3x450 euros à partir du 10/11',0,'2018-11-07 18:00:05'),(56,147,6226,0,47,'Commande manuelle - Employé : J. Knafo Joël',1,'2018-11-07 18:01:23'),(57,148,6227,0,48,'Commande manuelle - Employé : J. Knafo Joël',1,'2018-11-07 18:17:13'),(58,151,6228,0,49,'Acompte CB 350€\nA régler 800€',0,'2018-11-07 18:38:05'),(59,151,6228,0,49,'Commande manuelle - Employé : J. Knafo Joël',1,'2018-11-07 18:38:31'),(60,152,6229,0,50,'Commande manuelle - Employé : J. Knafo Joël',1,'2018-11-08 13:37:52'),(62,156,6232,0,51,'Payment accepted.',1,'2018-11-09 17:32:44'),(63,157,6232,0,52,'Payment accepted.',1,'2018-11-09 17:41:16'),(64,158,6233,0,53,'Commande manuelle - Employé : P. Mazac',1,'2018-11-09 18:04:23'),(65,162,6236,0,54,'Commande manuelle - Employé : P. Mazac',1,'2018-11-10 16:10:33'),(66,163,6237,0,55,'Commande manuelle - Employé : P. Mazac',1,'2018-11-10 18:33:05'),(67,176,6240,0,56,'Commande manuelle - Employé : J. Knafo Joël',1,'2018-11-17 17:08:03'),(68,178,6242,0,57,'Virement 3900 €\nAcompte CB 100 €',0,'2018-11-17 18:25:18'),(69,178,6242,0,57,'Commande manuelle - Employé : J. Knafo Joël',1,'2018-11-17 18:26:19'),(70,177,6241,0,58,'Commande manuelle - Employé : J. Knafo Joël',1,'2018-11-17 18:42:55'),(71,179,6243,0,59,'Commande manuelle - Employé : J. Knafo Joël',1,'2018-11-17 18:54:45'),(72,181,6244,0,60,'Acompte 750€\nà payer 750€x2',0,'2018-11-17 19:10:35'),(73,181,6244,0,60,'Commande manuelle - Employé : J. Knafo Joël',1,'2018-11-17 19:10:41'),(74,184,6245,0,61,'Livraison programmée le 21 novembre à 14h\nCode immeuble : 2598\n6ème étage',0,'2018-11-20 11:53:06'),(75,184,6245,0,61,'Commande manuelle - Employé : J. Knafo Joël',1,'2018-11-20 11:55:05'),(76,185,6246,0,62,'Bail Art pour le compte de Goulon Olivier',0,'2018-11-20 14:48:42'),(77,185,6246,0,62,'Commande manuelle - Employé : J. Knafo Joël',1,'2018-11-20 14:49:31'),(78,186,6247,0,63,'Commande manuelle - Employé : J. Knafo Joël',1,'2018-11-21 13:27:53'),(79,187,6248,0,64,'ID 2060680305',0,'2018-11-21 13:54:31'),(80,187,6248,0,64,'Commande manuelle - Employé : J. Knafo Joël',1,'2018-11-21 13:56:59'),(81,189,6250,0,65,'Commande manuelle - Employé : J. Knafo Joël',1,'2018-11-21 14:36:26'),(82,190,6251,0,66,'Commande manuelle - Employé : J. Knafo Joël',1,'2018-11-21 14:47:40'),(83,191,6252,0,67,'A régler 1000 €',0,'2018-11-21 15:10:38'),(84,191,6252,0,67,'Commande manuelle - Employé : J. Knafo Joël',1,'2018-11-21 15:12:06'),(85,192,6253,0,68,'TVA ',0,'2018-11-21 15:57:27'),(86,192,6253,0,68,'Commande manuelle - Employé : J. Knafo Joël',1,'2018-11-21 15:57:38'),(87,193,6254,0,69,'Estampe numérique n°1/50 offerte\nPaiement 1000€ comptant\n4x800€ chèques',0,'2018-11-21 16:08:03'),(88,193,6254,0,69,'Commande manuelle - Employé : J. Knafo Joël',1,'2018-11-21 16:08:03'),(89,194,6255,0,70,'CB 700€\n2 chèques 600x2 fin nov et fin dec',0,'2018-11-21 16:20:38'),(90,194,6255,0,70,'Commande manuelle - Employé : J. Knafo Joël',1,'2018-11-21 16:20:39'),(91,195,6256,0,71,'Refaire encadrement cadre bois naturel\nAcompte CB 300 €\nreste à régler 800 €',0,'2018-11-21 16:39:52'),(92,195,6256,0,71,'Commande manuelle - Employé : J. Knafo Joël',1,'2018-11-21 16:40:53'),(93,196,6257,0,72,'Payé par chèque fin novembre 900€\nchèque à encaisser fin mars 3000€',0,'2018-11-21 16:51:33'),(94,196,6257,0,72,'Commande manuelle - Employé : J. Knafo Joël',1,'2018-11-21 16:51:50'),(95,197,6258,0,73,'Commande manuelle - Employé : J. Knafo Joël',1,'2018-11-21 17:09:29'),(96,198,6259,0,74,'Commande manuelle - Employé : J. Knafo Joël',1,'2018-11-21 17:19:44'),(97,199,6260,0,75,'Commande manuelle - Employé : P. Mazac',1,'2018-11-22 16:51:30'),(98,213,6261,0,76,'Commande manuelle - Employé : P. Mazac',1,'2018-11-24 13:45:13'),(99,214,6262,0,77,'Commande manuelle - Employé : J. Knafo Joël',1,'2018-11-24 14:10:59'),(100,216,6264,0,78,'Payment accepted.',1,'2018-11-24 14:28:26'),(101,218,6263,0,79,'Commande manuelle - Employé : J. Knafo Joël',1,'2018-11-24 15:41:06'),(102,220,6266,0,80,'Commande manuelle - Employé : J. Knafo Joël',1,'2018-11-24 16:01:44'),(103,222,6267,0,81,'Commande manuelle - Employé : J. Knafo Joël',1,'2018-11-24 16:20:38'),(104,223,6268,0,82,'Commande manuelle - Employé : J. Knafo Joël',1,'2018-11-24 16:30:01'),(105,224,6269,0,83,'Commande manuelle - Employé : J. Knafo Joël',1,'2018-11-24 16:52:11'),(107,226,6269,0,84,'Paiement par chèque',1,'2018-11-24 17:00:57'),(108,227,6271,0,85,'Commande manuelle - Employé : J. Knafo Joël',1,'2018-11-24 17:16:16'),(109,228,6272,0,86,'Commande manuelle - Employé : P. Mazac',1,'2018-11-24 17:28:04'),(110,229,6272,0,87,'Commande manuelle - Employé : P. Mazac',1,'2018-11-24 17:32:02'),(111,230,6026,0,88,'Commande manuelle - Employé : J. Knafo Joël',1,'2018-11-24 17:39:14'),(112,233,6273,0,89,'Commande manuelle - Employé : J. Knafo Joël',1,'2018-11-24 18:08:08'),(113,234,6275,0,90,'Commande manuelle - Employé : J. Knafo Joël',1,'2018-11-24 18:20:55'),(114,235,6276,0,91,'Commande manuelle - Employé : J. Knafo Joël',1,'2018-11-24 18:32:46'),(115,236,6274,0,92,'Commande manuelle - Employé : P. Mazac',1,'2018-11-24 18:34:49'),(116,237,6270,0,93,'Commande manuelle - Employé : J. Knafo Joël',1,'2018-11-24 18:49:14'),(117,239,6278,0,94,'Commande manuelle - Employé : P. Mazac',1,'2018-11-24 19:20:54'),(118,225,6270,0,95,'Commande manuelle - Employé : J. Knafo Joël',1,'2018-11-26 16:25:16'),(119,249,6280,0,96,'Payment accepted.',1,'2018-11-26 20:15:50'),(120,250,6280,0,97,'Payment accepted.',1,'2018-11-26 20:18:03'),(121,256,6282,0,98,'Payment accepted.',1,'2018-11-27 12:18:50'),(122,257,6283,0,99,'Commande manuelle - Employé : J. Knafo Joël',1,'2018-11-27 18:31:00'),(123,258,6284,0,100,'Merci de mes r&eacute;server comme convenu les 3 premiers num&eacute;ros de la s&eacute;rigraphie...\r\nBien cordialement\r\n\r\nBonne soir&eacute;e\r\nEric GIRARD',0,'2018-11-27 19:42:52'),(124,258,6284,0,100,'Payment accepted.',1,'2018-11-27 19:44:12'),(125,263,6285,0,101,'Payment accepted.',1,'2018-11-27 20:40:13'),(126,264,6249,0,102,'Commande manuelle - Employé : J. Knafo Joël',1,'2018-11-27 20:46:13'),(127,266,6286,0,103,'Payment accepted.',1,'2018-11-27 23:13:08'),(128,267,6287,0,104,'Commande manuelle - Employé : J. Knafo Joël',1,'2018-11-28 10:26:08'),(129,268,6288,0,105,'700 à la commande\n1500 début janvier',0,'2018-11-28 13:20:14'),(130,268,6288,0,105,'Commande manuelle - Employé : J. Knafo Joël',1,'2018-11-28 13:20:20'),(131,272,6290,0,106,'Commande manuelle - Employé : J. Knafo Joël',1,'2018-11-29 13:22:29'),(132,273,6291,0,107,'Commande manuelle - Employé : J. Knafo Joël',1,'2018-11-29 13:38:08'),(133,274,6292,0,108,'Commande manuelle - Employé : J. Knafo Joël',1,'2018-11-29 14:46:39'),(134,275,6293,0,109,'Commande manuelle - Employé : J. Knafo Joël',1,'2018-11-29 15:57:33'),(135,278,6294,0,110,'Commande manuelle - Employé : J. Knafo Joël',1,'2018-11-29 16:04:15'),(136,279,6295,0,111,'Commande manuelle - Employé : J. Knafo Joël',1,'2018-11-29 16:14:52'),(137,280,6297,0,112,'Commande manuelle - Employé : J. Knafo Joël',1,'2018-11-29 16:31:48'),(138,271,6289,0,113,'Payment accepted.',1,'2018-11-29 16:56:58'),(139,285,6301,0,114,'Commande manuelle - Employé : J. Knafo Joël',1,'2018-11-29 20:04:31'),(140,287,6302,0,115,'Commande manuelle - Employé : J. Knafo Joël',1,'2018-11-29 20:21:20'),(141,294,6303,0,116,'Commande manuelle - Employé : J. Knafo Joël',1,'2018-11-30 15:14:17'),(142,295,6304,0,117,'Payment accepted.',1,'2018-11-30 15:41:22'),(143,291,6305,0,118,'Payment accepted.',1,'2018-11-30 15:49:25'),(144,297,6306,0,119,'Payment accepted.',1,'2018-11-30 17:00:19'),(145,298,6307,0,120,'Payment accepted.',1,'2018-11-30 17:42:26'),(146,300,6309,0,121,'Commande manuelle - Employé : J. Knafo Joël',1,'2018-11-30 18:21:01'),(147,289,6310,0,122,'Payment accepted.',1,'2018-12-01 09:11:23'),(148,316,6311,0,123,'du lundi au vendredi de 9h30 &agrave; 18h00',0,'2018-12-02 15:00:55'),(149,316,6311,0,123,'Payment accepted.',1,'2018-12-02 15:03:48'),(150,314,6312,0,124,'Payment accepted.',1,'2018-12-03 00:57:30'),(151,313,6313,0,125,'Payment accepted.',1,'2018-12-03 11:40:03'),(152,320,6314,0,126,'Commande manuelle - Employé : J. Knafo Joël',1,'2018-12-03 23:40:13'),(153,321,6315,0,127,'Commande manuelle - Employé : J. Knafo Joël',1,'2018-12-03 23:54:27'),(154,323,6263,0,128,'Commande manuelle - Employé : J. Knafo Joël',1,'2018-12-04 15:28:31'),(155,325,6317,0,129,'Commande manuelle - Employé : J. Knafo Joël',1,'2018-12-04 15:54:50'),(156,327,6318,0,130,'Commande manuelle - Employé : J. Knafo Joël',1,'2018-12-05 11:17:02'),(157,346,6319,0,131,'Commande manuelle - Employé : J. Knafo Joël',1,'2018-12-05 13:16:59'),(158,347,6320,0,132,'Commande manuelle - Employé : J. Knafo Joël',1,'2018-12-05 13:24:02'),(159,349,6321,0,133,'n°4/20 ex',1,'2018-12-05 13:30:12'),(160,351,6322,0,0,'Pourquoi indiquer &quot;livraison gratuite&quot; si c&#039;est 15&euro; ?',0,'2018-12-05 20:52:31'),(161,309,6272,0,134,'Commande manuelle - Employé : P. Mazac',1,'2018-12-06 16:33:21'),(162,308,6272,0,135,'Commande manuelle - Employé : P. Mazac',1,'2018-12-06 16:34:49'),(163,307,6272,0,136,'Commande manuelle - Employé : P. Mazac',1,'2018-12-06 16:52:14'),(164,245,6323,0,137,'Payment accepted.',1,'2018-12-07 08:16:13'),(165,355,6272,0,138,'Commande manuelle - Employé : P. Mazac',1,'2018-12-07 16:53:27'),(166,357,6324,0,139,'paiement en deux fois\n2000 euros CB réglé\n1800 virement attente\nmontrer le détail des différents paiments sur la facture',0,'2018-12-07 18:46:18'),(167,357,6324,0,139,'Commande manuelle - Employé : J. Knafo Joël',1,'2018-12-07 18:47:18'),(168,359,6325,0,140,'Commande manuelle - Employé : P. Mazac',1,'2018-12-08 19:49:40'),(169,360,6272,0,141,'Commande manuelle - Employé : P. Mazac',1,'2018-12-08 19:56:21'),(170,369,6326,0,142,'Bonjour,  le N&deg;1 est il disponible ? merci de me le r&eacute;server.\r\nCordialement',0,'2018-12-11 17:10:31'),(171,369,6326,0,142,'Payment accepted.',1,'2018-12-11 17:13:34'),(172,373,6327,0,143,'Payment accepted.',1,'2018-12-11 20:16:28'),(173,378,6328,0,144,'Payment accepted.',1,'2018-12-12 14:52:50'),(174,380,6329,0,145,'Commande manuelle - Employé : P. Mazac',1,'2018-12-13 13:50:56'),(175,382,6330,0,146,'Commande manuelle - Employé : P. Mazac',1,'2018-12-13 14:00:49'),(176,396,6331,0,147,'Payment accepted.',1,'2018-12-13 22:35:17'),(177,398,6333,0,148,'Payment accepted.',1,'2018-12-14 08:36:10'),(178,399,6332,0,149,'Payment accepted.',1,'2018-12-14 10:37:27'),(179,404,6334,0,150,'Payment accepted.',1,'2018-12-15 07:44:31'),(180,406,6337,0,151,'Commande manuelle - Employé : P. Mazac',1,'2018-12-15 14:34:53'),(181,401,6272,0,152,'Commande manuelle - Employé : P. Mazac',1,'2018-12-15 14:58:02'),(182,407,6272,0,153,'Commande manuelle - Employé : P. Mazac',1,'2018-12-15 14:59:06'),(183,408,6272,0,154,'Commande manuelle - Employé : P. Mazac',1,'2018-12-15 15:02:19'),(184,409,6338,0,155,'Commande manuelle - Employé : P. Mazac',1,'2018-12-15 15:16:06'),(185,411,6339,0,156,'Commande manuelle - Employé : P. Mazac',1,'2018-12-15 18:22:16'),(186,413,6341,0,157,'Payment accepted.',1,'2018-12-15 19:30:04'),(187,416,6342,0,158,'Payment accepted.',1,'2018-12-16 14:15:21'),(188,420,6343,0,159,'Commande manuelle - Employé : J. Knafo Joël',1,'2018-12-17 14:56:56'),(189,422,6344,0,160,'Commande manuelle - Employé : J. Knafo Joël',1,'2018-12-17 15:02:52'),(190,424,6345,0,161,'Commande manuelle - Employé : J. Knafo Joël',1,'2018-12-17 15:51:14'),(191,425,6346,0,162,'Payment accepted.',1,'2018-12-17 17:15:43'),(192,426,6346,0,163,'Payment accepted.',1,'2018-12-17 17:19:10'),(193,427,6346,0,164,'Payment accepted.',1,'2018-12-17 17:23:02'),(194,428,6346,0,165,'Payment accepted.',1,'2018-12-17 17:28:22'),(195,429,6346,0,166,'Payment accepted.',1,'2018-12-17 17:31:39'),(196,430,6346,0,167,'Payment accepted.',1,'2018-12-17 17:36:13'),(197,434,6272,0,168,'Commande manuelle - Employé : J. Knafo Joël',1,'2018-12-18 17:36:45'),(198,435,6272,0,169,'Commande manuelle - Employé : J. Knafo Joël',1,'2018-12-18 18:07:33'),(199,436,6272,0,170,'Payé par Chèque remis le 23 octobre en banque',0,'2018-12-18 18:33:25'),(200,436,6272,0,170,'Commande manuelle - Employé : J. Knafo Joël',1,'2018-12-18 18:33:39'),(201,437,6224,0,171,'Christine Jugla',0,'2018-12-18 18:41:30'),(202,437,6224,0,171,'Commande manuelle - Employé : J. Knafo Joël',1,'2018-12-18 18:42:00'),(203,443,6347,0,172,'Commande manuelle - Employé : P. Mazac',1,'2018-12-20 13:52:37'),(204,447,6348,0,173,'Commande manuelle - Employé : P. Mazac',1,'2018-12-20 16:34:46'),(205,449,6350,0,174,'acompte payé de 500 euros par CB le 20/12/2018\nvirement mensuel à prévoir de 500 euros ( janvier, février, mars 2019)',1,'2018-12-20 16:40:03'),(206,450,6351,0,175,'Commande manuelle - Employé : P. Mazac',1,'2018-12-20 16:41:14'),(207,451,6352,0,176,'Commande manuelle - Employé : P. Mazac',1,'2018-12-20 17:10:11'),(208,452,6272,0,177,'Commande manuelle - Employé : P. Mazac',1,'2018-12-20 18:04:14'),(209,454,6353,0,178,'Commande manuelle - Employé : J. Knafo Joël',1,'2018-12-21 13:52:25'),(210,456,6354,0,179,'Commande manuelle - Employé : P. Mazac',1,'2018-12-21 17:24:52'),(211,457,6354,0,180,'Commande manuelle - Employé : P. Mazac',1,'2018-12-21 17:26:07'),(212,458,6250,0,181,'Commande manuelle - Employé : J. Knafo Joël',1,'2018-12-21 17:44:41'),(213,461,6355,0,182,'Commande manuelle - Employé : P. Mazac',1,'2018-12-22 16:57:22'),(214,462,6272,0,183,'Commande manuelle - Employé : P. Mazac',1,'2018-12-22 17:15:03'),(215,463,6356,0,184,'Commande manuelle - Employé : P. Mazac',1,'2018-12-22 17:20:13'),(216,466,6357,0,185,'Payment accepted.',1,'2018-12-23 19:58:34'),(217,469,6359,0,186,'Commande manuelle - Employé : J. Knafo Joël',1,'2018-12-24 14:40:16'),(218,470,6360,0,187,'Commande manuelle - Employé : J. Knafo Joël',1,'2018-12-24 14:52:10'),(219,473,6361,0,188,'Payment accepted.',1,'2018-12-27 19:04:15');

--
-- Table structure for table `pre3303_message_readed`
--

CREATE TABLE `pre3303_message_readed` (
  `id_message` int(10) unsigned NOT NULL,
  `id_employee` int(10) unsigned NOT NULL,
  `date_add` datetime NOT NULL,
  PRIMARY KEY (`id_message`,`id_employee`)
) ENGINE=InnoDB DEFAULT CHARSET=utf8;

--
-- Dumping data for table `pre3303_message_readed`
--


--
-- Table structure for table `pre3303_meta`
--

CREATE TABLE `pre3303_meta` (
  `id_meta` int(10) unsigned NOT NULL AUTO_INCREMENT,
  `page` varchar(64) NOT NULL,
  `configurable` tinyint(1) unsigned NOT NULL DEFAULT '1',
  PRIMARY KEY (`id_meta`),
  UNIQUE KEY `page` (`page`)
) ENGINE=InnoDB AUTO_INCREMENT=63 DEFAULT CHARSET=utf8;

--
-- Dumping data for table `pre3303_meta`
--

INSERT INTO `pre3303_meta` VALUES (1,'pagenotfound',1),(2,'best-sales',1),(3,'contact',1),(4,'index',1),(5,'manufacturer',1),(6,'new-products',1),(7,'password',1),(8,'prices-drop',1),(9,'sitemap',1),(10,'supplier',1),(11,'address',1),(12,'addresses',1),(13,'authentication',1),(14,'cart',1),(15,'discount',1),(16,'history',1),(17,'identity',1),(18,'my-account',1),(19,'order-follow',1),(20,'order-slip',1),(21,'order',1),(22,'search',1),(23,'stores',1),(24,'guest-tracking',1),(25,'order-confirmation',1),(26,'product',0),(27,'category',0),(28,'cms',0),(29,'module-cheque-payment',0),(30,'module-cheque-validation',0),(31,'module-bankwire-validation',0),(32,'module-bankwire-payment',0),(33,'module-cashondelivery-validation',0),(34,'module-ps_checkpayment-payment',1),(35,'module-ps_checkpayment-validation',1),(36,'module-ps_emailsubscription-verification',1),(37,'module-ps_shoppingcart-ajax',1),(38,'module-ps_wirepayment-payment',1),(39,'module-ps_wirepayment-validation',1),(40,'module-cronjobs-callback',1),(48,'module-paypal-payment',1),(49,'module-paypal-validation',1),(53,'module-leoblog-blog',1),(54,'module-leoblog-category',1),(55,'module-leoblog-list',1),(56,'module-leobootstrapmenu-widget',1),(57,'module-leofeature-productscompare',1),(58,'module-leofeature-mywishlist',1),(59,'module-leofeature-viewwishlist',1),(60,'module-ps_emailalerts-account',1),(61,'module-psgdpr-AdminAjaxPsgdpr',1),(62,'module-psgdpr-AdminDownloadInvoicesPsgdpr',1);

--
-- Table structure for table `pre3303_meta_lang`
--

CREATE TABLE `pre3303_meta_lang` (
  `id_meta` int(10) unsigned NOT NULL,
  `id_shop` int(11) unsigned NOT NULL DEFAULT '1',
  `id_lang` int(10) unsigned NOT NULL,
  `title` varchar(128) DEFAULT NULL,
  `description` varchar(255) DEFAULT NULL,
  `keywords` varchar(255) DEFAULT NULL,
  `url_rewrite` varchar(254) NOT NULL,
  PRIMARY KEY (`id_meta`,`id_shop`,`id_lang`),
  KEY `id_shop` (`id_shop`),
  KEY `id_lang` (`id_lang`)
) ENGINE=InnoDB DEFAULT CHARSET=utf8;

--
-- Dumping data for table `pre3303_meta_lang`
--

INSERT INTO `pre3303_meta_lang` VALUES (1,2,1,'Erreur 404','Impossible de trouver la page','','page-introuvable'),(1,2,2,'404 error','This page cannot be found','','page-not-found'),(1,4,1,'Erreur 404','Impossible de trouver la page','','page-introuvable'),(1,4,2,'404 error','This page cannot be found','','page-not-found'),(1,5,1,'Erreur 404','Impossible de trouver la page','','page-introuvable'),(1,5,2,'404 error','This page cannot be found','','page-not-found'),(2,2,1,'Meilleures ventes','Nos meilleures ventes','','meilleures-ventes'),(2,2,2,'Best sales','Our best sales','','best-sales'),(2,4,1,'Meilleures ventes','Nos meilleures ventes','','meilleures-ventes'),(2,4,2,'Best sales','Our best sales','','best-sales'),(2,5,1,'Meilleures ventes','Nos meilleures ventes','','meilleures-ventes'),(2,5,2,'Best sales','Our best sales','','best-sales'),(3,2,1,'Nous contacter','Utiliser le formulaire pour nous contacter','','nous-contacter'),(3,2,2,'Nous contacter','Use our form to contact us','','contact-us'),(3,4,1,'Nous contacter','Utiliser le formulaire pour nous contacter','','nous-contacter'),(3,4,2,'Nous contacter','Use our form to contact us','','contact-us'),(3,5,1,'Nous contacter','Utiliser le formulaire pour nous contacter','','nous-contacter'),(3,5,2,'Nous contacter','Use our form to contact us','','contact-us'),(4,2,1,'','Boutique propulsée par PrestaShop','',''),(4,2,2,'','Shop powered by PrestaShop','',''),(4,4,1,'','Boutique propulsée par PrestaShop','',''),(4,4,2,'','Shop powered by PrestaShop','',''),(4,5,1,'','Boutique propulsée par PrestaShop','',''),(4,5,2,'','Shop powered by PrestaShop','',''),(5,2,1,'Marques','Liste des marques','','marques'),(5,2,2,'Marques','Brand list','','marques'),(5,4,1,'Artistes','Liste des artistes','','artistes'),(5,4,2,'Marques','Brand list','','marques'),(5,5,1,'Marques','Liste des marques','','marques'),(5,5,2,'Marques','Brand list','','marques'),(6,2,1,'Nouveaux produits','Nos nouveaux produits','','nouveaux-produits'),(6,2,2,'New products','Our new products','','new-products'),(6,4,1,'Nouvelles oeuvres','Nos Nouvelles oeuvres','','nouveaux-oeuvres'),(6,4,2,'New products','Our new products','','new-products'),(6,5,1,'Nouveaux produits','Nos nouveaux produits','','nouveaux-produits'),(6,5,2,'New products','Our new products','','new-products'),(7,2,1,'Mot de passe oublié','Entrez l\'adresse e-mail que vous utilisez pour vous connecter afin de recevoir un e-mail avec un nouveau mot de passe','','recuperation-mot-de-passe'),(7,2,2,'Forgot your password','Enter the e-mail address you use to sign in to receive an e-mail with a new password','','password-recovery'),(7,4,1,'Mot de passe oublié','Entrez l\'adresse e-mail que vous utilisez pour vous connecter afin de recevoir un e-mail avec un nouveau mot de passe','','recuperation-mot-de-passe'),(7,4,2,'Forgot your password','Enter the e-mail address you use to sign in to receive an e-mail with a new password','','password-recovery'),(7,5,1,'Mot de passe oublié','Entrez l\'adresse e-mail que vous utilisez pour vous connecter afin de recevoir un e-mail avec un nouveau mot de passe','','recuperation-mot-de-passe'),(7,5,2,'Forgot your password','Enter the e-mail address you use to sign in to receive an e-mail with a new password','','password-recovery'),(8,2,1,'Promotions','Produits en promotion','','promotions'),(8,2,2,'Prices drop','On-sale products','','prices-drop'),(8,4,1,'Promotions','Produits en promotion','','promotions'),(8,4,2,'Prices drop','On-sale products','','prices-drop'),(8,5,1,'Promotions','Produits en promotion','','promotions'),(8,5,2,'Prices drop','On-sale products','','prices-drop'),(9,2,1,'Plan du site','Vous êtes perdu ? Trouvez ce que vous cherchez','','plan-site'),(9,2,2,'Plan du site','Lost ? Find what your are looking for','','plan-site'),(9,4,1,'Plan du site','Vous êtes perdu ? Trouvez ce que vous cherchez','','plan-site'),(9,4,2,'Plan du site','Lost ? Find what your are looking for','','plan-site'),(9,5,1,'Plan du site','Vous êtes perdu ? Trouvez ce que vous cherchez','','plan-site'),(9,5,2,'Plan du site','Lost ? Find what your are looking for','','plan-site'),(10,2,1,'Fournisseurs','Liste des fournisseurs','','fournisseur'),(10,2,2,'Suppliers','Suppliers list','','supplier'),(10,4,1,'Atelier','Liste des Ateliers','','atelier'),(10,4,2,'Suppliers','Suppliers list','','supplier'),(10,5,1,'Fournisseurs','Liste des fournisseurs','','fournisseur'),(10,5,2,'Suppliers','Suppliers list','','supplier'),(11,2,1,'Adresse','','','adresse'),(11,2,2,'Address','','','address'),(11,4,1,'Adresse','','','adresse'),(11,4,2,'Address','','','address'),(11,5,1,'Adresse','','','adresse'),(11,5,2,'Address','','','address'),(12,2,1,'Adresses','','','adresses'),(12,2,2,'Addresses','','','addresses'),(12,4,1,'Adresses','','','adresses'),(12,4,2,'Addresses','','','addresses'),(12,5,1,'Adresses','','','adresses'),(12,5,2,'Addresses','','','addresses'),(13,2,1,'Connexion','','','connexion'),(13,2,2,'Connexion','','','login'),(13,4,1,'Connexion','','','connexion'),(13,4,2,'Connexion','','','login'),(13,5,1,'Connexion','','','connexion'),(13,5,2,'Connexion','','','login'),(14,2,1,'Panier','','','panier'),(14,2,2,'Cart','','','cart'),(14,4,1,'Panier','','','panier'),(14,4,2,'Cart','','','cart'),(14,5,1,'Panier','','','panier'),(14,5,2,'Cart','','','cart'),(15,2,1,'Réduction','','','reduction'),(15,2,2,'Réduction','','','discount'),(15,4,1,'Réduction','','','reduction'),(15,4,2,'Réduction','','','discount'),(15,5,1,'Réduction','','','reduction'),(15,5,2,'Réduction','','','discount'),(16,2,1,'Historique des commandes','','','historique-commandes'),(16,2,2,'Historique des commandes','','','order-history'),(16,4,1,'Historique des commandes','','','historique-commandes'),(16,4,2,'Historique des commandes','','','order-history'),(16,5,1,'Historique des commandes','','','historique-commandes'),(16,5,2,'Historique des commandes','','','order-history'),(17,2,1,'Identité','','','identite'),(17,2,2,'Identity','','','identity'),(17,4,1,'Identité','','','identite'),(17,4,2,'Identity','','','identity'),(17,5,1,'Identité','','','identite'),(17,5,2,'Identity','','','identity'),(18,2,1,'Mon compte','','','mon-compte'),(18,2,2,'My account','','','my-account'),(18,4,1,'Mon compte','','','mon-compte'),(18,4,2,'My account','','','my-account'),(18,5,1,'Mon compte','','','mon-compte'),(18,5,2,'My account','','','my-account'),(19,2,1,'Suivi de commande','','','suivi-commande'),(19,2,2,'Order follow','','','order-follow'),(19,4,1,'Suivi de commande','','','suivi-commande'),(19,4,2,'Order follow','','','order-follow'),(19,5,1,'Suivi de commande','','','suivi-commande'),(19,5,2,'Order follow','','','order-follow'),(20,2,1,'Avoirs','','','avoirs'),(20,2,2,'Avoirs','','','credit-slip'),(20,4,1,'Avoirs','','','avoirs'),(20,4,2,'Avoirs','','','credit-slip'),(20,5,1,'Avoirs','','','avoirs'),(20,5,2,'Avoirs','','','credit-slip'),(21,2,1,'Commande','','','commande'),(21,2,2,'Order','','','order'),(21,4,1,'Commande','','','commande'),(21,4,2,'Order','','','order'),(21,5,1,'Commande','','','commande'),(21,5,2,'Order','','','order'),(22,2,1,'Recherche','','','recherche'),(22,2,2,'Recherche','','','search'),(22,4,1,'Recherche','','','recherche'),(22,4,2,'Recherche','','','search'),(22,5,1,'Recherche','','','recherche'),(22,5,2,'Recherche','','','search'),(23,2,1,'Magasins','','','magasins'),(23,2,2,'Stores','','','stores'),(23,4,1,'Galeries','','','galeries'),(23,4,2,'Stores','','','stores'),(23,5,1,'Magasins','','','magasins'),(23,5,2,'Stores','','','stores'),(24,2,1,'Suivi de commande invité','','','suivi-commande-invite'),(24,2,2,'Guest tracking','','','guest-tracking'),(24,4,1,'Suivi de commande invité','','','suivi-commande-invite'),(24,4,2,'Guest tracking','','','guest-tracking'),(24,5,1,'Suivi de commande invité','','','suivi-commande-invite'),(24,5,2,'Guest tracking','','','guest-tracking'),(25,2,1,'Confirmation de commande','','','confirmation-commande'),(25,2,2,'Order confirmation','','','order-confirmation'),(25,4,1,'Confirmation de commande','','','confirmation-commande'),(25,4,2,'Order confirmation','','','order-confirmation'),(25,5,1,'Confirmation de commande','','','confirmation-commande'),(25,5,2,'Order confirmation','','','order-confirmation'),(34,2,1,'','','',''),(34,2,2,'','','',''),(34,4,1,'','','',''),(34,4,2,'','','',''),(34,5,1,'','','',''),(34,5,2,'','','',''),(35,2,1,'','','',''),(35,2,2,'','','',''),(35,4,1,'','','',''),(35,4,2,'','','',''),(35,5,1,'','','',''),(35,5,2,'','','',''),(36,2,1,'','','',''),(36,2,2,'','','',''),(36,4,1,'','','',''),(36,4,2,'','','',''),(36,5,1,'','','',''),(36,5,2,'','','',''),(37,2,1,'','','',''),(37,2,2,'','','',''),(37,4,1,'','','',''),(37,4,2,'','','',''),(37,5,1,'','','',''),(37,5,2,'','','',''),(38,2,1,'','','',''),(38,2,2,'','','',''),(38,4,1,'','','',''),(38,4,2,'','','',''),(38,5,1,'','','',''),(38,5,2,'','','',''),(39,2,1,'','','',''),(39,2,2,'','','',''),(39,4,1,'','','',''),(39,4,2,'','','',''),(39,5,1,'','','',''),(39,5,2,'','','',''),(40,2,1,'','','',''),(40,2,2,'','','',''),(40,4,1,'','','',''),(40,4,2,'','','',''),(40,5,1,'','','',''),(40,5,2,'','','',''),(48,2,1,'','','',''),(48,2,2,'','','',''),(48,4,1,'','','',''),(48,4,2,'','','',''),(48,5,1,'','','',''),(48,5,2,'','','',''),(49,2,1,'','','',''),(49,2,2,'','','',''),(49,4,1,'','','',''),(49,4,2,'','','',''),(49,5,1,'','','',''),(49,5,2,'','','',''),(53,2,1,'','','',''),(53,2,2,'','','',''),(53,4,1,'','','',''),(53,4,2,'','','',''),(53,5,1,'','','',''),(53,5,2,'','','',''),(54,2,1,'','','',''),(54,2,2,'','','',''),(54,4,1,'','','',''),(54,4,2,'','','',''),(54,5,1,'','','',''),(54,5,2,'','','',''),(55,2,1,'','','',''),(55,2,2,'','','',''),(55,4,1,'','','',''),(55,4,2,'','','',''),(55,5,1,'','','',''),(55,5,2,'','','',''),(56,2,1,'','','',''),(56,2,2,'','','',''),(56,4,1,'','','',''),(56,4,2,'','','',''),(56,5,1,'','','',''),(56,5,2,'','','',''),(57,2,1,'','','',''),(57,2,2,'','','',''),(57,4,1,'','','',''),(57,4,2,'','','',''),(57,5,1,'','','',''),(57,5,2,'','','',''),(58,2,1,'','','',''),(58,2,2,'','','',''),(58,4,1,'','','',''),(58,4,2,'','','',''),(58,5,1,'','','',''),(58,5,2,'','','',''),(59,2,1,'','','',''),(59,2,2,'','','',''),(59,4,1,'','','',''),(59,4,2,'','','',''),(59,5,1,'','','',''),(59,5,2,'','','',''),(60,2,1,'','','',''),(60,2,2,'','','',''),(60,4,1,'','','',''),(60,4,2,'','','',''),(60,5,1,'','','',''),(60,5,2,'','','',''),(61,2,1,'','','',''),(61,2,2,'','','',''),(61,4,1,'','','',''),(61,4,2,'','','',''),(61,5,1,'','','',''),(61,5,2,'','','',''),(62,2,1,'','','',''),(62,2,2,'','','',''),(62,4,1,'','','',''),(62,4,2,'','','',''),(62,5,1,'','','',''),(62,5,2,'','','','');

--
-- Table structure for table `pre3303_module`
--

CREATE TABLE `pre3303_module` (
  `id_module` int(10) unsigned NOT NULL AUTO_INCREMENT,
  `name` varchar(64) NOT NULL,
  `active` tinyint(1) unsigned NOT NULL DEFAULT '0',
  `version` varchar(8) NOT NULL,
  PRIMARY KEY (`id_module`),
  UNIQUE KEY `name_UNIQUE` (`name`),
  KEY `name` (`name`)
) ENGINE=InnoDB AUTO_INCREMENT=93 DEFAULT CHARSET=utf8;

--
-- Dumping data for table `pre3303_module`
--

INSERT INTO `pre3303_module` VALUES (1,'dashactivity',1,'2.0.2'),(2,'dashtrends',1,'2.0.2'),(3,'dashgoals',1,'2.0.2'),(4,'dashproducts',1,'2.0.4'),(5,'graphnvd3',1,'2.0.0'),(6,'gridhtml',1,'2.0.0'),(7,'ps_banner',1,'2.1.0'),(8,'ps_categorytree',1,'2.0.0'),(9,'ps_checkpayment',1,'2.0.4'),(10,'ps_contactinfo',1,'3.1.0'),(11,'ps_currencyselector',1,'2.0.0'),(12,'ps_customeraccountlinks',1,'3.1.0'),(13,'ps_customersignin',1,'2.0.2'),(14,'ps_customtext',1,'3.0.0'),(15,'ps_emailsubscription',1,'2.3.1'),(16,'ps_facetedsearch',1,'2.2.1'),(17,'ps_featuredproducts',1,'2.0.0'),(18,'ps_imageslider',1,'2.1.1'),(19,'ps_languageselector',1,'2.0.2'),(20,'ps_linklist',1,'2.1.5'),(21,'ps_mainmenu',1,'2.1.1'),(22,'ps_searchbar',1,'2.0.1'),(23,'ps_sharebuttons',1,'2.0.1'),(24,'ps_shoppingcart',1,'2.0.2'),(25,'ps_socialfollow',1,'2.0.0'),(26,'ps_wirepayment',1,'2.0.4'),(27,'pagesnotfound',1,'2.0.0'),(28,'sekeywords',1,'2.0.0'),(29,'statsbestcategories',1,'2.0.0'),(30,'statsbestcustomers',1,'2.0.2'),(31,'statsbestproducts',1,'2.0.0'),(32,'statsbestsuppliers',1,'2.0.0'),(33,'statsbestvouchers',1,'2.0.0'),(34,'statscarrier',1,'2.0.0'),(35,'statscatalog',1,'2.0.1'),(36,'statscheckup',1,'2.0.0'),(37,'statsdata',1,'2.0.0'),(38,'statsequipment',1,'2.0.0'),(39,'statsforecast',1,'2.0.3'),(40,'statslive',1,'2.0.2'),(41,'statsnewsletter',1,'2.0.2'),(42,'statsorigin',1,'2.0.2'),(43,'statspersonalinfos',1,'2.0.2'),(44,'statsproduct',1,'2.0.3'),(45,'statsregistrations',1,'2.0.0'),(46,'statssales',1,'2.0.0'),(47,'statssearch',1,'2.0.1'),(48,'statsstock',1,'2.0.0'),(49,'statsvisits',1,'2.0.2'),(50,'welcome',1,'4.0.2'),(51,'gamification',1,'2.2.1'),(52,'cronjobs',1,'1.4.0'),(53,'psaddonsconnect',1,'1.0.1'),(54,'blockreassurance',1,'3.0.1'),(55,'autoupgrade',1,'4.5.0'),(56,'pscleaner',1,'2.0.0'),(59,'ps_bestsellers',1,'1.0.3'),(60,'ps_newproducts',1,'1.0.1'),(61,'ps_categoryproducts',1,'1.0.3'),(62,'ps_legalcompliance',1,'3.0.1'),(66,'sendcloud',1,'1.1.5'),(67,'sendinblue',1,'3.2.6'),(68,'paypal',1,'4.4.2'),(69,'seoimg',1,'1.0.3'),(70,'m4pdf',1,'2.3.2'),(71,'mailchimpintegration',1,'1.1.4'),(72,'newsletter',1,'3.0.0'),(73,'seoexpert',1,'3.2.7'),(75,'appagebuilder',1,'2.1.3'),(76,'leoblog',1,'3.0.2'),(77,'leobootstrapmenu',1,'4.0.7'),(78,'leoslideshow',1,'1.0.0'),(79,'leofeature',1,'2.1.1'),(82,'feedbiz',1,'1.2.83'),(83,'contactform',1,'4.1.1'),(84,'gmerchantcenter',1,'4.7.9'),(85,'gadwordstracking',1,'2.2.7'),(86,'gremarketing',1,'1.5.9'),(88,'everpsshoppayment',1,'1.1.1'),(89,'ps_emailalerts',1,'2.1.0'),(90,'pspixel',1,'1.1.2'),(91,'psgdpr',1,'1.1.0'),(92,'invoicenumbermultistore',1,'0.8.5');

--
-- Table structure for table `pre3303_module_access`
--

CREATE TABLE `pre3303_module_access` (
  `id_profile` int(10) unsigned NOT NULL,
  `id_authorization_role` int(10) unsigned NOT NULL,
  PRIMARY KEY (`id_profile`,`id_authorization_role`)
) ENGINE=InnoDB DEFAULT CHARSET=utf8;

--
-- Dumping data for table `pre3303_module_access`
--

INSERT INTO `pre3303_module_access` VALUES (1,453),(1,454),(1,455),(1,456),(1,457),(1,458),(1,459),(1,460),(1,465),(1,466),(1,467),(1,468),(1,469),(1,470),(1,471),(1,472),(1,473),(1,474),(1,475),(1,476),(1,477),(1,478),(1,479),(1,480),(1,481),(1,482),(1,483),(1,484),(1,485),(1,486),(1,487),(1,488),(1,489),(1,490),(1,491),(1,492),(1,493),(1,494),(1,495),(1,496),(1,497),(1,498),(1,499),(1,500),(1,501),(1,502),(1,503),(1,504),(1,505),(1,506),(1,507),(1,508),(1,509),(1,510),(1,511),(1,512),(1,513),(1,514),(1,515),(1,516),(1,517),(1,518),(1,519),(1,520),(1,521),(1,522),(1,523),(1,524),(1,525),(1,526),(1,527),(1,528),(1,529),(1,530),(1,531),(1,532),(1,533),(1,534),(1,535),(1,536),(1,541),(1,542),(1,543),(1,544),(1,545),(1,546),(1,547),(1,548),(1,549),(1,550),(1,551),(1,552),(1,553),(1,554),(1,555),(1,556),(1,557),(1,558),(1,559),(1,560),(1,561),(1,562),(1,563),(1,564),(1,565),(1,566),(1,567),(1,568),(1,569),(1,570),(1,571),(1,572),(1,573),(1,574),(1,575),(1,576),(1,577),(1,578),(1,579),(1,580),(1,581),(1,582),(1,583),(1,584),(1,585),(1,586),(1,587),(1,588),(1,589),(1,590),(1,591),(1,592),(1,593),(1,594),(1,595),(1,596),(1,597),(1,598),(1,599),(1,600),(1,601),(1,602),(1,603),(1,604),(1,605),(1,606),(1,607),(1,608),(1,609),(1,610),(1,611),(1,612),(1,613),(1,614),(1,615),(1,616),(1,617),(1,618),(1,619),(1,620),(1,621),(1,622),(1,623),(1,624),(1,625),(1,626),(1,627),(1,628),(1,629),(1,630),(1,631),(1,632),(1,633),(1,634),(1,635),(1,636),(1,637),(1,638),(1,639),(1,640),(1,641),(1,642),(1,643),(1,644),(1,645),(1,646),(1,647),(1,648),(1,649),(1,650),(1,651),(1,652),(1,653),(1,654),(1,655),(1,656),(1,657),(1,658),(1,659),(1,660),(1,665),(1,666),(1,667),(1,668),(1,669),(1,670),(1,671),(1,672),(1,677),(1,678),(1,679),(1,680),(1,681),(1,682),(1,683),(1,684),(1,689),(1,690),(1,691),(1,692),(1,697),(1,698),(1,699),(1,700),(1,785),(1,786),(1,787),(1,788),(1,789),(1,790),(1,791),(1,792),(1,793),(1,794),(1,795),(1,796),(1,797),(1,798),(1,799),(1,800),(1,857),(1,858),(1,859),(1,860),(1,865),(1,866),(1,867),(1,868),(1,869),(1,870),(1,871),(1,872),(1,873),(1,874),(1,875),(1,876),(1,881),(1,882),(1,883),(1,884),(1,885),(1,886),(1,887),(1,888),(1,889),(1,890),(1,891),(1,892),(1,893),(1,894),(1,895),(1,896),(1,921),(1,922),(1,923),(1,924),(1,977),(1,978),(1,979),(1,980),(1,1005),(1,1006),(1,1007),(1,1008),(1,1025),(1,1026),(1,1027),(1,1028),(1,1029),(1,1030),(1,1031),(1,1032),(1,1053),(1,1054),(1,1055),(1,1056),(1,1057),(1,1058),(1,1059),(1,1060),(1,1061),(1,1062),(1,1063),(1,1064),(1,1065),(1,1066),(1,1067),(1,1068),(1,1069),(1,1070),(1,1071),(1,1072),(1,1077),(1,1078),(1,1079),(1,1080),(1,1081),(1,1082),(1,1083),(1,1084),(1,1085),(1,1086),(1,1087),(1,1088),(1,1089),(1,1090),(1,1091),(1,1092),(1,1101),(1,1102),(1,1103),(1,1104),(4,882),(4,883),(4,884),(4,1101),(4,1102),(4,1103),(4,1104),(7,455),(7,456),(7,459),(7,460),(7,467),(7,468),(7,471),(7,472),(7,475),(7,476),(7,479),(7,480),(7,483),(7,484),(7,487),(7,488),(7,491),(7,492),(7,495),(7,496),(7,499),(7,500),(7,503),(7,504),(7,507),(7,508),(7,511),(7,512),(7,515),(7,516),(7,519),(7,520),(7,523),(7,524),(7,527),(7,528),(7,531),(7,532),(7,535),(7,536),(7,543),(7,544),(7,547),(7,548),(7,551),(7,552),(7,555),(7,556),(7,559),(7,560),(7,563),(7,564),(7,567),(7,568),(7,571),(7,572),(7,575),(7,576),(7,579),(7,580),(7,583),(7,584),(7,587),(7,588),(7,591),(7,592),(7,595),(7,596),(7,599),(7,600),(7,603),(7,604),(7,607),(7,608),(7,611),(7,612),(7,615),(7,616),(7,619),(7,620),(7,623),(7,624),(7,627),(7,628),(7,631),(7,632),(7,635),(7,636),(7,639),(7,640),(7,643),(7,644),(7,647),(7,648),(7,651),(7,652),(7,655),(7,656),(7,659),(7,660),(7,667),(7,668),(7,671),(7,672),(7,679),(7,680),(7,683),(7,684),(7,691),(7,692),(7,699),(7,700),(7,787),(7,788),(7,791),(7,792),(7,795),(7,796),(7,799),(7,800),(7,859),(7,860),(7,867),(7,868),(7,871),(7,872),(7,875),(7,876),(7,883),(7,884),(7,887),(7,888),(7,891),(7,892),(7,895),(7,896),(7,923),(7,924),(7,979),(7,980),(7,1007),(7,1008),(7,1027),(7,1028),(7,1031),(7,1032),(7,1053),(7,1054),(7,1055),(7,1056),(7,1057),(7,1058),(7,1059),(7,1060),(7,1061),(7,1062),(7,1063),(7,1064),(7,1065),(7,1066),(7,1067),(7,1068),(7,1069),(7,1070),(7,1071),(7,1072),(7,1077),(7,1078),(7,1079),(7,1080),(7,1081),(7,1082),(7,1083),(7,1084),(7,1085),(7,1086),(7,1087),(7,1088),(7,1089),(7,1090),(7,1091),(7,1092),(7,1101),(7,1102),(7,1103),(7,1104),(8,454),(8,455),(8,458),(8,459),(8,466),(8,467),(8,470),(8,471),(8,474),(8,475),(8,478),(8,479),(8,482),(8,483),(8,486),(8,487),(8,490),(8,491),(8,494),(8,495),(8,498),(8,499),(8,502),(8,503),(8,506),(8,507),(8,510),(8,511),(8,514),(8,515),(8,518),(8,519),(8,522),(8,523),(8,526),(8,527),(8,530),(8,531),(8,534),(8,535),(8,542),(8,543),(8,546),(8,547),(8,550),(8,551),(8,554),(8,555),(8,558),(8,559),(8,562),(8,563),(8,566),(8,567),(8,570),(8,571),(8,574),(8,575),(8,578),(8,579),(8,582),(8,583),(8,586),(8,587),(8,590),(8,591),(8,594),(8,595),(8,598),(8,599),(8,602),(8,603),(8,606),(8,607),(8,610),(8,611),(8,614),(8,615),(8,618),(8,619),(8,622),(8,623),(8,626),(8,627),(8,630),(8,631),(8,634),(8,635),(8,638),(8,639),(8,642),(8,643),(8,646),(8,647),(8,650),(8,651),(8,654),(8,655),(8,658),(8,659),(8,666),(8,667),(8,670),(8,671),(8,678),(8,679),(8,682),(8,683),(8,690),(8,691),(8,698),(8,699),(8,786),(8,787),(8,790),(8,791),(8,794),(8,795),(8,798),(8,799),(8,858),(8,859),(8,866),(8,867),(8,870),(8,871),(8,874),(8,875),(8,882),(8,883),(8,886),(8,887),(8,890),(8,891),(8,894),(8,895),(8,922),(8,923),(8,978),(8,979),(8,1006),(8,1007),(8,1026),(8,1027),(8,1030),(8,1031),(8,1054),(8,1055),(8,1058),(8,1059),(8,1062),(8,1063),(8,1066),(8,1067),(8,1070),(8,1071),(8,1078),(8,1079),(8,1082),(8,1083),(8,1086),(8,1087),(8,1090),(8,1091),(8,1102);

--
