-- Table structure for table `pre3303_supplier_shop`
--

CREATE TABLE `pre3303_supplier_shop` (
  `id_supplier` int(11) unsigned NOT NULL,
  `id_shop` int(11) unsigned NOT NULL,
  PRIMARY KEY (`id_supplier`,`id_shop`),
  KEY `id_shop` (`id_shop`)
) ENGINE=InnoDB DEFAULT CHARSET=utf8;

--
-- Dumping data for table `pre3303_supplier_shop`
--

INSERT INTO `pre3303_supplier_shop` VALUES (4,2),(5,2),(6,2),(7,2),(8,2),(9,2),(11,2),(12,2),(13,2),(14,2),(15,2),(16,2),(17,2),(18,2),(19,2),(20,2),(21,2),(22,2),(23,2),(24,2),(25,2),(26,2),(31,2),(35,2),(38,2),(4,4),(5,4),(6,4),(7,4),(8,4),(9,4),(11,4),(12,4),(13,4),(14,4),(15,4),(16,4),(17,4),(18,4),(19,4),(20,4),(21,4),(22,4),(23,4),(24,4),(25,4),(26,4),(27,4),(28,4),(29,4),(30,4),(31,4),(32,4),(33,4),(34,4),(35,4),(36,4),(37,4),(38,4),(4,5),(5,5),(6,5),(7,5),(8,5),(9,5),(11,5),(12,5),(13,5),(14,5),(15,5),(16,5),(17,5),(18,5),(19,5),(20,5),(21,5),(22,5),(23,5),(24,5),(25,5),(26,5),(31,5),(34,5),(35,5),(38,5);

--
-- Table structure for table `pre3303_supply_order`
--

CREATE TABLE `pre3303_supply_order` (
  `id_supply_order` int(11) unsigned NOT NULL AUTO_INCREMENT,
  `id_supplier` int(11) unsigned NOT NULL,
  `supplier_name` varchar(64) NOT NULL,
  `id_lang` int(11) unsigned NOT NULL,
  `id_warehouse` int(11) unsigned NOT NULL,
  `id_supply_order_state` int(11) unsigned NOT NULL,
  `id_currency` int(11) unsigned NOT NULL,
  `id_ref_currency` int(11) unsigned NOT NULL,
  `reference` varchar(64) NOT NULL,
  `date_add` datetime NOT NULL,
  `date_upd` datetime NOT NULL,
  `date_delivery_expected` datetime DEFAULT NULL,
  `total_te` decimal(20,6) DEFAULT '0.000000',
  `total_with_discount_te` decimal(20,6) DEFAULT '0.000000',
  `total_tax` decimal(20,6) DEFAULT '0.000000',
  `total_ti` decimal(20,6) DEFAULT '0.000000',
  `discount_rate` decimal(20,6) DEFAULT '0.000000',
  `discount_value_te` decimal(20,6) DEFAULT '0.000000',
  `is_template` tinyint(1) DEFAULT '0',
  PRIMARY KEY (`id_supply_order`),
  KEY `id_supplier` (`id_supplier`),
  KEY `id_warehouse` (`id_warehouse`),
  KEY `reference` (`reference`)
) ENGINE=InnoDB DEFAULT CHARSET=utf8;

--
-- Dumping data for table `pre3303_supply_order`
--


--
-- Table structure for table `pre3303_supply_order_detail`
--

CREATE TABLE `pre3303_supply_order_detail` (
  `id_supply_order_detail` int(11) unsigned NOT NULL AUTO_INCREMENT,
  `id_supply_order` int(11) unsigned NOT NULL,
  `id_currency` int(11) unsigned NOT NULL,
  `id_product` int(11) unsigned NOT NULL,
  `id_product_attribute` int(11) unsigned NOT NULL,
  `reference` varchar(32) NOT NULL,
  `supplier_reference` varchar(32) NOT NULL,
  `name` varchar(128) NOT NULL,
  `ean13` varchar(13) DEFAULT NULL,
  `isbn` varchar(32) DEFAULT NULL,
  `upc` varchar(12) DEFAULT NULL,
  `exchange_rate` decimal(20,6) DEFAULT '0.000000',
  `unit_price_te` decimal(20,6) DEFAULT '0.000000',
  `quantity_expected` int(11) unsigned NOT NULL,
  `quantity_received` int(11) unsigned NOT NULL,
  `price_te` decimal(20,6) DEFAULT '0.000000',
  `discount_rate` decimal(20,6) DEFAULT '0.000000',
  `discount_value_te` decimal(20,6) DEFAULT '0.000000',
  `price_with_discount_te` decimal(20,6) DEFAULT '0.000000',
  `tax_rate` decimal(20,6) DEFAULT '0.000000',
  `tax_value` decimal(20,6) DEFAULT '0.000000',
  `price_ti` decimal(20,6) DEFAULT '0.000000',
  `tax_value_with_order_discount` decimal(20,6) DEFAULT '0.000000',
  `price_with_order_discount_te` decimal(20,6) DEFAULT '0.000000',
  PRIMARY KEY (`id_supply_order_detail`),
  KEY `id_supply_order` (`id_supply_order`,`id_product`),
  KEY `id_product_attribute` (`id_product_attribute`),
  KEY `id_product_product_attribute` (`id_product`,`id_product_attribute`)
) ENGINE=InnoDB DEFAULT CHARSET=utf8;

--
-- Dumping data for table `pre3303_supply_order_detail`
--


--
-- Table structure for table `pre3303_supply_order_history`
--

CREATE TABLE `pre3303_supply_order_history` (
  `id_supply_order_history` int(11) unsigned NOT NULL AUTO_INCREMENT,
  `id_supply_order` int(11) unsigned NOT NULL,
  `id_employee` int(11) unsigned NOT NULL,
  `employee_lastname` varchar(32) DEFAULT '',
  `employee_firstname` varchar(32) DEFAULT '',
  `id_state` int(11) unsigned NOT NULL,
  `date_add` datetime NOT NULL,
  PRIMARY KEY (`id_supply_order_history`),
  KEY `id_supply_order` (`id_supply_order`),
  KEY `id_employee` (`id_employee`),
  KEY `id_state` (`id_state`)
) ENGINE=InnoDB DEFAULT CHARSET=utf8;

--
-- Dumping data for table `pre3303_supply_order_history`
--


--
-- Table structure for table `pre3303_supply_order_receipt_history`
--

CREATE TABLE `pre3303_supply_order_receipt_history` (
  `id_supply_order_receipt_history` int(11) unsigned NOT NULL AUTO_INCREMENT,
  `id_supply_order_detail` int(11) unsigned NOT NULL,
  `id_employee` int(11) unsigned NOT NULL,
  `employee_lastname` varchar(32) DEFAULT '',
  `employee_firstname` varchar(32) DEFAULT '',
  `id_supply_order_state` int(11) unsigned NOT NULL,
  `quantity` int(11) unsigned NOT NULL,
  `date_add` datetime NOT NULL,
  PRIMARY KEY (`id_supply_order_receipt_history`),
  KEY `id_supply_order_detail` (`id_supply_order_detail`),
  KEY `id_supply_order_state` (`id_supply_order_state`)
) ENGINE=InnoDB DEFAULT CHARSET=utf8;

--
-- Dumping data for table `pre3303_supply_order_receipt_history`
--


--
-- Table structure for table `pre3303_supply_order_state`
--

CREATE TABLE `pre3303_supply_order_state` (
  `id_supply_order_state` int(11) unsigned NOT NULL AUTO_INCREMENT,
  `delivery_note` tinyint(1) NOT NULL DEFAULT '0',
  `editable` tinyint(1) NOT NULL DEFAULT '0',
  `receipt_state` tinyint(1) NOT NULL DEFAULT '0',
  `pending_receipt` tinyint(1) NOT NULL DEFAULT '0',
  `enclosed` tinyint(1) NOT NULL DEFAULT '0',
  `color` varchar(32) DEFAULT NULL,
  PRIMARY KEY (`id_supply_order_state`)
) ENGINE=InnoDB AUTO_INCREMENT=7 DEFAULT CHARSET=utf8;

--
-- Dumping data for table `pre3303_supply_order_state`
--

INSERT INTO `pre3303_supply_order_state` VALUES (1,0,1,0,0,0,'#faab00'),(2,1,0,0,0,0,'#273cff'),(3,0,0,0,1,0,'#ff37f5'),(4,0,0,1,1,0,'#ff3e33'),(5,0,0,1,0,1,'#00d60c'),(6,0,0,0,0,1,'#666666');

--
-- Table structure for table `pre3303_supply_order_state_lang`
--

CREATE TABLE `pre3303_supply_order_state_lang` (
  `id_supply_order_state` int(11) unsigned NOT NULL,
  `id_lang` int(11) unsigned NOT NULL,
  `name` varchar(128) DEFAULT NULL,
  PRIMARY KEY (`id_supply_order_state`,`id_lang`)
) ENGINE=InnoDB DEFAULT CHARSET=utf8;

--
-- Dumping data for table `pre3303_supply_order_state_lang`
--

INSERT INTO `pre3303_supply_order_state_lang` VALUES (1,1,'1 - En cours de création'),(1,2,'1 - Creation in progress'),(2,1,'2 - Commande validée'),(2,2,'2 - Order validated'),(3,1,'3 - En attente de réception'),(3,2,'3 - Pending receipt'),(4,1,'4 - Commande reçue partiellement'),(4,2,'4 - Order received in part'),(5,1,'5 - Commande reçue intégralement'),(5,2,'5 - Order received completely'),(6,1,'6 - Commande annulée'),(6,2,'6 - Order canceled');

--
-- Table structure for table `pre3303_tab`
--

CREATE TABLE `pre3303_tab` (
  `id_tab` int(11) NOT NULL AUTO_INCREMENT,
  `id_parent` int(11) NOT NULL,
  `position` int(11) NOT NULL,
  `module` varchar(64) COLLATE utf8_unicode_ci DEFAULT NULL,
  `class_name` varchar(64) COLLATE utf8_unicode_ci DEFAULT NULL,
  `active` tinyint(1) NOT NULL,
  `hide_host_mode` tinyint(1) NOT NULL,
  `icon` varchar(32) COLLATE utf8_unicode_ci DEFAULT NULL,
  PRIMARY KEY (`id_tab`)
) ENGINE=InnoDB AUTO_INCREMENT=186 DEFAULT CHARSET=utf8 COLLATE=utf8_unicode_ci;

--
-- Dumping data for table `pre3303_tab`
--

INSERT INTO `pre3303_tab` VALUES (1,0,1,NULL,'AdminDashboard',1,0,'trending_up'),(2,0,2,NULL,'SELL',1,0,''),(3,2,1,NULL,'AdminParentOrders',1,0,'shopping_basket'),(4,3,1,NULL,'AdminOrders',1,0,''),(5,3,2,NULL,'AdminInvoices',1,0,''),(6,3,3,NULL,'AdminSlip',1,0,''),(7,3,4,NULL,'AdminDeliverySlip',1,0,''),(8,3,5,NULL,'AdminCarts',1,0,''),(9,2,2,NULL,'AdminCatalog',1,0,'store'),(10,9,1,NULL,'AdminProducts',1,0,''),(11,9,2,NULL,'AdminCategories',1,0,''),(12,9,3,NULL,'AdminTracking',1,0,''),(13,9,4,NULL,'AdminParentAttributesGroups',1,0,''),(14,13,1,NULL,'AdminAttributesGroups',1,0,''),(15,13,2,NULL,'AdminFeatures',1,0,''),(16,9,5,NULL,'AdminParentManufacturers',1,0,''),(17,16,1,NULL,'AdminManufacturers',1,0,''),(18,16,2,NULL,'AdminSuppliers',1,0,''),(19,9,6,NULL,'AdminAttachments',1,0,''),(20,9,7,NULL,'AdminParentCartRules',1,0,''),(21,20,1,NULL,'AdminCartRules',1,0,''),(22,20,2,NULL,'AdminSpecificPriceRule',1,0,''),(23,2,3,NULL,'AdminParentCustomer',1,0,'account_circle'),(24,23,1,NULL,'AdminCustomers',1,0,''),(25,23,2,NULL,'AdminAddresses',1,0,''),(26,23,3,'','AdminOutstanding',0,0,''),(27,2,4,NULL,'AdminParentCustomerThreads',1,0,'chat'),(28,27,1,NULL,'AdminCustomerThreads',1,0,''),(29,27,2,NULL,'AdminOrderMessage',1,0,''),(30,27,3,NULL,'AdminReturn',1,0,''),(31,2,5,NULL,'AdminStats',1,0,'assessment'),(32,2,6,NULL,'AdminStock',1,0,'store'),(33,32,1,NULL,'AdminWarehouses',1,0,''),(34,32,2,NULL,'AdminParentStockManagement',1,0,''),(35,34,1,NULL,'AdminStockManagement',1,0,''),(36,35,1,NULL,'AdminStockMvt',1,0,''),(37,35,2,NULL,'AdminStockInstantState',1,0,''),(38,35,3,NULL,'AdminStockCover',1,0,''),(39,32,3,NULL,'AdminSupplyOrders',1,0,''),(40,32,4,NULL,'AdminStockConfiguration',1,0,''),(41,0,3,NULL,'IMPROVE',1,0,''),(42,41,1,NULL,'AdminParentModulesSf',1,0,'extension'),(43,42,1,NULL,'AdminModulesSf',1,0,''),(44,42,2,NULL,'AdminModules',0,0,''),(45,42,3,NULL,'AdminAddonsCatalog',1,0,''),(46,41,2,NULL,'AdminParentThemes',1,0,'desktop_mac'),(47,46,1,NULL,'AdminThemes',1,0,''),(48,46,2,NULL,'AdminThemesCatalog',1,0,''),(49,46,3,NULL,'AdminCmsContent',1,0,''),(50,46,4,NULL,'AdminModulesPositions',1,0,''),(51,46,5,NULL,'AdminImages',1,0,''),(52,41,3,NULL,'AdminParentShipping',1,0,'local_shipping'),(53,52,1,NULL,'AdminCarriers',1,0,''),(54,52,2,NULL,'AdminShipping',1,0,''),(55,41,4,NULL,'AdminParentPayment',1,0,'payment'),(56,55,1,NULL,'AdminPayment',1,0,''),(57,55,2,NULL,'AdminPaymentPreferences',1,0,''),(58,41,5,NULL,'AdminInternational',1,0,'language'),(59,58,1,NULL,'AdminParentLocalization',1,0,''),(60,59,1,NULL,'AdminLocalization',1,0,''),(61,59,2,NULL,'AdminLanguages',1,0,''),(62,59,3,NULL,'AdminCurrencies',1,0,''),(63,59,4,NULL,'AdminGeolocation',1,0,''),(64,58,2,NULL,'AdminParentCountries',1,0,''),(65,64,2,NULL,'AdminCountries',1,0,''),(66,64,1,NULL,'AdminZones',1,0,''),(67,64,3,NULL,'AdminStates',1,0,''),(68,58,3,NULL,'AdminParentTaxes',1,0,''),(69,68,1,NULL,'AdminTaxes',1,0,''),(70,68,2,NULL,'AdminTaxRulesGroup',1,0,''),(71,58,4,NULL,'AdminTranslations',1,0,''),(72,0,4,NULL,'CONFIGURE',1,0,''),(73,72,1,NULL,'ShopParameters',1,0,'settings'),(74,73,1,NULL,'AdminParentPreferences',1,0,''),(75,74,1,NULL,'AdminPreferences',1,0,''),(76,74,2,NULL,'AdminMaintenance',1,0,''),(77,73,2,NULL,'AdminParentOrderPreferences',1,0,''),(78,77,1,NULL,'AdminOrderPreferences',1,0,''),(79,77,2,NULL,'AdminStatuses',1,0,''),(80,73,3,NULL,'AdminPPreferences',1,0,''),(81,73,4,NULL,'AdminParentCustomerPreferences',1,0,''),(82,81,1,NULL,'AdminCustomerPreferences',1,0,''),(83,81,2,NULL,'AdminGroups',1,0,''),(84,81,3,NULL,'AdminGenders',1,0,''),(85,73,5,NULL,'AdminParentStores',1,0,''),(86,85,1,NULL,'AdminContacts',1,0,''),(87,85,2,NULL,'AdminStores',1,0,''),(88,73,6,NULL,'AdminParentMeta',1,0,''),(89,88,1,NULL,'AdminMeta',1,0,''),(90,88,2,NULL,'AdminSearchEngines',1,0,''),(91,88,3,NULL,'AdminReferrers',1,0,''),(92,73,7,NULL,'AdminParentSearchConf',1,0,''),(93,92,1,NULL,'AdminSearchConf',1,0,''),(94,92,2,NULL,'AdminTags',1,0,''),(95,72,2,NULL,'AdminAdvancedParameters',1,0,'settings_applications'),(96,95,1,NULL,'AdminInformation',1,0,''),(97,95,2,NULL,'AdminPerformance',1,0,''),(98,95,3,NULL,'AdminAdminPreferences',1,0,''),(99,95,4,NULL,'AdminEmails',1,0,''),(100,95,5,NULL,'AdminImport',1,0,''),(101,95,6,NULL,'AdminParentEmployees',1,0,''),(102,101,1,NULL,'AdminEmployees',1,0,''),(103,101,2,NULL,'AdminProfiles',1,0,''),(104,101,3,NULL,'AdminAccess',1,0,''),(105,95,7,NULL,'AdminParentRequestSql',1,0,''),(106,105,1,NULL,'AdminRequestSql',1,0,''),(107,105,2,NULL,'AdminBackup',1,0,''),(108,95,8,NULL,'AdminLogs',1,0,''),(109,95,9,NULL,'AdminWebservice',1,0,''),(110,95,10,'','AdminShopGroup',1,0,''),(111,95,11,NULL,'AdminShopUrl',0,0,''),(112,-1,1,NULL,'AdminQuickAccesses',1,0,''),(113,0,5,NULL,'DEFAULT',1,0,''),(114,-1,2,NULL,'AdminPatterns',1,0,''),(115,-1,3,'dashgoals','AdminDashgoals',1,0,''),(116,46,6,'ps_linklist','AdminLinkWidget',1,0,''),(117,73,8,'gamification','AdminGamification',1,0,''),(118,-1,4,'cronjobs','AdminCronJobs',1,0,''),(119,113,1,'autoupgrade','AdminSelfUpgrade',1,0,''),(120,9,8,NULL,'AdminStockManagement',1,0,''),(151,52,3,'sendcloud','AdminSendcloud',1,0,''),(152,-1,5,'seoimg','AdminSeoimg',1,0,''),(153,-1,6,'seoexpert','AdminSeohelping',1,0,''),(158,41,6,'appagebuilder','AdminApPageBuilder',1,0,'tab'),(159,158,1,'appagebuilder','AdminApPageBuilderProfiles',1,0,''),(160,158,2,'appagebuilder','AdminApPageBuilderPositions',1,0,''),(161,158,3,'appagebuilder','AdminApPageBuilderShortcode',1,0,''),(162,-1,7,'appagebuilder','AdminApPageBuilderHome',1,0,''),(163,158,4,'appagebuilder','AdminApPageBuilderProducts',1,0,''),(164,158,5,'appagebuilder','AdminApPageBuilderDetails',1,0,''),(165,158,6,'appagebuilder','AdminApPageBuilderHook',1,0,''),(166,158,7,'appagebuilder','AdminApPageBuilderThemeEditor',1,0,''),(167,158,8,'appagebuilder','AdminApPageBuilderModule',1,0,''),(168,158,9,'appagebuilder','AdminApPageBuilderThemeConfiguration',1,0,''),(169,-1,8,'appagebuilder','AdminApPageBuilderImages',1,0,''),(170,-1,9,'appagebuilder','AdminApPageBuilderShortcodes',1,0,''),(171,41,7,'leoblog','AdminLeoblogManagement',1,0,'create'),(172,171,1,'leoblog','AdminLeoblogDashboard',1,0,''),(173,171,2,'leoblog','AdminLeoblogCategories',1,0,''),(174,171,3,'leoblog','AdminLeoblogBlogs',1,0,''),(175,171,4,'leoblog','AdminLeoblogComments',1,0,''),(176,171,5,'leoblog','AdminLeoblogModule',1,0,''),(177,42,4,'leobootstrapmenu','AdminLeoBootstrapMenuModule',1,0,''),(178,-1,10,'leobootstrapmenu','AdminLeoWidgets',1,0,''),(179,-1,11,'leoslideshow','AdminLeoSlideshow',1,0,''),(180,42,5,'leoslideshow','AdminLeoSlideshowMenuModule',1,0,''),(181,41,8,'leofeature','AdminLeofeatureManagement',1,0,'star'),(182,181,1,'leofeature','AdminLeofeatureModule',1,0,''),(183,181,2,'leofeature','AdminLeofeatureReviews',1,0,''),(184,-1,12,'psgdpr','AdminAjaxPsgdpr',1,0,''),(185,-1,13,'psgdpr','AdminDownloadInvoicesPsgdpr',1,0,'');

--
-- Table structure for table `pre3303_tab_advice`
--

CREATE TABLE `pre3303_tab_advice` (
  `id_tab` int(11) NOT NULL,
  `id_advice` int(11) NOT NULL,
  PRIMARY KEY (`id_tab`,`id_advice`)
) ENGINE=InnoDB DEFAULT CHARSET=utf8;

--
-- Dumping data for table `pre3303_tab_advice`
--

INSERT INTO `pre3303_tab_advice` VALUES (0,14),(0,78),(0,142),(1,10),(1,18),(1,20),(1,21),(1,22),(1,23),(1,24),(1,25),(1,26),(1,27),(1,28),(1,29),(1,30),(1,31),(1,32),(1,33),(1,34),(1,35),(1,36),(1,37),(1,38),(1,39),(1,40),(1,41),(1,42),(1,43),(1,44),(1,45),(1,46),(1,47),(1,48),(1,49),(1,50),(1,51),(1,52),(1,53),(1,54),(1,55),(1,56),(1,57),(1,58),(1,59),(1,60),(1,61),(1,62),(1,63),(1,64),(1,74),(1,82),(1,84),(1,85),(1,86),(1,87),(1,88),(1,89),(1,90),(1,91),(1,92),(1,93),(1,94),(1,95),(1,96),(1,97),(1,98),(1,99),(1,100),(1,101),(1,102),(1,103),(1,104),(1,105),(1,106),(1,107),(1,108),(1,109),(1,110),(1,111),(1,112),(1,113),(1,114),(1,115),(1,116),(1,117),(1,118),(1,119),(1,120),(1,121),(1,122),(1,123),(1,124),(1,125),(1,126),(1,127),(1,128),(1,138),(1,146),(1,148),(1,149),(1,150),(1,151),(1,152),(1,153),(1,154),(1,155),(1,156),(1,157),(1,158),(1,159),(1,160),(1,161),(1,162),(1,163),(1,164),(1,165),(1,166),(1,167),(1,168),(1,169),(1,170),(1,171),(1,172),(1,173),(1,174),(1,175),(1,176),(1,177),(1,178),(1,179),(1,180),(1,181),(1,182),(1,183),(1,184),(1,185),(1,186),(1,187),(1,188),(1,189),(1,190),(1,200),(1,208),(1,210),(1,211),(1,212),(1,213),(1,214),(1,215),(1,216),(1,217),(1,218),(1,219),(1,220),(1,221),(1,222),(1,223),(1,224),(1,225),(1,226),(1,227),(1,228),(1,229),(1,230),(1,231),(1,232),(1,233),(1,234),(1,235),(1,236),(1,237),(1,238),(1,239),(1,240),(1,241),(1,242),(1,243),(1,244),(1,245),(1,246),(1,247),(1,248),(1,249),(1,250),(1,251),(1,252),(1,262),(1,270),(1,272),(1,273),(1,274),(1,275),(1,276),(1,277),(1,278),(1,279),(1,280),(1,281),(1,282),(1,283),(1,284),(1,285),(1,286),(1,287),(1,288),(1,289),(1,290),(1,291),(1,292),(1,293),(1,294),(1,295),(1,296),(1,297),(1,298),(1,299),(1,300),(1,301),(1,302),(1,303),(1,304),(1,305),(1,306),(1,307),(1,308),(1,309),(1,310),(1,311),(1,312),(1,313),(1,314),(1,324),(1,332),(1,334),(1,335),(1,336),(1,337),(1,338),(1,339),(1,340),(1,341),(1,342),(1,343),(1,344),(1,345),(1,346),(1,347),(1,348),(1,349),(1,350),(1,351),(1,352),(1,353),(1,354),(1,355),(1,356),(1,357),(1,358),(1,359),(1,360),(1,361),(1,362),(1,363),(1,364),(1,365),(1,366),(1,367),(1,368),(1,369),(1,370),(1,371),(1,372),(1,373),(1,374),(1,375),(1,376),(1,386),(1,394),(1,396),(1,397),(1,398),(1,399),(1,400),(1,401),(1,402),(1,403),(1,404),(1,405),(1,406),(1,407),(1,408),(1,409),(1,410),(1,411),(1,412),(1,413),(1,414),(1,415),(1,416),(1,417),(1,418),(1,419),(1,420),(1,421),(1,422),(1,423),(1,424),(1,425),(1,426),(1,427),(1,428),(1,429),(1,430),(1,431),(1,432),(1,433),(1,434),(1,435),(1,436),(1,437),(1,438),(1,448),(1,456),(1,458),(1,459),(1,460),(1,461),(1,462),(1,463),(1,464),(1,465),(1,466),(1,467),(1,468),(1,469),(1,470),(1,471),(1,472),(1,473),(1,474),(1,475),(1,476),(1,477),(1,478),(1,479),(1,480),(1,481),(1,482),(1,483),(1,484),(1,485),(1,486),(1,487),(1,488),(1,489),(1,490),(1,491),(1,492),(1,493),(1,494),(1,495),(1,496),(1,497),(1,498),(1,499),(1,500),(1,510),(1,518),(1,520),(1,521),(1,522),(1,523),(1,524),(1,525),(1,526),(1,527),(1,528),(1,529),(1,530),(1,531),(1,532),(1,533),(1,534),(1,535),(1,536),(1,537),(1,538),(1,539),(1,540),(1,541),(1,542),(1,543),(1,544),(1,545),(1,546),(1,547),(1,548),(1,549),(1,550),(1,551),(1,552),(1,553),(1,554),(1,555),(1,556),(1,557),(1,558),(1,559),(1,560),(1,561),(1,562),(1,572),(1,580),(1,582),(1,583),(1,584),(1,585),(1,586),(1,587),(1,588),(1,589),(1,590),(1,591),(1,592),(1,593),(1,594),(1,595),(1,596),(1,597),(1,598),(1,599),(1,600),(1,601),(1,602),(1,603),(1,604),(1,605),(1,606),(1,607),(1,608),(1,609),(1,610),(1,611),(1,612),(1,613),(1,614),(1,615),(1,616),(1,617),(1,618),(1,619),(1,620),(1,621),(1,622),(1,623),(1,624),(1,634),(1,642),(1,644),(1,645),(1,646),(1,647),(1,648),(1,649),(1,650),(1,651),(1,652),(1,653),(1,654),(1,655),(1,656),(1,657),(1,658),(1,659),(1,660),(1,661),(1,662),(1,663),(1,664),(1,665),(1,666),(1,667),(1,668),(1,669),(1,670),(1,671),(1,672),(1,673),(1,674),(1,675),(1,676),(1,677),(1,678),(1,679),(1,680),(1,681),(1,682),(1,683),(1,684),(1,685),(1,686),(1,691),(1,697),(1,698),(1,699),(1,700),(1,701),(1,702),(1,703),(1,704),(1,705),(1,706),(1,707),(1,708),(1,709),(1,710),(1,711),(1,712),(1,713),(1,714),(1,715),(1,716),(1,717),(1,718),(1,719),(1,720),(1,721),(1,722),(1,723),(1,724),(1,725),(1,726),(1,727),(1,728),(1,729),(1,730),(1,731),(1,732),(1,733),(1,734),(1,735),(1,736),(1,737),(1,738),(1,739),(1,748),(1,758),(1,766),(1,768),(1,769),(1,770),(1,771),(1,772),(1,773),(1,774),(1,775),(1,776),(1,777),(1,778),(1,779),(1,780),(1,781),(1,782),(1,783),(1,784),(1,785),(1,786),(1,787),(1,788),(1,789),(1,790),(1,791),(1,792),(1,793),(1,794),(1,795),(1,796),(1,797),(1,798),(1,799),(1,800),(1,801),(1,802),(1,803),(1,804),(1,805),(1,806),(1,807),(1,808),(1,809),(1,810),(1,820),(1,828),(1,830),(1,831),(1,832),(1,833),(1,834),(1,835),(1,836),(1,837),(1,838),(1,839),(1,840),(1,841),(1,842),(1,843),(1,844),(1,845),(1,846),(1,847),(1,848),(1,849),(1,850),(1,851),(1,852),(1,853),(1,854),(1,855),(1,856),(1,857),(1,858),(1,859),(1,860),(1,861),(1,862),(1,863),(1,864),(1,865),(1,866),(1,867),(1,868),(1,869),(1,870),(1,871),(1,872),(1,882),(1,890),(1,892),(1,893),(1,894),(1,895),(1,896),(1,897),(1,898),(1,899),(1,900),(1,901),(1,902),(1,903),(1,904),(1,905),(1,906),(1,907),(1,908),(1,909),(1,910),(1,911),(1,912),(1,913),(1,914),(1,915),(1,916),(1,917),(1,918),(1,919),(1,920),(1,921),(1,922),(1,923),(1,924),(1,925),(1,926),(1,927),(1,928),(1,929),(1,930),(1,931),(1,932),(1,933),(1,934),(1,944),(1,952),(1,954),(1,955),(1,956),(1,957),(1,958),(1,959),(1,960),(1,961),(1,962),(1,963),(1,964),(1,965),(1,966),(1,967),(1,968),(1,969),(1,970),(1,971),(1,972),(1,973),(1,974),(1,975),(1,976),(1,977),(1,978),(1,979),(1,980),(1,981),(1,982),(1,983),(1,984),(1,985),(1,986),(1,987),(1,988),(1,989),(1,990),(1,991),(1,992),(1,993),(1,994),(1,995),(1,996),(1,1006),(1,1014),(1,1016),(1,1017),(1,1018),(1,1019),(1,1020),(1,1021),(1,1022),(1,1023),(1,1024),(1,1025),(1,1026),(1,1027),(1,1028),(1,1029),(1,1030),(1,1031),(1,1032),(1,1033),(1,1034),(1,1035),(1,1036),(1,1037),(1,1038),(1,1039),(1,1040),(1,1041),(1,1042),(1,1043),(1,1044),(1,1045),(1,1046),(1,1047),(1,1048),(1,1049),(1,1050),(1,1051),(1,1052),(1,1053),(1,1054),(1,1055),(1,1056),(1,1057),(1,1058),(1,1068),(1,1076),(1,1078),(1,1079),(1,1080),(1,1081),(1,1082),(1,1083),(1,1084),(1,1085),(1,1086),(1,1087),(1,1088),(1,1089),(1,1090),(1,1091),(1,1092),(1,1093),(1,1094),(1,1095),(1,1096),(1,1097),(1,1098),(1,1099),(1,1100),(1,1101),(1,1102),(1,1103),(1,1104),(1,1105),(1,1106),(1,1107),(1,1108),(1,1109),(1,1110),(1,1111),(1,1112),(1,1113),(1,1114),(1,1115),(1,1116),(1,1117),(1,1118),(1,1119),(1,1120),(1,1130),(1,1138),(1,1140),(1,1141),(1,1142),(1,1143),(1,1144),(1,1145),(1,1146),(1,1147),(1,1148),(1,1149),(1,1150),(1,1151),(1,1152),(1,1153),(1,1154),(1,1155),(1,1156),(1,1157),(1,1158),(1,1159),(1,1160),(1,1161),(1,1162),(1,1163),(1,1164),(1,1165),(1,1166),(1,1167),(1,1168),(1,1169),(1,1170),(1,1171),(1,1172),(1,1173),(1,1174),(1,1175),(1,1176),(1,1177),(1,1178),(1,1179),(1,1180),(1,1181),(1,1182),(1,1192),(1,1200),(1,1202),(1,1203),(1,1204),(1,1205),(1,1206),(1,1207),(1,1208),(1,1209),(1,1210),(1,1211),(1,1212),(1,1213),(1,1214),(1,1215),(1,1216),(1,1217),(1,1218),(1,1219),(1,1220),(1,1221),(1,1222),(1,1223),(1,1224),(1,1225),(1,1226),(1,1227),(1,1228),(1,1229),(1,1230),(1,1231),(1,1232),(1,1233),(1,1234),(1,1235),(1,1236),(1,1237),(1,1238),(1,1239),(1,1240),(1,1241),(1,1242),(1,1243),(1,1244),(1,1254),(1,1262),(1,1264),(1,1265),(1,1266),(1,1267),(1,1268),(1,1269),(1,1270),(1,1271),(1,1272),(1,1273),(1,1274),(1,1275),(1,1276),(1,1277),(1,1278),(1,1279),(1,1280),(1,1281),(1,1282),(1,1283),(1,1284),(1,1285),(1,1286),(1,1287),(1,1288),(1,1289),(1,1290),(1,1291),(1,1292),(1,1293),(1,1294),(1,1295),(1,1296),(1,1297),(1,1298),(1,1299),(1,1300),(1,1301),(1,1302),(1,1303),(1,1304),(1,1305),(1,1306),(1,1311),(1,1317),(1,1318),(1,1319),(1,1320),(1,1321),(1,1322),(1,1323),(1,1324),(1,1325),(1,1326),(1,1327),(1,1328),(1,1329),(1,1330),(1,1331),(1,1332),(1,1333),(1,1334),(1,1335),(1,1336),(1,1337),(1,1338),(1,1339),(1,1340),(1,1341),(1,1342),(1,1343),(1,1344),(1,1345),(1,1346),(1,1347),(1,1348),(1,1349),(1,1350),(1,1351),(1,1352),(1,1353),(1,1354),(1,1355),(1,1356),(1,1357),(1,1358),(1,1359),(1,1368),(1,1373),(1,1379),(1,1380),(1,1381),(1,1382),(1,1383),(1,1384),(1,1385),(1,1386),(1,1387),(1,1388),(1,1389),(1,1390),(1,1391),(1,1392),(1,1393),(1,1394),(1,1395),(1,1396),(1,1397),(1,1398),(1,1399),(1,1400),(1,1401),(1,1402),(1,1403),(1,1404),(1,1405),(1,1406),(1,1407),(1,1408),(1,1409),(1,1410),(1,1411),(1,1412),(1,1413),(1,1414),(1,1415),(1,1416),(1,1417),(1,1418),(1,1419),(1,1420),(1,1421),(1,1431),(1,1439),(1,1441),(1,1442),(1,1443),(1,1444),(1,1445),(1,1446),(1,1447),(1,1448),(1,1449),(1,1450),(1,1451),(1,1452),(1,1453),(1,1454),(1,1455),(1,1456),(1,1457),(1,1458),(1,1459),(1,1460),(1,1461),(1,1462),(1,1463),(1,1464),(1,1465),(1,1466),(1,1467),(1,1468),(1,1469),(1,1470),(1,1471),(1,1472),(1,1473),(1,1474),(1,1475),(1,1476),(1,1477),(1,1478),(1,1479),(1,1480),(1,1481),(1,1482),(1,1483),(1,1493),(1,1501),(1,1503),(1,1504),(1,1505),(1,1506),(1,1507),(1,1508),(1,1509),(1,1510),(1,1511),(1,1512),(1,1513),(1,1514),(1,1515),(1,1516),(1,1517),(1,1518),(1,1519),(1,1520),(1,1521),(1,1522),(1,1523),(1,1524),(1,1525),(1,1526),(1,1527),(1,1528),(1,1529),(1,1530),(1,1531),(1,1532),(1,1533),(1,1534),(1,1535),(1,1536),(1,1537),(1,1538),(1,1539),(1,1540),(1,1541),(1,1542),(1,1543),(1,1544),(1,1545),(1,1550),(1,1556),(1,1557),(1,1558),(1,1559),(1,1560),(1,1561),(1,1562),(1,1563),(1,1564),(1,1565),(1,1566),(1,1567),(1,1568),(1,1569),(1,1570),(1,1571),(1,1572),(1,1573),(1,1574),(1,1575),(1,1576),(1,1577),(1,1578),(1,1579),(1,1580),(1,1581),(1,1582),(1,1583),(1,1584),(1,1585),(1,1586),(1,1587),(1,1588),(1,1589),(1,1590),(1,1591),(1,1592),(1,1593),(1,1594),(1,1595),(1,1596),(1,1597),(1,1598),(1,1607),(1,1617),(1,1625),(1,1627),(1,1628),(1,1629),(1,1630),(1,1631),(1,1632),(1,1633),(1,1634),(1,1635),(1,1636),(1,1637),(1,1638),(1,1639),(1,1640),(1,1641),(1,1642),(1,1643),(1,1644),(1,1645),(1,1646),(1,1647),(1,1648),(1,1649),(1,1650),(1,1651),(1,1652),(1,1653),(1,1654),(1,1655),(1,1656),(1,1657),(1,1658),(1,1659),(1,1660),(1,1661),(1,1662),(1,1663),(1,1664),(1,1665),(1,1666),(1,1667),(1,1668),(1,1669),(1,1679),(1,1687),(1,1689),(1,1690),(1,1691),(1,1692),(1,1693),(1,1694),(1,1695),(1,1696),(1,1697),(1,1698),(1,1699),(1,1700),(1,1701),(1,1702),(1,1703),(1,1704),(1,1705),(1,1706),(1,1707),(1,1708),(1,1709),(1,1710),(1,1711),(1,1712),(1,1713),(1,1714),(1,1715),(1,1716),(1,1717),(1,1718),(1,1719),(1,1720),(1,1721),(1,1722),(1,1723),(1,1724),(1,1725),(1,1726),(1,1727),(1,1728),(1,1729),(1,1730),(1,1731),(1,1736),(1,1742),(1,1743),(1,1744),(1,1745),(1,1746),(1,1747),(1,1748),(1,1749),(1,1750),(1,1751),(1,1752),(1,1753),(1,1754),(1,1755),(1,1756),(1,1757),(1,1758),(1,1759),(1,1760),(1,1761),(1,1762),(1,1763),(1,1764),(1,1765),(1,1766),(1,1767),(1,1768),(1,1769),(1,1770),(1,1771),(1,1772),(1,1773),(1,1774),(1,1775),(1,1776),(1,1777),(1,1778),(1,1779),(1,1780),(1,1781),(1,1782),(1,1783),(1,1784),(1,1793),(1,1798),(1,1804),(1,1805),(1,1806),(1,1807),(1,1808),(1,1809),(1,1810),(1,1811),(1,1812),(1,1813),(1,1814),(1,1815),(1,1816),(1,1817),(1,1818),(1,1819),(1,1820),(1,1821),(1,1822),(1,1823),(1,1824),(1,1825),(1,1826),(1,1827),(1,1828),(1,1829),(1,1830),(1,1831),(1,1832),(1,1833),(1,1834),(1,1835),(1,1836),(1,1837),(1,1838),(1,1839),(1,1840),(1,1841),(1,1842),(1,1843),(1,1844),(1,1845),(1,1846),(1,1856),(1,1864),(1,1866),(1,1867),(1,1868),(1,1869),(1,1870),(1,1871),(1,1872),(1,1873),(1,1874),(1,1875),(1,1876),(1,1877),(1,1878),(1,1879),(1,1880),(1,1881),(1,1882),(1,1883),(1,1884),(1,1885),(1,1886),(1,1887),(1,1888),(1,1889),(1,1890),(1,1891),(1,1892),(1,1893),(1,1894),(1,1895),(1,1896),(1,1897),(1,1898),(1,1899),(1,1900),(1,1901),(1,1902),(1,1903),(1,1904),(1,1905),(1,1906),(1,1907),(1,1908),(1,1918),(1,1926),(1,1928),(1,1929),(1,1930),(1,1931),(1,1932),(1,1933),(1,1934),(1,1935),(1,1936),(1,1937),(1,1938),(1,1939),(1,1940),(1,1941),(1,1942),(1,1943),(1,1944),(1,1945),(1,1946),(1,1947),(1,1948),(1,1949),(1,1950),(1,1951),(1,1952),(1,1953),(1,1954),(1,1955),(1,1956),(1,1957),(1,1958),(1,1959),(1,1960),(1,1961),(1,1962),(1,1963),(1,1964),(1,1965),(1,1966),(1,1967),(1,1968),(1,1969),(1,1970),(1,1980),(1,1988),(1,1990),(1,1991),(1,1992),(1,1993),(1,1994),(1,1995),(1,1996),(1,1997),(1,1998),(1,1999),(1,2000),(1,2001),(1,2002),(1,2003),(1,2004),(1,2005),(1,2006),(1,2007),(1,2008),(1,2009),(1,2010),(1,2011),(1,2012),(1,2013),(1,2014),(1,2015),(1,2016),(1,2017),(1,2018),(1,2019),(1,2020),(1,2021),(1,2022),(1,2023),(1,2024),(1,2025),(1,2026),(1,2027),(1,2028),(1,2029),(1,2030),(1,2031),(1,2032),(1,2042),(1,2050),(1,2052),(1,2053),(1,2054),(1,2055),(1,2056),(1,2057),(1,2058),(1,2059),(1,2060),(1,2061),(1,2062),(1,2063),(1,2064),(1,2065),(1,2066),(1,2067),(1,2068),(1,2069),(1,2070),(1,2071),(1,2072),(1,2073),(1,2074),(1,2075),(1,2076),(1,2077),(1,2078),(1,2079),(1,2080),(1,2081),(1,2082),(1,2083),(1,2084),(1,2085),(1,2086),(1,2087),(1,2088),(1,2089),(1,2090),(1,2091),(1,2092),(1,2093),(1,2094),(1,2104),(1,2112),(1,2114),(1,2115),(1,2116),(1,2117),(1,2118),(1,2119),(1,2120),(1,2121),(1,2122),(1,2123),(1,2124),(1,2125),(1,2126),(1,2127),(1,2128),(1,2129),(1,2130),(1,2131),(1,2132),(1,2133),(1,2134),(1,2135),(1,2136),(1,2137),(1,2138),(1,2139),(1,2140),(1,2141),(1,2142),(1,2143),(1,2144),(1,2145),(1,2146),(1,2147),(1,2148),(1,2149),(1,2150),(1,2151),(1,2152),(1,2153),(1,2154),(1,2155),(1,2156),(1,2166),(1,2174),(1,2176),(1,2177),(1,2178),(1,2179),(1,2180),(1,2181),(1,2182),(1,2183),(1,2184),(1,2185),(1,2186),(1,2187),(1,2188),(1,2189),(1,2190),(1,2191),(1,2192),(1,2193),(1,2194),(1,2195),(1,2196),(1,2197),(1,2198),(1,2199),(1,2200),(1,2201),(1,2202),(1,2203),(1,2204),(1,2205),(1,2206),(1,2207),(1,2208),(1,2209),(1,2210),(1,2211),(1,2212),(1,2213),(1,2214),(1,2215),(1,2216),(1,2217),(1,2218),(1,2228),(1,2236),(1,2238),(1,2239),(1,2240),(1,2241),(1,2242),(1,2243),(1,2244),(1,2245),(1,2246),(1,2247),(1,2248),(1,2249),(1,2250),(1,2251),(1,2252),(1,2253),(1,2254),(1,2255),(1,2256),(1,2257),(1,2258),(1,2259),(1,2260),(1,2261),(1,2262),(1,2263),(1,2264),(1,2265),(1,2266),(1,2267),(1,2268),(1,2269),(1,2270),(1,2271),(1,2272),(1,2273),(1,2274),(1,2275),(1,2276),(1,2277),(1,2278),(1,2279),(1,2280),(1,2290),(1,2298),(1,2300),(1,2301),(1,2302),(1,2303),(1,2304),(1,2305),(1,2306),(1,2307),(1,2308),(1,2309),(1,2310),(1,2311),(1,2312),(1,2313),(1,2314),(1,2315),(1,2316),(1,2317),(1,2318),(1,2319),(1,2320),(1,2321),(1,2322),(1,2323),(1,2324),(1,2325),(1,2326),(1,2327),(1,2328),(1,2329),(1,2330),(1,2331),(1,2332),(1,2333),(1,2334),(1,2335),(1,2336),(1,2337),(1,2338),(1,2339),(1,2340),(1,2341),(1,2342),(1,2352),(1,2360),(1,2362),(1,2363),(1,2364),(1,2365),(1,2366),(1,2367),(1,2368),(1,2369),(1,2370),(1,2371),(1,2372),(1,2373),(1,2374),(1,2375),(1,2376),(1,2377),(1,2378),(1,2379),(1,2380),(1,2381),(1,2382),(1,2383),(1,2384),(1,2385),(1,2386),(1,2387),(1,2388),(1,2389),(1,2390),(1,2391),(1,2392),(1,2393),(1,2394),(1,2395),(1,2396),(1,2397),(1,2398),(1,2399),(1,2400),(1,2401),(1,2402),(1,2403),(1,2404),(1,2414),(1,2422),(1,2424),(1,2425),(1,2426),(1,2427),(1,2428),(1,2429),(1,2430),(1,2431),(1,2432),(1,2433),(1,2434),(1,2435),(1,2436),(1,2437),(1,2438),(1,2439),(1,2440),(1,2441),(1,2442),(1,2443),(1,2444),(1,2445),(1,2446),(1,2447),(1,2448),(1,2449),(1,2450),(1,2451),(1,2452),(1,2453),(1,2454),(1,2455),(1,2456),(1,2457),(1,2458),(1,2459),(1,2460),(1,2461),(1,2462),(1,2463),(1,2464),(1,2465),(1,2466),(1,2476),(1,2484),(1,2486),(1,2487),(1,2488),(1,2489),(1,2490),(1,2491),(1,2492),(1,2493),(1,2494),(1,2495),(1,2496),(1,2497),(1,2498),(1,2499),(1,2500),(1,2501),(1,2502),(1,2503),(1,2504),(1,2505),(1,2506),(1,2507),(1,2508),(1,2509),(1,2510),(1,2511),(1,2512),(1,2513),(1,2514),(1,2515),(1,2516),(1,2517),(1,2518),(1,2519),(1,2520),(1,2521),(1,2522),(1,2523),(1,2524),(1,2525),(1,2526),(1,2527),(1,2528),(1,2538),(1,2546),(1,2548),(1,2549),(1,2550),(1,2551),(1,2552),(1,2553),(1,2554),(1,2555),(1,2556),(1,2557),(1,2558),(1,2559),(1,2560),(1,2561),(1,2562),(1,2563),(1,2564),(1,2565),(1,2566),(1,2567),(1,2568),(1,2569),(1,2570),(1,2571),(1,2572),(1,2573),(1,2574),(1,2575),(1,2576),(1,2577),(1,2578),(1,2579),(1,2580),(1,2581),(1,2582),(1,2583),(1,2584),(1,2585),(1,2586),(1,2587),(1,2588),(1,2589),(1,2590),(1,2600),(1,2608),(1,2610),(1,2611),(1,2612),(1,2613),(1,2614),(1,2615),(1,2616),(1,2617),(1,2618),(1,2619),(1,2620),(1,2621),(1,2622),(1,2623),(1,2624),(1,2625),(1,2626),(1,2627),(1,2628),(1,2629),(1,2630),(1,2631),(1,2632),(1,2633),(1,2634),(1,2635),(1,2636),(1,2637),(1,2638),(1,2639),(1,2640),(1,2641),(1,2642),(1,2643),(1,2644),(1,2645),(1,2646),(1,2647),(1,2648),(1,2649),(1,2650),(1,2651),(1,2652),(1,2662),(1,2670),(1,2672),(1,2673),(1,2674),(1,2675),(1,2676),(1,2677),(1,2678),(1,2679),(1,2680),(1,2681),(1,2682),(1,2683),(1,2684),(1,2685),(1,2686),(1,2687),(1,2688),(1,2689),(1,2690),(1,2691),(1,2692),(1,2693),(1,2694),(1,2695),(1,2696),(1,2697),(1,2698),(1,2699),(1,2700),(1,2701),(1,2702),(1,2703),(1,2704),(1,2705),(1,2706),(1,2707),(1,2708),(1,2709),(1,2710),(1,2711),(1,2712),(1,2713),(1,2714),(1,2724),(1,2732),(1,2734),(1,2735),(1,2736),(1,2737),(1,2738),(1,2739),(1,2740),(1,2741),(1,2742),(1,2743),(1,2744),(1,2745),(1,2746),(1,2747),(1,2748),(1,2749),(1,2750),(1,2751),(1,2752),(1,2753),(1,2754),(1,2755),(1,2756),(1,2757),(1,2758),(1,2759),(1,2760),(1,2761),(1,2762),(1,2763),(1,2764),(1,2765),(1,2766),(1,2767),(1,2768),(1,2769),(1,2770),(1,2771),(1,2772),(1,2773),(1,2774),(1,2775),(1,2776),(1,2786),(1,2794),(1,2796),(1,2797),(1,2798),(1,2799),(1,2800),(1,2801),(1,2802),(1,2803),(1,2804),(1,2805),(1,2806),(1,2807),(1,2808),(1,2809),(1,2810),(1,2811),(1,2812),(1,2813),(1,2814),(1,2815),(1,2816),(1,2817),(1,2818),(1,2819),(1,2820),(1,2821),(1,2822),(1,2823),(1,2824),(1,2825),(1,2826),(1,2827),(1,2828),(1,2829),(1,2830),(1,2831),(1,2832),(1,2833),(1,2834),(1,2835),(1,2836),(1,2837),(1,2838),(1,2848),(1,2856),(1,2858),(1,2859),(1,2860),(1,2861),(1,2862),(1,2863),(1,2864),(1,2865),(1,2866),(1,2867),(1,2868),(1,2869),(1,2870),(1,2871),(1,2872),(1,2873),(1,2874),(1,2875),(1,2876),(1,2877),(1,2878),(1,2879),(1,2880),(1,2881),(1,2882),(1,2883),(1,2884),(1,2885),(1,2886),(1,2887),(1,2888),(1,2889),(1,2890),(1,2891),(1,2892),(1,2893),(1,2894),(1,2895),(1,2896),(1,2897),(1,2898),(1,2899),(1,2900),(1,2910),(1,2918),(1,2920),(1,2921),(1,2922),(1,2923),(1,2924),(1,2925),(1,2926),(1,2927),(1,2928),(1,2929),(1,2930),(1,2931),(1,2932),(1,2933),(1,2934),(1,2935),(1,2936),(1,2937),(1,2938),(1,2939),(1,2940),(1,2941),(1,2942),(1,2943),(1,2944),(1,2945),(1,2946),(1,2947),(1,2948),(1,2949),(1,2950),(1,2951),(1,2952),(1,2953),(1,2954),(1,2955),(1,2956),(1,2957),(1,2958),(1,2959),(1,2960),(1,2961),(1,2962),(1,2972),(1,2980),(1,2982),(1,2983),(1,2984),(1,2985),(1,2986),(1,2987),(1,2988),(1,2989),(1,2990),(1,2991),(1,2992),(1,2993),(1,2994),(1,2995),(1,2996),(1,2997),(1,2998),(1,2999),(1,3000),(1,3001),(1,3002),(1,3003),(1,3004),(1,3005),(1,3006),(1,3007),(1,3008),(1,3009),(1,3010),(1,3011),(1,3012),(1,3013),(1,3014),(1,3015),(1,3016),(1,3017),(1,3018),(1,3019),(1,3020),(1,3021),(1,3022),(1,3023),(1,3024),(1,3034),(1,3042),(1,3044),(1,3045),(1,3046),(1,3047),(1,3048),(1,3049),(1,3050),(1,3051),(1,3052),(1,3053),(1,3054),(1,3055),(1,3056),(1,3057),(1,3058),(1,3059),(1,3060),(1,3061),(1,3062),(1,3063),(1,3064),(1,3065),(1,3066),(1,3067),(1,3068),(1,3069),(1,3070),(1,3071),(1,3072),(1,3073),(1,3074),(1,3075),(1,3076),(1,3077),(1,3078),(1,3079),(1,3080),(1,3081),(1,3082),(1,3083),(1,3084),(1,3085),(1,3086),(1,3096),(1,3104),(1,3106),(1,3107),(1,3108),(1,3109),(1,3110),(1,3111),(1,3112),(1,3113),(1,3114),(1,3115),(1,3116),(1,3117),(1,3118),(1,3119),(1,3120),(1,3121),(1,3122),(1,3123),(1,3124),(1,3125),(1,3126),(1,3127),(1,3128),(1,3129),(1,3130),(1,3131),(1,3132),(1,3133),(1,3134),(1,3135),(1,3136),(1,3137),(1,3138),(1,3139),(1,3140),(1,3141),(1,3142),(1,3143),(1,3144),(1,3145),(1,3146),(1,3147),(1,3148),(1,3158),(1,3166),(1,3168),(1,3169),(1,3170),(1,3171),(1,3172),(1,3173),(1,3174),(1,3175),(1,3176),(1,3177),(1,3178),(1,3179),(1,3180),(1,3181),(1,3182),(1,3183),(1,3184),(1,3185),(1,3186),(1,3187),(1,3188),(1,3189),(1,3190),(1,3191),(1,3192),(1,3193),(1,3194),(1,3195),(1,3196),(1,3197),(1,3198),(1,3199),(1,3200),(1,3201),(1,3202),(1,3203),(1,3204),(1,3205),(1,3206),(1,3207),(1,3208),(1,3218),(1,3226),(1,3228),(1,3229),(1,3230),(1,3231),(1,3232),(1,3233),(1,3234),(1,3235),(1,3236),(1,3237),(1,3238),(1,3239),(1,3240),(1,3241),(1,3242),(1,3243),(1,3244),(1,3245),(1,3246),(1,3247),(1,3248),(1,3249),(1,3250),(1,3251),(1,3252),(1,3253),(1,3254),(1,3255),(1,3256),(1,3257),(1,3258),(1,3259),(1,3260),(1,3261),(1,3262),(1,3263),(1,3264),(1,3265),(1,3266),(1,3267),(1,3268),(1,3278),(1,3286),(1,3288),(1,3289),(1,3290),(1,3291),(1,3292),(1,3293),(1,3294),(1,3295),(1,3296),(1,3297),(1,3298),(1,3299),(1,3300),(1,3301),(1,3302),(1,3303),(1,3304),(1,3305),(1,3306),(1,3307),(1,3308),(1,3309),(1,3310),(1,3311),(1,3312),(1,3313),(1,3314),(1,3315),(1,3316),(1,3317),(1,3318),(1,3319),(1,3320),(1,3321),(1,3322),(1,3323),(1,3324),(1,3325),(1,3326),(1,3327),(1,3328),(1,3338),(1,3346),(1,3348),(1,3349),(1,3350),(1,3351),(1,3352),(1,3353),(1,3354),(1,3355),(1,3356),(1,3357),(1,3358),(1,3359),(1,3360),(1,3361),(1,3362),(1,3363),(1,3364),(1,3365),(1,3366),(1,3367),(1,3368),(1,3369),(1,3370),(1,3371),(1,3372),(1,3373),(1,3374),(1,3375),(1,3376),(1,3377),(1,3378),(1,3379),(1,3380),(1,3381),(1,3382),(1,3383),(1,3384),(1,3385),(1,3386),(1,3387),(1,3388),(1,3398),(1,3406),(1,3408),(1,3409),(1,3410),(1,3411),(1,3412),(1,3413),(1,3414),(1,3415),(1,3416),(1,3417),(1,3418),(1,3419),(1,3420),(1,3421),(1,3422),(1,3423),(1,3424),(1,3425),(1,3426),(1,3427),(1,3428),(1,3429),(1,3430),(1,3431),(1,3432),(1,3433),(1,3434),(1,3435),(1,3436),(1,3437),(1,3438),(1,3439),(1,3440),(1,3441),(1,3442),(1,3443),(1,3444),(1,3445),(1,3446),(1,3447),(1,3448),(1,3458),(1,3466),(1,3468),(1,3469),(1,3470),(1,3471),(1,3472),(1,3473),(1,3474),(1,3475),(1,3476),(1,3477),(1,3478),(1,3479),(1,3480),(1,3481),(1,3482),(1,3483),(1,3484),(1,3485),(1,3486),(1,3487),(1,3488),(1,3489),(1,3490),(1,3491),(1,3492),(1,3493),(1,3494),(1,3495),(1,3496),(1,3497),(1,3498),(1,3499),(1,3500),(1,3501),(1,3502),(1,3503),(1,3504),(1,3505),(1,3506),(1,3507),(1,3508),(1,3518),(1,3526),(1,3528),(1,3529),(1,3530),(1,3531),(1,3532),(1,3533),(1,3534),(1,3535),(1,3536),(1,3537),(1,3538),(1,3539),(1,3540),(1,3541),(1,3542),(1,3543),(1,3544),(1,3545),(1,3546),(1,3547),(1,3548),(1,3549),(1,3550),(1,3551),(1,3552),(1,3553),(1,3554),(1,3555),(1,3556),(1,3557),(1,3558),(1,3559),(1,3560),(1,3561),(1,3562),(1,3563),(1,3564),(1,3565),(1,3566),(1,3567),(1,3568),(1,3578),(1,3586),(1,3588),(1,3589),(1,3590),(1,3591),(1,3592),(1,3593),(1,3594),(1,3595),(1,3596),(1,3597),(1,3598),(1,3599),(1,3600),(1,3601),(1,3602),(1,3603),(1,3604),(1,3605),(1,3606),(1,3607),(1,3608),(1,3609),(1,3610),(1,3611),(1,3612),(1,3613),(1,3614),(1,3615),(1,3616),(1,3617),(1,3618),(1,3619),(1,3620),(1,3621),(1,3622),(1,3623),(1,3624),(1,3625),(1,3626),(1,3627),(1,3637),(1,3645),(1,3647),(1,3648),(1,3649),(1,3650),(1,3651),(1,3652),(1,3653),(1,3654),(1,3655),(1,3656),(1,3657),(1,3658),(1,3659),(1,3660),(1,3661),(1,3662),(1,3663),(1,3664),(1,3665),(1,3666),(1,3667),(1,3668),(1,3669),(1,3670),(1,3671),(1,3672),(1,3673),(1,3674),(1,3675),(1,3676),(1,3677),(1,3678),(1,3679),(1,3680),(1,3681),(1,3682),(1,3683),(1,3684),(1,3685),(1,3686),(1,3696),(1,3704),(1,3706),(1,3707),(1,3708),(1,3709),(1,3710),(1,3711),(1,3712),(1,3713),(1,3714),(1,3715),(1,3716),(1,3717),(1,3718),(1,3719),(1,3720),(1,3721),(1,3722),(1,3723),(1,3724),(1,3725),(1,3726),(1,3727),(1,3728),(1,3729),(1,3730),(1,3731),(1,3732),(1,3733),(1,3734),(1,3735),(1,3736),(1,3737),(1,3738),(1,3739),(1,3740),(1,3741),(1,3742),(1,3743),(1,3744),(1,3745),(1,3755),(1,3763),(1,3765),(1,3766),(1,3767),(1,3768),(1,3769),(1,3770),(1,3771),(1,3772),(1,3773),(1,3774),(1,3775),(1,3776),(1,3777),(1,3778),(1,3779),(1,3780),(1,3781),(1,3782),(1,3783),(1,3784),(1,3785),(1,3786),(1,3787),(1,3788),(1,3789),(1,3790),(1,3791),(1,3792),(1,3793),(1,3794),(1,3795),(1,3796),(1,3797),(1,3798),(1,3799),(1,3800),(1,3801),(1,3802),(1,3803),(1,3804),(1,3814),(1,3822),(1,3824),(1,3825),(1,3826),(1,3827),(1,3828),(1,3829),(1,3830),(1,3831),(1,3832),(1,3833),(1,3834),(1,3835),(1,3836),(1,3837),(1,3838),(1,3839),(1,3840),(1,3841),(1,3842),(1,3843),(1,3844),(1,3845),(1,3846),(1,3847),(1,3848),(1,3849),(1,3850),(1,3851),(1,3852),(1,3853),(1,3854),(1,3855),(1,3856),(1,3857),(1,3858),(1,3859),(1,3860),(1,3861),(1,3862),(1,3863),(1,3873),(1,3881),(1,3883),(1,3884),(1,3885),(1,3886),(1,3887),(1,3888),(1,3889),(1,3890),(1,3891),(1,3892),(1,3893),(1,3894),(1,3895),(1,3896),(1,3897),(1,3898),(1,3899),(1,3900),(1,3901),(1,3902),(1,3903),(1,3904),(1,3905),(1,3906),(1,3907),(1,3908),(1,3909),(1,3910),(1,3911),(1,3912),(1,3913),(1,3914),(1,3915),(1,3916),(1,3917),(1,3918),(1,3919),(1,3920),(1,3921),(1,3922),(1,3932),(1,3940),(1,3942),(1,3943),(1,3944),(1,3945),(1,3946),(1,3947),(1,3948),(1,3949),(1,3950),(1,3951),(1,3952),(1,3953),(1,3954),(1,3955),(1,3956),(1,3957),(1,3958),(1,3959),(1,3960),(1,3961),(1,3962),(1,3963),(1,3964),(1,3965),(1,3966),(1,3967),(1,3968),(1,3969),(1,3970),(1,3971),(1,3972),(1,3973),(1,3974),(1,3975),(1,3976),(1,3977),(1,3978),(1,3979),(1,3980),(1,3981),(1,3991),(1,3999),(1,4001),(1,4002),(1,4003),(1,4004),(1,4005),(1,4006),(1,4007),(1,4008),(1,4009),(1,4010),(1,4011),(1,4012),(1,4013),(1,4014),(1,4015),(1,4016),(1,4017),(1,4018),(1,4019),(1,4020),(1,4021),(1,4022),(1,4023),(1,4024),(1,4025),(1,4026),(1,4027),(1,4028),(1,4029),(1,4030),(1,4031),(1,4032),(1,4033),(1,4034),(1,4035),(1,4036),(1,4037),(1,4038),(1,4039),(1,4040),(1,4050),(1,4058),(1,4060),(1,4061),(1,4062),(1,4063),(1,4064),(1,4065),(1,4066),(1,4067),(1,4068),(1,4069),(1,4070),(1,4071),(1,4072),(1,4073),(1,4074),(1,4075),(1,4076),(1,4077),(1,4078),(1,4079),(1,4080),(1,4081),(1,4082),(1,4083),(1,4084),(1,4085),(1,4086),(1,4087),(1,4088),(1,4089),(1,4090),(1,4091),(1,4092),(1,4093),(1,4094),(1,4095),(1,4096),(1,4097),(1,4098),(1,4099),(1,4109),(1,4117),(1,4119),(1,4120),(1,4121),(1,4122),(1,4123),(1,4124),(1,4125),(1,4126),(1,4127),(1,4128),(1,4129),(1,4130),(1,4131),(1,4132),(1,4133),(1,4134),(1,4135),(1,4136),(1,4137),(1,4138),(1,4139),(1,4140),(1,4141),(1,4142),(1,4143),(1,4144),(1,4145),(1,4146),(1,4147),(1,4148),(1,4149),(1,4150),(1,4151),(1,4152),(1,4153),(1,4154),(1,4155),(1,4156),(1,4157),(1,4158),(1,4168),(1,4176),(1,4178),(1,4179),(1,4180),(1,4181),(1,4182),(1,4183),(1,4184),(1,4185),(1,4186),(1,4187),(1,4188),(1,4189),(1,4190),(1,4191),(1,4192),(1,4193),(1,4194),(1,4195),(1,4196),(1,4197),(1,4198),(1,4199),(1,4200),(1,4201),(1,4202),(1,4203),(1,4204),(1,4205),(1,4206),(1,4207),(1,4208),(1,4209),(1,4210),(1,4211),(1,4212),(1,4213),(1,4214),(1,4215),(1,4216),(1,4217),(1,4227),(1,4235),(1,4237),(1,4238),(1,4239),(1,4240),(1,4241),(1,4242),(1,4243),(1,4244),(1,4245),(1,4246),(1,4247),(1,4248),(1,4249),(1,4250),(1,4251),(1,4252),(1,4253),(1,4254),(1,4255),(1,4256),(1,4257),(1,4258),(1,4259),(1,4260),(1,4261),(1,4262),(1,4263),(1,4264),(1,4265),(1,4266),(1,4267),(1,4268),(1,4269),(1,4270),(1,4271),(1,4272),(1,4273),(1,4274),(1,4275),(1,4276),(1,4286),(1,4294),(1,4296),(1,4297),(1,4298),(1,4299),(1,4300),(1,4301),(1,4302),(1,4303),(1,4304),(1,4305),(1,4306),(1,4307),(1,4308),(1,4309),(1,4310),(1,4311),(1,4312),(1,4313),(1,4314),(1,4315),(1,4316),(1,4317),(1,4318),(1,4319),(1,4320),(1,4321),(1,4322),(1,4323),(1,4324),(1,4325),(1,4326),(1,4327),(1,4328),(1,4329),(1,4330),(1,4331),(1,4332),(1,4333),(1,4334),(1,4335),(1,4345),(1,4353),(1,4355),(1,4356),(1,4357),(1,4358),(1,4359),(1,4360),(1,4361),(1,4362),(1,4363),(1,4364),(1,4365),(1,4366),(1,4367),(1,4368),(1,4369),(1,4370),(1,4371),(1,4372),(1,4373),(1,4374),(1,4375),(1,4376),(1,4377),(1,4378),(1,4379),(1,4380),(1,4381),(1,4382),(1,4383),(1,4384),(1,4385),(1,4386),(1,4387),(1,4388),(1,4389),(1,4390),(1,4391),(1,4392),(1,4402),(1,4410),(1,4412),(1,4413),(1,4414),(1,4415),(1,4416),(1,4417),(1,4418),(1,4419),(1,4420),(1,4421),(1,4422),(1,4423),(1,4424),(1,4425),(1,4426),(1,4427),(1,4428),(1,4429),(1,4430),(1,4431),(1,4432),(1,4433),(1,4434),(1,4435),(1,4436),(1,4437),(1,4438),(1,4439),(1,4440),(1,4441),(1,4442),(1,4443),(1,4444),(1,4445),(1,4446),(1,4447),(1,4448),(1,4449),(1,4459),(1,4467),(1,4469),(1,4470),(1,4471),(1,4472),(1,4473),(1,4474),(1,4475),(1,4476),(1,4477),(1,4478),(1,4479),(1,4480),(1,4481),(1,4482),(1,4483),(1,4484),(1,4485),(1,4486),(1,4487),(1,4488),(1,4489),(1,4490),(1,4491),(1,4492),(1,4493),(1,4494),(1,4495),(1,4496),(1,4497),(1,4498),(1,4499),(1,4500),(1,4501),(1,4502),(1,4503),(1,4504),(1,4505),(1,4506),(1,4516),(1,4524),(1,4526),(1,4527),(1,4528),(1,4529),(1,4530),(1,4531),(1,4532),(1,4533),(1,4534),(1,4535),(1,4536),(1,4537),(1,4538),(1,4539),(1,4540),(1,4541),(1,4542),(1,4543),(1,4544),(1,4545),(1,4546),(1,4547),(1,4548),(1,4549),(1,4550),(1,4551),(1,4552),(1,4553),(1,4554),(1,4555),(1,4556),(1,4557),(1,4558),(1,4559),(1,4560),(1,4561),(1,4562),(1,4563),(1,4573),(1,4581),(1,4583),(1,4584),(1,4585),(1,4586),(1,4587),(1,4588),(1,4589),(1,4590),(1,4591),(1,4592),(1,4593),(1,4594),(1,4595),(1,4596),(1,4597),(1,4598),(1,4599),(1,4600),(1,4601),(1,4602),(1,4603),(1,4604),(1,4605),(1,4606),(1,4607),(1,4608),(1,4609),(1,4610),(1,4611),(1,4612),(1,4613),(1,4614),(1,4615),(1,4616),(1,4617),(1,4618),(1,4619),(1,4620),(1,4630),(1,4638),(1,4640),(1,4641),(1,4642),(1,4643),(1,4644),(1,4645),(1,4646),(1,4647),(1,4648),(1,4649),(1,4650),(1,4651),(1,4652),(1,4653),(1,4654),(1,4655),(1,4656),(1,4657),(1,4658),(1,4659),(1,4660),(1,4661),(1,4662),(1,4663),(1,4664),(1,4665),(1,4666),(1,4667),(1,4668),(1,4669),(1,4670),(1,4671),(1,4672),(1,4673),(1,4674),(1,4675),(1,4676),(1,4677),(1,4687),(1,4695),(1,4697),(1,4698),(1,4699),(1,4700),(1,4701),(1,4702),(1,4703),(1,4704),(1,4705),(1,4706),(1,4707),(1,4708),(1,4709),(1,4710),(1,4711),(1,4712),(1,4713),(1,4714),(1,4715),(1,4716),(1,4717),(1,4718),(1,4719),(1,4720),(1,4721),(1,4722),(1,4723),(1,4724),(1,4725),(1,4726),(1,4727),(1,4728),(1,4729),(1,4730),(1,4731),(1,4732),(1,4733),(1,4734),(1,4744),(1,4752),(1,4754),(1,4755),(1,4756),(1,4757),(1,4758),(1,4759),(1,4760),(1,4761),(1,4762),(1,4763),(1,4764),(1,4765),(1,4766),(1,4767),(1,4768),(1,4769),(1,4770),(1,4771),(1,4772),(1,4773),(1,4774),(1,4775),(1,4776),(1,4777),(1,4778),(1,4779),(1,4780),(1,4781),(1,4782),(1,4783),(1,4784),(1,4785),(1,4786),(1,4787),(1,4788),(1,4789),(1,4790),(1,4791),(1,4801),(1,4809),(1,4811),(1,4812),(1,4813),(1,4814),(1,4815),(1,4816),(1,4817),(1,4818),(1,4819),(1,4820),(1,4821),(1,4822),(1,4823),(1,4824),(1,4825),(1,4826),(1,4827),(1,4828),(1,4829),(1,4830),(1,4831),(1,4832),(1,4833),(1,4834),(1,4835),(1,4836),(1,4837),(1,4838),(1,4839),(1,4840),(1,4841),(1,4842),(1,4843),(1,4844),(1,4845),(1,4846),(1,4847),(1,4848),(1,4858),(1,4866),(1,4868),(1,4869),(1,4870),(1,4871),(1,4872),(1,4873),(1,4874),(1,4875),(1,4876),(1,4877),(1,4878),(1,4879),(1,4880),(1,4881),(1,4882),(1,4883),(1,4884),(1,4885),(1,4886),(1,4887),(1,4888),(1,4889),(1,4890),(1,4891),(1,4892),(1,4893),(1,4894),(1,4895),(1,4896),(1,4897),(1,4898),(1,4899),(1,4900),(1,4901),(1,4902),(1,4903),(1,4904),(1,4905),(1,4915),(1,4923),(1,4925),(1,4926),(1,4927),(1,4928),(1,4929),(1,4930),(1,4931),(1,4932),(1,4933),(1,4934),(1,4935),(1,4936),(1,4937),(1,4938),(1,4939),(1,4940),(1,4941),(1,4942),(1,4943),(1,4944),(1,4945),(1,4946),(1,4947),(1,4948),(1,4949),(1,4950),(1,4951),(1,4952),(1,4953),(1,4954),(1,4955),(1,4956),(1,4957),(1,4958),(1,4959),(1,4960),(1,4961),(1,4962),(1,4972),(1,4980),(1,4982),(1,4983),(1,4984),(1,4985),(1,4986),(1,4987),(1,4988),(1,4989),(1,4990),(1,4991),(1,4992),(1,4993),(1,4994),(1,4995),(1,4996),(1,4997),(1,4998),(1,4999),(1,5000),(1,5001),(1,5002),(1,5003),(1,5004),(1,5005),(1,5006),(1,5007),(1,5008),(1,5009),(1,5010),(1,5011),(1,5012),(1,5013),(1,5014),(1,5015),(1,5016),(1,5017),(1,5018),(1,5019),(1,5029),(1,5037),(1,5039),(1,5040),(1,5041),(1,5042),(1,5043),(1,5044),(1,5045),(1,5046),(1,5047),(1,5048),(1,5049),(1,5050),(1,5051),(1,5052),(1,5053),(1,5054),(1,5055),(1,5056),(1,5057),(1,5058),(1,5059),(1,5060),(1,5061),(1,5062),(1,5063),(1,5064),(1,5065),(1,5066),(1,5067),(1,5068),(1,5069),(1,5070),(1,5071),(1,5072),(1,5073),(1,5074),(1,5075),(1,5076),(1,5086),(1,5094),(1,5096),(1,5097),(1,5098),(1,5099),(1,5100),(1,5101),(1,5102),(1,5103),(1,5104),(1,5105),(1,5106),(1,5107),(1,5108),(1,5109),(1,5110),(1,5111),(1,5112),(1,5113),(1,5114),(1,5115),(1,5116),(1,5117),(1,5118),(1,5119),(1,5120),(1,5121),(1,5122),(1,5123),(1,5124),(1,5125),(1,5126),(1,5127),(1,5128),(1,5129),(1,5130),(1,5131),(1,5132),(1,5133),(1,5143),(1,5151),(1,5153),(1,5154),(1,5155),(1,5156),(1,5157),(1,5158),(1,5159),(1,5160),(1,5161),(1,5162),(1,5163),(1,5164),(1,5165),(1,5166),(1,5167),(1,5168),(1,5169),(1,5170),(1,5171),(1,5172),(1,5173),(1,5174),(1,5175),(1,5176),(1,5177),(1,5178),(1,5179),(1,5180),(1,5181),(1,5182),(1,5183),(1,5184),(1,5185),(1,5186),(1,5187),(1,5188),(1,5189),(1,5190),(1,5200),(1,5208),(1,5210),(1,5211),(1,5212),(1,5213),(1,5214),(1,5215),(1,5216),(1,5217),(1,5218),(1,5219),(1,5220),(1,5221),(1,5222),(1,5223),(1,5224),(1,5225),(1,5226),(1,5227),(1,5228),(1,5229),(1,5230),(1,5231),(1,5232),(1,5233),(1,5234),(1,5235),(1,5236),(1,5237),(1,5238),(1,5239),(1,5240),(1,5241),(1,5242),(1,5243),(1,5244),(1,5245),(1,5246),(1,5247),(1,5257),(1,5265),(1,5267),(1,5268),(1,5269),(1,5270),(1,5271),(1,5272),(1,5273),(1,5274),(1,5275),(1,5276),(1,5277),(1,5278),(1,5279),(1,5280),(1,5281),(1,5282),(1,5283),(1,5284),(1,5285),(1,5286),(1,5287),(1,5288),(1,5289),(1,5290),(1,5291),(1,5292),(1,5293),(1,5294),(1,5295),(1,5296),(1,5297),(1,5298),(1,5299),(1,5300),(1,5301),(1,5302),(1,5303),(1,5304),(1,5314),(1,5322),(1,5324),(1,5325),(1,5326),(1,5327),(1,5328),(1,5329),(1,5330),(1,5331),(1,5332),(1,5333),(1,5334),(1,5335),(1,5336),(1,5337),(1,5338),(1,5339),(1,5340),(1,5341),(1,5342),(1,5343),(1,5344),(1,5345),(1,5346),(1,5347),(1,5348),(1,5349),(1,5350),(1,5351),(1,5352),(1,5353),(1,5354),(1,5355),(1,5356),(1,5357),(1,5358),(1,5359),(1,5360),(1,5361),(1,5371),(1,5379),(1,5381),(1,5382),(1,5383),(1,5384),(1,5385),(1,5386),(1,5387),(1,5388),(1,5389),(1,5390),(1,5391),(1,5392),(1,5393),(1,5394),(1,5395),(1,5396),(1,5397),(1,5398),(1,5399),(1,5400),(1,5401),(1,5402),(1,5403),(1,5404),(1,5405),(1,5406),(1,5407),(1,5408),(1,5409),(1,5410),(1,5411),(1,5412),(1,5413),(1,5414),(1,5415),(1,5416),(1,5417),(1,5418),(1,5428),(1,5436),(1,5438),(1,5439),(1,5440),(1,5441),(1,5442),(1,5443),(1,5444),(1,5445),(1,5446),(1,5447),(1,5448),(1,5449),(1,5450),(1,5451),(1,5452),(1,5453),(1,5454),(1,5455),(1,5456),(1,5457),(1,5458),(1,5459),(1,5460),(1,5461),(1,5462),(1,5463),(1,5464),(1,5465),(1,5466),(1,5467),(1,5468),(1,5469),(1,5470),(1,5471),(1,5472),(1,5473),(1,5474),(1,5475),(1,5485),(1,5493),(1,5495),(1,5496),(1,5497),(1,5498),(1,5499),(1,5500),(1,5501),(1,5502),(1,5503),(1,5504),(1,5505),(1,5506),(1,5507),(1,5508),(1,5509),(1,5510),(1,5511),(1,5512),(1,5513),(1,5514),(1,5515),(1,5516),(1,5517),(1,5518),(1,5519),(1,5520),(1,5521),(1,5522),(1,5523),(1,5524),(1,5525),(1,5526),(1,5527),(1,5528),(1,5529),(1,5530),(1,5531),(1,5532),(1,5542),(1,5550),(1,5552),(1,5553),(1,5554),(1,5555),(1,5556),(1,5557),(1,5558),(1,5559),(1,5560),(1,5561),(1,5562),(1,5563),(1,5564),(1,5565),(1,5566),(1,5567),(1,5568),(1,5569),(1,5570),(1,5571),(1,5572),(1,5573),(1,5574),(1,5575),(1,5576),(1,5577),(1,5578),(1,5579),(1,5580),(1,5581),(1,5582),(1,5583),(1,5584),(1,5585),(1,5586),(1,5587),(1,5588),(1,5589),(1,5599),(1,5607),(1,5609),(1,5610),(1,5611),(1,5612),(1,5613),(1,5614),(1,5615),(1,5616),(1,5617),(1,5618),(1,5619),(1,5620),(1,5621),(1,5622),(1,5623),(1,5624),(1,5625),(1,5626),(1,5627),(1,5628),(1,5629),(1,5630),(1,5631),(1,5632),(1,5633),(1,5634),(1,5635),(1,5636),(1,5637),(1,5638),(1,5639),(1,5640),(1,5641),(1,5642),(1,5643),(1,5644),(1,5645),(1,5646),(1,5656),(1,5664),(1,5666),(1,5667),(1,5668),(1,5669),(1,5670),(1,5671),(1,5672),(1,5673),(1,5674),(1,5675),(1,5676),(1,5677),(1,5678),(1,5679),(1,5680),(1,5681),(1,5682),(1,5683),(1,5684),(1,5685),(1,5686),(1,5687),(1,5688),(1,5689),(1,5690),(1,5691),(1,5692),(1,5693),(1,5694),(1,5695),(1,5696),(1,5697),(1,5698),(1,5699),(1,5700),(1,5701),(1,5702),(1,5703),(1,5713),(1,5721),(1,5723),(1,5724),(1,5725),(1,5726),(1,5727),(1,5728),(1,5729),(1,5730),(1,5731),(1,5732),(1,5733),(1,5734),(1,5735),(1,5736),(1,5737),(1,5738),(1,5739),(1,5740),(1,5741),(1,5742),(1,5743),(1,5744),(1,5745),(1,5746),(1,5747),(1,5748),(1,5749),(1,5750),(1,5751),(1,5752),(1,5753),(1,5754),(1,5755),(1,5756),(1,5757),(1,5758),(1,5759),(1,5760),(1,5770),(1,5778),(1,5780),(1,5781),(1,5782),(1,5783),(1,5784),(1,5785),(1,5786),(1,5787),(1,5788),(1,5789),(1,5790),(1,5791),(1,5792),(1,5793),(1,5794),(1,5795),(1,5796),(1,5797),(1,5798),(1,5799),(1,5800),(1,5801),(1,5802),(1,5803),(1,5804),(1,5805),(1,5806),(1,5807),(1,5808),(1,5809),(1,5810),(1,5811),(1,5812),(1,5813),(1,5814),(1,5815),(1,5816),(1,5817),(1,5827),(1,5835),(1,5837),(1,5838),(1,5839),(1,5840),(1,5841),(1,5842),(1,5843),(1,5844),(1,5845),(1,5846),(1,5847),(1,5848),(1,5849),(1,5850),(1,5851),(1,5852),(1,5853),(1,5854),(1,5855),(1,5856),(1,5857),(1,5858),(1,5859),(1,5860),(1,5861),(1,5862),(1,5863),(1,5864),(1,5865),(1,5866),(1,5867),(1,5868),(1,5869),(1,5870),(1,5871),(1,5872),(1,5873),(1,5874),(1,5884),(1,5892),(1,5894),(1,5895),(1,5896),(1,5897),(1,5898),(1,5899),(1,5900),(1,5901),(1,5902),(1,5903),(1,5904),(1,5905),(1,5906),(1,5907),(1,5908),(1,5909),(1,5910),(1,5911),(1,5912),(1,5913),(1,5914),(1,5915),(1,5916),(1,5917),(1,5918),(1,5919),(1,5920),(1,5921),(1,5922),(1,5923),(1,5924),(1,5925),(1,5926),(1,5927),(1,5928),(1,5929),(1,5930),(1,5931),(1,5941),(1,5949),(1,5951),(1,5952),(1,5953),(1,5954),(1,5955),(1,5956),(1,5957),(1,5958),(1,5959),(1,5960),(1,5961),(1,5962),(1,5963),(1,5964),(1,5965),(1,5966),(1,5967),(1,5968),(1,5969),(1,5970),(1,5971),(1,5972),(1,5973),(1,5974),(1,5975),(1,5976),(1,5977),(1,5978),(1,5979),(1,5980),(1,5981),(1,5982),(1,5983),(1,5984),(1,5985),(1,5986),(1,5987),(1,5988),(1,5998),(1,6006),(1,6008),(1,6009),(1,6010),(1,6011),(1,6012),(1,6013),(1,6014),(1,6015),(1,6016),(1,6017),(1,6018),(1,6019),(1,6020),(1,6021),(1,6022),(1,6023),(1,6024),(1,6025),(1,6026),(1,6027),(1,6028),(1,6029),(1,6030),(1,6031),(1,6032),(1,6033),(1,6034),(1,6035),(1,6036),(1,6037),(1,6038),(1,6039),(1,6040),(1,6041),(1,6042),(1,6043),(1,6044),(1,6045),(1,6055),(1,6063),(1,6065),(1,6066),(1,6067),(1,6068),(1,6069),(1,6070),(1,6071),(1,6072),(1,6073),(1,6074),(1,6075),(1,6076),(1,6077),(1,6078),(1,6079),(1,6080),(1,6081),(1,6082),(1,6083),(1,6084),(1,6085),(1,6086),(1,6087),(1,6088),(1,6089),(1,6090),(1,6091),(1,6092),(1,6093),(1,6094),(1,6095),(1,6096),(1,6097),(1,6098),(1,6099),(1,6100),(1,6101),(1,6102),(1,6105),(1,6110),(1,6112),(1,6113),(1,6114),(1,6115),(1,6116),(1,6117),(1,6118),(1,6119),(1,6120),(1,6121),(1,6122),(1,6123),(1,6124),(1,6125),(1,6126),(1,6127),(1,6128),(1,6129),(1,6130),(1,6131),(1,6132),(1,6133),(1,6134),(1,6135),(1,6136),(1,6137),(1,6138),(1,6139),(1,6140),(1,6141),(1,6142),(1,6143),(1,6144),(1,6145),(1,6146),(1,6147),(1,6148),(1,6149),(1,6152),(1,6157),(1,6159),(1,6160),(1,6161),(1,6162),(1,6163),(1,6164),(1,6165),(1,6166),(1,6167),(1,6168),(1,6169),(1,6170),(1,6171),(1,6172),(1,6173),(1,6174),(1,6175),(1,6176),(1,6177),(1,6178),(1,6179),(1,6180),(1,6181),(1,6182),(1,6183),(1,6184),(1,6185),(1,6186),(1,6187),(1,6188),(1,6189),(1,6190),(1,6191),(1,6192),(1,6193),(1,6194),(1,6195),(1,6196),(1,6199),(1,6204),(1,6206),(1,6207),(1,6208),(1,6209),(1,6210),(1,6211),(1,6212),(1,6213),(1,6214),(1,6215),(1,6216),(1,6217),(1,6218),(1,6219),(1,6220),(1,6221),(1,6222),(1,6223),(1,6224),(1,6225),(1,6226),(1,6227),(1,6228),(1,6229),(1,6230),(1,6231),(1,6232),(1,6233),(1,6234),(1,6235),(1,6236),(1,6237),(1,6238),(1,6239),(1,6240),(1,6241),(1,6242),(1,6243),(1,6246),(1,6251),(1,6253),(1,6254),(1,6255),(1,6256),(1,6257),(1,6258),(1,6259),(1,6260),(1,6261),(1,6262),(1,6263),(1,6264),(1,6265),(1,6266),(1,6267),(1,6268),(1,6269),(1,6270),(1,6271),(1,6272),(1,6273),(1,6274),(1,6275),(1,6276),(1,6277),(1,6278),(1,6279),(1,6280),(1,6281),(1,6282),(1,6283),(1,6284),(1,6285),(1,6286),(1,6287),(1,6288),(1,6289),(1,6290),(1,6293),(1,6298),(1,6300),(1,6301),(1,6302),(1,6303),(1,6304),(1,6305),(1,6306),(1,6307),(1,6308),(1,6309),(1,6310),(1,6311),(1,6312),(1,6313),(1,6314),(1,6315),(1,6316),(1,6317),(1,6318),(1,6319),(1,6320),(1,6321),(1,6322),(1,6323),(1,6324),(1,6325),(1,6326),(1,6327),(1,6328),(1,6329),(1,6330),(1,6331),(1,6332),(1,6333),(1,6334),(1,6335),(1,6336),(1,6337),(1,6340),(1,6345),(1,6347),(1,6348),(1,6349),(1,6350),(1,6351),(1,6352),(1,6353),(1,6354),(1,6355),(1,6356),(1,6357),(1,6358),(1,6359),(1,6360),(1,6361),(1,6362),(1,6363),(1,6364),(1,6365),(1,6366),(1,6367),(1,6368),(1,6369),(1,6370),(1,6371),(1,6372),(1,6373),(1,6374),(1,6375),(1,6376),(1,6377),(1,6378),(1,6379),(1,6380),(1,6381),(1,6382),(1,6383),(1,6384),(1,6387),(1,6392),(1,6394),(1,6395),(1,6396),(1,6397),(1,6398),(1,6399),(1,6400),(1,6401),(1,6402),(1,6403),(1,6404),(1,6405),(1,6406),(1,6407),(1,6408),(1,6409),(1,6410),(1,6411),(1,6412),(1,6413),(1,6414),(1,6415),(1,6416),(1,6417),(1,6418),(1,6419),(1,6420),(1,6421),(1,6422),(1,6423),(1,6424),(1,6425),(1,6426),(1,6427),(1,6428),(1,6429),(1,6430),(1,6431),(1,6434),(1,6439),(1,6441),(1,6442),(1,6443),(1,6444),(1,6445),(1,6446),(1,6447),(1,6448),(1,6449),(1,6450),(1,6451),(1,6452),(1,6453),(1,6454),(1,6455),(1,6456),(1,6457),(1,6458),(1,6459),(1,6460),(1,6461),(1,6462),(1,6463),(1,6464),(1,6465),(1,6466),(1,6467),(1,6468),(1,6469),(1,6470),(1,6471),(1,6472),(1,6473),(1,6474),(1,6475),(1,6476),(1,6477),(1,6478),(1,6481),(1,6486),(1,6488),(1,6489),(1,6490),(1,6491),(1,6492),(1,6493),(1,6494),(1,6495),(1,6496),(1,6497),(1,6498),(1,6499),(1,6500),(1,6501),(1,6502),(1,6503),(1,6504),(1,6505),(1,6506),(1,6507),(1,6508),(1,6509),(1,6510),(1,6511),(1,6512),(1,6513),(1,6514),(1,6515),(1,6516),(1,6517),(1,6518),(1,6519),(1,6520),(1,6521),(1,6522),(1,6523),(1,6524),(1,6525),(1,6528),(1,6533),(1,6535),(1,6536),(1,6537),(1,6538),(1,6539),(1,6540),(1,6541),(1,6542),(1,6543),(1,6544),(1,6545),(1,6546),(1,6547),(1,6548),(1,6549),(1,6550),(1,6551),(1,6552),(1,6553),(1,6554),(1,6555),(1,6556),(1,6557),(1,6558),(1,6559),(1,6560),(1,6561),(1,6562),(1,6563),(1,6564),(1,6565),(1,6566),(1,6567),(1,6568),(1,6569),(1,6570),(1,6571),(1,6572),(1,6575),(1,6580),(1,6582),(1,6583),(1,6584),(1,6585),(1,6586),(1,6587),(1,6588),(1,6589),(1,6590),(1,6591),(1,6592),(1,6593),(1,6594),(1,6595),(1,6596),(1,6597),(1,6598),(1,6599),(1,6600),(1,6601),(1,6602),(1,6603),(1,6604),(1,6605),(1,6606),(1,6607),(1,6608),(1,6609),(1,6610),(1,6611),(1,6612),(1,6613),(1,6614),(1,6615),(1,6616),(1,6617),(1,6618),(1,6619),(1,6622),(1,6627),(1,6629),(1,6630),(1,6631),(1,6632),(1,6633),(1,6634),(1,6635),(1,6636),(1,6637),(1,6638),(1,6639),(1,6640),(1,6641),(1,6642),(1,6643),(1,6644),(1,6645),(1,6646),(1,6647),(1,6648),(1,6649),(1,6650),(1,6651),(1,6652),(1,6653),(1,6654),(1,6655),(1,6656),(1,6657),(1,6658),(1,6659),(1,6660),(1,6661),(1,6662),(1,6663),(1,6664),(1,6665),(1,6666),(1,6669),(1,6674),(1,6676),(1,6677),(1,6678),(1,6679),(1,6680),(1,6681),(1,6682),(1,6683),(1,6684),(1,6685),(1,6686),(1,6687),(1,6688),(1,6689),(1,6690),(1,6691),(1,6692),(1,6693),(1,6694),(1,6695),(1,6696),(1,6697),(1,6698),(1,6699),(1,6700),(1,6701),(1,6702),(1,6703),(1,6704),(1,6705),(1,6706),(1,6707),(1,6708),(1,6709),(1,6710),(1,6711),(1,6712),(1,6713),(1,6716),(1,6721),(1,6723),(1,6724),(1,6725),(1,6726),(1,6727),(1,6728),(1,6729),(1,6730),(1,6731),(1,6732),(1,6733),(1,6734),(1,6735),(1,6736),(1,6737),(1,6738),(1,6739),(1,6740),(1,6741),(1,6742),(1,6743),(1,6744),(1,6745),(1,6746),(1,6747),(1,6748),(1,6749),(1,6750),(1,6751),(1,6752),(1,6753),(1,6754),(1,6755),(1,6756),(1,6757),(1,6758),(1,6759),(1,6760),(1,6763),(1,6768),(1,6770),(1,6771),(1,6772),(1,6773),(1,6774),(1,6775),(1,6776),(1,6777),(1,6778),(1,6779),(1,6780),(1,6781),(1,6782),(1,6783),(1,6784),(1,6785),(1,6786),(1,6787),(1,6788),(1,6789),(1,6790),(1,6791),(1,6792),(1,6793),(1,6794),(1,6795),(1,6796),(1,6797),(1,6798),(1,6799),(1,6800),(1,6801),(1,6802),(1,6803),(1,6804),(1,6805),(1,6806),(1,6807),(1,6810),(1,6815),(1,6817),(1,6818),(1,6819),(1,6820),(1,6821),(1,6822),(1,6823),(1,6824),(1,6825),(1,6826),(1,6827),(1,6828),(1,6829),(1,6830),(1,6831),(1,6832),(1,6833),(1,6834),(1,6835),(1,6836),(1,6837),(1,6838),(1,6839),(1,6840),(1,6841),(1,6842),(1,6843),(1,6844),(1,6845),(1,6846),(1,6847),(1,6848),(1,6849),(1,6850),(1,6851),(1,6852),(1,6853),(1,6854),(1,6857),(1,6862),(1,6864),(1,6865),(1,6866),(1,6867),(1,6868),(1,6869),(1,6870),(1,6871),(1,6872),(1,6873),(1,6874),(1,6875),(1,6876),(1,6877),(1,6878),(1,6879),(1,6880),(1,6881),(1,6882),(1,6883),(1,6884),(1,6885),(1,6886),(1,6887),(1,6888),(1,6889),(1,6890),(1,6891),(1,6892),(1,6893),(1,6894),(1,6895),(1,6896),(1,6897),(1,6898),(1,6899),(1,6900),(1,6901),(1,6904),(1,6909),(1,6911),(1,6912),(1,6913),(1,6914),(1,6915),(1,6916),(1,6917),(1,6918),(1,6919),(1,6920),(1,6921),(1,6922),(1,6923),(1,6924),(1,6925),(1,6926),(1,6927),(1,6928),(1,6929),(1,6930),(1,6931),(1,6932),(1,6933),(1,6934),(1,6935),(1,6936),(1,6937),(1,6938),(1,6939),(1,6940),(1,6941),(1,6942),(1,6943),(1,6944),(1,6945),(1,6946),(1,6947),(1,6948),(1,6951),(1,6956),(1,6958),(1,6959),(1,6960),(1,6961),(1,6962),(1,6963),(1,6964),(1,6965),(1,6966),(1,6967),(1,6968),(1,6969),(1,6970),(1,6971),(1,6972),(1,6973),(1,6974),(1,6975),(1,6976),(1,6977),(1,6978),(1,6979),(1,6980),(1,6981),(1,6982),(1,6983),(1,6984),(1,6985),(1,6986),(1,6987),(1,6988),(1,6989),(1,6990),(1,6991),(1,6992),(1,6993),(1,6994),(1,6995),(1,6998),(1,7003),(1,7005),(1,7006),(1,7007),(1,7008),(1,7009),(1,7010),(1,7011),(1,7012),(1,7013),(1,7014),(1,7015),(1,7016),(1,7017),(1,7018),(1,7019),(1,7020),(1,7021),(1,7022),(1,7023),(1,7024),(1,7025),(1,7026),(1,7027),(1,7028),(1,7029),(1,7030),(1,7031),(1,7032),(1,7033),(1,7034),(1,7035),(1,7036),(1,7037),(1,7038),(1,7039),(1,7040),(1,7041),(1,7042),(1,7045),(1,7050),(1,7052),(1,7053),(1,7054),(1,7055),(1,7056),(1,7057),(1,7058),(1,7059),(1,7060),(1,7061),(1,7062),(1,7063),(1,7064),(1,7065),(1,7066),(1,7067),(1,7068),(1,7069),(1,7070),(1,7071),(1,7072),(1,7073),(1,7074),(1,7075),(1,7076),(1,7077),(1,7078),(1,7079),(1,7080),(1,7081),(1,7082),(1,7083),(1,7084),(1,7085),(1,7086),(1,7087),(1,7088),(1,7089),(1,7092),(1,7097),(1,7099),(1,7100),(1,7101),(1,7102),(1,7103),(1,7104),(1,7105),(1,7106),(1,7107),(1,7108),(1,7109),(1,7110),(1,7111),(1,7112),(1,7113),(1,7114),(1,7115),(1,7116),(1,7117),(1,7118),(1,7119),(1,7120),(1,7121),(1,7122),(1,7123),(1,7124),(1,7125),(1,7126),(1,7127),(1,7128),(1,7129),(1,7130),(1,7131),(1,7132),(1,7133),(1,7134),(1,7135),(1,7136),(1,7139),(1,7144),(1,7146),(1,7147),(1,7148),(1,7149),(1,7150),(1,7151),(1,7152),(1,7153),(1,7154),(1,7155),(1,7156),(1,7157),(1,7158),(1,7159),(1,7160),(1,7161),(1,7162),(1,7163),(1,7164),(1,7165),(1,7166),(1,7167),(1,7168),(1,7169),(1,7170),(1,7171),(1,7172),(1,7173),(1,7174),(1,7175),(1,7176),(1,7177),(1,7178),(1,7179),(1,7180),(1,7181),(1,7182),(1,7183),(1,7186),(1,7191),(1,7193),(1,7194),(1,7195),(1,7196),(1,7197),(1,7198),(1,7199),(1,7200),(1,7201),(1,7202),(1,7203),(1,7204),(1,7205),(1,7206),(1,7207),(1,7208),(1,7209),(1,7210),(1,7211),(1,7212),(1,7213),(1,7214),(1,7215),(1,7216),(1,7217),(1,7218),(1,7219),(1,7220),(1,7221),(1,7222),(1,7223),(1,7224),(1,7225),(1,7226),(1,7227),(1,7228),(1,7229),(1,7230),(1,7233),(1,7238),(1,7240),(1,7241),(1,7242),(1,7243),(1,7244),(1,7245),(1,7246),(1,7247),(1,7248),(1,7249),(1,7250),(1,7251),(1,7252),(1,7253),(1,7254),(1,7255),(1,7256),(1,7257),(1,7258),(1,7259),(1,7260),(1,7261),(1,7262),(1,7263),(1,7264),(1,7265),(1,7266),(1,7267),(1,7268),(1,7269),(1,7270),(1,7271),(1,7272),(1,7273),(1,7274),(1,7275),(1,7276),(1,7277),(1,7278),(1,7279),(1,7280),(1,7281),(1,7282),(1,7283),(1,7284),(1,7285),(1,7286),(1,7287),(1,7288),(1,7289),(1,7290),(1,7293),(1,7298),(1,7300),(1,7301),(1,7302),(1,7303),(1,7304),(1,7305),(1,7306),(1,7307),(1,7308),(1,7309),(1,7310),(1,7311),(1,7312),(1,7313),(1,7314),(1,7315),(1,7316),(1,7317),(1,7318),(1,7319),(1,7320),(1,7321),(1,7322),(1,7323),(1,7324),(1,7325),(1,7326),(1,7327),(1,7328),(1,7329),(1,7330),(1,7331),(1,7332),(1,7333),(1,7334),(1,7335),(1,7336),(1,7337),(1,7338),(1,7339),(1,7340),(1,7341),(1,7342),(1,7343),(1,7344),(1,7345),(1,7346),(1,7347),(1,7348),(1,7349),(1,7350),(1,7351),(1,7352),(1,7353),(1,7354),(1,7355),(1,7356),(1,7357),(1,7358),(1,7359),(1,7360),(1,7361),(1,7362),(1,7363),(1,7364),(1,7365),(1,7366),(1,7367),(1,7368),(1,7369),(1,7370),(1,7371),(1,7372),(1,7373),(1,7374),(1,7375),(1,7376),(1,7377),(1,7378),(1,7379),(1,7380),(1,7381),(1,7382),(1,7383),(1,7384),(1,7385),(1,7386),(1,7387),(1,7388),(1,7389),(1,7390),(1,7391),(1,7392),(1,7393),(1,7394),(1,7395),(1,7396),(1,7397),(1,7398),(1,7399),(1,7400),(1,7401),(1,7402),(1,7403),(1,7404),(1,7405),(1,7406),(1,7407),(1,7408),(1,7409),(1,7410),(1,7411),(1,7412),(1,7413),(1,7414),(1,7415),(1,7416),(1,7417),(1,7418),(1,7419),(1,7420),(1,7421),(1,7422),(1,7423),(1,7424),(1,7425),(1,7426),(1,7427),(1,7428),(1,7429),(1,7430),(1,7431),(1,7432),(1,7433),(1,7434),(1,7435),(1,7436),(1,7437),(1,7438),(1,7439),(1,7440),(1,7441),(1,7442),(1,7443),(1,7444),(1,7445),(1,7446),(1,7447),(1,7448),(1,7449),(1,7450),(1,7451),(1,7452),(1,7453),(1,7454),(1,7455),(1,7456),(1,7457),(1,7458),(1,7459),(1,7460),(1,7461),(1,7462),(1,7463),(1,7464),(1,7465),(1,7466),(1,7467),(1,7468),(1,7469),(1,7470),(1,7471),(1,7472),(1,7473),(1,7474),(1,7475),(1,7476),(1,7477),(1,7478),(1,7479),(1,7480),(1,7481),(1,7482),(1,7483),(1,7484),(1,7485),(1,7486),(1,7487),(1,7488),(1,7489),(1,7490),(1,7491),(1,7492),(1,7493),(1,7494),(1,7495),(1,7496),(1,7497),(1,7498),(1,7499),(1,7500),(1,7501),(1,7502),(1,7503),(1,7504),(1,7505),(1,7506),(1,7507),(1,7508),(1,7509),(1,7510),(1,7511),(1,7512),(1,7513),(1,7514),(1,7515),(1,7516),(1,7517),(1,7518),(1,7519),(1,7520),(1,7521),(1,7522),(1,7523),(1,7524),(1,7525),(1,7526),(1,7527),(1,7528),(1,7529),(1,7530),(1,7531),(1,7532),(1,7533),(1,7534),(1,7535),(1,7536),(1,7537),(1,7538),(1,7539),(1,7540),(1,7541),(1,7542),(1,7543),(1,7544),(1,7545),(1,7546),(1,7547),(1,7548),(1,7549),(1,7550),(1,7551),(1,7552),(1,7553),(1,7554),(1,7555),(1,7556),(1,7557),(1,7558),(1,7559),(1,7560),(1,7561),(1,7562),(1,7563),(1,7564),(1,7565),(1,7566),(1,7567),(1,7568),(1,7569),(1,7570),(1,7571),(1,7572),(1,7573),(1,7574),(1,7575),(1,7576),(1,7577),(1,7578),(1,7579),(1,7580),(1,7581),(1,7582),(1,7583),(1,7584),(1,7585),(1,7586),(1,7587),(1,7588),(1,7589),(1,7590),(1,7591),(1,7592),(1,7593),(1,7594),(1,7595),(1,7596),(1,7597),(1,7598),(1,7599),(1,7600),(1,7601),(1,7602),(1,7603),(1,7604),(4,2),(4,3),(4,4),(4,66),(4,67),(4,68),(4,130),(4,131),(4,132),(4,192),(4,193),(4,194),(4,254),(4,255),(4,256),(4,316),(4,317),(4,318),(4,378),(4,379),(4,380),(4,440),(4,441),(4,442),(4,502),(4,503),(4,504),(4,564),(4,565),(4,566),(4,626),(4,627),(4,628),(4,688),(4,740),(4,741),(4,750),(4,751),(4,752),(4,812),(4,813),(4,814),(4,874),(4,875),(4,876),(4,936),(4,937),(4,938),(4,998),(4,999),(4,1000),(4,1060),(4,1061),(4,1062),(4,1122),(4,1123),(4,1124),(4,1184),(4,1185),(4,1186),(4,1246),(4,1247),(4,1248),(4,1308),(4,1360),(4,1361),(4,1370),(4,1423),(4,1424),(4,1425),(4,1485),(4,1486),(4,1487),(4,1547),(4,1599),(4,1600),(4,1609),(4,1610),(4,1611),(4,1671),(4,1672),(4,1673),(4,1733),(4,1785),(4,1786),(4,1795),(4,1848),(4,1849),(4,1850),(4,1910),(4,1911),(4,1912),(4,1972),(4,1973),(4,1974),(4,2034),(4,2035),(4,2036),(4,2096),(4,2097),(4,2098),(4,2158),(4,2159),(4,2160),(4,2220),(4,2221),(4,2222),(4,2282),(4,2283),(4,2284),(4,2344),(4,2345),(4,2346),(4,2406),(4,2407),(4,2408),(4,2468),(4,2469),(4,2470),(4,2530),(4,2531),(4,2532),(4,2592),(4,2593),(4,2594),(4,2654),(4,2655),(4,2656),(4,2716),(4,2717),(4,2718),(4,2778),(4,2779),(4,2780),(4,2840),(4,2841),(4,2842),(4,2902),(4,2903),(4,2904),(4,2964),(4,2965),(4,2966),(4,3026),(4,3027),(4,3028),(4,3088),(4,3089),(4,3090),(4,3150),(4,3151),(4,3152),(4,3210),(4,3211),(4,3212),(4,3270),(4,3271),(4,3272),(4,3330),(4,3331),(4,3332),(4,3390),(4,3391),(4,3392),(4,3450),(4,3451),(4,3452),(4,3510),(4,3511),(4,3512),(4,3570),(4,3571),(4,3572),(4,3629),(4,3630),(4,3631),(4,3688),(4,3689),(4,3690),(4,3747),(4,3748),(4,3749),(4,3806),(4,3807),(4,3808),(4,3865),(4,3866),(4,3867),(4,3924),(4,3925),(4,3926),(4,3983),(4,3984),(4,3985),(4,4042),(4,4043),(4,4044),(4,4101),(4,4102),(4,4103),(4,4160),(4,4161),(4,4162),(4,4219),(4,4220),(4,4221),(4,4278),(4,4279),(4,4280),(4,4337),(4,4338),(4,4339),(4,4394),(4,4395),(4,4396),(4,4451),(4,4452),(4,4453),(4,4508),(4,4509),(4,4510),(4,4565),(4,4566),(4,4567),(4,4622),(4,4623),(4,4624),(4,4679),(4,4680),(4,4681),(4,4736),(4,4737),(4,4738),(4,4793),(4,4794),(4,4795),(4,4850),(4,4851),(4,4852),(4,4907),(4,4908),(4,4909),(4,4964),(4,4965),(4,4966),(4,5021),(4,5022),(4,5023),(4,5078),(4,5079),(4,5080),(4,5135),(4,5136),(4,5137),(4,5192),(4,5193),(4,5194),(4,5249),(4,5250),(4,5251),(4,5306),(4,5307),(4,5308),(4,5363),(4,5364),(4,5365),(4,5420),(4,5421),(4,5422),(4,5477),(4,5478),(4,5479),(4,5534),(4,5535),(4,5536),(4,5591),(4,5592),(4,5593),(4,5648),(4,5649),(4,5650),(4,5705),(4,5706),(4,5707),(4,5762),(4,5763),(4,5764),(4,5819),(4,5820),(4,5821),(4,5876),(4,5877),(4,5878),(4,5933),(4,5934),(4,5935),(4,5990),(4,5991),(4,5992),(4,6047),(4,6048),(4,6049),(5,4),(5,68),(5,132),(5,194),(5,256),(5,318),(5,380),(5,442),(5,504),(5,566),(5,628),(5,688),(5,752),(5,814),(5,876),(5,938),(5,1000),(5,1062),(5,1124),(5,1186),(5,1248),(5,1308),(5,1370),(5,1425),(5,1487),(5,1547),(5,1611),(5,1673),(5,1733),(5,1795),(5,1850),(5,1912),(5,1974),(5,2036),(5,2098),(5,2160),(5,2222),(5,2284),(5,2346),(5,2408),(5,2470),(5,2532),(5,2594),(5,2656),(5,2718),(5,2780),(5,2842),(5,2904),(5,2966),(5,3028),(5,3090),(5,3152),(5,3212),(5,3272),(5,3332),(5,3392),(5,3452),(5,3512),(5,3572),(5,3631),(5,3690),(5,3749),(5,3808),(5,3867),(5,3926),(5,3985),(5,4044),(5,4103),(5,4162),(5,4221),(5,4280),(5,4339),(5,4396),(5,4453),(5,4510),(5,4567),(5,4624),(5,4681),(5,4738),(5,4795),(5,4852),(5,4909),(5,4966),(5,5023),(5,5080),(5,5137),(5,5194),(5,5251),(5,5308),(5,5365),(5,5422),(5,5479),(5,5536),(5,5593),(5,5650),(5,5707),(5,5764),(5,5821),(5,5878),(5,5935),(5,5992),(5,6049),(5,6103),(5,6150),(5,6197),(5,6244),(5,6291),(5,6338),(5,6385),(5,6432),(5,6479),(5,6526),(5,6573),(5,6620),(5,6667),(5,6714),(5,6761),(5,6808),(5,6855),(5,6902),(5,6949),(5,6996),(5,7043),(5,7090),(5,7137),(5,7184),(5,7231),(5,7291),(9,6),(9,70),(9,134),(9,196),(9,258),(9,320),(9,382),(9,444),(9,506),(9,568),(9,630),(9,743),(9,754),(9,816),(9,878),(9,940),(9,1002),(9,1064),(9,1126),(9,1188),(9,1250),(9,1363),(9,1427),(9,1489),(9,1602),(9,1613),(9,1675),(9,1788),(9,1852),(9,1914),(9,1976),(9,2038),(9,2100),(9,2162),(9,2224),(9,2286),(9,2348),(9,2410),(9,2472),(9,2534),(9,2596),(9,2658),(9,2720),(9,2782),(9,2844),(9,2906),(9,2968),(9,3030),(9,3092),(9,3154),(9,3214),(9,3274),(9,3334),(9,3394),(9,3454),(9,3514),(9,3574),(9,3633),(9,3692),(9,3751),(9,3810),(9,3869),(9,3928),(9,3987),(9,4046),(9,4105),(9,4164),(9,4223),(9,4282),(9,4341),(9,4398),(9,4455),(9,4512),(9,4569),(9,4626),(9,4683),(9,4740),(9,4797),(9,4854),(9,4911),(9,4968),(9,5025),(9,5082),(9,5139),(9,5196),(9,5253),(9,5310),(9,5367),(9,5424),(9,5481),(9,5538),(9,5595),(9,5652),(9,5709),(9,5766),(9,5823),(9,5880),(9,5937),(9,5994),(9,6051),(10,4),(10,6),(10,7),(10,8),(10,15),(10,17),(10,68),(10,70),(10,71),(10,72),(10,79),(10,81),(10,132),(10,134),(10,135),(10,136),(10,143),(10,145),(10,194),(10,196),(10,197),(10,198),(10,205),(10,207),(10,256),(10,258),(10,259),(10,260),(10,267),(10,269),(10,318),(10,320),(10,321),(10,322),(10,329),(10,331),(10,380),(10,382),(10,383),(10,384),(10,391),(10,393),(10,442),(10,444),(10,445),(10,446),(10,453),(10,455),(10,504),(10,506),(10,507),(10,508),(10,515),(10,517),(10,566),(10,568),(10,569),(10,570),(10,577),(10,579),(10,628),(10,630),(10,631),(10,632),(10,639),(10,641),(10,688),(10,689),(10,695),(10,743),(10,744),(10,747),(10,752),(10,754),(10,755),(10,756),(10,763),(10,765),(10,814),(10,816),(10,817),(10,818),(10,825),(10,827),(10,876),(10,878),(10,879),(10,880),(10,887),(10,889),(10,938),(10,940),(10,941),(10,942),(10,949),(10,951),(10,1000),(10,1002),(10,1003),(10,1004),(10,1011),(10,1013),(10,1062),(10,1064),(10,1065),(10,1066),(10,1073),(10,1075),(10,1124),(10,1126),(10,1127),(10,1128),(10,1135),(10,1137),(10,1186),(10,1188),(10,1189),(10,1190),(10,1197),(10,1199),(10,1248),(10,1250),(10,1251),(10,1252),(10,1259),(10,1261),(10,1308),(10,1309),(10,1315),(10,1363),(10,1364),(10,1367),(10,1370),(10,1371),(10,1377),(10,1425),(10,1427),(10,1428),(10,1429),(10,1436),(10,1438),(10,1487),(10,1489),(10,1490),(10,1491),(10,1498),(10,1500),(10,1547),(10,1548),(10,1554),(10,1602),(10,1603),(10,1606),(10,1611),(10,1613),(10,1614),(10,1615),(10,1622),(10,1624),(10,1673),(10,1675),(10,1676),(10,1677),(10,1684),(10,1686),(10,1733),(10,1734),(10,1740),(10,1788),(10,1789),(10,1792),(10,1795),(10,1796),(10,1802),(10,1850),(10,1852),(10,1853),(10,1854),(10,1861),(10,1863),(10,1912),(10,1914),(10,1915),(10,1916),(10,1923),(10,1925),(10,1974),(10,1976),(10,1977),(10,1978),(10,1985),(10,1987),(10,2036),(10,2038),(10,2039),(10,2040),(10,2047),(10,2049),(10,2098),(10,2100),(10,2101),(10,2102),(10,2109),(10,2111),(10,2160),(10,2162),(10,2163),(10,2164),(10,2171),(10,2173),(10,2222),(10,2224),(10,2225),(10,2226),(10,2233),(10,2235),(10,2284),(10,2286),(10,2287),(10,2288),(10,2295),(10,2297),(10,2346),(10,2348),(10,2349),(10,2350),(10,2357),(10,2359),(10,2408),(10,2410),(10,2411),(10,2412),(10,2419),(10,2421),(10,2470),(10,2472),(10,2473),(10,2474),(10,2481),(10,2483),(10,2532),(10,2534),(10,2535),(10,2536),(10,2543),(10,2545),(10,2594),(10,2596),(10,2597),(10,2598),(10,2605),(10,2607),(10,2656),(10,2658),(10,2659),(10,2660),(10,2667),(10,2669),(10,2718),(10,2720),(10,2721),(10,2722),(10,2729),(10,2731),(10,2780),(10,2782),(10,2783),(10,2784),(10,2791),(10,2793),(10,2842),(10,2844),(10,2845),(10,2846),(10,2853),(10,2855),(10,2904),(10,2906),(10,2907),(10,2908),(10,2915),(10,2917),(10,2966),(10,2968),(10,2969),(10,2970),(10,2977),(10,2979),(10,3028),(10,3030),(10,3031),(10,3032),(10,3039),(10,3041),(10,3090),(10,3092),(10,3093),(10,3094),(10,3101),(10,3103),(10,3152),(10,3154),(10,3155),(10,3156),(10,3163),(10,3165),(10,3212),(10,3214),(10,3215),(10,3216),(10,3223),(10,3225),(10,3272),(10,3274),(10,3275),(10,3276),(10,3283),(10,3285),(10,3332),(10,3334),(10,3335),(10,3336),(10,3343),(10,3345),(10,3392),(10,3394),(10,3395),(10,3396),(10,3403),(10,3405),(10,3452),(10,3454),(10,3455),(10,3456),(10,3463),(10,3465),(10,3512),(10,3514),(10,3515),(10,3516),(10,3523),(10,3525),(10,3572),(10,3574),(10,3575),(10,3576),(10,3583),(10,3585),(10,3631),(10,3633),(10,3634),(10,3635),(10,3642),(10,3644),(10,3690),(10,3692),(10,3693),(10,3694),(10,3701),(10,3703),(10,3749),(10,3751),(10,3752),(10,3753),(10,3760),(10,3762),(10,3808),(10,3810),(10,3811),(10,3812),(10,3819),(10,3821),(10,3867),(10,3869),(10,3870),(10,3871),(10,3878),(10,3880),(10,3926),(10,3928),(10,3929),(10,3930),(10,3937),(10,3939),(10,3985),(10,3987),(10,3988),(10,3989),(10,3996),(10,3998),(10,4044),(10,4046),(10,4047),(10,4048),(10,4055),(10,4057),(10,4103),(10,4105),(10,4106),(10,4107),(10,4114),(10,4116),(10,4162),(10,4164),(10,4165),(10,4166),(10,4173),(10,4175),(10,4221),(10,4223),(10,4224),(10,4225),(10,4232),(10,4234),(10,4280),(10,4282),(10,4283),(10,4284),(10,4291),(10,4293),(10,4339),(10,4341),(10,4342),(10,4343),(10,4350),(10,4352),(10,4396),(10,4398),(10,4399),(10,4400),(10,4407),(10,4409),(10,4453),(10,4455),(10,4456),(10,4457),(10,4464),(10,4466),(10,4510),(10,4512),(10,4513),(10,4514),(10,4521),(10,4523),(10,4567),(10,4569),(10,4570),(10,4571),(10,4578),(10,4580),(10,4624),(10,4626),(10,4627),(10,4628),(10,4635),(10,4637),(10,4681),(10,4683),(10,4684),(10,4685),(10,4692),(10,4694),(10,4738),(10,4740),(10,4741),(10,4742),(10,4749),(10,4751),(10,4795),(10,4797),(10,4798),(10,4799),(10,4806),(10,4808),(10,4852),(10,4854),(10,4855),(10,4856),(10,4863),(10,4865),(10,4909),(10,4911),(10,4912),(10,4913),(10,4920),(10,4922),(10,4966),(10,4968),(10,4969),(10,4970),(10,4977),(10,4979),(10,5023),(10,5025),(10,5026),(10,5027),(10,5034),(10,5036),(10,5080),(10,5082),(10,5083),(10,5084),(10,5091),(10,5093),(10,5137),(10,5139),(10,5140),(10,5141),(10,5148),(10,5150),(10,5194),(10,5196),(10,5197),(10,5198),(10,5205),(10,5207),(10,5251),(10,5253),(10,5254),(10,5255),(10,5262),(10,5264),(10,5308),(10,5310),(10,5311),(10,5312),(10,5319),(10,5321),(10,5365),(10,5367),(10,5368),(10,5369),(10,5376),(10,5378),(10,5422),(10,5424),(10,5425),(10,5426),(10,5433),(10,5435),(10,5479),(10,5481),(10,5482),(10,5483),(10,5490),(10,5492),(10,5536),(10,5538),(10,5539),(10,5540),(10,5547),(10,5549),(10,5593),(10,5595),(10,5596),(10,5597),(10,5604),(10,5606),(10,5650),(10,5652),(10,5653),(10,5654),(10,5661),(10,5663),(10,5707),(10,5709),(10,5710),(10,5711),(10,5718),(10,5720),(10,5764),(10,5766),(10,5767),(10,5768),(10,5775),(10,5777),(10,5821),(10,5823),(10,5824),(10,5825),(10,5832),(10,5834),(10,5878),(10,5880),(10,5881),(10,5882),(10,5889),(10,5891),(10,5935),(10,5937),(10,5938),(10,5939),(10,5946),(10,5948),(10,5992),(10,5994),(10,5995),(10,5996),(10,6003),(10,6005),(10,6049),(10,6051),(10,6052),(10,6053),(10,6060),(10,6062),(10,6103),(10,6107),(10,6108),(10,6110),(10,6150),(10,6154),(10,6155),(10,6157),(10,6197),(10,6201),(10,6202),(10,6204),(10,6244),(10,6248),(10,6249),(10,6251),(10,6291),(10,6295),(10,6296),(10,6298),(10,6338),(10,6342),(10,6343),(10,6345),(10,6385),(10,6389),(10,6390),(10,6392),(10,6432),(10,6436),(10,6437),(10,6439),(10,6479),(10,6483),(10,6484),(10,6486),(10,6526),(10,6530),(10,6531),(10,6533),(10,6573),(10,6577),(10,6578),(10,6580),(10,6620),(10,6624),(10,6625),(10,6627),(10,6667),(10,6671),(10,6672),(10,6674),(10,6714),(10,6718),(10,6719),(10,6721),(10,6761),(10,6765),(10,6766),(10,6768),(10,6808),(10,6812),(10,6813),(10,6815),(10,6855),(10,6859),(10,6860),(10,6862),(10,6902),(10,6906),(10,6907),(10,6909),(10,6949),(10,6953),(10,6954),(10,6956),(10,6996),(10,7000),(10,7001),(10,7003),(10,7043),(10,7047),(10,7048),(10,7050),(10,7090),(10,7094),(10,7095),(10,7097),(10,7137),(10,7141),(10,7142),(10,7144),(10,7184),(10,7188),(10,7189),(10,7191),(10,7231),(10,7235),(10,7236),(10,7238),(10,7291),(10,7295),(10,7296),(10,7298),(11,4),(11,19),(11,68),(11,83),(11,132),(11,147),(11,194),(11,209),(11,256),(11,271),(11,318),(11,333),(11,380),(11,395),(11,442),(11,457),(11,504),(11,519),(11,566),(11,581),(11,628),(11,643),(11,688),(11,696),(11,752),(11,767),(11,814),(11,829),(11,876),(11,891),(11,938),(11,953),(11,1000),(11,1015),(11,1062),(11,1077),(11,1124),(11,1139),(11,1186),(11,1201),(11,1248),(11,1263),(11,1308),(11,1316),(11,1370),(11,1378),(11,1425),(11,1440),(11,1487),(11,1502),(11,1547),(11,1555),(11,1611),(11,1626),(11,1673),(11,1688),(11,1733),(11,1741),(11,1795),(11,1803),(11,1850),(11,1865),(11,1912),(11,1927),(11,1974),(11,1989),(11,2036),(11,2051),(11,2098),(11,2113),(11,2160),(11,2175),(11,2222),(11,2237),(11,2284),(11,2299),(11,2346),(11,2361),(11,2408),(11,2423),(11,2470),(11,2485),(11,2532),(11,2547),(11,2594),(11,2609),(11,2656),(11,2671),(11,2718),(11,2733),(11,2780),(11,2795),(11,2842),(11,2857),(11,2904),(11,2919),(11,2966),(11,2981),(11,3028),(11,3043),(11,3090),(11,3105),(11,3152),(11,3167),(11,3212),(11,3227),(11,3272),(11,3287),(11,3332),(11,3347),(11,3392),(11,3407),(11,3452),(11,3467),(11,3512),(11,3527),(11,3572),(11,3587),(11,3631),(11,3646),(11,3690),(11,3705),(11,3749),(11,3764),(11,3808),(11,3823),(11,3867),(11,3882),(11,3926),(11,3941),(11,3985),(11,4000),(11,4044),(11,4059),(11,4103),(11,4118),(11,4162),(11,4177),(11,4221),(11,4236),(11,4280),(11,4295),(11,4339),(11,4354),(11,4396),(11,4411),(11,4453),(11,4468),(11,4510),(11,4525),(11,4567),(11,4582),(11,4624),(11,4639),(11,4681),(11,4696),(11,4738),(11,4753),(11,4795),(11,4810),(11,4852),(11,4867),(11,4909),(11,4924),(11,4966),(11,4981),(11,5023),(11,5038),(11,5080),(11,5095),(11,5137),(11,5152),(11,5194),(11,5209),(11,5251),(11,5266),(11,5308),(11,5323),(11,5365),(11,5380),(11,5422),(11,5437),(11,5479),(11,5494),(11,5536),(11,5551),(11,5593),(11,5608),(11,5650),(11,5665),(11,5707),(11,5722),(11,5764),(11,5779),(11,5821),(11,5836),(11,5878),(11,5893),(11,5935),(11,5950),(11,5992),(11,6007),(11,6049),(11,6064),(11,6103),(11,6110),(11,6111),(11,6150),(11,6157),(11,6158),(11,6197),(11,6204),(11,6205),(11,6244),(11,6251),(11,6252),(11,6291),(11,6298),(11,6299),(11,6338),(11,6345),(11,6346),(11,6385),(11,6392),(11,6393),(11,6432),(11,6439),(11,6440),(11,6479),(11,6486),(11,6487),(11,6526),(11,6533),(11,6534),(11,6573),(11,6580),(11,6581),(11,6620),(11,6627),(11,6628),(11,6667),(11,6674),(11,6675),(11,6714),(11,6721),(11,6722),(11,6761),(11,6768),(11,6769),(11,6808),(11,6815),(11,6816),(11,6855),(11,6862),(11,6863),(11,6902),(11,6909),(11,6910),(11,6949),(11,6956),(11,6957),(11,6996),(11,7003),(11,7004),(11,7043),(11,7050),(11,7051),(11,7090),(11,7097),(11,7098),(11,7137),(11,7144),(11,7145),(11,7184),(11,7191),(11,7192),(11,7231),(11,7238),(11,7239),(11,7291),(11,7298),(11,7299),(24,4),(24,16),(24,68),(24,80),(24,132),(24,144),(24,194),(24,206),(24,256),(24,268),(24,318),(24,330),(24,380),(24,392),(24,442),(24,454),(24,504),(24,516),(24,566),(24,578),(24,628),(24,640),(24,688),(24,694),(24,752),(24,764),(24,814),(24,826),(24,876),(24,888),(24,938),(24,950),(24,1000),(24,1012),(24,1062),(24,1074),(24,1124),(24,1136),(24,1186),(24,1198),(24,1248),(24,1260),(24,1308),(24,1314),(24,1370),(24,1376),(24,1425),(24,1437),(24,1487),(24,1499),(24,1547),(24,1553),(24,1611),(24,1623),(24,1673),(24,1685),(24,1733),(24,1739),(24,1795),(24,1801),(24,1850),(24,1862),(24,1912),(24,1924),(24,1974),(24,1986),(24,2036),(24,2048),(24,2098),(24,2110),(24,2160),(24,2172),(24,2222),(24,2234),(24,2284),(24,2296),(24,2346),(24,2358),(24,2408),(24,2420),(24,2470),(24,2482),(24,2532),(24,2544),(24,2594),(24,2606),(24,2656),(24,2668),(24,2718),(24,2730),(24,2780),(24,2792),(24,2842),(24,2854),(24,2904),(24,2916),(24,2966),(24,2978),(24,3028),(24,3040),(24,3090),(24,3102),(24,3152),(24,3164),(24,3212),(24,3224),(24,3272),(24,3284),(24,3332),(24,3344),(24,3392),(24,3404),(24,3452),(24,3464),(24,3512),(24,3524),(24,3572),(24,3584),(24,3631),(24,3643),(24,3690),(24,3702),(24,3749),(24,3761),(24,3808),(24,3820),(24,3867),(24,3879),(24,3926),(24,3938),(24,3985),(24,3997),(24,4044),(24,4056),(24,4103),(24,4115),(24,4162),(24,4174),(24,4221),(24,4233),(24,4280),(24,4292),(24,4339),(24,4351),(24,4396),(24,4408),(24,4453),(24,4465),(24,4510),(24,4522),(24,4567),(24,4579),(24,4624),(24,4636),(24,4681),(24,4693),(24,4738),(24,4750),(24,4795),(24,4807),(24,4852),(24,4864),(24,4909),(24,4921),(24,4966),(24,4978),(24,5023),(24,5035),(24,5080),(24,5092),(24,5137),(24,5149),(24,5194),(24,5206),(24,5251),(24,5263),(24,5308),(24,5320),(24,5365),(24,5377),(24,5422),(24,5434),(24,5479),(24,5491),(24,5536),(24,5548),(24,5593),(24,5605),(24,5650),(24,5662),(24,5707),(24,5719),(24,5764),(24,5776),(24,5821),(24,5833),(24,5878),(24,5890),(24,5935),(24,5947),(24,5992),(24,6004),(24,6049),(24,6061),(24,6109),(24,6156),(24,6203),(24,6250),(24,6297),(24,6344),(24,6391),(24,6438),(24,6485),(24,6532),(24,6579),(24,6626),(24,6673),(24,6720),(24,6767),(24,6814),(24,6861),(24,6908),(24,6955),(24,7002),(24,7049),(24,7096),(24,7143),(24,7190),(24,7237),(24,7297),(28,16),(28,80),(28,144),(28,206),(28,268),(28,330),(28,392),(28,454),(28,516),(28,578),(28,640),(28,694),(28,764),(28,826),(28,888),(28,950),(28,1012),(28,1074),(28,1136),(28,1198),(28,1260),(28,1314),(28,1376),(28,1437),(28,1499),(28,1553),(28,1623),(28,1685),(28,1739),(28,1801),(28,1862),(28,1924),(28,1986),(28,2048),(28,2110),(28,2172),(28,2234),(28,2296),(28,2358),(28,2420),(28,2482),(28,2544),(28,2606),(28,2668),(28,2730),(28,2792),(28,2854),(28,2916),(28,2978),(28,3040),(28,3102),(28,3164),(28,3224),(28,3284),(28,3344),(28,3404),(28,3464),(28,3524),(28,3584),(28,3643),(28,3702),(28,3761),(28,3820),(28,3879),(28,3938),(28,3997),(28,4056),(28,4115),(28,4174),(28,4233),(28,4292),(28,4351),(28,4408),(28,4465),(28,4522),(28,4579),(28,4636),(28,4693),(28,4750),(28,4807),(28,4864),(28,4921),(28,4978),(28,5035),(28,5092),(28,5149),(28,5206),(28,5263),(28,5320),(28,5377),(28,5434),(28,5491),(28,5548),(28,5605),(28,5662),(28,5719),(28,5776),(28,5833),(28,5890),(28,5947),(28,6004),(28,6061),(28,6109),(28,6156),(28,6203),(28,6250),(28,6297),(28,6344),(28,6391),(28,6438),(28,6485),(28,6532),(28,6579),(28,6626),(28,6673),(28,6720),(28,6767),(28,6814),(28,6861),(28,6908),(28,6955),(28,7002),(28,7049),(28,7096),(28,7143),(28,7190),(28,7237),(28,7297),(31,5),(31,8),(31,69),(31,72),(31,133),(31,136),(31,195),(31,198),(31,257),(31,260),(31,319),(31,322),(31,381),(31,384),(31,443),(31,446),(31,505),(31,508),(31,567),(31,570),(31,629),(31,632),(31,689),(31,742),(31,753),(31,756),(31,815),(31,818),(31,877),(31,880),(31,939),(31,942),(31,1001),(31,1004),(31,1063),(31,1066),(31,1125),(31,1128),(31,1187),(31,1190),(31,1249),(31,1252),(31,1309),(31,1362),(31,1371),(31,1426),(31,1429),(31,1488),(31,1491),(31,1548),(31,1601),(31,1612),(31,1615),(31,1674),(31,1677),(31,1734),(31,1787),(31,1796),(31,1851),(31,1854),(31,1913),(31,1916),(31,1975),(31,1978),(31,2037),(31,2040),(31,2099),(31,2102),(31,2161),(31,2164),(31,2223),(31,2226),(31,2285),(31,2288),(31,2347),(31,2350),(31,2409),(31,2412),(31,2471),(31,2474),(31,2533),(31,2536),(31,2595),(31,2598),(31,2657),(31,2660),(31,2719),(31,2722),(31,2781),(31,2784),(31,2843),(31,2846),(31,2905),(31,2908),(31,2967),(31,2970),(31,3029),(31,3032),(31,3091),(31,3094),(31,3153),(31,3156),(31,3213),(31,3216),(31,3273),(31,3276),(31,3333),(31,3336),(31,3393),(31,3396),(31,3453),(31,3456),(31,3513),(31,3516),(31,3573),(31,3576),(31,3632),(31,3635),(31,3691),(31,3694),(31,3750),(31,3753),(31,3809),(31,3812),(31,3868),(31,3871),(31,3927),(31,3930),(31,3986),(31,3989),(31,4045),(31,4048),(31,4104),(31,4107),(31,4163),(31,4166),(31,4222),(31,4225),(31,4281),(31,4284),(31,4340),(31,4343),(31,4397),(31,4400),(31,4454),(31,4457),(31,4511),(31,4514),(31,4568),(31,4571),(31,4625),(31,4628),(31,4682),(31,4685),(31,4739),(31,4742),(31,4796),(31,4799),(31,4853),(31,4856),(31,4910),(31,4913),(31,4967),(31,4970),(31,5024),(31,5027),(31,5081),(31,5084),(31,5138),(31,5141),(31,5195),(31,5198),(31,5252),(31,5255),(31,5309),(31,5312),(31,5366),(31,5369),(31,5423),(31,5426),(31,5480),(31,5483),(31,5537),(31,5540),(31,5594),(31,5597),(31,5651),(31,5654),(31,5708),(31,5711),(31,5765),(31,5768),(31,5822),(31,5825),(31,5879),(31,5882),(31,5936),(31,5939),(31,5993),(31,5996),(31,6050),(31,6053),(44,6110),(44,6157),(44,6204),(44,6251),(44,6298),(44,6345),(44,6392),(44,6439),(44,6486),(44,6533),(44,6580),(44,6627),(44,6674),(44,6721),(44,6768),(44,6815),(44,6862),(44,6909),(44,6956),(44,7003),(44,7050),(44,7097),(44,7144),(44,7191),(44,7238),(44,7298),(47,18),(47,82),(47,146),(47,208),(47,270),(47,332),(47,394),(47,456),(47,518),(47,580),(47,642),(47,748),(47,766),(47,828),(47,890),(47,952),(47,1014),(47,1076),(47,1138),(47,1200),(47,1262),(47,1368),(47,1439),(47,1501),(47,1607),(47,1625),(47,1687),(47,1793),(47,1864),(47,1926),(47,1988),(47,2050),(47,2112),(47,2174),(47,2236),(47,2298),(47,2360),(47,2422),(47,2484),(47,2546),(47,2608),(47,2670),(47,2732),(47,2794),(47,2856),(47,2918),(47,2980),(47,3042),(47,3104),(47,3166),(47,3226),(47,3286),(47,3346),(47,3406),(47,3466),(47,3526),(47,3586),(47,3645),(47,3704),(47,3763),(47,3822),(47,3881),(47,3940),(47,3999),(47,4058),(47,4117),(47,4176),(47,4235),(47,4294),(47,4353),(47,4410),(47,4467),(47,4524),(47,4581),(47,4638),(47,4695),(47,4752),(47,4809),(47,4866),(47,4923),(47,4980),(47,5037),(47,5094),(47,5151),(47,5208),(47,5265),(47,5322),(47,5379),(47,5436),(47,5493),(47,5550),(47,5607),(47,5664),(47,5721),(47,5778),(47,5835),(47,5892),(47,5949),(47,6006),(47,6063),(47,6110),(47,6157),(47,6204),(47,6251),(47,6298),(47,6345),(47,6392),(47,6439),(47,6486),(47,6533),(47,6580),(47,6627),(47,6674),(47,6721),(47,6768),(47,6815),(47,6862),(47,6909),(47,6956),(47,7003),(47,7050),(47,7097),(47,7144),(47,7191),(47,7238),(47,7298),(49,6110),(49,6157),(49,6204),(49,6251),(49,6298),(49,6345),(49,6392),(49,6439),(49,6486),(49,6533),(49,6580),(49,6627),(49,6674),(49,6721),(49,6768),(49,6815),(49,6862),(49,6909),(49,6956),(49,7003),(49,7050),(49,7097),(49,7144),(49,7191),(49,7238),(49,7298),(51,5),(51,69),(51,133),(51,195),(51,257),(51,319),(51,381),(51,443),(51,505),(51,567),(51,629),(51,742),(51,753),(51,815),(51,877),(51,939),(51,1001),(51,1063),(51,1125),(51,1187),(51,1249),(51,1362),(51,1426),(51,1488),(51,1601),(51,1612),(51,1674),(51,1787),(51,1851),(51,1913),(51,1975),(51,2037),(51,2099),(51,2161),(51,2223),(51,2285),(51,2347),(51,2409),(51,2471),(51,2533),(51,2595),(51,2657),(51,2719),(51,2781),(51,2843),(51,2905),(51,2967),(51,3029),(51,3091),(51,3153),(51,3213),(51,3273),(51,3333),(51,3393),(51,3453),(51,3513),(51,3573),(51,3632),(51,3691),(51,3750),(51,3809),(51,3868),(51,3927),(51,3986),(51,4045),(51,4104),(51,4163),(51,4222),(51,4281),(51,4340),(51,4397),(51,4454),(51,4511),(51,4568),(51,4625),(51,4682),(51,4739),(51,4796),(51,4853),(51,4910),(51,4967),(51,5024),(51,5081),(51,5138),(51,5195),(51,5252),(51,5309),(51,5366),(51,5423),(51,5480),(51,5537),(51,5594),(51,5651),(51,5708),(51,5765),(51,5822),(51,5879),(51,5936),(51,5993),(51,6050),(53,1),(53,65),(53,129),(53,191),(53,253),(53,315),(53,377),(53,439),(53,501),(53,563),(53,625),(53,687),(53,749),(53,811),(53,873),(53,935),(53,997),(53,1059),(53,1121),(53,1183),(53,1245),(53,1307),(53,1369),(53,1422),(53,1484),(53,1546),(53,1608),(53,1670),(53,1732),(53,1794),(53,1847),(53,1909),(53,1971),(53,2033),(53,2095),(53,2157),(53,2219),(53,2281),(53,2343),(53,2405),(53,2467),(53,2529),(53,2591),(53,2653),(53,2715),(53,2777),(53,2839),(53,2901),(53,2963),(53,3025),(53,3087),(53,3149),(53,3209),(53,3269),(53,3329),(53,3389),(53,3449),(53,3509),(53,3569),(53,3628),(53,3687),(53,3746),(53,3805),(53,3864),(53,3923),(53,3982),(53,4041),(53,4100),(53,4159),(53,4218),(53,4277),(53,4336),(53,4393),(53,4450),(53,4507),(53,4564),(53,4621),(53,4678),(53,4735),(53,4792),(53,4849),(53,4906),(53,4963),(53,5020),(53,5077),(53,5134),(53,5191),(53,5248),(53,5305),(53,5362),(53,5419),(53,5476),(53,5533),(53,5590),(53,5647),(53,5704),(53,5761),(53,5818),(53,5875),(53,5932),(53,5989),(53,6046),(56,12),(56,76),(56,140),(56,202),(56,264),(56,326),(56,388),(56,450),(56,512),(56,574),(56,636),(56,692),(56,760),(56,822),(56,884),(56,946),(56,1008),(56,1070),(56,1132),(56,1194),(56,1256),(56,1312),(56,1374),(56,1433),(56,1495),(56,1551),(56,1619),(56,1681),(56,1737),(56,1799),(56,1858),(56,1920),(56,1982),(56,2044),(56,2106),(56,2168),(56,2230),(56,2292),(56,2354),(56,2416),(56,2478),(56,2540),(56,2602),(56,2664),(56,2726),(56,2788),(56,2850),(56,2912),(56,2974),(56,3036),(56,3098),(56,3160),(56,3220),(56,3280),(56,3340),(56,3400),(56,3460),(56,3520),(56,3580),(56,3639),(56,3698),(56,3757),(56,3816),(56,3875),(56,3934),(56,3993),(56,4052),(56,4111),(56,4170),(56,4229),(56,4288),(56,4347),(56,4404),(56,4461),(56,4518),(56,4575),(56,4632),(56,4689),(56,4746),(56,4803),(56,4860),(56,4917),(56,4974),(56,5031),(56,5088),(56,5145),(56,5202),(56,5259),(56,5316),(56,5373),(56,5430),(56,5487),(56,5544),(56,5601),(56,5658),(56,5715),(56,5772),(56,5829),(56,5886),(56,5943),(56,6000),(56,6057),(60,18),(60,82),(60,146),(60,208),(60,270),(60,332),(60,394),(60,456),(60,518),(60,580),(60,642),(60,748),(60,766),(60,828),(60,890),(60,952),(60,1014),(60,1076),(60,1138),(60,1200),(60,1262),(60,1368),(60,1439),(60,1501),(60,1607),(60,1625),(60,1687),(60,1793),(60,1864),(60,1926),(60,1988),(60,2050),(60,2112),(60,2174),(60,2236),(60,2298),(60,2360),(60,2422),(60,2484),(60,2546),(60,2608),(60,2670),(60,2732),(60,2794),(60,2856),(60,2918),(60,2980),(60,3042),(60,3104),(60,3166),(60,3226),(60,3286),(60,3346),(60,3406),(60,3466),(60,3526),(60,3586),(60,3645),(60,3704),(60,3763),(60,3822),(60,3881),(60,3940),(60,3999),(60,4058),(60,4117),(60,4176),(60,4235),(60,4294),(60,4353),(60,4410),(60,4467),(60,4524),(60,4581),(60,4638),(60,4695),(60,4752),(60,4809),(60,4866),(60,4923),(60,4980),(60,5037),(60,5094),(60,5151),(60,5208),(60,5265),(60,5322),(60,5379),(60,5436),(60,5493),(60,5550),(60,5607),(60,5664),(60,5721),(60,5778),(60,5835),(60,5892),(60,5949),(60,6006),(60,6063),(66,11),(66,75),(66,139),(66,201),(66,263),(66,325),(66,387),(66,449),(66,511),(66,573),(66,635),(66,745),(66,759),(66,821),(66,883),(66,945),(66,1007),(66,1069),(66,1131),(66,1193),(66,1255),(66,1365),(66,1432),(66,1494),(66,1604),(66,1618),(66,1680),(66,1790),(66,1857),(66,1919),(66,1981),(66,2043),(66,2105),(66,2167),(66,2229),(66,2291),(66,2353),(66,2415),(66,2477),(66,2539),(66,2601),(66,2663),(66,2725),(66,2787),(66,2849),(66,2911),(66,2973),(66,3035),(66,3097),(66,3159),(66,3219),(66,3279),(66,3339),(66,3399),(66,3459),(66,3519),(66,3579),(66,3638),(66,3697),(66,3756),(66,3815),(66,3874),(66,3933),(66,3992),(66,4051),(66,4110),(66,4169),(66,4228),(66,4287),(66,4346),(66,4403),(66,4460),(66,4517),(66,4574),(66,4631),(66,4688),(66,4745),(66,4802),(66,4859),(66,4916),(66,4973),(66,5030),(66,5087),(66,5144),(66,5201),(66,5258),(66,5315),(66,5372),(66,5429),(66,5486),(66,5543),(66,5600),(66,5657),(66,5714),(66,5771),(66,5828),(66,5885),(66,5942),(66,5999),(66,6056),(71,6),(71,9),(71,70),(71,73),(71,134),(71,137),(71,196),(71,199),(71,258),(71,261),(71,320),(71,323),(71,382),(71,385),(71,444),(71,447),(71,506),(71,509),(71,568),(71,571),(71,630),(71,633),(71,690),(71,743),(71,754),(71,757),(71,816),(71,819),(71,878),(71,881),(71,940),(71,943),(71,1002),(71,1005),(71,1064),(71,1067),(71,1126),(71,1129),(71,1188),(71,1191),(71,1250),(71,1253),(71,1310),(71,1363),(71,1372),(71,1427),(71,1430),(71,1489),(71,1492),(71,1549),(71,1602),(71,1613),(71,1616),(71,1675),(71,1678),(71,1735),(71,1788),(71,1797),(71,1852),(71,1855),(71,1914),(71,1917),(71,1976),(71,1979),(71,2038),(71,2041),(71,2100),(71,2103),(71,2162),(71,2165),(71,2224),(71,2227),(71,2286),(71,2289),(71,2348),(71,2351),(71,2410),(71,2413),(71,2472),(71,2475),(71,2534),(71,2537),(71,2596),(71,2599),(71,2658),(71,2661),(71,2720),(71,2723),(71,2782),(71,2785),(71,2844),(71,2847),(71,2906),(71,2909),(71,2968),(71,2971),(71,3030),(71,3033),(71,3092),(71,3095),(71,3154),(71,3157),(71,3214),(71,3217),(71,3274),(71,3277),(71,3334),(71,3337),(71,3394),(71,3397),(71,3454),(71,3457),(71,3514),(71,3517),(71,3574),(71,3577),(71,3633),(71,3636),(71,3692),(71,3695),(71,3751),(71,3754),(71,3810),(71,3813),(71,3869),(71,3872),(71,3928),(71,3931),(71,3987),(71,3990),(71,4046),(71,4049),(71,4105),(71,4108),(71,4164),(71,4167),(71,4223),(71,4226),(71,4282),(71,4285),(71,4341),(71,4344),(71,4398),(71,4401),(71,4455),(71,4458),(71,4512),(71,4515),(71,4569),(71,4572),(71,4626),(71,4629),(71,4683),(71,4686),(71,4740),(71,4743),(71,4797),(71,4800),(71,4854),(71,4857),(71,4911),(71,4914),(71,4968),(71,4971),(71,5025),(71,5028),(71,5082),(71,5085),(71,5139),(71,5142),(71,5196),(71,5199),(71,5253),(71,5256),(71,5310),(71,5313),(71,5367),(71,5370),(71,5424),(71,5427),(71,5481),(71,5484),(71,5538),(71,5541),(71,5595),(71,5598),(71,5652),(71,5655),(71,5709),(71,5712),(71,5766),(71,5769),(71,5823),(71,5826),(71,5880),(71,5883),(71,5937),(71,5940),(71,5994),(71,5997),(71,6051),(71,6054),(71,6104),(71,6151),(71,6198),(71,6245),(71,6292),(71,6339),(71,6386),(71,6433),(71,6480),(71,6527),(71,6574),(71,6621),(71,6668),(71,6715),(71,6762),(71,6809),(71,6856),(71,6903),(71,6950),(71,6997),(71,7044),(71,7091),(71,7138),(71,7185),(71,7232),(71,7292),(78,13),(78,77),(78,141),(78,203),(78,265),(78,327),(78,389),(78,451),(78,513),(78,575),(78,637),(78,746),(78,761),(78,823),(78,885),(78,947),(78,1009),(78,1071),(78,1133),(78,1195),(78,1257),(78,1366),(78,1434),(78,1496),(78,1605),(78,1620),(78,1682),(78,1791),(78,1859),(78,1921),(78,1983),(78,2045),(78,2107),(78,2169),(78,2231),(78,2293),(78,2355),(78,2417),(78,2479),(78,2541),(78,2603),(78,2665),(78,2727),(78,2789),(78,2851),(78,2913),(78,2975),(78,3037),(78,3099),(78,3161),(78,3221),(78,3281),(78,3341),(78,3401),(78,3461),(78,3521),(78,3581),(78,3640),(78,3699),(78,3758),(78,3817),(78,3876),(78,3935),(78,3994),(78,4053),(78,4112),(78,4171),(78,4230),(78,4289),(78,4348),(78,4405),(78,4462),(78,4519),(78,4576),(78,4633),(78,4690),(78,4747),(78,4804),(78,4861),(78,4918),(78,4975),(78,5032),(78,5089),(78,5146),(78,5203),(78,5260),(78,5317),(78,5374),(78,5431),(78,5488),(78,5545),(78,5602),(78,5659),(78,5716),(78,5773),(78,5830),(78,5887),(78,5944),(78,6001),(78,6058),(83,5),(83,69),(83,133),(83,195),(83,257),(83,319),(83,381),(83,443),(83,505),(83,567),(83,629),(83,742),(83,753),(83,815),(83,877),(83,939),(83,1001),(83,1063),(83,1125),(83,1187),(83,1249),(83,1362),(83,1426),(83,1488),(83,1601),(83,1612),(83,1674),(83,1787),(83,1851),(83,1913),(83,1975),(83,2037),(83,2099),(83,2161),(83,2223),(83,2285),(83,2347),(83,2409),(83,2471),(83,2533),(83,2595),(83,2657),(83,2719),(83,2781),(83,2843),(83,2905),(83,2967),(83,3029),(83,3091),(83,3153),(83,3213),(83,3273),(83,3333),(83,3393),(83,3453),(83,3513),(83,3573),(83,3632),(83,3691),(83,3750),(83,3809),(83,3868),(83,3927),(83,3986),(83,4045),(83,4104),(83,4163),(83,4222),(83,4281),(83,4340),(83,4397),(83,4454),(83,4511),(83,4568),(83,4625),(83,4682),(83,4739),(83,4796),(83,4853),(83,4910),(83,4967),(83,5024),(83,5081),(83,5138),(83,5195),(83,5252),(83,5309),(83,5366),(83,5423),(83,5480),(83,5537),(83,5594),(83,5651),(83,5708),(83,5765),(83,5822),(83,5879),(83,5936),(83,5993),(83,6050),(87,6103),(87,6150),(87,6197),(87,6244),(87,6291),(87,6338),(87,6385),(87,6432),(87,6479),(87,6526),(87,6573),(87,6620),(87,6667),(87,6714),(87,6761),(87,6808),(87,6855),(87,6902),(87,6949),(87,6996),(87,7043),(87,7090),(87,7137),(87,7184),(87,7231),(87,7291),(89,7),(89,18),(89,71),(89,82),(89,135),(89,146),(89,197),(89,208),(89,259),(89,270),(89,321),(89,332),(89,383),(89,394),(89,445),(89,456),(89,507),(89,518),(89,569),(89,580),(89,631),(89,642),(89,744),(89,748),(89,755),(89,766),(89,817),(89,828),(89,879),(89,890),(89,941),(89,952),(89,1003),(89,1014),(89,1065),(89,1076),(89,1127),(89,1138),(89,1189),(89,1200),(89,1251),(89,1262),(89,1364),(89,1368),(89,1428),(89,1439),(89,1490),(89,1501),(89,1603),(89,1607),(89,1614),(89,1625),(89,1676),(89,1687),(89,1789),(89,1793),(89,1853),(89,1864),(89,1915),(89,1926),(89,1977),(89,1988),(89,2039),(89,2050),(89,2101),(89,2112),(89,2163),(89,2174),(89,2225),(89,2236),(89,2287),(89,2298),(89,2349),(89,2360),(89,2411),(89,2422),(89,2473),(89,2484),(89,2535),(89,2546),(89,2597),(89,2608),(89,2659),(89,2670),(89,2721),(89,2732),(89,2783),(89,2794),(89,2845),(89,2856),(89,2907),(89,2918),(89,2969),(89,2980),(89,3031),(89,3042),(89,3093),(89,3104),(89,3155),(89,3166),(89,3215),(89,3226),(89,3275),(89,3286),(89,3335),(89,3346),(89,3395),(89,3406),(89,3455),(89,3466),(89,3515),(89,3526),(89,3575),(89,3586),(89,3634),(89,3645),(89,3693),(89,3704),(89,3752),(89,3763),(89,3811),(89,3822),(89,3870),(89,3881),(89,3929),(89,3940),(89,3988),(89,3999),(89,4047),(89,4058),(89,4106),(89,4117),(89,4165),(89,4176),(89,4224),(89,4235),(89,4283),(89,4294),(89,4342),(89,4353),(89,4399),(89,4410),(89,4456),(89,4467),(89,4513),(89,4524),(89,4570),(89,4581),(89,4627),(89,4638),(89,4684),(89,4695),(89,4741),(89,4752),(89,4798),(89,4809),(89,4855),(89,4866),(89,4912),(89,4923),(89,4969),(89,4980),(89,5026),(89,5037),(89,5083),(89,5094),(89,5140),(89,5151),(89,5197),(89,5208),(89,5254),(89,5265),(89,5311),(89,5322),(89,5368),(89,5379),(89,5425),(89,5436),(89,5482),(89,5493),(89,5539),(89,5550),(89,5596),(89,5607),(89,5653),(89,5664),(89,5710),(89,5721),(89,5767),(89,5778),(89,5824),(89,5835),(89,5881),(89,5892),(89,5938),(89,5949),(89,5995),(89,6006),(89,6052),(89,6063),(91,8),(91,72),(91,136),(91,198),(91,260),(91,322),(91,384),(91,446),(91,508),(91,570),(91,632),(91,689),(91,756),(91,818),(91,880),(91,942),(91,1004),(91,1066),(91,1128),(91,1190),(91,1252),(91,1309),(91,1371),(91,1429),(91,1491),(91,1548),(91,1615),(91,1677),(91,1734),(91,1796),(91,1854),(91,1916),(91,1978),(91,2040),(91,2102),(91,2164),(91,2226),(91,2288),(91,2350),(91,2412),(91,2474),(91,2536),(91,2598),(91,2660),(91,2722),(91,2784),(91,2846),(91,2908),(91,2970),(91,3032),(91,3094),(91,3156),(91,3216),(91,3276),(91,3336),(91,3396),(91,3456),(91,3516),(91,3576),(91,3635),(91,3694),(91,3753),(91,3812),(91,3871),(91,3930),(91,3989),(91,4048),(91,4107),(91,4166),(91,4225),(91,4284),(91,4343),(91,4400),(91,4457),(91,4514),(91,4571),(91,4628),(91,4685),(91,4742),(91,4799),(91,4856),(91,4913),(91,4970),(91,5027),(91,5084),(91,5141),(91,5198),(91,5255),(91,5312),(91,5369),(91,5426),(91,5483),(91,5540),(91,5597),(91,5654),(91,5711),(91,5768),(91,5825),(91,5882),(91,5939),(91,5996),(91,6053),(99,5),(99,69),(99,133),(99,195),(99,257),(99,319),(99,381),(99,443),(99,505),(99,567),(99,629),(99,742),(99,753),(99,815),(99,877),(99,939),(99,1001),(99,1063),(99,1125),(99,1187),(99,1249),(99,1362),(99,1426),(99,1488),(99,1601),(99,1612),(99,1674),(99,1787),(99,1851),(99,1913),(99,1975),(99,2037),(99,2099),(99,2161),(99,2223),(99,2285),(99,2347),(99,2409),(99,2471),(99,2533),(99,2595),(99,2657),(99,2719),(99,2781),(99,2843),(99,2905),(99,2967),(99,3029),(99,3091),(99,3153),(99,3213),(99,3273),(99,3333),(99,3393),(99,3453),(99,3513),(99,3573),(99,3632),(99,3691),(99,3750),(99,3809),(99,3868),(99,3927),(99,3986),(99,4045),(99,4104),(99,4163),(99,4222),(99,4281),(99,4340),(99,4397),(99,4454),(99,4511),(99,4568),(99,4625),(99,4682),(99,4739),(99,4796),(99,4853),(99,4910),(99,4967),(99,5024),(99,5081),(99,5138),(99,5195),(99,5252),(99,5309),(99,5366),(99,5423),(99,5480),(99,5537),(99,5594),(99,5651),(99,5708),(99,5765),(99,5822),(99,5879),(99,5936),(99,5993),(99,6050),(100,6110),(100,6157),(100,6204),(100,6251),(100,6298),(100,6345),(100,6392),(100,6439),(100,6486),(100,6533),(100,6580),(100,6627),(100,6674),(100,6721),(100,6768),(100,6815),(100,6862),(100,6909),(100,6956),(100,7003),(100,7050),(100,7097),(100,7144),(100,7191),(100,7238),(100,7298),(107,5),(107,6),(107,69),(107,70),(107,133),(107,134),(107,195),(107,196),(107,257),(107,258),(107,319),(107,320),(107,381),(107,382),(107,443),(107,444),(107,505),(107,506),(107,567),(107,568),(107,629),(107,630),(107,742),(107,743),(107,753),(107,754),(107,815),(107,816),(107,877),(107,878),(107,939),(107,940),(107,1001),(107,1002),(107,1063),(107,1064),(107,1125),(107,1126),(107,1187),(107,1188),(107,1249),(107,1250),(107,1362),(107,1363),(107,1426),(107,1427),(107,1488),(107,1489),(107,1601),(107,1602),(107,1612),(107,1613),(107,1674),(107,1675),(107,1787),(107,1788),(107,1851),(107,1852),(107,1913),(107,1914),(107,1975),(107,1976),(107,2037),(107,2038),(107,2099),(107,2100),(107,2161),(107,2162),(107,2223),(107,2224),(107,2285),(107,2286),(107,2347),(107,2348),(107,2409),(107,2410),(107,2471),(107,2472),(107,2533),(107,2534),(107,2595),(107,2596),(107,2657),(107,2658),(107,2719),(107,2720),(107,2781),(107,2782),(107,2843),(107,2844),(107,2905),(107,2906),(107,2967),(107,2968),(107,3029),(107,3030),(107,3091),(107,3092),(107,3153),(107,3154),(107,3213),(107,3214),(107,3273),(107,3274),(107,3333),(107,3334),(107,3393),(107,3394),(107,3453),(107,3454),(107,3513),(107,3514),(107,3573),(107,3574),(107,3632),(107,3633),(107,3691),(107,3692),(107,3750),(107,3751),(107,3809),(107,3810),(107,3868),(107,3869),(107,3927),(107,3928),(107,3986),(107,3987),(107,4045),(107,4046),(107,4104),(107,4105),(107,4163),(107,4164),(107,4222),(107,4223),(107,4281),(107,4282),(107,4340),(107,4341),(107,4397),(107,4398),(107,4454),(107,4455),(107,4511),(107,4512),(107,4568),(107,4569),(107,4625),(107,4626),(107,4682),(107,4683),(107,4739),(107,4740),(107,4796),(107,4797),(107,4853),(107,4854),(107,4910),(107,4911),(107,4967),(107,4968),(107,5024),(107,5025),(107,5081),(107,5082),(107,5138),(107,5139),(107,5195),(107,5196),(107,5252),(107,5253),(107,5309),(107,5310),(107,5366),(107,5367),(107,5423),(107,5424),(107,5480),(107,5481),(107,5537),(107,5538),(107,5594),(107,5595),(107,5651),(107,5652),(107,5708),(107,5709),(107,5765),(107,5766),(107,5822),(107,5823),(107,5879),(107,5880),(107,5936),(107,5937),(107,5993),(107,5994),(107,6050),(107,6051),(119,204),(119,266),(119,328),(119,390),(119,452),(119,514),(119,576),(119,638),(119,693),(119,762),(119,824),(119,886),(119,948),(119,1010),(119,1072),(119,1134),(119,1196),(119,1258),(119,1313),(119,1375),(119,1435),(119,1497),(119,1552),(119,1621),(119,1683),(119,1738),(119,1800),(119,1860),(119,1922),(119,1984),(119,2046),(119,2108),(119,2170),(119,2232),(119,2294),(119,2356),(119,2418),(119,2480),(119,2542),(119,2604),(119,2666),(119,2728),(119,2790),(119,2852),(119,2914),(119,2976),(119,3038),(119,3100),(119,3162),(119,3222),(119,3282),(119,3342),(119,3402),(119,3462),(119,3522),(119,3582),(119,3641),(119,3700),(119,3759),(119,3818),(119,3877),(119,3936),(119,3995),(119,4054),(119,4113),(119,4172),(119,4231),(119,4290),(119,4349),(119,4406),(119,4463),(119,4520),(119,4577),(119,4634),(119,4691),(119,4748),(119,4805),(119,4862),(119,4919),(119,4976),(119,5033),(119,5090),(119,5147),(119,5204),(119,5261),(119,5318),(119,5375),(119,5432),(119,5489),(119,5546),(119,5603),(119,5660),(119,5717),(119,5774),(119,5831),(119,5888),(119,5945),(119,6002),(119,6059),(119,6106),(119,6153),(119,6200),(119,6247),(119,6294),(119,6341),(119,6388),(119,6435),(119,6482),(119,6529),(119,6576),(119,6623),(119,6670),(119,6717),(119,6764),(119,6811),(119,6858),(119,6905),(119,6952),(119,6999),(119,7046),(119,7093),(119,7140),(119,7187),(119,7234),(119,7294);

--
-- Table structure for table `pre3303_tab_lang`
--

CREATE TABLE `pre3303_tab_lang` (
  `id_tab` int(11) NOT NULL,
  `id_lang` int(11) NOT NULL,
  `name` varchar(128) COLLATE utf8_unicode_ci NOT NULL,
  PRIMARY KEY (`id_tab`,`id_lang`),
  KEY `IDX_A0D19EAEED47AB56` (`id_tab`)
) ENGINE=InnoDB DEFAULT CHARSET=utf8 COLLATE=utf8_unicode_ci;

--
-- Dumping data for table `pre3303_tab_lang`
--

INSERT INTO `pre3303_tab_lang` VALUES (1,1,'Tableau de Bord'),(1,2,'Tableau de Bord'),(2,1,'Vendre'),(2,2,'Sell'),(3,1,'Commandes'),(3,2,'Order Settings'),(4,1,'Commandes'),(4,2,'Order Settings'),(5,1,'Factures'),(5,2,'Invoices'),(6,1,'Avoirs'),(6,2,'Credit Slips'),(7,1,'Bons de livraison'),(7,2,'Delivery Slips'),(8,1,'Paniers'),(8,2,'Shopping Carts'),(9,1,'Catalogue'),(9,2,'Catalog'),(10,1,'Produits'),(10,2,'Product Settings'),(11,1,'Catégories'),(11,2,'Categories'),(12,1,'Suivi'),(12,2,'Monitoring'),(13,1,'Attributs & caractéristiques'),(13,2,'Attributes & Features'),(14,1,'Attributs'),(14,2,'Attributes'),(15,1,'Caractéristiques'),(15,2,'Features'),(16,1,'Marques et fournisseurs'),(16,2,'Brands & Suppliers'),(17,1,'Marques'),(17,2,'Brands'),(18,1,'Fournisseurs'),(18,2,'Suppliers'),(19,1,'Documents joints'),(19,2,'Documents joints'),(20,1,'Promotions'),(20,2,'Promotions'),(21,1,'Règles paniers'),(21,2,'Règles paniers'),(22,1,'Règles de prix catalogue'),(22,2,'Catalog Price Rules'),(23,1,'Clients'),(23,2,'Customer Settings'),(24,1,'Clients'),(24,2,'Customer Settings'),(25,1,'Adresses'),(25,2,'Addresses'),(26,1,'Encours'),(26,2,'Encours'),(27,1,'Service client'),(27,2,'Service client'),(28,1,'Service client'),(28,2,'Service client'),(29,1,'Messages prédéfinis'),(29,2,'Order Messages'),(30,1,'Retours produits'),(30,2,'Merchandise Returns'),(31,1,'Statistiques'),(31,2,'Stats'),(33,1,'Entrepôts'),(33,2,'Warehouses'),(34,1,'Gestion du stock'),(34,2,'Stock Management'),(35,1,'Gestion du stock'),(35,2,'Stock Management'),(36,1,'Mouvements de stock'),(36,2,'Stock Movement'),(37,1,'Etat instantané du stock'),(37,2,'Etat instantané du stock'),(38,1,'Couverture du stock'),(38,2,'Stock Coverage'),(39,1,'Commandes fournisseurs'),(39,2,'Supply orders'),(40,1,'Paramètres'),(40,2,'Configuration'),(41,1,'Personnaliser'),(41,2,'Improve'),(42,1,'Modules'),(42,2,'Modules'),(43,1,'Modules et services'),(43,2,'Modules & Services'),(45,1,'Catalogue de modules'),(45,2,'Modules Catalog'),(46,1,'Apparence'),(46,2,'Design'),(47,1,'Thème et logo'),(47,2,'Theme & Logo'),(48,1,'Catalogue de thèmes'),(48,2,'Theme Catalog'),(49,1,'Pages CMS'),(49,2,'Pages'),(50,1,'Positions'),(50,2,'Positions'),(51,1,'Images'),(51,2,'Image Settings'),(52,1,'Transport'),(52,2,'Transport'),(53,1,'Transporteurs'),(53,2,'Carriers'),(54,1,'Préférences'),(54,2,'Preferences'),(55,1,'Paiement'),(55,2,'Payment'),(56,1,'Modes de paiement'),(56,2,'Payment Methods'),(57,1,'Préférences'),(57,2,'Preferences'),(58,1,'International'),(58,2,'International'),(59,1,'Localisation'),(59,2,'Localization'),(60,1,'Localisation'),(60,2,'Localization'),(61,1,'Langues'),(61,2,'Languages'),(62,1,'Devises'),(62,2,'Currencies'),(63,1,'Géolocalisation'),(63,2,'Geolocation'),(64,1,'Zones géographiques'),(64,2,'Locations'),(65,1,'Pays'),(65,2,'Countries'),(66,1,'Zones'),(66,2,'Zones'),(67,1,'États'),(67,2,'States'),(68,1,'Taxes'),(68,2,'Taxes'),(69,1,'Taxes'),(69,2,'Taxes'),(70,1,'Règles de taxes'),(70,2,'Tax Rules'),(71,1,'Traductions'),(71,2,'Translations'),(72,1,'Configurer'),(72,2,'Configure'),(73,1,'Paramètres de la boutique'),(73,2,'Shop Parameters'),(74,1,'Général'),(74,2,'Général'),(75,1,'Général'),(75,2,'Général'),(76,1,'Maintenance'),(76,2,'Maintenance'),(77,1,'Commandes'),(77,2,'Order Settings'),(78,1,'Commandes'),(78,2,'Order Settings'),(79,1,'États'),(79,2,'States'),(80,1,'Produits'),(80,2,'Product Settings'),(81,1,'Clients'),(81,2,'Customer Settings'),(82,1,'Clients'),(82,2,'Customer Settings'),(83,1,'Groupes'),(83,2,'Groups'),(84,1,'Titres de civilité'),(84,2,'Titles'),(85,1,'Contact'),(85,2,'Contact'),(86,1,'Contacts'),(86,2,'Contacts'),(87,1,'Coordonnées & magasins'),(87,2,'Coordonnées & magasins'),(88,1,'Trafic et SEO'),(88,2,'Traffic & SEO'),(89,1,'SEO & URL'),(89,2,'SEO & URLs'),(90,1,'Moteurs de recherche'),(90,2,'Search Engines'),(91,1,'Affiliation'),(91,2,'Affiliation'),(92,1,'Recherche'),(92,2,'Recherche'),(93,1,'Recherche'),(93,2,'Recherche'),(94,1,'Mots-clés'),(94,2,'Tags'),(95,1,'Paramètres avancés'),(95,2,'Advanced Parameters'),(96,1,'Informations'),(96,2,'Information'),(97,1,'Performances'),(97,2,'Performance'),(98,1,'Administration'),(98,2,'Administration'),(99,1,'Emails'),(99,2,'Emails'),(100,1,'Importer'),(100,2,'Import'),(101,1,'Équipe'),(101,2,'Team'),(102,1,'Employés'),(102,2,'Employees'),(103,1,'Profils'),(103,2,'Profiles'),(104,1,'Autorisations'),(104,2,'Autorisations'),(105,1,'Base de données'),(105,2,'Database'),(106,1,'Gestionnaire SQL'),(106,2,'SQL Manager'),(107,1,'Sauvegarde BDD'),(107,2,'DB Backup'),(108,1,'Log'),(108,2,'Log'),(109,1,'Service web'),(109,2,'Service web'),(110,1,'Multiboutique'),(110,2,'Multistore'),(111,1,'Multiboutique'),(111,2,'Multistore'),(112,1,'Accès rapide'),(112,2,'Quick Access'),(113,1,'Autres'),(113,2,'Autres'),(115,1,'Dashgoals'),(115,2,'Dashgoals'),(116,1,'Link Widget'),(116,2,'Link Widget'),(117,1,'Merchant Expertise'),(117,2,'Merchant Expertise'),(118,1,'Cron Jobs'),(118,2,'Cron Jobs'),(119,1,'1-Click Upgrade'),(119,2,'1-Click Upgrade'),(120,1,'Stock'),(120,2,'Stock'),(151,1,'SendCloud'),(151,2,'SendCloud'),(152,1,'SEO (Search Engine Optimization)'),(152,2,'SEO (Search Engine Optimization)'),(153,1,'SEO (Search Engine Optimization)'),(153,2,'SEO (Search Engine Optimization)'),(158,1,'Ap PageBuilder'),(158,2,'Ap PageBuilder'),(159,1,'Ap Profiles Manage'),(159,2,'Ap Profiles Manage'),(160,1,'Ap Positions Manage'),(160,2,'Ap Positions Manage'),(161,1,'Ap ShortCode Manage'),(161,2,'Ap ShortCode Manage'),(162,1,'Ap Hook Builder'),(162,2,'Ap Hook Builder'),(163,1,'Ap Products List Builder'),(163,2,'Ap Products List Builder'),(164,1,'Ap Products Details Builder'),(164,2,'Ap Products Details Builder'),(165,1,'Ap Hook Control Panel'),(165,2,'Ap Hook Control Panel'),(166,1,'Ap Live Theme Editor'),(166,2,'Ap Live Theme Editor'),(167,1,'Ap Module Configuration'),(167,2,'Ap Module Configuration'),(168,1,'Ap Theme Configuration'),(168,2,'Ap Theme Configuration'),(169,1,'Ap Image Manage'),(169,2,'Ap Image Manage'),(170,1,'Ap Shortcodes Builder'),(170,2,'Ap Shortcodes Builder'),(171,1,'Leo Blog Gestion'),(171,2,'Leo Blog Gestion'),(172,1,'Blog Dashboard'),(172,2,'Blog Dashboard'),(173,1,'Categories Management'),(173,2,'Categories Management'),(174,1,'Blogs Management'),(174,2,'Blogs Management'),(175,1,'Comment Management'),(175,2,'Comment Management'),(176,1,'Leo Blog Configuration'),(176,2,'Leo Blog Configuration'),(177,1,'Leo Megamenu Configuration'),(177,2,'Leo Megamenu Configuration'),(178,1,'Leo Widgets'),(178,2,'Leo Widgets'),(179,1,'LeoSlideShow'),(179,2,'LeoSlideShow'),(180,1,'Leo Slideshow Configuration'),(180,2,'Leo Slideshow Configuration'),(181,1,'Leo Management Feature'),(181,2,'Leo Management Feature'),(182,1,'Leo Feature Configuration'),(182,2,'Leo Feature Configuration'),(183,1,'Product Review Management'),(183,2,'Product Review Management'),(184,1,'psgdpr'),(184,2,'psgdpr'),(185,1,'psgdpr'),(185,2,'psgdpr');

--
-- Table structure for table `pre3303_tab_module_preference`
--

CREATE TABLE `pre3303_tab_module_preference` (
  `id_tab_module_preference` int(11) NOT NULL AUTO_INCREMENT,
  `id_employee` int(11) NOT NULL,
  `id_tab` int(11) NOT NULL,
  `module` varchar(255) NOT NULL,
  PRIMARY KEY (`id_tab_module_preference`),
  UNIQUE KEY `employee_module` (`id_employee`,`id_tab`,`module`)
) ENGINE=InnoDB DEFAULT CHARSET=utf8;

--
-- Dumping data for table `pre3303_tab_module_preference`
--


--
-- Table structure for table `pre3303_tag`
--

CREATE TABLE `pre3303_tag` (
  `id_tag` int(10) unsigned NOT NULL AUTO_INCREMENT,
  `id_lang` int(10) unsigned NOT NULL,
  `name` varchar(32) NOT NULL,
  PRIMARY KEY (`id_tag`),
  KEY `tag_name` (`name`),
  KEY `id_lang` (`id_lang`)
) ENGINE=InnoDB DEFAULT CHARSET=utf8;

--
-- Dumping data for table `pre3303_tag`
--


--
-- Table structure for table `pre3303_tag_count`
--

CREATE TABLE `pre3303_tag_count` (
  `id_group` int(10) unsigned NOT NULL DEFAULT '0',
  `id_tag` int(10) unsigned NOT NULL DEFAULT '0',
  `id_lang` int(10) unsigned NOT NULL DEFAULT '0',
  `id_shop` int(11) unsigned NOT NULL DEFAULT '0',
  `counter` int(10) unsigned NOT NULL DEFAULT '0',
  PRIMARY KEY (`id_group`,`id_tag`),
  KEY `id_group` (`id_group`,`id_lang`,`id_shop`,`counter`)
) ENGINE=InnoDB DEFAULT CHARSET=utf8;

--
-- Dumping data for table `pre3303_tag_count`
--


--
-- Table structure for table `pre3303_tax`
--

CREATE TABLE `pre3303_tax` (
  `id_tax` int(10) unsigned NOT NULL AUTO_INCREMENT,
  `rate` decimal(10,3) NOT NULL,
  `active` tinyint(1) unsigned NOT NULL DEFAULT '1',
  `deleted` tinyint(1) unsigned NOT NULL DEFAULT '0',
  PRIMARY KEY (`id_tax`)
) ENGINE=InnoDB AUTO_INCREMENT=33 DEFAULT CHARSET=utf8;

--
-- Dumping data for table `pre3303_tax`
--

INSERT INTO `pre3303_tax` VALUES (1,20.000,1,0),(2,10.000,1,0),(3,5.500,1,0),(4,2.100,1,0),(5,20.000,1,0),(6,21.000,1,0),(7,20.000,1,0),(8,19.000,1,0),(9,21.000,1,0),(10,19.000,1,0),(11,25.000,1,0),(12,20.000,1,0),(13,21.000,1,0),(14,24.000,1,0),(15,20.000,1,0),(16,23.000,1,0),(17,25.000,1,0),(18,27.000,1,0),(19,23.000,1,0),(20,22.000,1,0),(21,21.000,1,0),(22,17.000,1,0),(23,21.000,1,0),(24,18.000,1,0),(25,21.000,1,0),(26,23.000,1,0),(27,23.000,1,0),(28,20.000,1,0),(29,25.000,1,0),(30,22.000,1,0),(31,20.000,1,0),(32,0.000,1,0);

--
-- Table structure for table `pre3303_tax_lang`
--

CREATE TABLE `pre3303_tax_lang` (
  `id_tax` int(10) unsigned NOT NULL,
  `id_lang` int(10) unsigned NOT NULL,
  `name` varchar(32) NOT NULL,
  PRIMARY KEY (`id_tax`,`id_lang`)
) ENGINE=InnoDB DEFAULT CHARSET=utf8;

--
-- Dumping data for table `pre3303_tax_lang`
--

INSERT INTO `pre3303_tax_lang` VALUES (1,1,'TVA FR 20%'),(1,2,'TVA FR 20%'),(2,1,'TVA FR 10%'),(2,2,'TVA FR 10%'),(3,1,'TVA FR 5.5%'),(3,2,'TVA FR 5.5%'),(4,1,'TVA FR 2.1%'),(4,2,'TVA FR 2.1%'),(5,1,'USt. AT 20%'),(5,2,'USt. AT 20%'),(6,1,'TVA BE 21%'),(6,2,'TVA BE 21%'),(7,1,'ДДС BG 20%'),(7,2,'ДДС BG 20%'),(8,1,'ΦΠΑ CY 19%'),(8,2,'ΦΠΑ CY 19%'),(9,1,'DPH CZ 21%'),(9,2,'DPH CZ 21%'),(10,1,'MwSt. DE 19%'),(10,2,'MwSt. DE 19%'),(11,1,'moms DK 25%'),(11,2,'moms DK 25%'),(12,1,'km EE 20%'),(12,2,'km EE 20%'),(13,1,'IVA ES 21%'),(13,2,'IVA ES 21%'),(14,1,'ALV FI 24%'),(14,2,'ALV FI 24%'),(15,1,'VAT UK 20%'),(15,2,'VAT UK 20%'),(16,1,'ΦΠΑ GR 23%'),(16,2,'ΦΠΑ GR 23%'),(17,1,'Croatia PDV 25%'),(17,2,'Croatia PDV 25%'),(18,1,'ÁFA HU 27%'),(18,2,'ÁFA HU 27%'),(19,1,'VAT IE 23%'),(19,2,'VAT IE 23%'),(20,1,'IVA IT 22%'),(20,2,'IVA IT 22%'),(21,1,'PVM LT 21%'),(21,2,'PVM LT 21%'),(22,1,'TVA LU 17%'),(22,2,'TVA LU 17%'),(23,1,'PVN LV 21%'),(23,2,'PVN LV 21%'),(24,1,'VAT MT 18%'),(24,2,'VAT MT 18%'),(25,1,'BTW NL 21%'),(25,2,'BTW NL 21%'),(26,1,'PTU PL 23%'),(26,2,'PTU PL 23%'),(27,1,'IVA PT 23%'),(27,2,'IVA PT 23%'),(28,1,'TVA RO 20%'),(28,2,'TVA RO 20%'),(29,1,'Moms SE 25%'),(29,2,'Moms SE 25%'),(30,1,'DDV SI 22%'),(30,2,'DDV SI 22%'),(31,1,'DPH SK 20%'),(31,2,'DPH SK 20%'),(32,1,'TVA FR Marge'),(32,2,'TVA FR Marge');

--
-- Table structure for table `pre3303_tax_rule`
--

CREATE TABLE `pre3303_tax_rule` (
  `id_tax_rule` int(11) NOT NULL AUTO_INCREMENT,
  `id_tax_rules_group` int(11) NOT NULL,
  `id_country` int(11) NOT NULL,
  `id_state` int(11) NOT NULL,
  `zipcode_from` varchar(12) NOT NULL,
  `zipcode_to` varchar(12) NOT NULL,
  `id_tax` int(11) NOT NULL,
  `behavior` int(11) NOT NULL,
  `description` varchar(100) NOT NULL,
  PRIMARY KEY (`id_tax_rule`),
  KEY `id_tax_rules_group` (`id_tax_rules_group`),
  KEY `id_tax` (`id_tax`),
  KEY `category_getproducts` (`id_tax_rules_group`,`id_country`,`id_state`,`zipcode_from`)
) ENGINE=InnoDB AUTO_INCREMENT=377 DEFAULT CHARSET=utf8;

--
-- Dumping data for table `pre3303_tax_rule`
--

INSERT INTO `pre3303_tax_rule` VALUES (1,1,3,0,'0','0',1,0,''),(2,1,236,0,'0','0',1,0,''),(3,1,16,0,'0','0',1,0,''),(4,1,20,0,'0','0',1,0,''),(5,1,1,0,'0','0',1,0,''),(6,1,86,0,'0','0',1,0,''),(7,1,9,0,'0','0',1,0,''),(8,1,6,0,'0','0',1,0,''),(9,1,8,0,'0','0',1,0,''),(10,1,26,0,'0','0',1,0,''),(11,1,10,0,'0','0',1,0,''),(12,1,76,0,'0','0',1,0,''),(13,1,125,0,'0','0',1,0,''),(14,1,131,0,'0','0',1,0,''),(15,1,12,0,'0','0',1,0,''),(16,1,143,0,'0','0',1,0,''),(17,1,139,0,'0','0',1,0,''),(18,1,13,0,'0','0',1,0,''),(19,1,2,0,'0','0',1,0,''),(20,1,14,0,'0','0',1,0,''),(21,1,15,0,'0','0',1,0,''),(22,1,36,0,'0','0',1,0,''),(23,1,193,0,'0','0',1,0,''),(24,1,37,0,'0','0',1,0,''),(25,1,7,0,'0','0',1,0,''),(26,1,18,0,'0','0',1,0,''),(27,2,3,0,'0','0',2,0,''),(28,2,236,0,'0','0',2,0,''),(29,2,16,0,'0','0',2,0,''),(30,2,20,0,'0','0',2,0,''),(31,2,1,0,'0','0',2,0,''),(32,2,86,0,'0','0',2,0,''),(33,2,9,0,'0','0',2,0,''),(34,2,6,0,'0','0',2,0,''),(35,2,8,0,'0','0',2,0,''),(36,2,26,0,'0','0',2,0,''),(37,2,10,0,'0','0',2,0,''),(38,2,76,0,'0','0',2,0,''),(39,2,125,0,'0','0',2,0,''),(40,2,131,0,'0','0',2,0,''),(41,2,12,0,'0','0',2,0,''),(42,2,143,0,'0','0',2,0,''),(43,2,139,0,'0','0',2,0,''),(44,2,13,0,'0','0',2,0,''),(45,2,2,0,'0','0',2,0,''),(46,2,14,0,'0','0',2,0,''),(47,2,15,0,'0','0',2,0,''),(48,2,36,0,'0','0',2,0,''),(49,2,193,0,'0','0',2,0,''),(50,2,37,0,'0','0',2,0,''),(51,2,7,0,'0','0',2,0,''),(52,2,18,0,'0','0',2,0,''),(53,3,3,0,'0','0',3,0,''),(54,3,236,0,'0','0',3,0,''),(55,3,16,0,'0','0',3,0,''),(56,3,20,0,'0','0',3,0,''),(57,3,1,0,'0','0',3,0,''),(58,3,86,0,'0','0',3,0,''),(59,3,9,0,'0','0',3,0,''),(60,3,6,0,'0','0',3,0,''),(61,3,8,0,'0','0',3,0,''),(62,3,26,0,'0','0',3,0,''),(63,3,10,0,'0','0',3,0,''),(64,3,76,0,'0','0',3,0,''),(65,3,125,0,'0','0',3,0,''),(66,3,131,0,'0','0',3,0,''),(67,3,12,0,'0','0',3,0,''),(68,3,143,0,'0','0',3,0,''),(69,3,139,0,'0','0',3,0,''),(70,3,13,0,'0','0',3,0,''),(71,3,2,0,'0','0',3,0,''),(72,3,14,0,'0','0',3,0,''),(73,3,15,0,'0','0',3,0,''),(74,3,36,0,'0','0',3,0,''),(75,3,193,0,'0','0',3,0,''),(76,3,37,0,'0','0',3,0,''),(77,3,7,0,'0','0',3,0,''),(78,3,18,0,'0','0',3,0,''),(79,4,3,0,'0','0',4,0,''),(80,4,236,0,'0','0',4,0,''),(81,4,16,0,'0','0',4,0,''),(82,4,20,0,'0','0',4,0,''),(83,4,1,0,'0','0',4,0,''),(84,4,86,0,'0','0',4,0,''),(85,4,9,0,'0','0',4,0,''),(86,4,6,0,'0','0',4,0,''),(87,4,8,0,'0','0',4,0,''),(88,4,26,0,'0','0',4,0,''),(89,4,10,0,'0','0',4,0,''),(90,4,76,0,'0','0',4,0,''),(91,4,125,0,'0','0',4,0,''),(92,4,131,0,'0','0',4,0,''),(93,4,12,0,'0','0',4,0,''),(94,4,143,0,'0','0',4,0,''),(95,4,139,0,'0','0',4,0,''),(96,4,13,0,'0','0',4,0,''),(97,4,2,0,'0','0',4,0,''),(98,4,14,0,'0','0',4,0,''),(99,4,15,0,'0','0',4,0,''),(100,4,36,0,'0','0',4,0,''),(101,4,193,0,'0','0',4,0,''),(102,4,37,0,'0','0',4,0,''),(103,4,7,0,'0','0',4,0,''),(104,4,18,0,'0','0',4,0,''),(105,5,8,0,'0','0',1,0,''),(106,5,2,0,'0','0',5,0,''),(107,5,3,0,'0','0',6,0,''),(108,5,236,0,'0','0',7,0,''),(109,5,76,0,'0','0',8,0,''),(110,5,16,0,'0','0',9,0,''),(111,5,1,0,'0','0',10,0,''),(112,5,20,0,'0','0',11,0,''),(113,5,86,0,'0','0',12,0,''),(114,5,6,0,'0','0',13,0,''),(115,5,7,0,'0','0',14,0,''),(116,5,17,0,'0','0',15,0,''),(117,5,9,0,'0','0',16,0,''),(118,5,74,0,'0','0',17,0,''),(119,5,143,0,'0','0',18,0,''),(120,5,26,0,'0','0',19,0,''),(121,5,10,0,'0','0',20,0,''),(122,5,131,0,'0','0',21,0,''),(123,5,12,0,'0','0',22,0,''),(124,5,125,0,'0','0',23,0,''),(125,5,139,0,'0','0',24,0,''),(126,5,13,0,'0','0',25,0,''),(127,5,14,0,'0','0',26,0,''),(128,5,15,0,'0','0',27,0,''),(129,5,36,0,'0','0',28,0,''),(130,5,18,0,'0','0',29,0,''),(131,5,193,0,'0','0',30,0,''),(132,5,37,0,'0','0',31,0,''),(133,6,231,0,'0','0',32,0,''),(134,6,30,0,'0','0',32,0,''),(135,6,230,0,'0','0',32,0,''),(136,6,38,0,'0','0',32,0,''),(137,6,1,0,'0','0',32,0,''),(138,6,40,0,'0','0',32,0,''),(139,6,41,0,'0','0',32,0,''),(140,6,42,0,'0','0',32,0,''),(141,6,232,0,'0','0',32,0,''),(142,6,43,0,'0','0',32,0,''),(143,6,157,0,'0','0',32,0,''),(144,6,188,0,'0','0',32,0,''),(145,6,44,0,'0','0',32,0,''),(146,6,45,0,'0','0',32,0,''),(147,6,46,0,'0','0',32,0,''),(148,6,24,0,'0','0',32,0,''),(149,6,2,0,'0','0',32,0,''),(150,6,47,0,'0','0',32,0,''),(151,6,48,0,'0','0',32,0,''),(152,6,49,0,'0','0',32,0,''),(153,6,50,0,'0','0',32,0,''),(154,6,51,0,'0','0',32,0,''),(155,6,3,0,'0','0',32,0,''),(156,6,53,0,'0','0',32,0,''),(157,6,54,0,'0','0',32,0,''),(158,6,55,0,'0','0',32,0,''),(159,6,56,0,'0','0',32,0,''),(160,6,52,0,'0','0',32,0,''),(161,6,34,0,'0','0',32,0,''),(162,6,233,0,'0','0',32,0,''),(163,6,57,0,'0','0',32,0,''),(164,6,58,0,'0','0',32,0,''),(165,6,59,0,'0','0',32,0,''),(166,6,236,0,'0','0',32,0,''),(167,6,60,0,'0','0',32,0,''),(168,6,62,0,'0','0',32,0,''),(169,6,63,0,'0','0',32,0,''),(170,6,64,0,'0','0',32,0,''),(171,6,4,0,'0','0',32,0,''),(172,6,65,0,'0','0',32,0,''),(173,6,68,0,'0','0',32,0,''),(174,6,5,0,'0','0',32,0,''),(175,6,76,0,'0','0',32,0,''),(176,6,69,0,'0','0',32,0,''),(177,6,70,0,'0','0',32,0,''),(178,6,72,0,'0','0',32,0,''),(179,6,71,0,'0','0',32,0,''),(180,6,121,0,'0','0',32,0,''),(181,6,28,0,'0','0',32,0,''),(182,6,73,0,'0','0',32,0,''),(183,6,32,0,'0','0',32,0,''),(184,6,74,0,'0','0',32,0,''),(185,6,75,0,'0','0',32,0,''),(186,6,20,0,'0','0',32,0,''),(187,6,77,0,'0','0',32,0,''),(188,6,78,0,'0','0',32,0,''),(189,6,82,0,'0','0',32,0,''),(190,6,83,0,'0','0',32,0,''),(191,6,217,0,'0','0',32,0,''),(192,6,81,0,'0','0',32,0,''),(193,6,85,0,'0','0',32,0,''),(194,6,6,0,'0','0',32,0,''),(195,6,86,0,'0','0',32,0,''),(196,6,107,0,'0','0',32,0,''),(197,6,146,0,'0','0',32,0,''),(198,6,21,0,'0','0',32,0,''),(199,6,87,0,'0','0',32,0,''),(200,6,90,0,'0','0',32,0,''),(201,6,7,0,'0','0',32,0,''),(202,6,8,0,'0','0',32,0,''),(203,6,91,0,'0','0',32,0,''),(204,6,92,0,'0','0',32,0,''),(205,6,93,0,'0','0',32,0,''),(206,6,94,0,'0','0',32,0,''),(207,6,97,0,'0','0',32,0,''),(208,6,9,0,'0','0',32,0,''),(209,6,95,0,'0','0',32,0,''),(210,6,96,0,'0','0',32,0,''),(211,6,98,0,'0','0',32,0,''),(212,6,99,0,'0','0',32,0,''),(213,6,100,0,'0','0',32,0,''),(214,6,101,0,'0','0',32,0,''),(215,6,102,0,'0','0',32,0,''),(216,6,84,0,'0','0',32,0,''),(217,6,103,0,'0','0',32,0,''),(218,6,104,0,'0','0',32,0,''),(219,6,241,0,'0','0',32,0,''),(220,6,105,0,'0','0',32,0,''),(221,6,108,0,'0','0',32,0,''),(222,6,143,0,'0','0',32,0,''),(223,6,234,0,'0','0',32,0,''),(224,6,238,0,'0','0',32,0,''),(225,6,114,0,'0','0',32,0,''),(226,6,162,0,'0','0',32,0,''),(227,6,244,0,'0','0',32,0,''),(228,6,237,0,'0','0',32,0,''),(229,6,239,0,'0','0',32,0,''),(230,6,240,0,'0','0',32,0,''),(231,6,89,0,'0','0',32,0,''),(232,6,196,0,'0','0',32,0,''),(233,6,106,0,'0','0',32,0,''),(234,6,88,0,'0','0',32,0,''),(235,6,163,0,'0','0',32,0,''),(236,6,140,0,'0','0',32,0,''),(237,6,194,0,'0','0',32,0,''),(238,6,213,0,'0','0',32,0,''),(239,6,223,0,'0','0',32,0,''),(240,6,224,0,'0','0',32,0,''),(241,6,110,0,'0','0',32,0,''),(242,6,111,0,'0','0',32,0,''),(243,6,113,0,'0','0',32,0,''),(244,6,112,0,'0','0',32,0,''),(245,6,26,0,'0','0',32,0,''),(246,6,109,0,'0','0',32,0,''),(247,6,29,0,'0','0',32,0,''),(248,6,10,0,'0','0',32,0,''),(249,6,115,0,'0','0',32,0,''),(250,6,11,0,'0','0',32,0,''),(251,6,116,0,'0','0',32,0,''),(252,6,117,0,'0','0',32,0,''),(253,6,118,0,'0','0',32,0,''),(254,6,119,0,'0','0',32,0,''),(255,6,123,0,'0','0',32,0,''),(256,6,120,0,'0','0',32,0,''),(257,6,122,0,'0','0',32,0,''),(258,6,176,0,'0','0',32,0,''),(259,6,124,0,'0','0',32,0,''),(260,6,127,0,'0','0',32,0,''),(261,6,125,0,'0','0',32,0,''),(262,6,126,0,'0','0',32,0,''),(263,6,128,0,'0','0',32,0,''),(264,6,129,0,'0','0',32,0,''),(265,6,130,0,'0','0',32,0,''),(266,6,131,0,'0','0',32,0,''),(267,6,12,0,'0','0',32,0,''),(268,6,133,0,'0','0',32,0,''),(269,6,134,0,'0','0',32,0,''),(270,6,136,0,'0','0',32,0,''),(271,6,135,0,'0','0',32,0,''),(272,6,137,0,'0','0',32,0,''),(273,6,138,0,'0','0',32,0,''),(274,6,139,0,'0','0',32,0,''),(275,6,152,0,'0','0',32,0,''),(276,6,141,0,'0','0',32,0,''),(277,6,35,0,'0','0',32,0,''),(278,6,142,0,'0','0',32,0,''),(279,6,144,0,'0','0',32,0,''),(280,6,145,0,'0','0',32,0,''),(281,6,147,0,'0','0',32,0,''),(282,6,148,0,'0','0',32,0,''),(283,6,149,0,'0','0',32,0,''),(284,6,150,0,'0','0',32,0,''),(285,6,151,0,'0','0',32,0,''),(286,6,153,0,'0','0',32,0,''),(287,6,61,0,'0','0',32,0,''),(288,6,154,0,'0','0',32,0,''),(289,6,155,0,'0','0',32,0,''),(290,6,156,0,'0','0',32,0,''),(291,6,159,0,'0','0',32,0,''),(292,6,160,0,'0','0',32,0,''),(293,6,31,0,'0','0',32,0,''),(294,6,161,0,'0','0',32,0,''),(295,6,23,0,'0','0',32,0,''),(296,6,158,0,'0','0',32,0,''),(297,6,27,0,'0','0',32,0,''),(298,6,164,0,'0','0',32,0,''),(299,6,215,0,'0','0',32,0,''),(300,6,219,0,'0','0',32,0,''),(301,6,165,0,'0','0',32,0,''),(302,6,166,0,'0','0',32,0,''),(303,6,168,0,'0','0',32,0,''),(304,6,169,0,'0','0',32,0,''),(305,6,170,0,'0','0',32,0,''),(306,6,13,0,'0','0',32,0,''),(307,6,171,0,'0','0',32,0,''),(308,6,172,0,'0','0',32,0,''),(309,6,173,0,'0','0',32,0,''),(310,6,14,0,'0','0',32,0,''),(311,6,242,0,'0','0',32,0,''),(312,6,174,0,'0','0',32,0,''),(313,6,15,0,'0','0',32,0,''),(314,6,175,0,'0','0',32,0,''),(315,6,22,0,'0','0',32,0,''),(316,6,132,0,'0','0',32,0,''),(317,6,66,0,'0','0',32,0,''),(318,6,79,0,'0','0',32,0,''),(319,6,16,0,'0','0',32,0,''),(320,6,36,0,'0','0',32,0,''),(321,6,17,0,'0','0',32,0,''),(322,6,177,0,'0','0',32,0,''),(323,6,178,0,'0','0',32,0,''),(324,6,226,0,'0','0',32,0,''),(325,6,179,0,'0','0',32,0,''),(326,6,180,0,'0','0',32,0,''),(327,6,186,0,'0','0',32,0,''),(328,6,182,0,'0','0',32,0,''),(329,6,183,0,'0','0',32,0,''),(330,6,184,0,'0','0',32,0,''),(331,6,181,0,'0','0',32,0,''),(332,6,185,0,'0','0',32,0,''),(333,6,39,0,'0','0',32,0,''),(334,6,187,0,'0','0',32,0,''),(335,6,189,0,'0','0',32,0,''),(336,6,190,0,'0','0',32,0,''),(337,6,191,0,'0','0',32,0,''),(338,6,192,0,'0','0',32,0,''),(339,6,25,0,'0','0',32,0,''),(340,6,37,0,'0','0',32,0,''),(341,6,193,0,'0','0',32,0,''),(342,6,195,0,'0','0',32,0,''),(343,6,198,0,'0','0',32,0,''),(344,6,197,0,'0','0',32,0,''),(345,6,18,0,'0','0',32,0,''),(346,6,19,0,'0','0',32,0,''),(347,6,199,0,'0','0',32,0,''),(348,6,200,0,'0','0',32,0,''),(349,6,201,0,'0','0',32,0,''),(350,6,202,0,'0','0',32,0,''),(351,6,204,0,'0','0',32,0,''),(352,6,203,0,'0','0',32,0,''),(353,6,205,0,'0','0',32,0,''),(354,6,67,0,'0','0',32,0,''),(355,6,243,0,'0','0',32,0,''),(356,6,235,0,'0','0',32,0,''),(357,6,167,0,'0','0',32,0,''),(358,6,206,0,'0','0',32,0,''),(359,6,80,0,'0','0',32,0,''),(360,6,33,0,'0','0',32,0,''),(361,6,207,0,'0','0',32,0,''),(362,6,208,0,'0','0',32,0,''),(363,6,209,0,'0','0',32,0,''),(364,6,210,0,'0','0',32,0,''),(365,6,212,0,'0','0',32,0,''),(366,6,211,0,'0','0',32,0,''),(367,6,214,0,'0','0',32,0,''),(368,6,216,0,'0','0',32,0,''),(369,6,218,0,'0','0',32,0,''),(370,6,220,0,'0','0',32,0,''),(371,6,221,0,'0','0',32,0,''),(372,6,222,0,'0','0',32,0,''),(373,6,225,0,'0','0',32,0,''),(374,6,227,0,'0','0',32,0,''),(375,6,228,0,'0','0',32,0,''),(376,6,229,0,'0','0',32,0,'');

--
-- Table structure for table `pre3303_tax_rules_group`
--

CREATE TABLE `pre3303_tax_rules_group` (
  `id_tax_rules_group` int(11) NOT NULL AUTO_INCREMENT,
  `name` varchar(50) NOT NULL,
  `active` int(11) NOT NULL,
  `deleted` tinyint(1) unsigned NOT NULL,
  `date_add` datetime NOT NULL,
  `date_upd` datetime NOT NULL,
  PRIMARY KEY (`id_tax_rules_group`)
) ENGINE=InnoDB AUTO_INCREMENT=7 DEFAULT CHARSET=utf8;

--
-- Dumping data for table `pre3303_tax_rules_group`
--

INSERT INTO `pre3303_tax_rules_group` VALUES (1,'FR Taux standard (20%)',1,0,'2018-05-23 18:48:12','2018-05-23 18:48:12'),(2,'FR Taux réduit (10%)',1,0,'2018-05-23 18:48:13','2018-05-23 18:48:13'),(3,'FR Taux réduit (5.5%)',1,0,'2018-05-23 18:48:13','2018-05-23 18:48:13'),(4,'FR Taux super réduit (2.1%)',1,0,'2018-05-23 18:48:13','2018-05-23 18:48:13'),(5,'EU VAT For Virtual Products',1,0,'2018-05-23 18:48:13','2018-05-23 18:48:13'),(6,'FR TVA sur Marge',1,0,'2018-08-04 17:04:27','2018-08-04 17:06:31');

--
-- Table structure for table `pre3303_tax_rules_group_shop`
--

CREATE TABLE `pre3303_tax_rules_group_shop` (
  `id_tax_rules_group` int(11) unsigned NOT NULL,
  `id_shop` int(11) unsigned NOT NULL,
  PRIMARY KEY (`id_tax_rules_group`,`id_shop`),
  KEY `id_shop` (`id_shop`)
) ENGINE=InnoDB DEFAULT CHARSET=utf8;

--
-- Dumping data for table `pre3303_tax_rules_group_shop`
--

INSERT INTO `pre3303_tax_rules_group_shop` VALUES (1,2),(2,2),(3,2),(4,2),(5,2),(6,2),(1,4),(2,4),(3,4),(4,4),(5,4),(6,4),(1,5),(2,5),(3,5),(4,5),(5,5),(6,5);

--
-- Table structure for table `pre3303_timezone`
--

CREATE TABLE `pre3303_timezone` (
  `id_timezone` int(10) unsigned NOT NULL AUTO_INCREMENT,
  `name` varchar(32) NOT NULL,
  PRIMARY KEY (`id_timezone`)
) ENGINE=InnoDB AUTO_INCREMENT=561 DEFAULT CHARSET=utf8;

--
-- Dumping data for table `pre3303_timezone`
--

INSERT INTO `pre3303_timezone` VALUES (1,'Africa/Abidjan'),(2,'Africa/Accra'),(3,'Africa/Addis_Ababa'),(4,'Africa/Algiers'),(5,'Africa/Asmara'),(6,'Africa/Asmera'),(7,'Africa/Bamako'),(8,'Africa/Bangui'),(9,'Africa/Banjul'),(10,'Africa/Bissau'),(11,'Africa/Blantyre'),(12,'Africa/Brazzaville'),(13,'Africa/Bujumbura'),(14,'Africa/Cairo'),(15,'Africa/Casablanca'),(16,'Africa/Ceuta'),(17,'Africa/Conakry'),(18,'Africa/Dakar'),(19,'Africa/Dar_es_Salaam'),(20,'Africa/Djibouti'),(21,'Africa/Douala'),(22,'Africa/El_Aaiun'),(23,'Africa/Freetown'),(24,'Africa/Gaborone'),(25,'Africa/Harare'),(26,'Africa/Johannesburg'),(27,'Africa/Kampala'),(28,'Africa/Khartoum'),(29,'Africa/Kigali'),(30,'Africa/Kinshasa'),(31,'Africa/Lagos'),(32,'Africa/Libreville'),(33,'Africa/Lome'),(34,'Africa/Luanda'),(35,'Africa/Lubumbashi'),(36,'Africa/Lusaka'),(37,'Africa/Malabo'),(38,'Africa/Maputo'),(39,'Africa/Maseru'),(40,'Africa/Mbabane'),(41,'Africa/Mogadishu'),(42,'Africa/Monrovia'),(43,'Africa/Nairobi'),(44,'Africa/Ndjamena'),(45,'Africa/Niamey'),(46,'Africa/Nouakchott'),(47,'Africa/Ouagadougou'),(48,'Africa/Porto-Novo'),(49,'Africa/Sao_Tome'),(50,'Africa/Timbuktu'),(51,'Africa/Tripoli'),(52,'Africa/Tunis'),(53,'Africa/Windhoek'),(54,'America/Adak'),(55,'America/Anchorage '),(56,'America/Anguilla'),(57,'America/Antigua'),(58,'America/Araguaina'),(59,'America/Argentina/Buenos_Aires'),(60,'America/Argentina/Catamarca'),(61,'America/Argentina/ComodRivadavia'),(62,'America/Argentina/Cordoba'),(63,'America/Argentina/Jujuy'),(64,'America/Argentina/La_Rioja'),(65,'America/Argentina/Mendoza'),(66,'America/Argentina/Rio_Gallegos'),(67,'America/Argentina/Salta'),(68,'America/Argentina/San_Juan'),(69,'America/Argentina/San_Luis'),(70,'America/Argentina/Tucuman'),(71,'America/Argentina/Ushuaia'),(72,'America/Aruba'),(73,'America/Asuncion'),(74,'America/Atikokan'),(75,'America/Atka'),(76,'America/Bahia'),(77,'America/Barbados'),(78,'America/Belem'),(79,'America/Belize'),(80,'America/Blanc-Sablon'),(81,'America/Boa_Vista'),(82,'America/Bogota'),(83,'America/Boise'),(84,'America/Buenos_Aires'),(85,'America/Cambridge_Bay'),(86,'America/Campo_Grande'),(87,'America/Cancun'),(88,'America/Caracas'),(89,'America/Catamarca'),(90,'America/Cayenne'),(91,'America/Cayman'),(92,'America/Chicago'),(93,'America/Chihuahua'),(94,'America/Coral_Harbour'),(95,'America/Cordoba'),(96,'America/Costa_Rica'),(97,'America/Cuiaba'),(98,'America/Curacao'),(99,'America/Danmarkshavn'),(100,'America/Dawson'),(101,'America/Dawson_Creek'),(102,'America/Denver'),(103,'America/Detroit'),(104,'America/Dominica'),(105,'America/Edmonton'),(106,'America/Eirunepe'),(107,'America/El_Salvador'),(108,'America/Ensenada'),(109,'America/Fort_Wayne'),(110,'America/Fortaleza'),(111,'America/Glace_Bay'),(112,'America/Godthab'),(113,'America/Goose_Bay'),(114,'America/Grand_Turk'),(115,'America/Grenada'),(116,'America/Guadeloupe'),(117,'America/Guatemala'),(118,'America/Guayaquil'),(119,'America/Guyana'),(120,'America/Halifax'),(121,'America/Havana'),(122,'America/Hermosillo'),(123,'America/Indiana/Indianapolis'),(124,'America/Indiana/Knox'),(125,'America/Indiana/Marengo'),(126,'America/Indiana/Petersburg'),(127,'America/Indiana/Tell_City'),(128,'America/Indiana/Vevay'),(129,'America/Indiana/Vincennes'),(130,'America/Indiana/Winamac'),(131,'America/Indianapolis'),(132,'America/Inuvik'),(133,'America/Iqaluit'),(134,'America/Jamaica'),(135,'America/Jujuy'),(136,'America/Juneau'),(137,'America/Kentucky/Louisville'),(138,'America/Kentucky/Monticello'),(139,'America/Knox_IN'),(140,'America/La_Paz'),(141,'America/Lima'),(142,'America/Los_Angeles'),(143,'America/Louisville'),(144,'America/Maceio'),(145,'America/Managua'),(146,'America/Manaus'),(147,'America/Marigot'),(148,'America/Martinique'),(149,'America/Mazatlan'),(150,'America/Mendoza'),(151,'America/Menominee'),(152,'America/Merida'),(153,'America/Mexico_City'),(154,'America/Miquelon'),(155,'America/Moncton'),(156,'America/Monterrey'),(157,'America/Montevideo'),(158,'America/Montreal'),(159,'America/Montserrat'),(160,'America/Nassau'),(161,'America/New_York'),(162,'America/Nipigon'),(163,'America/Nome'),(164,'America/Noronha'),(165,'America/North_Dakota/Center'),(166,'America/North_Dakota/New_Salem'),(167,'America/Panama'),(168,'America/Pangnirtung'),(169,'America/Paramaribo'),(170,'America/Phoenix'),(171,'America/Port-au-Prince'),(172,'America/Port_of_Spain'),(173,'America/Porto_Acre'),(174,'America/Porto_Velho'),(175,'America/Puerto_Rico'),(176,'America/Rainy_River'),(177,'America/Rankin_Inlet'),(178,'America/Recife'),(179,'America/Regina'),(180,'America/Resolute'),(181,'America/Rio_Branco'),(182,'America/Rosario'),(183,'America/Santarem'),(184,'America/Santiago'),(185,'America/Santo_Domingo'),(186,'America/Sao_Paulo'),(187,'America/Scoresbysund'),(188,'America/Shiprock'),(189,'America/St_Barthelemy'),(190,'America/St_Johns'),(191,'America/St_Kitts'),(192,'America/St_Lucia'),(193,'America/St_Thomas'),(194,'America/St_Vincent'),(195,'America/Swift_Current'),(196,'America/Tegucigalpa'),(197,'America/Thule'),(198,'America/Thunder_Bay'),(199,'America/Tijuana'),(200,'America/Toronto'),(201,'America/Tortola'),(202,'America/Vancouver'),(203,'America/Virgin'),(204,'America/Whitehorse'),(205,'America/Winnipeg'),(206,'America/Yakutat'),(207,'America/Yellowknife'),(208,'Antarctica/Casey'),(209,'Antarctica/Davis'),(210,'Antarctica/DumontDUrville'),(211,'Antarctica/Mawson'),(212,'Antarctica/McMurdo'),(213,'Antarctica/Palmer'),(214,'Antarctica/Rothera'),(215,'Antarctica/South_Pole'),(216,'Antarctica/Syowa'),(217,'Antarctica/Vostok'),(218,'Arctic/Longyearbyen'),(219,'Asia/Aden'),(220,'Asia/Almaty'),(221,'Asia/Amman'),(222,'Asia/Anadyr'),(223,'Asia/Aqtau'),(224,'Asia/Aqtobe'),(225,'Asia/Ashgabat'),(226,'Asia/Ashkhabad'),(227,'Asia/Baghdad'),(228,'Asia/Bahrain'),(229,'Asia/Baku'),(230,'Asia/Bangkok'),(231,'Asia/Beirut'),(232,'Asia/Bishkek'),(233,'Asia/Brunei'),(234,'Asia/Calcutta'),(235,'Asia/Choibalsan'),(236,'Asia/Chongqing'),(237,'Asia/Chungking'),(238,'Asia/Colombo'),(239,'Asia/Dacca'),(240,'Asia/Damascus'),(241,'Asia/Dhaka'),(242,'Asia/Dili'),(243,'Asia/Dubai'),(244,'Asia/Dushanbe'),(245,'Asia/Gaza'),(246,'Asia/Harbin'),(247,'Asia/Ho_Chi_Minh'),(248,'Asia/Hong_Kong'),(249,'Asia/Hovd'),(250,'Asia/Irkutsk'),(251,'Asia/Istanbul'),(252,'Asia/Jakarta'),(253,'Asia/Jayapura'),(254,'Asia/Jerusalem'),(255,'Asia/Kabul'),(256,'Asia/Kamchatka'),(257,'Asia/Karachi'),(258,'Asia/Kashgar'),(259,'Asia/Kathmandu'),(260,'Asia/Katmandu'),(261,'Asia/Kolkata'),(262,'Asia/Krasnoyarsk'),(263,'Asia/Kuala_Lumpur'),(264,'Asia/Kuching'),(265,'Asia/Kuwait'),(266,'Asia/Macao'),(267,'Asia/Macau'),(268,'Asia/Magadan'),(269,'Asia/Makassar'),(270,'Asia/Manila'),(271,'Asia/Muscat'),(272,'Asia/Nicosia'),(273,'Asia/Novosibirsk'),(274,'Asia/Omsk'),(275,'Asia/Oral'),(276,'Asia/Phnom_Penh'),(277,'Asia/Pontianak'),(278,'Asia/Pyongyang'),(279,'Asia/Qatar'),(280,'Asia/Qyzylorda'),(281,'Asia/Rangoon'),(282,'Asia/Riyadh'),(283,'Asia/Saigon'),(284,'Asia/Sakhalin'),(285,'Asia/Samarkand'),(286,'Asia/Seoul'),(287,'Asia/Shanghai'),(288,'Asia/Singapore'),(289,'Asia/Taipei'),(290,'Asia/Tashkent'),(291,'Asia/Tbilisi'),(292,'Asia/Tehran'),(293,'Asia/Tel_Aviv'),(294,'Asia/Thimbu'),(295,'Asia/Thimphu'),(296,'Asia/Tokyo'),(297,'Asia/Ujung_Pandang'),(298,'Asia/Ulaanbaatar'),(299,'Asia/Ulan_Bator'),(300,'Asia/Urumqi'),(301,'Asia/Vientiane'),(302,'Asia/Vladivostok'),(303,'Asia/Yakutsk'),(304,'Asia/Yekaterinburg'),(305,'Asia/Yerevan'),(306,'Atlantic/Azores'),(307,'Atlantic/Bermuda'),(308,'Atlantic/Canary'),(309,'Atlantic/Cape_Verde'),(310,'Atlantic/Faeroe'),(311,'Atlantic/Faroe'),(312,'Atlantic/Jan_Mayen'),(313,'Atlantic/Madeira'),(314,'Atlantic/Reykjavik'),(315,'Atlantic/South_Georgia'),(316,'Atlantic/St_Helena'),(317,'Atlantic/Stanley'),(318,'Australia/ACT'),(319,'Australia/Adelaide'),(320,'Australia/Brisbane'),(321,'Australia/Broken_Hill'),(322,'Australia/Canberra'),(323,'Australia/Currie'),(324,'Australia/Darwin'),(325,'Australia/Eucla'),(326,'Australia/Hobart'),(327,'Australia/LHI'),(328,'Australia/Lindeman'),(329,'Australia/Lord_Howe'),(330,'Australia/Melbourne'),(331,'Australia/North'),(332,'Australia/NSW'),(333,'Australia/Perth'),(334,'Australia/Queensland'),(335,'Australia/South'),(336,'Australia/Sydney'),(337,'Australia/Tasmania'),(338,'Australia/Victoria'),(339,'Australia/West'),(340,'Australia/Yancowinna'),(341,'Europe/Amsterdam'),(342,'Europe/Andorra'),(343,'Europe/Athens'),(344,'Europe/Belfast'),(345,'Europe/Belgrade'),(346,'Europe/Berlin'),(347,'Europe/Bratislava'),(348,'Europe/Brussels'),(349,'Europe/Bucharest'),(350,'Europe/Budapest'),(351,'Europe/Chisinau'),(352,'Europe/Copenhagen'),(353,'Europe/Dublin'),(354,'Europe/Gibraltar'),(355,'Europe/Guernsey'),(356,'Europe/Helsinki'),(357,'Europe/Isle_of_Man'),(358,'Europe/Istanbul'),(359,'Europe/Jersey'),(360,'Europe/Kaliningrad'),(361,'Europe/Kiev'),(362,'Europe/Lisbon'),(363,'Europe/Ljubljana'),(364,'Europe/London'),(365,'Europe/Luxembourg'),(366,'Europe/Madrid'),(367,'Europe/Malta'),(368,'Europe/Mariehamn'),(369,'Europe/Minsk'),(370,'Europe/Monaco'),(371,'Europe/Moscow'),(372,'Europe/Nicosia'),(373,'Europe/Oslo'),(374,'Europe/Paris'),(375,'Europe/Podgorica'),(376,'Europe/Prague'),(377,'Europe/Riga'),(378,'Europe/Rome'),(379,'Europe/Samara'),(380,'Europe/San_Marino'),(381,'Europe/Sarajevo'),(382,'Europe/Simferopol'),(383,'Europe/Skopje'),(384,'Europe/Sofia'),(385,'Europe/Stockholm'),(386,'Europe/Tallinn'),(387,'Europe/Tirane'),(388,'Europe/Tiraspol'),(389,'Europe/Uzhgorod'),(390,'Europe/Vaduz'),(391,'Europe/Vatican'),(392,'Europe/Vienna'),(393,'Europe/Vilnius'),(394,'Europe/Volgograd'),(395,'Europe/Warsaw'),(396,'Europe/Zagreb'),(397,'Europe/Zaporozhye'),(398,'Europe/Zurich'),(399,'Indian/Antananarivo'),(400,'Indian/Chagos'),(401,'Indian/Christmas'),(402,'Indian/Cocos'),(403,'Indian/Comoro'),(404,'Indian/Kerguelen'),(405,'Indian/Mahe'),(406,'Indian/Maldives'),(407,'Indian/Mauritius'),(408,'Indian/Mayotte'),(409,'Indian/Reunion'),(410,'Pacific/Apia'),(411,'Pacific/Auckland'),(412,'Pacific/Chatham'),(413,'Pacific/Easter'),(414,'Pacific/Efate'),(415,'Pacific/Enderbury'),(416,'Pacific/Fakaofo'),(417,'Pacific/Fiji'),(418,'Pacific/Funafuti'),(419,'Pacific/Galapagos'),(420,'Pacific/Gambier'),(421,'Pacific/Guadalcanal'),(422,'Pacific/Guam'),(423,'Pacific/Honolulu'),(424,'Pacific/Johnston'),(425,'Pacific/Kiritimati'),(426,'Pacific/Kosrae'),(427,'Pacific/Kwajalein'),(428,'Pacific/Majuro'),(429,'Pacific/Marquesas'),(430,'Pacific/Midway'),(431,'Pacific/Nauru'),(432,'Pacific/Niue'),(433,'Pacific/Norfolk'),(434,'Pacific/Noumea'),(435,'Pacific/Pago_Pago'),(436,'Pacific/Palau'),(437,'Pacific/Pitcairn'),(438,'Pacific/Ponape'),(439,'Pacific/Port_Moresby'),(440,'Pacific/Rarotonga'),(441,'Pacific/Saipan'),(442,'Pacific/Samoa'),(443,'Pacific/Tahiti'),(444,'Pacific/Tarawa'),(445,'Pacific/Tongatapu'),(446,'Pacific/Truk'),(447,'Pacific/Wake'),(448,'Pacific/Wallis'),(449,'Pacific/Yap'),(450,'Brazil/Acre'),(451,'Brazil/DeNoronha'),(452,'Brazil/East'),(453,'Brazil/West'),(454,'Canada/Atlantic'),(455,'Canada/Central'),(456,'Canada/East-Saskatchewan'),(457,'Canada/Eastern'),(458,'Canada/Mountain'),(459,'Canada/Newfoundland'),(460,'Canada/Pacific'),(461,'Canada/Saskatchewan'),(462,'Canada/Yukon'),(463,'CET'),(464,'Chile/Continental'),(465,'Chile/EasterIsland'),(466,'CST6CDT'),(467,'Cuba'),(468,'EET'),(469,'Egypt'),(470,'Eire'),(471,'EST'),(472,'EST5EDT'),(473,'Etc/GMT'),(474,'Etc/GMT+0'),(475,'Etc/GMT+1'),(476,'Etc/GMT+10'),(477,'Etc/GMT+11'),(478,'Etc/GMT+12'),(479,'Etc/GMT+2'),(480,'Etc/GMT+3'),(481,'Etc/GMT+4'),(482,'Etc/GMT+5'),(483,'Etc/GMT+6'),(484,'Etc/GMT+7'),(485,'Etc/GMT+8'),(486,'Etc/GMT+9'),(487,'Etc/GMT-0'),(488,'Etc/GMT-1'),(489,'Etc/GMT-10'),(490,'Etc/GMT-11'),(491,'Etc/GMT-12'),(492,'Etc/GMT-13'),(493,'Etc/GMT-14'),(494,'Etc/GMT-2'),(495,'Etc/GMT-3'),(496,'Etc/GMT-4'),(497,'Etc/GMT-5'),(498,'Etc/GMT-6'),(499,'Etc/GMT-7'),(500,'Etc/GMT-8'),(501,'Etc/GMT-9'),(502,'Etc/GMT0'),(503,'Etc/Greenwich'),(504,'Etc/UCT'),(505,'Etc/Universal'),(506,'Etc/UTC'),(507,'Etc/Zulu'),(508,'Factory'),(509,'GB'),(510,'GB-Eire'),(511,'GMT'),(512,'GMT+0'),(513,'GMT-0'),(514,'GMT0'),(515,'Greenwich'),(516,'Hongkong'),(517,'HST'),(518,'Iceland'),(519,'Iran'),(520,'Israel'),(521,'Jamaica'),(522,'Japan'),(523,'Kwajalein'),(524,'Libya'),(525,'MET'),(526,'Mexico/BajaNorte'),(527,'Mexico/BajaSur'),(528,'Mexico/General'),(529,'MST'),(530,'MST7MDT'),(531,'Navajo'),(532,'NZ'),(533,'NZ-CHAT'),(534,'Poland'),(535,'Portugal'),(536,'PRC'),(537,'PST8PDT'),(538,'ROC'),(539,'ROK'),(540,'Singapore'),(541,'Turkey'),(542,'UCT'),(543,'Universal'),(544,'US/Alaska'),(545,'US/Aleutian'),(546,'US/Arizona'),(547,'US/Central'),(548,'US/East-Indiana'),(549,'US/Eastern'),(550,'US/Hawaii'),(551,'US/Indiana-Starke'),(552,'US/Michigan'),(553,'US/Mountain'),(554,'US/Pacific'),(555,'US/Pacific-New'),(556,'US/Samoa'),(557,'UTC'),(558,'W-SU'),(559,'WET'),(560,'Zulu');

--
-- Table structure for table `pre3303_translation`
--

CREATE TABLE `pre3303_translation` (
  `id_translation` int(11) NOT NULL AUTO_INCREMENT,
  `id_lang` int(11) NOT NULL,
  `key` text COLLATE utf8_unicode_ci NOT NULL,
  `translation` text COLLATE utf8_unicode_ci NOT NULL,
  `domain` varchar(80) COLLATE utf8_unicode_ci NOT NULL,
  `theme` varchar(32) COLLATE utf8_unicode_ci DEFAULT NULL,
  PRIMARY KEY (`id_translation`),
  KEY `IDX_6C5FE202BA299860` (`id_lang`),
  KEY `key` (`domain`)
) ENGINE=InnoDB AUTO_INCREMENT=138 DEFAULT CHARSET=utf8 COLLATE=utf8_unicode_ci;

--
-- Dumping data for table `pre3303_translation`
--

INSERT INTO `pre3303_translation` VALUES (1,1,'manufacturers','artistes','ShopNavigation','classic'),(2,1,'All brands','Tous les artistes','ModulesBrandlistShop','classic'),(3,1,'Brands','Artistes','ModulesBrandlistShop','classic'),(4,1,'Brand','Artiste','ModulesFacetedsearchShop','classic'),(5,1,'List of products by brand %brand_name%','Liste des oeuvres de l\'artiste %brand_name%','ShopThemeCatalog','classic'),(6,1,'List of all brands','Liste de tous les artistes','ShopThemeCatalog','classic'),(7,1,'Brands','Artistes','ShopThemeCatalog','classic'),(8,1,'Brand','Artiste','ShopThemeCatalog','classic'),(9,1,'All brands','Tous les artistes','ShopThemeCatalog','classic'),(10,1,'%s other product in the same category:','%s autre oeuvre dans la même catégorie :','ModulesCategoryproductsShop','classic'),(11,1,'%s other products in the same category:','%s autres oeuvres dans la même catégorie :','ModulesCategoryproductsShop','classic'),(12,1,'Customers who bought this product also bought:','Les clients qui ont acheté cette oeuvre ont également acheté...','ModulesCrosssellingShop','classic'),(13,1,'Our Products','Nos oeuvres','ModulesFeaturedproductsShop','classic'),(14,1,'All products','Toutes les oeuvres','ModulesFeaturedproductsShop','classic'),(15,1,'Products','Oeuvres','ModulesLinklistShop','classic'),(16,1,'You already have an alert for this product','Vous avez déjà une alerte pour cette oeuvre','ModulesMailalertsShop','classic'),(17,1,'Notify me when available','Prévenez-moi lorsque l\'oeuvre est disponible','ModulesMailalertsShop','classic'),(18,1,'New products','Nouvelles oeuvres','ModulesNewproductsShop','classic'),(19,1,'All new products','Toutes les nouvelles oeuvres','ModulesNewproductsShop','classic'),(20,1,'All sale products','Toutes les oeuvres en vedette','ModulesSpecialsShop','classic'),(21,1,'Show products details','Afficher le détail des oeuvres','ModulesTrackingfrontShop','classic'),(22,1,'Items','Oeuvres','ShopThemeCatalog','classic'),(23,1,'All sale products','Toutes les oeuvres en vedette','ShopThemeCatalog','classic'),(24,1,'New products','Nouvelles oeuvres','ShopThemeCatalog','classic'),(25,1,'All new products','Toutes les nouvelles oeuvres','ShopThemeCatalog','classic'),(26,1,'List of products by supplier %supplier_name%','Liste des oeuvres de %supplier_name%','ShopThemeCatalog','classic'),(27,1,'New product','Nouvelle oeuvre','ShopThemeCatalog','classic'),(28,1,'Product available with different options','Oeuvre disponible avec d\'autres caractéristiques','ShopThemeCatalog','classic'),(29,1,'There is 1 product.','Il y a 1 oeuvre.','ShopThemeCatalog','classic'),(30,1,'Product','Oeuvre','ShopThemeCatalog','classic'),(31,1,'Product Details','Caractéristiques de l’œuvre','ShopThemeCatalog','classic'),(32,1,'List of products by supplier %s','Liste des œuvres de %s','ShopThemeCatalog','classic'),(33,1,'Customers who bought this product also bought:','Les clients qui ont acheté cette œuvre ont également acheté...','ShopThemeCatalog','classic'),(34,1,'1 person is currently watching this product.','Une personne consulte actuellement cette œuvre.','ShopThemeCatalog','classic'),(35,1,'%nb_people% people are currently watching this product.','%nb_people% personnes consultent actuellement cette œuvre.','ShopThemeCatalog','classic'),(36,1,'Last time this product was bought: %date_last_order%','Dernière fois que cette œuvre a été achetée : %date_last_order%','ShopThemeCatalog','classic'),(37,1,'Last time this product was added to a cart: %date_last_cart%','Dernière fois que cette oeuvre a été ajoutée à un panier : %date_last_cart%','ShopThemeCatalog','classic'),(38,1,'%s other product in the same category:','%s autre oeuvre dans la même catégorie :','ShopThemeCatalog','classic'),(39,1,'%s other products in the same category:','%s autres oeuvres dans la même catégorie :','ShopThemeCatalog','classic'),(40,1,'Popular Products','Oeuvres populaires','ShopThemeCatalog','classic'),(41,1,'All products','Tous les oeuvres','ShopThemeCatalog','classic'),(42,1,'The minimum purchase order quantity for the product is %quantity%.','La quantité minimale pour pouvoir commander cette oeuvre est %quantity%.','ShopThemeCheckout','classic'),(43,1,'Product successfully added to your shopping cart','L\'oeuvre a bien été ajoutée à votre panier','ShopThemeCheckout','classic'),(44,1,'Total products:','Total Oeuvres :','ShopThemeCheckout','classic'),(45,1,'Merchandise returns','Retours Oeuvre','ShopThemeGlobal','classic'),(46,1,'Products ordered:','Oeuvres commandées :','ShopPdf','classic'),(47,1,'Product','Oeuvre','ShopPdf','classic'),(48,1,'Product / Reference','Oeuvre / Référence','ShopPdf','classic'),(49,1,'Products','Oeuvres','ShopPdf','classic'),(50,1,'Product Total (Tax Excl.)','Total Oeuvres HT','ShopPdf','classic'),(51,1,'Product Total (Tax Incl.)','Total Oeuvres TTC','ShopPdf','classic'),(52,1,'Product Total','Total Oeuvres','ShopPdf','classic'),(53,1,'Total Products','Total Oeuvres','ShopPdf','classic'),(54,1,'All products must be returned in their original package and condition, unused and without damage.','Tous les oeuvres doivent nous être retournés dans leur emballage et condition d\'origine, sans avoir été utilisés ou abîmés.','ShopPdf','classic'),(55,1,'remove from cart','retirer du panier','ShopThemeActions','leo_fashion_store'),(56,1,'Checkout','Mon Panier','ShopThemeActions','leo_fashion_store'),(57,1,'Proceed to checkout','Procéder au paiement','ShopThemeActions','leo_fashion_store'),(58,1,'Description','Description','ShopThemeCatalog','leo_fashion_store'),(59,1,'All products','Toutes les œuvres','ShopThemeCatalog','leo_fashion_store'),(60,1,'All sale products','Toutes les œuvres en vente','ShopThemeCatalog','leo_fashion_store'),(61,1,'View products','voir les œuvres','ShopThemeActions','leo_fashion_store'),(62,1,'Follow us on social','Suivez-nous sur les réseaux sociaux','ShopThemeGlobal','leo_fashion_store'),(63,1,'Your account','Votre compte','ShopThemeCustomeraccount','leo_fashion_store'),(64,1,'View my customer account','Voir mon compte client','ShopThemeCustomeraccount','leo_fashion_store'),(65,1,'Log in to your customer account','Se connecter à votre compte client','ShopThemeCustomeraccount','leo_fashion_store'),(66,1,'Cart','Panier','ShopThemeCheckout','leo_fashion_store'),(67,1,'Product','Oeuvre','ShopFormsLabels','leo_fashion_store'),(68,1,'List of products by brand %brand_name%','Liste des œuvres de l\'artiste %brand_name%','ShopThemeCatalog','leo_fashion_store'),(69,1,'List of products by supplier %s','Liste des œuvres de l\'artiste %s','ShopThemeCatalog','leo_fashion_store'),(70,1,'Product Details','Détails de l\'œuvre','ShopThemeCatalog','leo_fashion_store'),(71,1,'Product customization','Personnalisation de l\'œuvre','ShopThemeCatalog','leo_fashion_store'),(72,1,'Product','Oeuvre ','ShopThemeCatalog','leo_fashion_store'),(73,1,'There is 1 product.','Il y a 1 œuvre.','ShopThemeCatalog','leo_fashion_store'),(74,1,'Popular Products','Oeuvres populaires','ShopThemeCatalog','leo_fashion_store'),(75,1,'%s other product in the same category:','%s autre œuvre dans la même catégorie:','ShopThemeCatalog','leo_fashion_store'),(76,1,'%s other products in the same category:','%s autres œuvres de la même catégorie:','ShopThemeCatalog','leo_fashion_store'),(77,1,'Customers who bought this product also bought:','Les clients qui ont acheté cette œuvre ont également acheté:','ShopThemeCatalog','leo_fashion_store'),(78,1,'Viewed products','Oeuvres vues','ShopThemeCatalog','leo_fashion_store'),(79,1,'1 person is currently watching this product.','1 personne regarde actuellement cette œuvre.','ShopThemeCatalog','leo_fashion_store'),(80,1,'%nb_people% people are currently watching this product.','%nb_people% les gens regardent actuellement cette œuvre.','ShopThemeCatalog','leo_fashion_store'),(81,1,'Last time this product was bought: %date_last_order%','La dernière fois que cette œuvre a été achetée: %date_last_order%','ShopThemeCatalog','leo_fashion_store'),(82,1,'Last time this product was added to a cart: %date_last_cart%','La dernière fois que cette œuvre a été ajoutée à un panier: %date_last_cart%','ShopThemeCatalog','leo_fashion_store'),(83,1,'New products','Nouvelles œuvres','ShopThemeCatalog','leo_fashion_store'),(84,1,'All new products','Toutes les nouvelles œuvres ','ShopThemeCatalog','leo_fashion_store'),(85,1,'Product successfully added to your shopping cart','Œuvre ajoutée avec succès à votre panier','ShopThemeCheckout','leo_fashion_store'),(86,1,'Total products:','Total des œuvres:','ShopThemeCheckout','leo_fashion_store'),(87,1,'If you wish to return one or more products, please mark the corresponding boxes and provide an explanation for the return. When complete, click the button below.','Si vous souhaitez renvoyer une ou plusieurs œuvres , marquez les cases correspondantes et expliquez le retour. Une fois terminé, cliquez sur le bouton ci-dessous.','ShopThemeCustomeraccount','leo_fashion_store'),(88,1,'Related Products','Œuvres connexes','ShopThemeGlobal','leo_fashion_store'),(89,1,'No products at this time.','Aucune œuvre pour le moment.','ShopThemeGlobal','leo_fashion_store'),(90,1,'Brands','Artistes','ShopThemeCatalog','leo_fashion_store'),(91,1,'No brand','Non attribué','ShopThemeCatalog','leo_fashion_store'),(92,1,'Previous','Précédent','ShopThemeCatalog','leo_fashion_store'),(93,1,'Next','Suivant','ShopThemeCatalog','leo_fashion_store'),(94,1,'Brand','Artiste','ShopThemeCatalog','leo_fashion_store'),(95,1,'In stock','Disponible','ShopThemeCatalog','leo_fashion_store'),(96,1,'There are %product_count% products.','Il y a %product_count%  œuvres.','ShopThemeCatalog','leo_fashion_store'),(97,1,'Products','Œuvres','messages',NULL),(98,1,'Product','Œuvre','messages',NULL),(99,2,'Brands','Artists','ShopThemeCatalog','leo_fashion_store'),(100,2,'All brands','All artists','ShopThemeCatalog','leo_fashion_store'),(101,2,'List of products by brand %brand_name%','List of artworks by artist %brand_name%','ShopThemeCatalog','leo_fashion_store'),(102,2,'No brand','No artist','ShopThemeCatalog','leo_fashion_store'),(103,2,'Brand','Artist','ShopThemeCatalog','leo_fashion_store'),(104,2,'View products','View artworks','ShopThemeActions','leo_fashion_store'),(105,2,'Related Products','Related artworks','ShopThemeGlobal','leo_fashion_store'),(106,2,'No products at this time.','No artworks at this time.','ShopThemeGlobal','leo_fashion_store'),(107,2,'Product','Artwork','ShopFormsLabels','leo_fashion_store'),(108,2,'List of products by supplier %s','List of artworks by supplier %s','ShopThemeCatalog','leo_fashion_store'),(109,2,'Product Details','Artwork Details','ShopThemeCatalog','leo_fashion_store'),(110,2,'Product customization','Artwork customization','ShopThemeCatalog','leo_fashion_store'),(111,2,'Product','Artwork','ShopThemeCatalog','leo_fashion_store'),(112,2,'There are %product_count% products.','There are %product_count% artworks.','ShopThemeCatalog','leo_fashion_store'),(113,2,'There is 1 product.','There is 1 artwork.','ShopThemeCatalog','leo_fashion_store'),(114,2,'Popular Products','Popular Artworks','ShopThemeCatalog','leo_fashion_store'),(115,2,'All products','All artworks','ShopThemeCatalog','leo_fashion_store'),(116,2,'%s other product in the same category:','%s other artwork in the same category:','ShopThemeCatalog','leo_fashion_store'),(117,2,'%s other products in the same category:','%s other artworks in the same category:','ShopThemeCatalog','leo_fashion_store'),(118,2,'Customers who bought this product also bought:','Customers who bought this artwork also bought:','ShopThemeCatalog','leo_fashion_store'),(119,2,'Viewed products','Viewed artworks','ShopThemeCatalog','leo_fashion_store'),(120,2,'All sale products','All sale artworks','ShopThemeCatalog','leo_fashion_store'),(121,2,'1 person is currently watching this product.','1 person is currently watching this artwork.','ShopThemeCatalog','leo_fashion_store'),(122,2,'%nb_people% people are currently watching this product.','%nb_people% people are currently watching this artwork.','ShopThemeCatalog','leo_fashion_store'),(123,2,'Last time this product was bought: %date_last_order%','Last time this artwork was bought: %date_last_order%','ShopThemeCatalog','leo_fashion_store'),(124,2,'Last time this product was added to a cart: %date_last_cart%','Last time this artwork was added to a cart: %date_last_cart%','ShopThemeCatalog','leo_fashion_store'),(125,2,'New products','New artworks','ShopThemeCatalog','leo_fashion_store'),(126,2,'All new products','All new artworks','ShopThemeCatalog','leo_fashion_store'),(127,1,'View products','voir les produits test','ShopThemeActions','classic'),(128,1,'Product','Œuvre','ShopFormsLabels','classic'),(129,1,'New products','Nouvelles œuvres','ShopNavigation','classic'),(130,1,'Our new products','Nos nouvelles œuvres','ShopNavigation','classic'),(131,1,'new-products','nouvelles-œuvres','ShopNavigation','classic'),(132,1,'%number% products','%number% œuvres','ShopThemeCatalog','classic'),(133,1,'%number% product','%number% œuvre','ShopThemeCatalog','classic'),(134,1,'There are %product_count% products.','Il y a %product_count% œuvres.','ShopThemeCatalog','classic'),(135,1,'All brands','Tous les artistes','ShopThemeCatalog','leo_fashion_store'),(136,1,'There are not enough products in stock','Vendu.','ShopNotificationsError','classic'),(137,1,'An electronic version of this invoice is available in your account. To access it, log in to our website using your e-mail address and password (which you created when placing your first order).',' ','ShopPdf','classic');

--
-- Table structure for table `pre3303_warehouse`
--

CREATE TABLE `pre3303_warehouse` (
  `id_warehouse` int(11) unsigned NOT NULL AUTO_INCREMENT,
  `id_currency` int(11) unsigned NOT NULL,
  `id_address` int(11) unsigned NOT NULL,
  `id_employee` int(11) unsigned NOT NULL,
  `reference` varchar(32) DEFAULT NULL,
  `name` varchar(45) NOT NULL,
  `management_type` enum('WA','FIFO','LIFO') NOT NULL DEFAULT 'WA',
  `deleted` tinyint(1) unsigned NOT NULL DEFAULT '0',
  PRIMARY KEY (`id_warehouse`)
) ENGINE=InnoDB DEFAULT CHARSET=utf8;

--
-- Dumping data for table `pre3303_warehouse`
--


--
-- Table structure for table `pre3303_warehouse_carrier`
--

CREATE TABLE `pre3303_warehouse_carrier` (
  `id_carrier` int(11) unsigned NOT NULL,
  `id_warehouse` int(11) unsigned NOT NULL,
  PRIMARY KEY (`id_warehouse`,`id_carrier`),
  KEY `id_warehouse` (`id_warehouse`),
  KEY `id_carrier` (`id_carrier`)
) ENGINE=InnoDB DEFAULT CHARSET=utf8;

--
-- Dumping data for table `pre3303_warehouse_carrier`
--


--
-- Table structure for table `pre3303_warehouse_product_location`
--

CREATE TABLE `pre3303_warehouse_product_location` (
  `id_warehouse_product_location` int(11) unsigned NOT NULL AUTO_INCREMENT,
  `id_product` int(11) unsigned NOT NULL,
  `id_product_attribute` int(11) unsigned NOT NULL,
  `id_warehouse` int(11) unsigned NOT NULL,
  `location` varchar(64) DEFAULT NULL,
  PRIMARY KEY (`id_warehouse_product_location`),
  UNIQUE KEY `id_product` (`id_product`,`id_product_attribute`,`id_warehouse`)
) ENGINE=InnoDB DEFAULT CHARSET=utf8;

--
-- Dumping data for table `pre3303_warehouse_product_location`
--


--
-- Table structure for table `pre3303_warehouse_shop`
--

CREATE TABLE `pre3303_warehouse_shop` (
  `id_shop` int(11) unsigned NOT NULL,
  `id_warehouse` int(11) unsigned NOT NULL,
  PRIMARY KEY (`id_warehouse`,`id_shop`),
  KEY `id_warehouse` (`id_warehouse`),
  KEY `id_shop` (`id_shop`)
) ENGINE=InnoDB DEFAULT CHARSET=utf8;

--
-- Dumping data for table `pre3303_warehouse_shop`
--


--
-- Table structure for table `pre3303_web_browser`
--

CREATE TABLE `pre3303_web_browser` (
  `id_web_browser` int(10) unsigned NOT NULL AUTO_INCREMENT,
  `name` varchar(64) DEFAULT NULL,
  PRIMARY KEY (`id_web_browser`)
) ENGINE=InnoDB AUTO_INCREMENT=12 DEFAULT CHARSET=utf8;

--
-- Dumping data for table `pre3303_web_browser`
--

INSERT INTO `pre3303_web_browser` VALUES (1,'Safari'),(2,'Safari iPad'),(3,'Firefox'),(4,'Opera'),(5,'IE 6'),(6,'IE 7'),(7,'IE 8'),(8,'IE 9'),(9,'IE 10'),(10,'IE 11'),(11,'Chrome');

--
-- Table structure for table `pre3303_webservice_account`
--

CREATE TABLE `pre3303_webservice_account` (
  `id_webservice_account` int(11) NOT NULL AUTO_INCREMENT,
  `key` varchar(32) NOT NULL,
  `description` text,
  `class_name` varchar(50) NOT NULL DEFAULT 'WebserviceRequest',
  `is_module` tinyint(2) NOT NULL DEFAULT '0',
  `module_name` varchar(50) DEFAULT NULL,
  `active` tinyint(2) NOT NULL,
  PRIMARY KEY (`id_webservice_account`),
  KEY `key` (`key`)
) ENGINE=InnoDB AUTO_INCREMENT=2 DEFAULT CHARSET=utf8;

--
-- Dumping data for table `pre3303_webservice_account`
--

INSERT INTO `pre3303_webservice_account` VALUES (1,'PU3K1K8DS5RG8VBE1ZN3BTWGAGRMDS6G','Clé API SendCloud (22/11/2018 17:11:38)','WebserviceRequest',0,NULL,1);

--
-- Table structure for table `pre3303_webservice_account_shop`
--

CREATE TABLE `pre3303_webservice_account_shop` (
  `id_webservice_account` int(11) unsigned NOT NULL,
  `id_shop` int(11) unsigned NOT NULL,
  PRIMARY KEY (`id_webservice_account`,`id_shop`),
  KEY `id_shop` (`id_shop`)
) ENGINE=InnoDB DEFAULT CHARSET=utf8;

--
-- Dumping data for table `pre3303_webservice_account_shop`
--

INSERT INTO `pre3303_webservice_account_shop` VALUES (1,2),(1,4),(1,5);

--
-- Table structure for table `pre3303_webservice_permission`
--

CREATE TABLE `pre3303_webservice_permission` (
  `id_webservice_permission` int(11) NOT NULL AUTO_INCREMENT,
  `resource` varchar(50) NOT NULL,
  `method` enum('GET','POST','PUT','DELETE','HEAD') NOT NULL,
  `id_webservice_account` int(11) NOT NULL,
  PRIMARY KEY (`id_webservice_permission`),
  UNIQUE KEY `resource_2` (`resource`,`method`,`id_webservice_account`),
  KEY `resource` (`resource`),
  KEY `method` (`method`),
  KEY `id_webservice_account` (`id_webservice_account`)
) ENGINE=InnoDB AUTO_INCREMENT=451 DEFAULT CHARSET=utf8;

--
-- Dumping data for table `pre3303_webservice_permission`
--

INSERT INTO `pre3303_webservice_permission` VALUES (401,'addresses','GET',1),(402,'addresses','POST',1),(403,'addresses','PUT',1),(404,'addresses','DELETE',1),(405,'addresses','HEAD',1),(406,'carriers','GET',1),(407,'carriers','POST',1),(408,'carriers','PUT',1),(409,'carriers','DELETE',1),(410,'carriers','HEAD',1),(411,'configurations','GET',1),(412,'configurations','POST',1),(413,'configurations','PUT',1),(414,'configurations','DELETE',1),(415,'configurations','HEAD',1),(416,'countries','GET',1),(417,'countries','POST',1),(418,'countries','PUT',1),(419,'countries','DELETE',1),(420,'countries','HEAD',1),(421,'customers','GET',1),(422,'customers','POST',1),(423,'customers','PUT',1),(424,'customers','DELETE',1),(425,'customers','HEAD',1),(436,'orders','GET',1),(437,'orders','POST',1),(438,'orders','PUT',1),(439,'orders','DELETE',1),(440,'orders','HEAD',1),(426,'order_details','GET',1),(427,'order_details','POST',1),(428,'order_details','PUT',1),(429,'order_details','DELETE',1),(430,'order_details','HEAD',1),(431,'order_states','GET',1),(432,'order_states','POST',1),(433,'order_states','PUT',1),(434,'order_states','DELETE',1),(435,'order_states','HEAD',1),(441,'products','GET',1),(442,'products','POST',1),(443,'products','PUT',1),(444,'products','DELETE',1),(445,'products','HEAD',1),(446,'states','GET',1),(447,'states','POST',1),(448,'states','PUT',1),(449,'states','DELETE',1),(450,'states','HEAD',1);

--
-- Table structure for table `pre3303_zone`
--

CREATE TABLE `pre3303_zone` (
  `id_zone` int(10) unsigned NOT NULL AUTO_INCREMENT,
  `name` varchar(64) NOT NULL,
  `active` tinyint(1) unsigned NOT NULL DEFAULT '0',
  PRIMARY KEY (`id_zone`)
) ENGINE=InnoDB AUTO_INCREMENT=10 DEFAULT CHARSET=utf8;

--
-- Dumping data for table `pre3303_zone`
--

INSERT INTO `pre3303_zone` VALUES (1,'Europe',1),(2,'North America',1),(3,'Asia',1),(4,'Africa',1),(5,'Oceania',1),(6,'South America',1),(7,'Europe (non-EU)',1),(8,'Central America/Antilla',1),(9,'Zone Domestque Fr',1);

--
-- Table structure for table `pre3303_zone_shop`
--

CREATE TABLE `pre3303_zone_shop` (
  `id_zone` int(11) unsigned NOT NULL,
  `id_shop` int(11) unsigned NOT NULL,
  PRIMARY KEY (`id_zone`,`id_shop`),
  KEY `id_shop` (`id_shop`)
) ENGINE=InnoDB DEFAULT CHARSET=utf8;

--
-- Dumping data for table `pre3303_zone_shop`
--

INSERT INTO `pre3303_zone_shop` VALUES (1,2),(2,2),(3,2),(4,2),(5,2),(6,2),(7,2),(8,2),(9,2),(1,4),(2,4),(3,4),(4,4),(5,4),(6,4),(7,4),(8,4),(9,4),(1,5),(2,5),(3,5),(4,5),(5,5),(6,5),(7,5),(8,5),(9,5);

--
-- Table structure for table `wp_commentmeta`
--

CREATE TABLE `wp_commentmeta` (
  `meta_id` bigint(20) unsigned NOT NULL AUTO_INCREMENT,
  `comment_id` bigint(20) unsigned NOT NULL DEFAULT '0',
  `meta_key` varchar(255) DEFAULT NULL,
  `meta_value` longtext,
  PRIMARY KEY (`meta_id`),
  KEY `comment_id` (`comment_id`),
  KEY `meta_key` (`meta_key`)
) ENGINE=InnoDB DEFAULT CHARSET=utf8;

--
-- Dumping data for table `wp_commentmeta`
--


--
-- Table structure for table `wp_comments`
--

CREATE TABLE `wp_comments` (
  `comment_ID` bigint(20) unsigned NOT NULL AUTO_INCREMENT,
  `comment_post_ID` bigint(20) unsigned NOT NULL DEFAULT '0',
  `comment_author` tinytext NOT NULL,
  `comment_author_email` varchar(100) NOT NULL DEFAULT '',
  `comment_author_url` varchar(200) NOT NULL DEFAULT '',
  `comment_author_IP` varchar(100) NOT NULL DEFAULT '',
  `comment_date` datetime NOT NULL DEFAULT '0000-00-00 00:00:00',
  `comment_date_gmt` datetime NOT NULL DEFAULT '0000-00-00 00:00:00',
  `comment_content` text NOT NULL,
  `comment_karma` int(11) NOT NULL DEFAULT '0',
  `comment_approved` varchar(20) NOT NULL DEFAULT '1',
  `comment_agent` varchar(255) NOT NULL DEFAULT '',
  `comment_type` varchar(20) NOT NULL DEFAULT '',
  `comment_parent` bigint(20) unsigned NOT NULL DEFAULT '0',
  `user_id` bigint(20) unsigned NOT NULL DEFAULT '0',
  PRIMARY KEY (`comment_ID`),
  KEY `comment_post_ID` (`comment_post_ID`),
  KEY `comment_approved_date_gmt` (`comment_approved`,`comment_date_gmt`),
  KEY `comment_date_gmt` (`comment_date_gmt`),
  KEY `comment_parent` (`comment_parent`)
) ENGINE=InnoDB AUTO_INCREMENT=2 DEFAULT CHARSET=utf8;

--
-- Dumping data for table `wp_comments`
--

INSERT INTO `wp_comments` VALUES (1,1111,'mvccxgbxyeh','prugnu@veyagz.com','','188.143.232.211','2014-08-01 08:28:15','2014-08-01 06:28:15','kkHWtr  <a href=\"http://lpytbkdggovp.com/\" rel=\"nofollow\">lpytbkdggovp</a>, [url=http://jkfyjertrpaa.com/]jkfyjertrpaa[/url], [link=http://tdkrmitdmlif.com/]tdkrmitdmlif[/link], http://gvytfxekmoyc.com/',0,'0','Mozilla/4.0 (compatible; MSIE 6.0; Windows NT 5.1; SV1)','',0,0);

--
-- Table structure for table `wp_icl_content_status`
--

CREATE TABLE `wp_icl_content_status` (
  `rid` bigint(20) NOT NULL,
  `nid` bigint(20) NOT NULL,
  `timestamp` datetime NOT NULL,
  `md5` varchar(32) NOT NULL,
  PRIMARY KEY (`rid`),
  KEY `nid` (`nid`)
) ENGINE=MyISAM DEFAULT CHARSET=utf8;

--
-- Dumping data for table `wp_icl_content_status`
--


--
-- Table structure for table `wp_icl_core_status`
--

CREATE TABLE `wp_icl_core_status` (
  `id` bigint(20) NOT NULL AUTO_INCREMENT,
  `rid` bigint(20) NOT NULL,
  `module` varchar(16) NOT NULL,
  `origin` varchar(64) NOT NULL,
  `target` varchar(64) NOT NULL,
  `status` smallint(6) NOT NULL,
  PRIMARY KEY (`id`),
  KEY `rid` (`rid`)
) ENGINE=MyISAM DEFAULT CHARSET=utf8;

--
-- Dumping data for table `wp_icl_core_status`
--


--
-- Table structure for table `wp_icl_flags`
--

CREATE TABLE `wp_icl_flags` (
  `id` int(11) NOT NULL AUTO_INCREMENT,
  `lang_code` varchar(10) NOT NULL,
  `flag` varchar(32) NOT NULL,
  `from_template` tinyint(4) NOT NULL DEFAULT '0',
  PRIMARY KEY (`id`),
  UNIQUE KEY `lang_code` (`lang_code`)
) ENGINE=MyISAM AUTO_INCREMENT=64 DEFAULT CHARSET=utf8;

--
-- Dumping data for table `wp_icl_flags`
--

INSERT INTO `wp_icl_flags` VALUES (1,'ar','ar.png',0),(2,'bg','bg.png',0),(3,'bs','bs.png',0),(4,'ca','ca.png',0),(5,'cs','cs.png',0),(6,'cy','cy.png',0),(7,'da','da.png',0),(8,'de','de.png',0),(9,'el','el.png',0),(10,'en','en.png',0),(11,'eo','eo.png',0),(12,'es','es.png',0),(13,'et','et.png',0),(14,'eu','eu.png',0),(15,'fa','fa.png',0),(16,'fi','fi.png',0),(17,'fr','fr.png',0),(18,'ga','ga.png',0),(19,'he','he.png',0),(20,'hi','hi.png',0),(21,'hr','hr.png',0),(22,'hu','hu.png',0),(23,'hy','hy.png',0),(24,'id','id.png',0),(25,'is','is.png',0),(26,'it','it.png',0),(27,'ja','ja.png',0),(28,'ko','ko.png',0),(29,'ku','ku.png',0),(30,'la','la.png',0),(31,'lt','lt.png',0),(32,'lv','lv.png',0),(33,'mk','mk.png',0),(34,'mn','mn.png',0),(35,'mo','mo.png',0),(36,'mt','mt.png',0),(37,'nb','nb.png',0),(38,'ne','ne.png',0),(39,'nl','nl.png',0),(40,'pa','pa.png',0),(41,'pl','pl.png',0),(42,'pt-br','pt-br.png',0),(43,'pt-pt','pt-pt.png',0),(44,'qu','qu.png',0),(45,'ro','ro.png',0),(46,'ru','ru.png',0),(47,'sk','sk.png',0),(48,'sl','sl.png',0),(49,'so','so.png',0),(50,'sq','sq.png',0),(51,'sr','sr.png',0),(52,'sv','sv.png',0),(53,'ta','ta.png',0),(54,'th','th.png',0),(55,'tr','tr.png',0),(56,'uk','uk.png',0),(57,'ur','ur.png',0),(58,'uz','uz.png',0),(59,'vi','vi.png',0),(60,'yi','yi.png',0),(61,'zh-hans','zh-hans.png',0),(62,'zh-hant','zh-hant.png',0),(63,'zu','zu.png',0);

--
-- Table structure for table `wp_icl_languages`
--

CREATE TABLE `wp_icl_languages` (
  `id` int(11) NOT NULL AUTO_INCREMENT,
  `code` varchar(7) NOT NULL,
  `english_name` varchar(128) NOT NULL,
  `major` tinyint(4) NOT NULL DEFAULT '0',
  `active` tinyint(4) NOT NULL,
  `default_locale` varchar(8) DEFAULT NULL,
  `tag` varchar(8) DEFAULT NULL,
  `encode_url` tinyint(1) NOT NULL DEFAULT '0',
  PRIMARY KEY (`id`),
  UNIQUE KEY `code` (`code`),
  UNIQUE KEY `english_name` (`english_name`)
) ENGINE=MyISAM AUTO_INCREMENT=64 DEFAULT CHARSET=utf8;

--
-- Dumping data for table `wp_icl_languages`
--

INSERT INTO `wp_icl_languages` VALUES (1,'en','English',1,1,'en_US','en-US',0),(2,'es','Spanish',1,0,'es_ES','es-ES',0),(3,'de','German',1,0,'de_DE','de-DE',0),(4,'fr','French',1,1,'fr_FR','fr-FR',0),(5,'ar','Arabic',0,0,'ar','ar',0),(6,'bs','Bosnian',0,0,'','',0),(7,'bg','Bulgarian',0,0,'bg_BG','bg-BG',0),(8,'ca','Catalan',0,0,'ca','ca',0),(9,'cs','Czech',0,0,'cs_CZ','cs-CZ',0),(10,'sk','Slovak',0,0,'sk_SK','sk-SK',0),(11,'cy','Welsh',0,0,'cy','cy',0),(12,'da','Danish',1,0,'da_DK','da-DK',0),(13,'el','Greek',0,0,'el','el',0),(14,'eo','Esperanto',0,0,'eo','eo',0),(15,'et','Estonian',0,0,'et','et',0),(16,'eu','Basque',0,0,'eu','eu',0),(17,'fa','Persian',0,0,'fa_IR','fa-IR',0),(18,'fi','Finnish',0,0,'fi','fi',0),(19,'ga','Irish',0,0,'','',0),(20,'he','Hebrew',0,0,'he_IL','he-IL',0),(21,'hi','Hindi',0,0,'','',0),(22,'hr','Croatian',0,0,'hr','hr',0),(23,'hu','Hungarian',0,0,'hu_HU','hu-HU',0),(24,'hy','Armenian',0,0,'','',0),(25,'id','Indonesian',0,0,'id_ID','id-ID',0),(26,'is','Icelandic',0,0,'is_IS','is-IS',0),(27,'it','Italian',1,0,'it_IT','it-IT',0),(28,'ja','Japanese',1,0,'ja','ja',0),(29,'ko','Korean',0,0,'ko_KR','ko-KR',0),(30,'ku','Kurdish',0,0,'ku','ku',0),(31,'la','Latin',0,0,'','',0),(32,'lv','Latvian',0,0,'lv','lv',0),(33,'lt','Lithuanian',0,0,'lt','lt',0),(34,'mk','Macedonian',0,0,'mk_MK','mk-MK',0),(35,'mt','Maltese',0,0,'','',0),(36,'mo','Moldavian',0,0,'','',0),(37,'mn','Mongolian',0,0,'','',0),(38,'ne','Nepali',0,0,'','',0),(39,'nl','Dutch',1,0,'nl_NL','nl-NL',0),(40,'nb','Norwegian Bokmål',0,0,'nb_NO','nb-NO',0),(41,'pa','Punjabi',0,0,'','',0),(42,'pl','Polish',0,0,'pl_PL','pl-PL',0),(43,'pt-pt','Portuguese, Portugal',0,0,'pt_PT','pt-PT',0),(44,'pt-br','Portuguese, Brazil',0,0,'pt_BR','pt-BR',0),(45,'qu','Quechua',0,0,'','',0),(46,'ro','Romanian',0,0,'ro_RO','ro-RO',0),(47,'ru','Russian',1,0,'ru_RU','ru-RU',0),(48,'sl','Slovenian',0,0,'sl_SI','sl-SI',0),(49,'so','Somali',0,0,'','',0),(50,'sq','Albanian',0,0,'','',0),(51,'sr','Serbian',0,0,'sr_RS','sr-RS',0),(52,'sv','Swedish',0,0,'sv_SE','sv-SE',0),(53,'ta','Tamil',0,0,'','',0),(54,'th','Thai',0,0,'th','th',0),(55,'tr','Turkish',0,0,'tr','tr',0),(56,'uk','Ukrainian',0,0,'uk_UA','uk-UA',0),(57,'ur','Urdu',0,0,'','',0),(58,'uz','Uzbek',0,0,'uz_UZ','uz-UZ',0),(59,'vi','Vietnamese',0,0,'vi','vi',0),(60,'yi','Yiddish',0,0,'','',0),(61,'zh-hans','Chinese (Simplified)',1,0,'zh_CN','zh-CN',0),(62,'zu','Zulu',0,0,'','',0),(63,'zh-hant','Chinese (Traditional)',1,0,'zh_TW','zh-TW',0);

--
-- Table structure for table `wp_icl_languages_translations`
--

CREATE TABLE `wp_icl_languages_translations` (
  `id` int(11) NOT NULL AUTO_INCREMENT,
  `language_code` varchar(7) NOT NULL,
  `display_language_code` varchar(7) NOT NULL,
  `name` varchar(255) NOT NULL,
  PRIMARY KEY (`id`),
  UNIQUE KEY `language_code` (`language_code`,`display_language_code`)
) ENGINE=MyISAM AUTO_INCREMENT=3970 DEFAULT CHARSET=utf8;

--
-- Dumping data for table `wp_icl_languages_translations`
--

INSERT INTO `wp_icl_languages_translations` VALUES (1,'en','en','English'),(2,'en','es','Inglés'),(3,'en','de','Englisch'),(4,'en','fr','Anglais'),(5,'en','ar','الإنجليزية'),(6,'en','bs','English'),(7,'en','bg','English'),(8,'en','ca','English'),(9,'en','cs','English'),(10,'en','sk','Angličtina'),(11,'en','cy','English'),(12,'en','da','English'),(13,'en','el','Αγγλικα'),(14,'en','eo','English'),(15,'en','et','English'),(16,'en','eu','English'),(17,'en','fa','English'),(18,'en','fi','englanti'),(19,'en','ga','English'),(20,'en','he','אנגלית'),(21,'en','hi','English'),(22,'en','hr','English'),(23,'en','hu','angol'),(24,'en','hy','English'),(25,'en','id','English'),(26,'en','is','English'),(27,'en','it','Inglese'),(28,'en','ja','英語'),(29,'en','ko','영어'),(30,'en','ku','English'),(31,'en','la','English'),(32,'en','lv','English'),(33,'en','lt','English'),(34,'en','mk','English'),(35,'en','mt','English'),(36,'en','mo','English'),(37,'en','mn','English'),(38,'en','ne','English'),(39,'en','nl','Engels'),(40,'en','nb','English'),(41,'en','pa','English'),(42,'en','pl','angielski'),(43,'en','pt-pt','Inglês'),(44,'en','pt-br','Inglês'),(45,'en','qu','English'),(46,'en','ro','Engleză'),(47,'en','ru','Английский'),(48,'en','sl','English'),(49,'en','so','English'),(50,'en','sq','English'),(51,'en','sr','English'),(52,'en','sv','Engelska'),(53,'en','ta','English'),(54,'en','th','อังกฤษ'),(55,'en','tr','İngilizce'),(56,'en','uk','English'),(57,'en','ur','English'),(58,'en','uz','English'),(59,'en','vi','English'),(60,'en','yi','English'),(61,'en','zh-hans','英语'),(62,'en','zu','English'),(63,'en','zh-hant','英語'),(64,'es','en','Spanish'),(65,'es','es','Español'),(66,'es','de','Spanisch'),(67,'es','fr','Espagnol'),(68,'es','ar','الأسبانية'),(69,'es','bs','Spanish'),(70,'es','bg','Spanish'),(71,'es','ca','Spanish'),(72,'es','cs','Spanish'),(73,'es','sk','Španielčina'),(74,'es','cy','Spanish'),(75,'es','da','Spanish'),(76,'es','el','Ισπανικα'),(77,'es','eo','Spanish'),(78,'es','et','Spanish'),(79,'es','eu','Spanish'),(80,'es','fa','Spanish'),(81,'es','fi','espanja'),(82,'es','ga','Spanish'),(83,'es','he','ספרדית'),(84,'es','hi','Spanish'),(85,'es','hr','Spanish'),(86,'es','hu','spanyol'),(87,'es','hy','Spanish'),(88,'es','id','Spanish'),(89,'es','is','Spanish'),(90,'es','it','Spagnolo'),(91,'es','ja','スペイン語'),(92,'es','ko','스페인어'),(93,'es','ku','Spanish'),(94,'es','la','Spanish'),(95,'es','lv','Spanish'),(96,'es','lt','Spanish'),(97,'es','mk','Spanish'),(98,'es','mt','Spanish'),(99,'es','mo','Spanish'),(100,'es','mn','Spanish'),(101,'es','ne','Spanish'),(102,'es','nl','Spaans'),(103,'es','nb','Spanish'),(104,'es','pa','Spanish'),(105,'es','pl','hiszpański'),(106,'es','pt-pt','Espanhol'),(107,'es','pt-br','Espanhol'),(108,'es','qu','Spanish'),(109,'es','ro','Spaniolă'),(110,'es','ru','Испанский'),(111,'es','sl','Spanish'),(112,'es','so','Spanish'),(113,'es','sq','Spanish'),(114,'es','sr','Spanish'),(115,'es','sv','Spanska'),(116,'es','ta','Spanish'),(117,'es','th','สเปน'),(118,'es','tr','İspanyolca'),(119,'es','uk','Spanish'),(120,'es','ur','Spanish'),(121,'es','uz','Spanish'),(122,'es','vi','Spanish'),(123,'es','yi','Spanish'),(124,'es','zh-hans','西班牙语'),(125,'es','zu','Spanish'),(126,'es','zh-hant','西班牙語'),(127,'de','en','German'),(128,'de','es','Alemán'),(129,'de','de','Deutsch'),(130,'de','fr','Allemand'),(131,'de','ar','الألمانية'),(132,'de','bs','German'),(133,'de','bg','German'),(134,'de','ca','German'),(135,'de','cs','German'),(136,'de','sk','Nemčina'),(137,'de','cy','German'),(138,'de','da','German'),(139,'de','el','Γερμανικα'),(140,'de','eo','German'),(141,'de','et','German'),(142,'de','eu','German'),(143,'de','fa','German'),(144,'de','fi','saksa'),(145,'de','ga','German'),(146,'de','he','גרמנית'),(147,'de','hi','German'),(148,'de','hr','German'),(149,'de','hu','német'),(150,'de','hy','German'),(151,'de','id','German'),(152,'de','is','German'),(153,'de','it','Tedesco'),(154,'de','ja','ドイツ語'),(155,'de','ko','독어'),(156,'de','ku','German'),(157,'de','la','German'),(158,'de','lv','German'),(159,'de','lt','German'),(160,'de','mk','German'),(161,'de','mt','German'),(162,'de','mo','German'),(163,'de','mn','German'),(164,'de','ne','German'),(165,'de','nl','Duits'),(166,'de','nb','German'),(167,'de','pa','German'),(168,'de','pl','niemiecki'),(169,'de','pt-pt','Alemão'),(170,'de','pt-br','Alemão'),(171,'de','qu','German'),(172,'de','ro','Germană'),(173,'de','ru','Немецкий'),(174,'de','sl','German'),(175,'de','so','German'),(176,'de','sq','German'),(177,'de','sr','German'),(178,'de','sv','Tyska'),(179,'de','ta','German'),(180,'de','th','เยอรมัน'),(181,'de','tr','Almanca'),(182,'de','uk','German'),(183,'de','ur','German'),(184,'de','uz','German'),(185,'de','vi','German'),(186,'de','yi','German'),(187,'de','zh-hans','德语'),(188,'de','zu','German'),(189,'de','zh-hant','德語'),(190,'fr','en','French'),(191,'fr','es','Francés'),(192,'fr','de','Französisch'),(193,'fr','fr','Français'),(194,'fr','ar','الفرنسية'),(195,'fr','bs','French'),(196,'fr','bg','French'),(197,'fr','ca','French'),(198,'fr','cs','French'),(199,'fr','sk','Francúzština'),(200,'fr','cy','French'),(201,'fr','da','French'),(202,'fr','el','Γαλλικα'),(203,'fr','eo','French'),(204,'fr','et','French'),(205,'fr','eu','French'),(206,'fr','fa','French'),(207,'fr','fi','ranska'),(208,'fr','ga','French'),(209,'fr','he','צרפתית'),(210,'fr','hi','French'),(211,'fr','hr','French'),(212,'fr','hu','francia'),(213,'fr','hy','French'),(214,'fr','id','French'),(215,'fr','is','French'),(216,'fr','it','Francese'),(217,'fr','ja','フランス語'),(218,'fr','ko','불어'),(219,'fr','ku','French'),(220,'fr','la','French'),(221,'fr','lv','French'),(222,'fr','lt','French'),(223,'fr','mk','French'),(224,'fr','mt','French'),(225,'fr','mo','French'),(226,'fr','mn','French'),(227,'fr','ne','French'),(228,'fr','nl','Frans'),(229,'fr','nb','French'),(230,'fr','pa','French'),(231,'fr','pl','francuski'),(232,'fr','pt-pt','Francês'),(233,'fr','pt-br','Francês'),(234,'fr','qu','French'),(235,'fr','ro','Franceză'),(236,'fr','ru','Французский'),(237,'fr','sl','French'),(238,'fr','so','French'),(239,'fr','sq','French'),(240,'fr','sr','French'),(241,'fr','sv','Franska'),(242,'fr','ta','French'),(243,'fr','th','ฝรั่งเศส'),(244,'fr','tr','Fransızca'),(245,'fr','uk','French'),(246,'fr','ur','French'),(247,'fr','uz','French'),(248,'fr','vi','French'),(249,'fr','yi','French'),(250,'fr','zh-hans','法语'),(251,'fr','zu','French'),(252,'fr','zh-hant','法語'),(253,'ar','en','Arabic'),(254,'ar','es','Árabe'),(255,'ar','de','Arabisch'),(256,'ar','fr','Arabe'),(257,'ar','ar','العربية'),(258,'ar','bs','Arabic'),(259,'ar','bg','Arabic'),(260,'ar','ca','Arabic'),(261,'ar','cs','Arabic'),(262,'ar','sk','Arabčina'),(263,'ar','cy','Arabic'),(264,'ar','da','Arabic'),(265,'ar','el','Αραβικα'),(266,'ar','eo','Arabic'),(267,'ar','et','Arabic'),(268,'ar','eu','Arabic'),(269,'ar','fa','Arabic'),(270,'ar','fi','arabia'),(271,'ar','ga','Arabic'),(272,'ar','he','ערבית'),(273,'ar','hi','Arabic'),(274,'ar','hr','Arabic'),(275,'ar','hu','arab'),(276,'ar','hy','Arabic'),(277,'ar','id','Arabic'),(278,'ar','is','Arabic'),(279,'ar','it','Arabo'),(280,'ar','ja','アラビア語'),(281,'ar','ko','아랍어'),(282,'ar','ku','Arabic'),(283,'ar','la','Arabic'),(284,'ar','lv','Arabic'),(285,'ar','lt','Arabic'),(286,'ar','mk','Arabic'),(287,'ar','mt','Arabic'),(288,'ar','mo','Arabic'),(289,'ar','mn','Arabic'),(290,'ar','ne','Arabic'),(291,'ar','nl','Arabisch'),(292,'ar','nb','Arabic'),(293,'ar','pa','Arabic'),(294,'ar','pl','arabski'),(295,'ar','pt-pt','Árabe'),(296,'ar','pt-br','Árabe'),(297,'ar','qu','Arabic'),(298,'ar','ro','Arabică'),(299,'ar','ru','Арабский'),(300,'ar','sl','Arabic'),(301,'ar','so','Arabic'),(302,'ar','sq','Arabic'),(303,'ar','sr','Arabic'),(304,'ar','sv','Arabiska'),(305,'ar','ta','Arabic'),(306,'ar','th','อารบิก'),(307,'ar','tr','Arapça'),(308,'ar','uk','Arabic'),(309,'ar','ur','Arabic'),(310,'ar','uz','Arabic'),(311,'ar','vi','Arabic'),(312,'ar','yi','Arabic'),(313,'ar','zh-hans','阿拉伯语'),(314,'ar','zu','Arabic'),(315,'ar','zh-hant','阿拉伯語'),(316,'bs','en','Bosnian'),(317,'bs','es','Bosnio'),(318,'bs','de','Bosnisch'),(319,'bs','fr','Bosnien'),(320,'bs','ar','البوسنية'),(321,'bs','bs','Bosnian'),(322,'bs','bg','Bosnian'),(323,'bs','ca','Bosnian'),(324,'bs','cs','Bosnian'),(325,'bs','sk','Bosniačtina'),(326,'bs','cy','Bosnian'),(327,'bs','da','Bosnian'),(328,'bs','el','Βοσνιακα'),(329,'bs','eo','Bosnian'),(330,'bs','et','Bosnian'),(331,'bs','eu','Bosnian'),(332,'bs','fa','Bosnian'),(333,'bs','fi','bosnia'),(334,'bs','ga','Bosnian'),(335,'bs','he','Bosnian'),(336,'bs','hi','Bosnian'),(337,'bs','hr','Bosnian'),(338,'bs','hu','bosnyák'),(339,'bs','hy','Bosnian'),(340,'bs','id','Bosnian'),(341,'bs','is','Bosnian'),(342,'bs','it','Bosniaco'),(343,'bs','ja','ボスニア語'),(344,'bs','ko','보즈니아어'),(345,'bs','ku','Bosnian'),(346,'bs','la','Bosnian'),(347,'bs','lv','Bosnian'),(348,'bs','lt','Bosnian'),(349,'bs','mk','Bosnian'),(350,'bs','mt','Bosnian'),(351,'bs','mo','Bosnian'),(352,'bs','mn','Bosnian'),(353,'bs','ne','Bosnian'),(354,'bs','nl','Bosnisch'),(355,'bs','nb','Bosnian'),(356,'bs','pa','Bosnian'),(357,'bs','pl','bośniacki'),(358,'bs','pt-pt','Bósnio'),(359,'bs','pt-br','Bósnio'),(360,'bs','qu','Bosnian'),(361,'bs','ro','Bosniacă'),(362,'bs','ru','Боснийский'),(363,'bs','sl','Bosnian'),(364,'bs','so','Bosnian'),(365,'bs','sq','Bosnian'),(366,'bs','sr','Bosnian'),(367,'bs','sv','Bosniska'),(368,'bs','ta','Bosnian'),(369,'bs','th','บอสเนียน'),(370,'bs','tr','Boşnakça'),(371,'bs','uk','Bosnian'),(372,'bs','ur','Bosnian'),(373,'bs','uz','Bosnian'),(374,'bs','vi','Bosnian'),(375,'bs','yi','Bosnian'),(376,'bs','zh-hans','波斯尼亚语'),(377,'bs','zu','Bosnian'),(378,'bs','zh-hant','波士尼亞語'),(379,'bg','en','Bulgarian'),(380,'bg','es','Búlgaro'),(381,'bg','de','Bulgarisch'),(382,'bg','fr','Bulgare'),(383,'bg','ar','البلغارية'),(384,'bg','bs','Bulgarian'),(385,'bg','bg','Bulgarian'),(386,'bg','ca','Bulgarian'),(387,'bg','cs','Bulgarian'),(388,'bg','sk','Bulharčina'),(389,'bg','cy','Bulgarian'),(390,'bg','da','Bulgarian'),(391,'bg','el','Βουλγαρικα'),(392,'bg','eo','Bulgarian'),(393,'bg','et','Bulgarian'),(394,'bg','eu','Bulgarian'),(395,'bg','fa','Bulgarian'),(396,'bg','fi','bulgaria'),(397,'bg','ga','Bulgarian'),(398,'bg','he','Bulgarian'),(399,'bg','hi','Bulgarian'),(400,'bg','hr','Bulgarian'),(401,'bg','hu','bolgár'),(402,'bg','hy','Bulgarian'),(403,'bg','id','Bulgarian'),(404,'bg','is','Bulgarian'),(405,'bg','it','Bulgaro'),(406,'bg','ja','ブルガリア語'),(407,'bg','ko','불가리아어'),(408,'bg','ku','Bulgarian'),(409,'bg','la','Bulgarian'),(410,'bg','lv','Bulgarian'),(411,'bg','lt','Bulgarian'),(412,'bg','mk','Bulgarian'),(413,'bg','mt','Bulgarian'),(414,'bg','mo','Bulgarian'),(415,'bg','mn','Bulgarian'),(416,'bg','ne','Bulgarian'),(417,'bg','nl','Bulgaars'),(418,'bg','nb','Bulgarian'),(419,'bg','pa','Bulgarian'),(420,'bg','pl','bułgarski'),(421,'bg','pt-pt','Búlgaro'),(422,'bg','pt-br','Búlgaro'),(423,'bg','qu','Bulgarian'),(424,'bg','ro','Bulgară'),(425,'bg','ru','Болгарский'),(426,'bg','sl','Bulgarian'),(427,'bg','so','Bulgarian'),(428,'bg','sq','Bulgarian'),(429,'bg','sr','Bulgarian'),(430,'bg','sv','Bulgariska'),(431,'bg','ta','Bulgarian'),(432,'bg','th','บัลแกเรียน'),(433,'bg','tr','Bulgarca'),(434,'bg','uk','Bulgarian'),(435,'bg','ur','Bulgarian'),(436,'bg','uz','Bulgarian'),(437,'bg','vi','Bulgarian'),(438,'bg','yi','Bulgarian'),(439,'bg','zh-hans','保加利亚语'),(440,'bg','zu','Bulgarian'),(441,'bg','zh-hant','保加利亞語'),(442,'ca','en','Catalan'),(443,'ca','es','Catalán'),(444,'ca','de','Katalanisch'),(445,'ca','fr','Catalan'),(446,'ca','ar','الكاتالوينية'),(447,'ca','bs','Catalan'),(448,'ca','bg','Catalan'),(449,'ca','ca','Català'),(450,'ca','cs','Catalan'),(451,'ca','sk','Katalánčina'),(452,'ca','cy','Catalan'),(453,'ca','da','Catalan'),(454,'ca','el','Καταλανικα'),(455,'ca','eo','Catalan'),(456,'ca','et','Catalan'),(457,'ca','eu','Catalan'),(458,'ca','fa','Catalan'),(459,'ca','fi','katalaani'),(460,'ca','ga','Catalan'),(461,'ca','he','Catalan'),(462,'ca','hi','Catalan'),(463,'ca','hr','Catalan'),(464,'ca','hu','katalán'),(465,'ca','hy','Catalan'),(466,'ca','id','Catalan'),(467,'ca','is','Catalan'),(468,'ca','it','Catalano'),(469,'ca','ja','カタルーニャ語'),(470,'ca','ko','카탈로니아어'),(471,'ca','ku','Catalan'),(472,'ca','la','Catalan'),(473,'ca','lv','Catalan'),(474,'ca','lt','Catalan'),(475,'ca','mk','Catalan'),(476,'ca','mt','Catalan'),(477,'ca','mo','Catalan'),(478,'ca','mn','Catalan'),(479,'ca','ne','Catalan'),(480,'ca','nl','Catalaans'),(481,'ca','nb','Catalan'),(482,'ca','pa','Catalan'),(483,'ca','pl','kataloński'),(484,'ca','pt-pt','Catalão'),(485,'ca','pt-br','Catalão'),(486,'ca','qu','Catalan'),(487,'ca','ro','Catalană'),(488,'ca','ru','Каталанский'),(489,'ca','sl','Catalan'),(490,'ca','so','Catalan'),(491,'ca','sq','Catalan'),(492,'ca','sr','Catalan'),(493,'ca','sv','Katalanska'),(494,'ca','ta','Catalan'),(495,'ca','th','คะตะลาน'),(496,'ca','tr','Katalan dili'),(497,'ca','uk','Catalan'),(498,'ca','ur','Catalan'),(499,'ca','uz','Catalan'),(500,'ca','vi','Catalan'),(501,'ca','yi','Catalan'),(502,'ca','zh-hans','加泰罗尼亚语'),(503,'ca','zu','Catalan'),(504,'ca','zh-hant','加泰羅尼亞語'),(505,'cs','en','Czech'),(506,'cs','es','Checo'),(507,'cs','de','Tschechisch'),(508,'cs','fr','Tchèque'),(509,'cs','ar','التشيكية'),(510,'cs','bs','Czech'),(511,'cs','bg','Czech'),(512,'cs','ca','Czech'),(513,'cs','cs','Čeština'),(514,'cs','sk','Čeština'),(515,'cs','cy','Czech'),(516,'cs','da','Czech'),(517,'cs','el','Τσεχικη'),(518,'cs','eo','Czech'),(519,'cs','et','Czech'),(520,'cs','eu','Czech'),(521,'cs','fa','Czech'),(522,'cs','fi','tsekki'),(523,'cs','ga','Czech'),(524,'cs','he','Czech'),(525,'cs','hi','Czech'),(526,'cs','hr','Czech'),(527,'cs','hu','cseh'),(528,'cs','hy','Czech'),(529,'cs','id','Czech'),(530,'cs','is','Czech'),(531,'cs','it','Ceco'),(532,'cs','ja','チェコ語'),(533,'cs','ko','체코슬로바키아어'),(534,'cs','ku','Czech'),(535,'cs','la','Czech'),(536,'cs','lv','Czech'),(537,'cs','lt','Czech'),(538,'cs','mk','Czech'),(539,'cs','mt','Czech'),(540,'cs','mo','Czech'),(541,'cs','mn','Czech'),(542,'cs','ne','Czech'),(543,'cs','nl','Tsjechisch'),(544,'cs','nb','Czech'),(545,'cs','pa','Czech'),(546,'cs','pl','czeski'),(547,'cs','pt-pt','Checa'),(548,'cs','pt-br','Checa'),(549,'cs','qu','Czech'),(550,'cs','ro','Cehă'),(551,'cs','ru','Чешский'),(552,'cs','sl','Czech'),(553,'cs','so','Czech'),(554,'cs','sq','Czech'),(555,'cs','sr','Czech'),(556,'cs','sv','Tjeckiska'),(557,'cs','ta','Czech'),(558,'cs','th','เช็ก'),(559,'cs','tr','Çekçe'),(560,'cs','uk','Czech'),(561,'cs','ur','Czech'),(562,'cs','uz','Czech'),(563,'cs','vi','Czech'),(564,'cs','yi','Czech'),(565,'cs','zh-hans','捷克语'),(566,'cs','zu','Czech'),(567,'cs','zh-hant','捷克語'),(568,'sk','en','Slovak'),(569,'sk','es','Eslavo'),(570,'sk','de','Slawisch'),(571,'sk','fr','Slave'),(572,'sk','ar','السلافية'),(573,'sk','bs','Slovak'),(574,'sk','bg','Slovak'),(575,'sk','ca','Slovak'),(576,'sk','cs','Slovak'),(577,'sk','sk','Slovenčina'),(578,'sk','cy','Slovak'),(579,'sk','da','Slovak'),(580,'sk','el','Σλαβικη'),(581,'sk','eo','Slovak'),(582,'sk','et','Slovak'),(583,'sk','eu','Slovak'),(584,'sk','fa','Slovak'),(585,'sk','fi','slaavi'),(586,'sk','ga','Slovak'),(587,'sk','he','Slavic'),(588,'sk','hi','Slovak'),(589,'sk','hr','Slovak'),(590,'sk','hu','szláv'),(591,'sk','hy','Slovak'),(592,'sk','id','Slovak'),(593,'sk','is','Slovak'),(594,'sk','it','Slavo'),(595,'sk','ja','スラヴ語派'),(596,'sk','ko','슬라브어'),(597,'sk','ku','Slovak'),(598,'sk','la','Slovak'),(599,'sk','lv','Slovak'),(600,'sk','lt','Slovak'),(601,'sk','mk','Slovak'),(602,'sk','mt','Slovak'),(603,'sk','mo','Slovak'),(604,'sk','mn','Slovak'),(605,'sk','ne','Slovak'),(606,'sk','nl','Slavisch'),(607,'sk','nb','Slovak'),(608,'sk','pa','Slovak'),(609,'sk','pl','słowiański'),(610,'sk','pt-pt','Eslava'),(611,'sk','pt-br','Eslava'),(612,'sk','qu','Slovak'),(613,'sk','ro','Slavă'),(614,'sk','ru','Славянский'),(615,'sk','sl','Slovak'),(616,'sk','so','Slovak'),(617,'sk','sq','Slovak'),(618,'sk','sr','Slovak'),(619,'sk','sv','Slavisk'),(620,'sk','ta','Slovak'),(621,'sk','th','สลาวิก'),(622,'sk','tr','Slav dili'),(623,'sk','uk','Slovak'),(624,'sk','ur','Slovak'),(625,'sk','uz','Slovak'),(626,'sk','vi','Slovak'),(627,'sk','yi','Slovak'),(628,'sk','zh-hans','斯拉夫语'),(629,'sk','zu','Slovak'),(630,'sk','zh-hant','斯拉夫語'),(631,'cy','en','Welsh'),(632,'cy','es','Galés'),(633,'cy','de','Walisisch'),(634,'cy','fr','Gallois'),(635,'cy','ar','الولزية'),(636,'cy','bs','Welsh'),(637,'cy','bg','Welsh'),(638,'cy','ca','Welsh'),(639,'cy','cs','Welsh'),(640,'cy','sk','Welština'),(641,'cy','cy','Cymraeg'),(642,'cy','da','Welsh'),(643,'cy','el','Welsh'),(644,'cy','eo','Welsh'),(645,'cy','et','Welsh'),(646,'cy','eu','Welsh'),(647,'cy','fa','Welsh'),(648,'cy','fi','kymri'),(649,'cy','ga','Welsh'),(650,'cy','he','Welsh'),(651,'cy','hi','Welsh'),(652,'cy','hr','Welsh'),(653,'cy','hu','vels'),(654,'cy','hy','Welsh'),(655,'cy','id','Welsh'),(656,'cy','is','Welsh'),(657,'cy','it','Gallese'),(658,'cy','ja','ウェールズ語'),(659,'cy','ko','웨일즈어'),(660,'cy','ku','Welsh'),(661,'cy','la','Welsh'),(662,'cy','lv','Welsh'),(663,'cy','lt','Welsh'),(664,'cy','mk','Welsh'),(665,'cy','mt','Welsh'),(666,'cy','mo','Welsh'),(667,'cy','mn','Welsh'),(668,'cy','ne','Welsh'),(669,'cy','nl','Welsh'),(670,'cy','nb','Welsh'),(671,'cy','pa','Welsh'),(672,'cy','pl','walijski'),(673,'cy','pt-pt','Welsh'),(674,'cy','pt-br','Welsh'),(675,'cy','qu','Welsh'),(676,'cy','ro','Galeză'),(677,'cy','ru','Валлийский'),(678,'cy','sl','Welsh'),(679,'cy','so','Welsh'),(680,'cy','sq','Welsh'),(681,'cy','sr','Welsh'),(682,'cy','sv','Walesiska'),(683,'cy','ta','Welsh'),(684,'cy','th','เวลช์'),(685,'cy','tr','Galce'),(686,'cy','uk','Welsh'),(687,'cy','ur','Welsh'),(688,'cy','uz','Welsh'),(689,'cy','vi','Welsh'),(690,'cy','yi','Welsh'),(691,'cy','zh-hans','威尔士语'),(692,'cy','zu','Welsh'),(693,'cy','zh-hant','威爾士語'),(694,'da','en','Danish'),(695,'da','es','Danés'),(696,'da','de','Dänisch'),(697,'da','fr','Danois'),(698,'da','ar','الدانماركية'),(699,'da','bs','Danish'),(700,'da','bg','Danish'),(701,'da','ca','Danish'),(702,'da','cs','Danish'),(703,'da','sk','Dánčina'),(704,'da','cy','Danish'),(705,'da','da','Dansk'),(706,'da','el','Δανεζικα'),(707,'da','eo','Danish'),(708,'da','et','Danish'),(709,'da','eu','Danish'),(710,'da','fa','Danish'),(711,'da','fi','tanska'),(712,'da','ga','Danish'),(713,'da','he','דנית'),(714,'da','hi','Danish'),(715,'da','hr','Danish'),(716,'da','hu','dán'),(717,'da','hy','Danish'),(718,'da','id','Danish'),(719,'da','is','Danish'),(720,'da','it','Danese'),(721,'da','ja','デンマーク語'),(722,'da','ko','덴마크어'),(723,'da','ku','Danish'),(724,'da','la','Danish'),(725,'da','lv','Danish'),(726,'da','lt','Danish'),(727,'da','mk','Danish'),(728,'da','mt','Danish'),(729,'da','mo','Danish'),(730,'da','mn','Danish'),(731,'da','ne','Danish'),(732,'da','nl','Deens'),(733,'da','nb','Danish'),(734,'da','pa','Danish'),(735,'da','pl','duński'),(736,'da','pt-pt','Dinamarquês'),(737,'da','pt-br','Dinamarquês'),(738,'da','qu','Danish'),(739,'da','ro','Daneză'),(740,'da','ru','Датский'),(741,'da','sl','Danish'),(742,'da','so','Danish'),(743,'da','sq','Danish'),(744,'da','sr','Danish'),(745,'da','sv','Danska'),(746,'da','ta','Danish'),(747,'da','th','เดนมาร์ก'),(748,'da','tr','Danca'),(749,'da','uk','Danish'),(750,'da','ur','Danish'),(751,'da','uz','Danish'),(752,'da','vi','Danish'),(753,'da','yi','Danish'),(754,'da','zh-hans','丹麦语'),(755,'da','zu','Danish'),(756,'da','zh-hant','丹麥語'),(757,'el','en','Greek'),(758,'el','es','Griego'),(759,'el','de','Griechisch'),(760,'el','fr','Grec moderne'),(761,'el','ar','اليونانية'),(762,'el','bs','Greek'),(763,'el','bg','Greek'),(764,'el','ca','Greek'),(765,'el','cs','Greek'),(766,'el','sk','Gréčtina'),(767,'el','cy','Greek'),(768,'el','da','Greek'),(769,'el','el','Ελληνικα'),(770,'el','eo','Greek'),(771,'el','et','Greek'),(772,'el','eu','Greek'),(773,'el','fa','Greek'),(774,'el','fi','kreikka'),(775,'el','ga','Greek'),(776,'el','he','יוונית'),(777,'el','hi','Greek'),(778,'el','hr','Greek'),(779,'el','hu','görög'),(780,'el','hy','Greek'),(781,'el','id','Greek'),(782,'el','is','Greek'),(783,'el','it','Greco'),(784,'el','ja','ギリシア語'),(785,'el','ko','그리스어'),(786,'el','ku','Greek'),(787,'el','la','Greek'),(788,'el','lv','Greek'),(789,'el','lt','Greek'),(790,'el','mk','Greek'),(791,'el','mt','Greek'),(792,'el','mo','Greek'),(793,'el','mn','Greek'),(794,'el','ne','Greek'),(795,'el','nl','Grieks'),(796,'el','nb','Greek'),(797,'el','pa','Greek'),(798,'el','pl','grecki'),(799,'el','pt-pt','Grego'),(800,'el','pt-br','Grego'),(801,'el','qu','Greek'),(802,'el','ro','Greacă'),(803,'el','ru','Греческий'),(804,'el','sl','Greek'),(805,'el','so','Greek'),(806,'el','sq','Greek'),(807,'el','sr','Greek'),(808,'el','sv','Grekiska'),(809,'el','ta','Greek'),(810,'el','th','กรีก'),(811,'el','tr','Yunanca'),(812,'el','uk','Greek'),(813,'el','ur','Greek'),(814,'el','uz','Greek'),(815,'el','vi','Greek'),(816,'el','yi','Greek'),(817,'el','zh-hans','希腊语'),(818,'el','zu','Greek'),(819,'el','zh-hant','希臘語'),(820,'eo','en','Esperanto'),(821,'eo','es','Esperanto'),(822,'eo','de','Esperanto'),(823,'eo','fr','Espéranto'),(824,'eo','ar','الاسبرانتو'),(825,'eo','bs','Esperanto'),(826,'eo','bg','Esperanto'),(827,'eo','ca','Esperanto'),(828,'eo','cs','Esperanto'),(829,'eo','sk','Esperanto'),(830,'eo','cy','Esperanto'),(831,'eo','da','Esperanto'),(832,'eo','el','Εσπεραντο'),(833,'eo','eo','Esperanto'),(834,'eo','et','Esperanto'),(835,'eo','eu','Esperanto'),(836,'eo','fa','Esperanto'),(837,'eo','fi','esperanto'),(838,'eo','ga','Esperanto'),(839,'eo','he','Esperanto'),(840,'eo','hi','Esperanto'),(841,'eo','hr','Esperanto'),(842,'eo','hu','eszperantó'),(843,'eo','hy','Esperanto'),(844,'eo','id','Esperanto'),(845,'eo','is','Esperanto'),(846,'eo','it','Esperanto'),(847,'eo','ja','エスペラント語'),(848,'eo','ko','에스페란토어'),(849,'eo','ku','Esperanto'),(850,'eo','la','Esperanto'),(851,'eo','lv','Esperanto'),(852,'eo','lt','Esperanto'),(853,'eo','mk','Esperanto'),(854,'eo','mt','Esperanto'),(855,'eo','mo','Esperanto'),(856,'eo','mn','Esperanto'),(857,'eo','ne','Esperanto'),(858,'eo','nl','Esperanto'),(859,'eo','nb','Esperanto'),(860,'eo','pa','Esperanto'),(861,'eo','pl','esperanto'),(862,'eo','pt-pt','Esperanto'),(863,'eo','pt-br','Esperanto'),(864,'eo','qu','Esperanto'),(865,'eo','ro','Esperanto'),(866,'eo','ru','Эсперанто'),(867,'eo','sl','Esperanto'),(868,'eo','so','Esperanto'),(869,'eo','sq','Esperanto'),(870,'eo','sr','Esperanto'),(871,'eo','sv','Esperanto'),(872,'eo','ta','Esperanto'),(873,'eo','th','เอสเปอรันโต'),(874,'eo','tr','Esperanto'),(875,'eo','uk','Esperanto'),(876,'eo','ur','Esperanto'),(877,'eo','uz','Esperanto'),(878,'eo','vi','Esperanto'),(879,'eo','yi','Esperanto'),(880,'eo','zh-hans','世界语'),(881,'eo','zu','Esperanto'),(882,'eo','zh-hant','世界語'),(883,'et','en','Estonian'),(884,'et','es','Estonio'),(885,'et','de','Estnisch'),(886,'et','fr','Estonien'),(887,'et','ar','الأستونية'),(888,'et','bs','Estonian'),(889,'et','bg','Estonian'),(890,'et','ca','Estonian'),(891,'et','cs','Estonian'),(892,'et','sk','Estónčina'),(893,'et','cy','Estonian'),(894,'et','da','Estonian'),(895,'et','el','Εσθονικα'),(896,'et','eo','Estonian'),(897,'et','et','Eesti'),(898,'et','eu','Estonian'),(899,'et','fa','Estonian'),(900,'et','fi','eesti'),(901,'et','ga','Estonian'),(902,'et','he','Estonian'),(903,'et','hi','Estonian'),(904,'et','hr','Estonian'),(905,'et','hu','észt'),(906,'et','hy','Estonian'),(907,'et','id','Estonian'),(908,'et','is','Estonian'),(909,'et','it','Estone'),(910,'et','ja','エストニア語'),(911,'et','ko','에스토니아어'),(912,'et','ku','Estonian'),(913,'et','la','Estonian'),(914,'et','lv','Estonian'),(915,'et','lt','Estonian'),(916,'et','mk','Estonian'),(917,'et','mt','Estonian'),(918,'et','mo','Estonian'),(919,'et','mn','Estonian'),(920,'et','ne','Estonian'),(921,'et','nl','Ests'),(922,'et','nb','Estonian'),(923,'et','pa','Estonian'),(924,'et','pl','estoński'),(925,'et','pt-pt','Estoniano'),(926,'et','pt-br','Estoniano'),(927,'et','qu','Estonian'),(928,'et','ro','Estoniană'),(929,'et','ru','Эстонский'),(930,'et','sl','Estonian'),(931,'et','so','Estonian'),(932,'et','sq','Estonian'),(933,'et','sr','Estonian'),(934,'et','sv','Estniska'),(935,'et','ta','Estonian'),(936,'et','th','เอสโตเนียน'),(937,'et','tr','Estonya dili'),(938,'et','uk','Estonian'),(939,'et','ur','Estonian'),(940,'et','uz','Estonian'),(941,'et','vi','Estonian'),(942,'et','yi','Estonian'),(943,'et','zh-hans','爱沙尼亚语'),(944,'et','zu','Estonian'),(945,'et','zh-hant','愛沙尼亞語'),(946,'eu','en','Basque'),(947,'eu','es','Euskera'),(948,'eu','de','Baskisch'),(949,'eu','fr','Basque'),(950,'eu','ar','لغة الباسك'),(951,'eu','bs','Basque'),(952,'eu','bg','Basque'),(953,'eu','ca','Basque'),(954,'eu','cs','Basque'),(955,'eu','sk','Baskičtina'),(956,'eu','cy','Basque'),(957,'eu','da','Basque'),(958,'eu','el','Βασκικα'),(959,'eu','eo','Basque'),(960,'eu','et','Basque'),(961,'eu','eu','Euskara'),(962,'eu','fa','Basque'),(963,'eu','fi','baski'),(964,'eu','ga','Basque'),(965,'eu','he','Basque'),(966,'eu','hi','Basque'),(967,'eu','hr','Basque'),(968,'eu','hu','baszk'),(969,'eu','hy','Basque'),(970,'eu','id','Basque'),(971,'eu','is','Basque'),(972,'eu','it','Basco'),(973,'eu','ja','バスク語'),(974,'eu','ko','바스크어'),(975,'eu','ku','Basque'),(976,'eu','la','Basque'),(977,'eu','lv','Basque'),(978,'eu','lt','Basque'),(979,'eu','mk','Basque'),(980,'eu','mt','Basque'),(981,'eu','mo','Basque'),(982,'eu','mn','Basque'),(983,'eu','ne','Basque'),(984,'eu','nl','Baskisch'),(985,'eu','nb','Basque'),(986,'eu','pa','Basque'),(987,'eu','pl','baskijski'),(988,'eu','pt-pt','Basco'),(989,'eu','pt-br','Basco'),(990,'eu','qu','Basque'),(991,'eu','ro','Bască'),(992,'eu','ru','Баскский'),(993,'eu','sl','Basque'),(994,'eu','so','Basque'),(995,'eu','sq','Basque'),(996,'eu','sr','Basque'),(997,'eu','sv','Baskiska'),(998,'eu','ta','Basque'),(999,'eu','th','บาสค์'),(1000,'eu','tr','Bask dili'),(1001,'eu','uk','Basque'),(1002,'eu','ur','Basque'),(1003,'eu','uz','Basque'),(1004,'eu','vi','Basque'),(1005,'eu','yi','Basque'),(1006,'eu','zh-hans','巴斯克语'),(1007,'eu','zu','Basque'),(1008,'eu','zh-hant','巴斯克語'),(1009,'fa','en','Persian'),(1010,'fa','es','Persa'),(1011,'fa','de','Persisch'),(1012,'fa','fr','Perse'),(1013,'fa','ar','الفارسية'),(1014,'fa','bs','Persian'),(1015,'fa','bg','Persian'),(1016,'fa','ca','Persian'),(1017,'fa','cs','Persian'),(1018,'fa','sk','Perzština'),(1019,'fa','cy','Persian'),(1020,'fa','da','Persian'),(1021,'fa','el','Περσικος'),(1022,'fa','eo','Persian'),(1023,'fa','et','Persian'),(1024,'fa','eu','Persian'),(1025,'fa','fa','پارسی'),(1026,'fa','fi','persia'),(1027,'fa','ga','Persian'),(1028,'fa','he','פרסית'),(1029,'fa','hi','Persian'),(1030,'fa','hr','Persian'),(1031,'fa','hu','perzsa'),(1032,'fa','hy','Persian'),(1033,'fa','id','Persian'),(1034,'fa','is','Persian'),(1035,'fa','it','Persiano'),(1036,'fa','ja','ペルシア語'),(1037,'fa','ko','페르시아어'),(1038,'fa','ku','Persian'),(1039,'fa','la','Persian'),(1040,'fa','lv','Persian'),(1041,'fa','lt','Persian'),(1042,'fa','mk','Persian'),(1043,'fa','mt','Persian'),(1044,'fa','mo','Persian'),(1045,'fa','mn','Persian'),(1046,'fa','ne','Persian'),(1047,'fa','nl','Perzisch'),(1048,'fa','nb','Persian'),(1049,'fa','pa','Persian'),(1050,'fa','pl','perski'),(1051,'fa','pt-pt','Persa'),(1052,'fa','pt-br','Persa'),(1053,'fa','qu','Persian'),(1054,'fa','ro','Persană'),(1055,'fa','ru','Персидский'),(1056,'fa','sl','Persian'),(1057,'fa','so','Persian'),(1058,'fa','sq','Persian'),(1059,'fa','sr','Persian'),(1060,'fa','sv','Persiska'),(1061,'fa','ta','Persian'),(1062,'fa','th','เปอร์เซียน'),(1063,'fa','tr','Farsça'),(1064,'fa','uk','Persian'),(1065,'fa','ur','Persian'),(1066,'fa','uz','Persian'),(1067,'fa','vi','Persian'),(1068,'fa','yi','Persian'),(1069,'fa','zh-hans','波斯语'),(1070,'fa','zu','Persian'),(1071,'fa','zh-hant','波斯語'),(1072,'fi','en','Finnish'),(1073,'fi','es','Finlandés'),(1074,'fi','de','Finnisch'),(1075,'fi','fr','Finnois'),(1076,'fi','ar','الفنلندية'),(1077,'fi','bs','Finnish'),(1078,'fi','bg','Finnish'),(1079,'fi','ca','Finnish'),(1080,'fi','cs','Finnish'),(1081,'fi','sk','Fínština'),(1082,'fi','cy','Finnish'),(1083,'fi','da','Finnish'),(1084,'fi','el','Φινλανδικη'),(1085,'fi','eo','Finnish'),(1086,'fi','et','Finnish'),(1087,'fi','eu','Finnish'),(1088,'fi','fa','Finnish'),(1089,'fi','fi','Suomi'),(1090,'fi','ga','Finnish'),(1091,'fi','he','פינית'),(1092,'fi','hi','Finnish'),(1093,'fi','hr','Finnish'),(1094,'fi','hu','finn'),(1095,'fi','hy','Finnish'),(1096,'fi','id','Finnish'),(1097,'fi','is','Finnish'),(1098,'fi','it','Finlandese'),(1099,'fi','ja','フィンランド語'),(1100,'fi','ko','핀란드어'),(1101,'fi','ku','Finnish'),(1102,'fi','la','Finnish'),(1103,'fi','lv','Finnish'),(1104,'fi','lt','Finnish'),(1105,'fi','mk','Finnish'),(1106,'fi','mt','Finnish'),(1107,'fi','mo','Finnish'),(1108,'fi','mn','Finnish'),(1109,'fi','ne','Finnish'),(1110,'fi','nl','Fins'),(1111,'fi','nb','Finnish'),(1112,'fi','pa','Finnish'),(1113,'fi','pl','fiński'),(1114,'fi','pt-pt','Finlandês'),(1115,'fi','pt-br','Finlandês'),(1116,'fi','qu','Finnish'),(1117,'fi','ro','Finlandeză'),(1118,'fi','ru','Финский'),(1119,'fi','sl','Finnish'),(1120,'fi','so','Finnish'),(1121,'fi','sq','Finnish'),(1122,'fi','sr','Finnish'),(1123,'fi','sv','Finska'),(1124,'fi','ta','Finnish'),(1125,'fi','th','ฟินนิช'),(1126,'fi','tr','Fince'),(1127,'fi','uk','Finnish'),(1128,'fi','ur','Finnish'),(1129,'fi','uz','Finnish'),(1130,'fi','vi','Finnish'),(1131,'fi','yi','Finnish'),(1132,'fi','zh-hans','芬兰语'),(1133,'fi','zu','Finnish'),(1134,'fi','zh-hant','芬蘭語'),(1135,'ga','en','Irish'),(1136,'ga','es','Irlandés'),(1137,'ga','de','Irisch'),(1138,'ga','fr','Irlandais'),(1139,'ga','ar','الأيرلندية'),(1140,'ga','bs','Irish'),(1141,'ga','bg','Irish'),(1142,'ga','ca','Irish'),(1143,'ga','cs','Irish'),(1144,'ga','sk','Írština'),(1145,'ga','cy','Irish'),(1146,'ga','da','Irish'),(1147,'ga','el','Ιρλανδικα'),(1148,'ga','eo','Irish'),(1149,'ga','et','Irish'),(1150,'ga','eu','Irish'),(1151,'ga','fa','Irish'),(1152,'ga','fi','iiri'),(1153,'ga','ga','Gaeilge'),(1154,'ga','he','אירית'),(1155,'ga','hi','Irish'),(1156,'ga','hr','Irish'),(1157,'ga','hu','ír'),(1158,'ga','hy','Irish'),(1159,'ga','id','Irish'),(1160,'ga','is','Irish'),(1161,'ga','it','Irlandese'),(1162,'ga','ja','アイルランド語'),(1163,'ga','ko','아일랜드어'),(1164,'ga','ku','Irish'),(1165,'ga','la','Irish'),(1166,'ga','lv','Irish'),(1167,'ga','lt','Irish'),(1168,'ga','mk','Irish'),(1169,'ga','mt','Irish'),(1170,'ga','mo','Irish'),(1171,'ga','mn','Irish'),(1172,'ga','ne','Irish'),(1173,'ga','nl','Iers'),(1174,'ga','nb','Irish'),(1175,'ga','pa','Irish'),(1176,'ga','pl','irlandzki'),(1177,'ga','pt-pt','Irlandês'),(1178,'ga','pt-br','Irlandês'),(1179,'ga','qu','Irish'),(1180,'ga','ro','Irlandeză'),(1181,'ga','ru','Ирландский'),(1182,'ga','sl','Irish'),(1183,'ga','so','Irish'),(1184,'ga','sq','Irish'),(1185,'ga','sr','Irish'),(1186,'ga','sv','Irländska'),(1187,'ga','ta','Irish'),(1188,'ga','th','ไอริช'),(1189,'ga','tr','İrlanda dili'),(1190,'ga','uk','Irish'),(1191,'ga','ur','Irish'),(1192,'ga','uz','Irish'),(1193,'ga','vi','Irish'),(1194,'ga','yi','Irish'),(1195,'ga','zh-hans','爱尔兰语'),(1196,'ga','zu','Irish'),(1197,'ga','zh-hant','愛爾蘭語'),(1198,'he','en','Hebrew'),(1199,'he','es','Hebreo'),(1200,'he','de','Hebräisch'),(1201,'he','fr','Hébreu'),(1202,'he','ar','العبرية'),(1203,'he','bs','Hebrew'),(1204,'he','bg','Hebrew'),(1205,'he','ca','Hebrew'),(1206,'he','cs','Hebrew'),(1207,'he','sk','Hebrejčina'),(1208,'he','cy','Hebrew'),(1209,'he','da','Hebrew'),(1210,'he','el','Εβραικα'),(1211,'he','eo','Hebrew'),(1212,'he','et','Hebrew'),(1213,'he','eu','Hebrew'),(1214,'he','fa','Hebrew'),(1215,'he','fi','heprea'),(1216,'he','ga','Hebrew'),(1217,'he','he','עברית'),(1218,'he','hi','Hebrew'),(1219,'he','hr','Hebrew'),(1220,'he','hu','héber'),(1221,'he','hy','Hebrew'),(1222,'he','id','Hebrew'),(1223,'he','is','Hebrew'),(1224,'he','it','Ebraico'),(1225,'he','ja','ヘブライ語'),(1226,'he','ko','히브리어'),(1227,'he','ku','Hebrew'),(1228,'he','la','Hebrew'),(1229,'he','lv','Hebrew'),(1230,'he','lt','Hebrew'),(1231,'he','mk','Hebrew'),(1232,'he','mt','Hebrew'),(1233,'he','mo','Hebrew'),(1234,'he','mn','Hebrew'),(1235,'he','ne','Hebrew'),(1236,'he','nl','Hebreeuws'),(1237,'he','nb','Hebrew'),(1238,'he','pa','Hebrew'),(1239,'he','pl','hebrajski'),(1240,'he','pt-pt','Hebraico'),(1241,'he','pt-br','Hebraico'),(1242,'he','qu','Hebrew'),(1243,'he','ro','Ebraică'),(1244,'he','ru','Иврит'),(1245,'he','sl','Hebrew'),(1246,'he','so','Hebrew'),(1247,'he','sq','Hebrew'),(1248,'he','sr','Hebrew'),(1249,'he','sv','Hebreiska'),(1250,'he','ta','Hebrew'),(1251,'he','th','ฮิบรู'),(1252,'he','tr','İbranice'),(1253,'he','uk','Hebrew'),(1254,'he','ur','Hebrew'),(1255,'he','uz','Hebrew'),(1256,'he','vi','Hebrew'),(1257,'he','yi','Hebrew'),(1258,'he','zh-hans','希伯来语'),(1259,'he','zu','Hebrew'),(1260,'he','zh-hant','希伯來語'),(1261,'hi','en','Hindi'),(1262,'hi','es','Hindi'),(1263,'hi','de','Hindi'),(1264,'hi','fr','Hindi'),(1265,'hi','ar','الهندية'),(1266,'hi','bs','Hindi'),(1267,'hi','bg','Hindi'),(1268,'hi','ca','Hindi'),(1269,'hi','cs','Hindi'),(1270,'hi','sk','Hindčina'),(1271,'hi','cy','Hindi'),(1272,'hi','da','Hindi'),(1273,'hi','el','Ινδικα'),(1274,'hi','eo','Hindi'),(1275,'hi','et','Hindi'),(1276,'hi','eu','Hindi'),(1277,'hi','fa','Hindi'),(1278,'hi','fi','hindi'),(1279,'hi','ga','Hindi'),(1280,'hi','he','הודית'),(1281,'hi','hi','हिन्दी'),(1282,'hi','hr','Hindi'),(1283,'hi','hu','hindi'),(1284,'hi','hy','Hindi'),(1285,'hi','id','Hindi'),(1286,'hi','is','Hindi'),(1287,'hi','it','Hindi'),(1288,'hi','ja','ヒンディー語'),(1289,'hi','ko','힌두어'),(1290,'hi','ku','Hindi'),(1291,'hi','la','Hindi'),(1292,'hi','lv','Hindi'),(1293,'hi','lt','Hindi'),(1294,'hi','mk','Hindi'),(1295,'hi','mt','Hindi'),(1296,'hi','mo','Hindi'),(1297,'hi','mn','Hindi'),(1298,'hi','ne','Hindi'),(1299,'hi','nl','Hindi'),(1300,'hi','nb','Hindi'),(1301,'hi','pa','Hindi'),(1302,'hi','pl','hindi'),(1303,'hi','pt-pt','Hindi'),(1304,'hi','pt-br','Hindi'),(1305,'hi','qu','Hindi'),(1306,'hi','ro','Hindi'),(1307,'hi','ru','Хинди'),(1308,'hi','sl','Hindi'),(1309,'hi','so','Hindi'),(1310,'hi','sq','Hindi'),(1311,'hi','sr','Hindi'),(1312,'hi','sv','Hindi'),(1313,'hi','ta','Hindi'),(1314,'hi','th','ฮินดิ'),(1315,'hi','tr','Hintçe'),(1316,'hi','uk','Hindi'),(1317,'hi','ur','Hindi'),(1318,'hi','uz','Hindi'),(1319,'hi','vi','Hindi'),(1320,'hi','yi','Hindi'),(1321,'hi','zh-hans','印地语'),(1322,'hi','zu','Hindi'),(1323,'hi','zh-hant','印地語'),(1324,'hr','en','Croatian'),(1325,'hr','es','Croata'),(1326,'hr','de','Kroatisch'),(1327,'hr','fr','Croate'),(1328,'hr','ar','الكرواتية'),(1329,'hr','bs','Croatian'),(1330,'hr','bg','Croatian'),(1331,'hr','ca','Croatian'),(1332,'hr','cs','Croatian'),(1333,'hr','sk','Chorvátština'),(1334,'hr','cy','Croatian'),(1335,'hr','da','Croatian'),(1336,'hr','el','Κροατικα'),(1337,'hr','eo','Croatian'),(1338,'hr','et','Croatian'),(1339,'hr','eu','Croatian'),(1340,'hr','fa','Croatian'),(1341,'hr','fi','kroatia'),(1342,'hr','ga','Croatian'),(1343,'hr','he','קרוטאית'),(1344,'hr','hi','Croatian'),(1345,'hr','hr','Hrvatski'),(1346,'hr','hu','horvát'),(1347,'hr','hy','Croatian'),(1348,'hr','id','Croatian'),(1349,'hr','is','Croatian'),(1350,'hr','it','Croato'),(1351,'hr','ja','クロアチア語'),(1352,'hr','ko','크로아시아어'),(1353,'hr','ku','Croatian'),(1354,'hr','la','Croatian'),(1355,'hr','lv','Croatian'),(1356,'hr','lt','Croatian'),(1357,'hr','mk','Croatian'),(1358,'hr','mt','Croatian'),(1359,'hr','mo','Croatian'),(1360,'hr','mn','Croatian'),(1361,'hr','ne','Croatian'),(1362,'hr','nl','Kroatisch'),(1363,'hr','nb','Croatian'),(1364,'hr','pa','Croatian'),(1365,'hr','pl','chorwacki'),(1366,'hr','pt-pt','Croata'),(1367,'hr','pt-br','Croata'),(1368,'hr','qu','Croatian'),(1369,'hr','ro','Croată'),(1370,'hr','ru','Хорватский'),(1371,'hr','sl','Croatian'),(1372,'hr','so','Croatian'),(1373,'hr','sq','Croatian'),(1374,'hr','sr','Croatian'),(1375,'hr','sv','Kroatiska'),(1376,'hr','ta','Croatian'),(1377,'hr','th','โครเอเชีย'),(1378,'hr','tr','Hırvatça'),(1379,'hr','uk','Croatian'),(1380,'hr','ur','Croatian'),(1381,'hr','uz','Croatian'),(1382,'hr','vi','Croatian'),(1383,'hr','yi','Croatian'),(1384,'hr','zh-hans','克罗地亚语'),(1385,'hr','zu','Croatian'),(1386,'hr','zh-hant','克羅地亞語'),(1387,'hu','en','Hungarian'),(1388,'hu','es','Húngaro'),(1389,'hu','de','Ungarisch'),(1390,'hu','fr','Hongrois'),(1391,'hu','ar','الهنغارية'),(1392,'hu','bs','Hungarian'),(1393,'hu','bg','Hungarian'),(1394,'hu','ca','Hungarian'),(1395,'hu','cs','Hungarian'),(1396,'hu','sk','Maďarčina'),(1397,'hu','cy','Hungarian'),(1398,'hu','da','Hungarian'),(1399,'hu','el','Ουγγρικα'),(1400,'hu','eo','Hungarian'),(1401,'hu','et','Hungarian'),(1402,'hu','eu','Hungarian'),(1403,'hu','fa','Hungarian'),(1404,'hu','fi','unkari'),(1405,'hu','ga','Hungarian'),(1406,'hu','he','הונגרית'),(1407,'hu','hi','Hungarian'),(1408,'hu','hr','Hungarian'),(1409,'hu','hu','Magyar'),(1410,'hu','hy','Hungarian'),(1411,'hu','id','Hungarian'),(1412,'hu','is','Hungarian'),(1413,'hu','it','Ungherese'),(1414,'hu','ja','ハンガリー語'),(1415,'hu','ko','헝가리어'),(1416,'hu','ku','Hungarian'),(1417,'hu','la','Hungarian'),(1418,'hu','lv','Hungarian'),(1419,'hu','lt','Hungarian'),(1420,'hu','mk','Hungarian'),(1421,'hu','mt','Hungarian'),(1422,'hu','mo','Hungarian'),(1423,'hu','mn','Hungarian'),(1424,'hu','ne','Hungarian'),(1425,'hu','nl','Hongaars'),(1426,'hu','nb','Hungarian'),(1427,'hu','pa','Hungarian'),(1428,'hu','pl','węgierski'),(1429,'hu','pt-pt','Húngaro'),(1430,'hu','pt-br','Húngaro'),(1431,'hu','qu','Hungarian'),(1432,'hu','ro','Ungară'),(1433,'hu','ru','Венгерский'),(1434,'hu','sl','Hungarian'),(1435,'hu','so','Hungarian'),(1436,'hu','sq','Hungarian'),(1437,'hu','sr','Hungarian'),(1438,'hu','sv','Ungerska'),(1439,'hu','ta','Hungarian'),(1440,'hu','th','ฮังการี'),(1441,'hu','tr','Macarca'),(1442,'hu','uk','Hungarian'),(1443,'hu','ur','Hungarian'),(1444,'hu','uz','Hungarian'),(1445,'hu','vi','Hungarian'),(1446,'hu','yi','Hungarian'),(1447,'hu','zh-hans','匈牙利语'),(1448,'hu','zu','Hungarian'),(1449,'hu','zh-hant','匈牙利語'),(1450,'hy','en','Armenian'),(1451,'hy','es','Armenio'),(1452,'hy','de','Armenisch'),(1453,'hy','fr','Arménien'),(1454,'hy','ar','الأرمينية'),(1455,'hy','bs','Armenian'),(1456,'hy','bg','Armenian'),(1457,'hy','ca','Armenian'),(1458,'hy','cs','Armenian'),(1459,'hy','sk','Arménčina'),(1460,'hy','cy','Armenian'),(1461,'hy','da','Armenian'),(1462,'hy','el','Αρμενικα'),(1463,'hy','eo','Armenian'),(1464,'hy','et','Armenian'),(1465,'hy','eu','Armenian'),(1466,'hy','fa','Armenian'),(1467,'hy','fi','armenia'),(1468,'hy','ga','Armenian'),(1469,'hy','he','Armenian'),(1470,'hy','hi','Armenian'),(1471,'hy','hr','Armenian'),(1472,'hy','hu','örmény'),(1473,'hy','hy','Armenian'),(1474,'hy','id','Armenian'),(1475,'hy','is','Armenian'),(1476,'hy','it','Armeno'),(1477,'hy','ja','アルメニア語'),(1478,'hy','ko','아르메니아어'),(1479,'hy','ku','Armenian'),(1480,'hy','la','Armenian'),(1481,'hy','lv','Armenian'),(1482,'hy','lt','Armenian'),(1483,'hy','mk','Armenian'),(1484,'hy','mt','Armenian'),(1485,'hy','mo','Armenian'),(1486,'hy','mn','Armenian'),(1487,'hy','ne','Armenian'),(1488,'hy','nl','Armeens'),(1489,'hy','nb','Armenian'),(1490,'hy','pa','Armenian'),(1491,'hy','pl','ormiański'),(1492,'hy','pt-pt','Arménio'),(1493,'hy','pt-br','Arménio'),(1494,'hy','qu','Armenian'),(1495,'hy','ro','Armeană'),(1496,'hy','ru','Армянский'),(1497,'hy','sl','Armenian'),(1498,'hy','so','Armenian'),(1499,'hy','sq','Armenian'),(1500,'hy','sr','Armenian'),(1501,'hy','sv','Armeniska'),(1502,'hy','ta','Armenian'),(1503,'hy','th','อาร์เมเนีย'),(1504,'hy','tr','Ermenice'),(1505,'hy','uk','Armenian'),(1506,'hy','ur','Armenian'),(1507,'hy','uz','Armenian'),(1508,'hy','vi','Armenian'),(1509,'hy','yi','Armenian'),(1510,'hy','zh-hans','亚美尼亚语'),(1511,'hy','zu','Armenian'),(1512,'hy','zh-hant','亞美尼亞語'),(1513,'id','en','Indonesian'),(1514,'id','es','Indonesio'),(1515,'id','de','Indonesisch'),(1516,'id','fr','Indonésien'),(1517,'id','ar','الأندونيسية'),(1518,'id','bs','Indonesian'),(1519,'id','bg','Indonesian'),(1520,'id','ca','Indonesian'),(1521,'id','cs','Indonesian'),(1522,'id','sk','Indonézčina'),(1523,'id','cy','Indonesian'),(1524,'id','da','Indonesian'),(1525,'id','el','Ινδονησιακα'),(1526,'id','eo','Indonesian'),(1527,'id','et','Indonesian'),(1528,'id','eu','Indonesian'),(1529,'id','fa','Indonesian'),(1530,'id','fi','indonesia'),(1531,'id','ga','Indonesian'),(1532,'id','he','Indonesian'),(1533,'id','hi','Indonesian'),(1534,'id','hr','Indonesian'),(1535,'id','hu','indonéz'),(1536,'id','hy','Indonesian'),(1537,'id','id','Indonesia'),(1538,'id','is','Indonesian'),(1539,'id','it','Indonesiano'),(1540,'id','ja','インドネシア語'),(1541,'id','ko','인도네시아어'),(1542,'id','ku','Indonesian'),(1543,'id','la','Indonesian'),(1544,'id','lv','Indonesian'),(1545,'id','lt','Indonesian'),(1546,'id','mk','Indonesian'),(1547,'id','mt','Indonesian'),(1548,'id','mo','Indonesian'),(1549,'id','mn','Indonesian'),(1550,'id','ne','Indonesian'),(1551,'id','nl','Indonesisch'),(1552,'id','nb','Indonesian'),(1553,'id','pa','Indonesian'),(1554,'id','pl','indonezyjski'),(1555,'id','pt-pt','Indonésio'),(1556,'id','pt-br','Indonésio'),(1557,'id','qu','Indonesian'),(1558,'id','ro','Indoneziană'),(1559,'id','ru','Индонезийский'),(1560,'id','sl','Indonesian'),(1561,'id','so','Indonesian'),(1562,'id','sq','Indonesian'),(1563,'id','sr','Indonesian'),(1564,'id','sv','Indonesiska'),(1565,'id','ta','Indonesian'),(1566,'id','th','อินโดนีเซีย'),(1567,'id','tr','Endonezya dili'),(1568,'id','uk','Indonesian'),(1569,'id','ur','Indonesian'),(1570,'id','uz','Indonesian'),(1571,'id','vi','Indonesian'),(1572,'id','yi','Indonesian'),(1573,'id','zh-hans','印度尼西亚语'),(1574,'id','zu','Indonesian'),(1575,'id','zh-hant','印尼語'),(1576,'is','en','Icelandic'),(1577,'is','es','Islandés'),(1578,'is','de','Isländisch'),(1579,'is','fr','Islandais'),(1580,'is','ar','الأيسلاندية'),(1581,'is','bs','Icelandic'),(1582,'is','bg','Icelandic'),(1583,'is','ca','Icelandic'),(1584,'is','cs','Icelandic'),(1585,'is','sk','Islančina'),(1586,'is','cy','Icelandic'),(1587,'is','da','Icelandic'),(1588,'is','el','Ισλανδικα'),(1589,'is','eo','Icelandic'),(1590,'is','et','Icelandic'),(1591,'is','eu','Icelandic'),(1592,'is','fa','Icelandic'),(1593,'is','fi','islanti'),(1594,'is','ga','Icelandic'),(1595,'is','he','Icelandic'),(1596,'is','hi','Icelandic'),(1597,'is','hr','Icelandic'),(1598,'is','hu','izlandi'),(1599,'is','hy','Icelandic'),(1600,'is','id','Icelandic'),(1601,'is','is','Íslenska'),(1602,'is','it','Islandese'),(1603,'is','ja','アイスランド語'),(1604,'is','ko','아이슬랜드어'),(1605,'is','ku','Icelandic'),(1606,'is','la','Icelandic'),(1607,'is','lv','Icelandic'),(1608,'is','lt','Icelandic'),(1609,'is','mk','Icelandic'),(1610,'is','mt','Icelandic'),(1611,'is','mo','Icelandic'),(1612,'is','mn','Icelandic'),(1613,'is','ne','Icelandic'),(1614,'is','nl','Ijslands'),(1615,'is','nb','Icelandic'),(1616,'is','pa','Icelandic'),(1617,'is','pl','islandzki'),(1618,'is','pt-pt','Islandês'),(1619,'is','pt-br','Islandês'),(1620,'is','qu','Icelandic'),(1621,'is','ro','Islandeză'),(1622,'is','ru','Исландский'),(1623,'is','sl','Icelandic'),(1624,'is','so','Icelandic'),(1625,'is','sq','Icelandic'),(1626,'is','sr','Icelandic'),(1627,'is','sv','Isländska'),(1628,'is','ta','Icelandic'),(1629,'is','th','ไอซ์แลนด์'),(1630,'is','tr','İzlandaca'),(1631,'is','uk','Icelandic'),(1632,'is','ur','Icelandic'),(1633,'is','uz','Icelandic'),(1634,'is','vi','Icelandic'),(1635,'is','yi','Icelandic'),(1636,'is','zh-hans','冰岛语'),(1637,'is','zu','Icelandic'),(1638,'is','zh-hant','冰島語'),(1639,'it','en','Italian'),(1640,'it','es','Italiano'),(1641,'it','de','Italienisch'),(1642,'it','fr','Italien'),(1643,'it','ar','الإيطالية'),(1644,'it','bs','Italian'),(1645,'it','bg','Italian'),(1646,'it','ca','Italian'),(1647,'it','cs','Italian'),(1648,'it','sk','Taliančina'),(1649,'it','cy','Italian'),(1650,'it','da','Italian'),(1651,'it','el','Ιταλικα'),(1652,'it','eo','Italian'),(1653,'it','et','Italian'),(1654,'it','eu','Italian'),(1655,'it','fa','Italian'),(1656,'it','fi','italia'),(1657,'it','ga','Italian'),(1658,'it','he','איטלקית'),(1659,'it','hi','Italian'),(1660,'it','hr','Italian'),(1661,'it','hu','olasz'),(1662,'it','hy','Italian'),(1663,'it','id','Italian'),(1664,'it','is','Italian'),(1665,'it','it','Italiano'),(1666,'it','ja','イタリア語'),(1667,'it','ko','이태리어'),(1668,'it','ku','Italian'),(1669,'it','la','Italian'),(1670,'it','lv','Italian'),(1671,'it','lt','Italian'),(1672,'it','mk','Italian'),(1673,'it','mt','Italian'),(1674,'it','mo','Italian'),(1675,'it','mn','Italian'),(1676,'it','ne','Italian'),(1677,'it','nl','Italiaans'),(1678,'it','nb','Italian'),(1679,'it','pa','Italian'),(1680,'it','pl','włoski'),(1681,'it','pt-pt','Italiano'),(1682,'it','pt-br','Italiano'),(1683,'it','qu','Italian'),(1684,'it','ro','Italiană'),(1685,'it','ru','Итальянский'),(1686,'it','sl','Italian'),(1687,'it','so','Italian'),(1688,'it','sq','Italian'),(1689,'it','sr','Italian'),(1690,'it','sv','Italienska'),(1691,'it','ta','Italian'),(1692,'it','th','อิตาลี'),(1693,'it','tr','İtalyanca'),(1694,'it','uk','Italian'),(1695,'it','ur','Italian'),(1696,'it','uz','Italian'),(1697,'it','vi','Italian'),(1698,'it','yi','Italian'),(1699,'it','zh-hans','意大利语'),(1700,'it','zu','Italian'),(1701,'it','zh-hant','義大利語'),(1702,'ja','en','Japanese'),(1703,'ja','es','Japonés'),(1704,'ja','de','Japanisch'),(1705,'ja','fr','Japonais'),(1706,'ja','ar','اليابانية'),(1707,'ja','bs','Japanese'),(1708,'ja','bg','Japanese'),(1709,'ja','ca','Japanese'),(1710,'ja','cs','Japanese'),(1711,'ja','sk','Japonština'),(1712,'ja','cy','Japanese'),(1713,'ja','da','Japanese'),(1714,'ja','el','Ιαπωνικα'),(1715,'ja','eo','Japanese'),(1716,'ja','et','Japanese'),(1717,'ja','eu','Japanese'),(1718,'ja','fa','Japanese'),(1719,'ja','fi','japani'),(1720,'ja','ga','Japanese'),(1721,'ja','he','יפנית'),(1722,'ja','hi','Japanese'),(1723,'ja','hr','Japanese'),(1724,'ja','hu','japán'),(1725,'ja','hy','Japanese'),(1726,'ja','id','Japanese'),(1727,'ja','is','Japanese'),(1728,'ja','it','Giapponese'),(1729,'ja','ja','日本語'),(1730,'ja','ko','일어'),(1731,'ja','ku','Japanese'),(1732,'ja','la','Japanese'),(1733,'ja','lv','Japanese'),(1734,'ja','lt','Japanese'),(1735,'ja','mk','Japanese'),(1736,'ja','mt','Japanese'),(1737,'ja','mo','Japanese'),(1738,'ja','mn','Japanese'),(1739,'ja','ne','Japanese'),(1740,'ja','nl','Japans'),(1741,'ja','nb','Japanese'),(1742,'ja','pa','Japanese'),(1743,'ja','pl','japoński'),(1744,'ja','pt-pt','Japonês'),(1745,'ja','pt-br','Japonês'),(1746,'ja','qu','Japanese'),(1747,'ja','ro','Japoneză'),(1748,'ja','ru','Японский'),(1749,'ja','sl','Japanese'),(1750,'ja','so','Japanese'),(1751,'ja','sq','Japanese'),(1752,'ja','sr','Japanese'),(1753,'ja','sv','Japanska'),(1754,'ja','ta','Japanese'),(1755,'ja','th','ญี่ปุ่น'),(1756,'ja','tr','Japonca'),(1757,'ja','uk','Japanese'),(1758,'ja','ur','Japanese'),(1759,'ja','uz','Japanese'),(1760,'ja','vi','Japanese'),(1761,'ja','yi','Japanese'),(1762,'ja','zh-hans','日语'),(1763,'ja','zu','Japanese'),(1764,'ja','zh-hant','日語'),(1765,'ko','en','Korean'),(1766,'ko','es','Coreano'),(1767,'ko','de','Koreanisch'),(1768,'ko','fr','Coréen'),(1769,'ko','ar','الكورية'),(1770,'ko','bs','Korean'),(1771,'ko','bg','Korean'),(1772,'ko','ca','Korean'),(1773,'ko','cs','Korean'),(1774,'ko','sk','Kórejčina'),(1775,'ko','cy','Korean'),(1776,'ko','da','Korean'),(1777,'ko','el','Κορεατικα'),(1778,'ko','eo','Korean'),(1779,'ko','et','Korean'),(1780,'ko','eu','Korean'),(1781,'ko','fa','Korean'),(1782,'ko','fi','korea'),(1783,'ko','ga','Korean'),(1784,'ko','he','קוראנית'),(1785,'ko','hi','Korean'),(1786,'ko','hr','Korean'),(1787,'ko','hu','koreai'),(1788,'ko','hy','Korean'),(1789,'ko','id','Korean'),(1790,'ko','is','Korean'),(1791,'ko','it','Coreano'),(1792,'ko','ja','韓国語'),(1793,'ko','ko','한국어'),(1794,'ko','ku','Korean'),(1795,'ko','la','Korean'),(1796,'ko','lv','Korean'),(1797,'ko','lt','Korean'),(1798,'ko','mk','Korean'),(1799,'ko','mt','Korean'),(1800,'ko','mo','Korean'),(1801,'ko','mn','Korean'),(1802,'ko','ne','Korean'),(1803,'ko','nl','Koreaans'),(1804,'ko','nb','Korean'),(1805,'ko','pa','Korean'),(1806,'ko','pl','koreański'),(1807,'ko','pt-pt','Korean'),(1808,'ko','pt-br','Korean'),(1809,'ko','qu','Korean'),(1810,'ko','ro','Coreană'),(1811,'ko','ru','Корейский'),(1812,'ko','sl','Korean'),(1813,'ko','so','Korean'),(1814,'ko','sq','Korean'),(1815,'ko','sr','Korean'),(1816,'ko','sv','Koreanska'),(1817,'ko','ta','Korean'),(1818,'ko','th','เกาหลี'),(1819,'ko','tr','Kore dili'),(1820,'ko','uk','Korean'),(1821,'ko','ur','Korean'),(1822,'ko','uz','Korean'),(1823,'ko','vi','Korean'),(1824,'ko','yi','Korean'),(1825,'ko','zh-hans','韩语'),(1826,'ko','zu','Korean'),(1827,'ko','zh-hant','韓語'),(1828,'ku','en','Kurdish'),(1829,'ku','es','Kurdo'),(1830,'ku','de','Kurdisch'),(1831,'ku','fr','Kurde'),(1832,'ku','ar','الكردية'),(1833,'ku','bs','Kurdish'),(1834,'ku','bg','Kurdish'),(1835,'ku','ca','Kurdish'),(1836,'ku','cs','Kurdish'),(1837,'ku','sk','Kurdština'),(1838,'ku','cy','Kurdish'),(1839,'ku','da','Kurdish'),(1840,'ku','el','Κουρδικα'),(1841,'ku','eo','Kurdish'),(1842,'ku','et','Kurdish'),(1843,'ku','eu','Kurdish'),(1844,'ku','fa','Kurdish'),(1845,'ku','fi','kurdi'),(1846,'ku','ga','Kurdish'),(1847,'ku','he','Kurdish'),(1848,'ku','hi','Kurdish'),(1849,'ku','hr','Kurdish'),(1850,'ku','hu','kurd'),(1851,'ku','hy','Kurdish'),(1852,'ku','id','Kurdish'),(1853,'ku','is','Kurdish'),(1854,'ku','it','Curdo'),(1855,'ku','ja','クルド語'),(1856,'ku','ko','쿠르드어'),(1857,'ku','ku','Kurdish'),(1858,'ku','la','Kurdish'),(1859,'ku','lv','Kurdish'),(1860,'ku','lt','Kurdish'),(1861,'ku','mk','Kurdish'),(1862,'ku','mt','Kurdish'),(1863,'ku','mo','Kurdish'),(1864,'ku','mn','Kurdish'),(1865,'ku','ne','Kurdish'),(1866,'ku','nl','Koerdish'),(1867,'ku','nb','Kurdish'),(1868,'ku','pa','Kurdish'),(1869,'ku','pl','kurdyjski'),(1870,'ku','pt-pt','Curdo'),(1871,'ku','pt-br','Curdo'),(1872,'ku','qu','Kurdish'),(1873,'ku','ro','Kurdă'),(1874,'ku','ru','Курдский'),(1875,'ku','sl','Kurdish'),(1876,'ku','so','Kurdish'),(1877,'ku','sq','Kurdish'),(1878,'ku','sr','Kurdish'),(1879,'ku','sv','Kurdiska'),(1880,'ku','ta','Kurdish'),(1881,'ku','th','เคอร์ดิช'),(1882,'ku','tr','Kürtçe'),(1883,'ku','uk','Kurdish'),(1884,'ku','ur','Kurdish'),(1885,'ku','uz','Kurdish'),(1886,'ku','vi','Kurdish'),(1887,'ku','yi','Kurdish'),(1888,'ku','zh-hans','库尔德语'),(1889,'ku','zu','Kurdish'),(1890,'ku','zh-hant','庫爾德語'),(1891,'la','en','Latin'),(1892,'la','es','Latín'),(1893,'la','de','Latein'),(1894,'la','fr','Latin'),(1895,'la','ar','اللاتينية'),(1896,'la','bs','Latin'),(1897,'la','bg','Latin'),(1898,'la','ca','Latin'),(1899,'la','cs','Latin'),(1900,'la','sk','Latinčina'),(1901,'la','cy','Latin'),(1902,'la','da','Latin'),(1903,'la','el','Λατινικη'),(1904,'la','eo','Latin'),(1905,'la','et','Latin'),(1906,'la','eu','Latin'),(1907,'la','fa','Latin'),(1908,'la','fi','latina'),(1909,'la','ga','Latin'),(1910,'la','he','לטינית'),(1911,'la','hi','Latin'),(1912,'la','hr','Latin'),(1913,'la','hu','latin'),(1914,'la','hy','Latin'),(1915,'la','id','Latin'),(1916,'la','is','Latin'),(1917,'la','it','Latino'),(1918,'la','ja','ラテン語'),(1919,'la','ko','라틴어'),(1920,'la','ku','Latin'),(1921,'la','la','Latin'),(1922,'la','lv','Latin'),(1923,'la','lt','Latin'),(1924,'la','mk','Latin'),(1925,'la','mt','Latin'),(1926,'la','mo','Latin'),(1927,'la','mn','Latin'),(1928,'la','ne','Latin'),(1929,'la','nl','Latijn'),(1930,'la','nb','Latin'),(1931,'la','pa','Latin'),(1932,'la','pl','łaciński'),(1933,'la','pt-pt','Latina'),(1934,'la','pt-br','Latina'),(1935,'la','qu','Latin'),(1936,'la','ro','Latină'),(1937,'la','ru','Латинский'),(1938,'la','sl','Latin'),(1939,'la','so','Latin'),(1940,'la','sq','Latin'),(1941,'la','sr','Latin'),(1942,'la','sv','Latin'),(1943,'la','ta','Latin'),(1944,'la','th','ละติน'),(1945,'la','tr','Latince'),(1946,'la','uk','Latin'),(1947,'la','ur','Latin'),(1948,'la','uz','Latin'),(1949,'la','vi','Latin'),(1950,'la','yi','Latin'),(1951,'la','zh-hans','拉丁语'),(1952,'la','zu','Latin'),(1953,'la','zh-hant','拉丁語'),(1954,'lv','en','Latvian'),(1955,'lv','es','Letón'),(1956,'lv','de','Lettisch'),(1957,'lv','fr','Letton'),(1958,'lv','ar','اللاتفية'),(1959,'lv','bs','Latvian'),(1960,'lv','bg','Latvian'),(1961,'lv','ca','Latvian'),(1962,'lv','cs','Latvian'),(1963,'lv','sk','Lotyština'),(1964,'lv','cy','Latvian'),(1965,'lv','da','Latvian'),(1966,'lv','el','Λετονικα'),(1967,'lv','eo','Latvian'),(1968,'lv','et','Latvian'),(1969,'lv','eu','Latvian'),(1970,'lv','fa','Latvian'),(1971,'lv','fi','latvia'),(1972,'lv','ga','Latvian'),(1973,'lv','he','Latvian'),(1974,'lv','hi','Latvian'),(1975,'lv','hr','Latvian'),(1976,'lv','hu','lett'),(1977,'lv','hy','Latvian'),(1978,'lv','id','Latvian'),(1979,'lv','is','Latvian'),(1980,'lv','it','Lettone'),(1981,'lv','ja','ラトビア語'),(1982,'lv','ko','라트비아어'),(1983,'lv','ku','Latvian'),(1984,'lv','la','Latvian'),(1985,'lv','lv','Latviešu'),(1986,'lv','lt','Latvian'),(1987,'lv','mk','Latvian'),(1988,'lv','mt','Latvian'),(1989,'lv','mo','Latvian'),(1990,'lv','mn','Latvian'),(1991,'lv','ne','Latvian'),(1992,'lv','nl','Lets'),(1993,'lv','nb','Latvian'),(1994,'lv','pa','Latvian'),(1995,'lv','pl','łotewski'),(1996,'lv','pt-pt','Letão'),(1997,'lv','pt-br','Letão'),(1998,'lv','qu','Latvian'),(1999,'lv','ro','Letoniană'),(2000,'lv','ru','латышский'),(2001,'lv','sl','Latvian'),(2002,'lv','so','Latvian'),(2003,'lv','sq','Latvian'),(2004,'lv','sr','Latvian'),(2005,'lv','sv','Lettiska'),(2006,'lv','ta','Latvian'),(2007,'lv','th','ลัตเวีย'),(2008,'lv','tr','Letonca'),(2009,'lv','uk','Latvian'),(2010,'lv','ur','Latvian'),(2011,'lv','uz','Latvian'),(2012,'lv','vi','Latvian'),(2013,'lv','yi','Latvian'),(2014,'lv','zh-hans','拉脱维亚语'),(2015,'lv','zu','Latvian'),(2016,'lv','zh-hant','拉脫維亞語'),(2017,'lt','en','Lithuanian'),(2018,'lt','es','Lituano'),(2019,'lt','de','Litauisch'),(2020,'lt','fr','Lituanien'),(2021,'lt','ar','اللتوانية'),(2022,'lt','bs','Lithuanian'),(2023,'lt','bg','Lithuanian'),(2024,'lt','ca','Lithuanian'),(2025,'lt','cs','Lithuanian'),(2026,'lt','sk','Litovčina'),(2027,'lt','cy','Lithuanian'),(2028,'lt','da','Lithuanian'),(2029,'lt','el','Λιθουανικα'),(2030,'lt','eo','Lithuanian'),(2031,'lt','et','Lithuanian'),(2032,'lt','eu','Lithuanian'),(2033,'lt','fa','Lithuanian'),(2034,'lt','fi','liettua'),(2035,'lt','ga','Lithuanian'),(2036,'lt','he','Lithuanian'),(2037,'lt','hi','Lithuanian'),(2038,'lt','hr','Lithuanian'),(2039,'lt','hu','litván'),(2040,'lt','hy','Lithuanian'),(2041,'lt','id','Lithuanian'),(2042,'lt','is','Lithuanian'),(2043,'lt','it','Lituano'),(2044,'lt','ja','リトアニア語'),(2045,'lt','ko','리투아니아어'),(2046,'lt','ku','Lithuanian'),(2047,'lt','la','Lithuanian'),(2048,'lt','lv','Lithuanian'),(2049,'lt','lt','Lithuanian'),(2050,'lt','mk','Lithuanian'),(2051,'lt','mt','Lithuanian'),(2052,'lt','mo','Lithuanian'),(2053,'lt','mn','Lithuanian'),(2054,'lt','ne','Lithuanian'),(2055,'lt','nl','Litouws'),(2056,'lt','nb','Lithuanian'),(2057,'lt','pa','Lithuanian'),(2058,'lt','pl','litewski'),(2059,'lt','pt-pt','Lituano'),(2060,'lt','pt-br','Lituano'),(2061,'lt','qu','Lithuanian'),(2062,'lt','ro','Lituaniană'),(2063,'lt','ru','Литовский'),(2064,'lt','sl','Lithuanian'),(2065,'lt','so','Lithuanian'),(2066,'lt','sq','Lithuanian'),(2067,'lt','sr','Lithuanian'),(2068,'lt','sv','Litauiska'),(2069,'lt','ta','Lithuanian'),(2070,'lt','th','ลิธัวเนีย'),(2071,'lt','tr','Litvanyaca'),(2072,'lt','uk','Lithuanian'),(2073,'lt','ur','Lithuanian'),(2074,'lt','uz','Lithuanian'),(2075,'lt','vi','Lithuanian'),(2076,'lt','yi','Lithuanian'),(2077,'lt','zh-hans','立陶宛语'),(2078,'lt','zu','Lithuanian'),(2079,'lt','zh-hant','立陶宛語'),(2080,'mk','en','Macedonian'),(2081,'mk','es','Macedonio'),(2082,'mk','de','Mazedonisch'),(2083,'mk','fr','Macédonien'),(2084,'mk','ar','المقدونية'),(2085,'mk','bs','Macedonian'),(2086,'mk','bg','Macedonian'),(2087,'mk','ca','Macedonian'),(2088,'mk','cs','Macedonian'),(2089,'mk','sk','Macedónština'),(2090,'mk','cy','Macedonian'),(2091,'mk','da','Macedonian'),(2092,'mk','el','Μακεδονικο'),(2093,'mk','eo','Macedonian'),(2094,'mk','et','Macedonian'),(2095,'mk','eu','Macedonian'),(2096,'mk','fa','Macedonian'),(2097,'mk','fi','makedonia'),(2098,'mk','ga','Macedonian'),(2099,'mk','he','Macedonian'),(2100,'mk','hi','Macedonian'),(2101,'mk','hr','Macedonian'),(2102,'mk','hu','macedón'),(2103,'mk','hy','Macedonian'),(2104,'mk','id','Macedonian'),(2105,'mk','is','Macedonian'),(2106,'mk','it','Macedone'),(2107,'mk','ja','マケドニア語'),(2108,'mk','ko','마케도니아어'),(2109,'mk','ku','Macedonian'),(2110,'mk','la','Macedonian'),(2111,'mk','lv','Macedonian'),(2112,'mk','lt','Macedonian'),(2113,'mk','mk','Macedonian'),(2114,'mk','mt','Macedonian'),(2115,'mk','mo','Macedonian'),(2116,'mk','mn','Macedonian'),(2117,'mk','ne','Macedonian'),(2118,'mk','nl','Macedonisch'),(2119,'mk','nb','Macedonian'),(2120,'mk','pa','Macedonian'),(2121,'mk','pl','macedoński'),(2122,'mk','pt-pt','Macedônio'),(2123,'mk','pt-br','Macedônio'),(2124,'mk','qu','Macedonian'),(2125,'mk','ro','Macedoniană'),(2126,'mk','ru','Македонский'),(2127,'mk','sl','Macedonian'),(2128,'mk','so','Macedonian'),(2129,'mk','sq','Macedonian'),(2130,'mk','sr','Macedonian'),(2131,'mk','sv','Makedonska'),(2132,'mk','ta','Macedonian'),(2133,'mk','th','มาซิโดเนีย'),(2134,'mk','tr','Makedonyaca'),(2135,'mk','uk','Macedonian'),(2136,'mk','ur','Macedonian'),(2137,'mk','uz','Macedonian'),(2138,'mk','vi','Macedonian'),(2139,'mk','yi','Macedonian'),(2140,'mk','zh-hans','马其顿语'),(2141,'mk','zu','Macedonian'),(2142,'mk','zh-hant','馬其頓語'),(2143,'mt','en','Maltese'),(2144,'mt','es','Maltés'),(2145,'mt','de','Maltesisch'),(2146,'mt','fr','Maltais'),(2147,'mt','ar','المالطية'),(2148,'mt','bs','Maltese'),(2149,'mt','bg','Maltese'),(2150,'mt','ca','Maltese'),(2151,'mt','cs','Maltese'),(2152,'mt','sk','Maltézština'),(2153,'mt','cy','Maltese'),(2154,'mt','da','Maltese'),(2155,'mt','el','Μαλτεζικα'),(2156,'mt','eo','Maltese'),(2157,'mt','et','Maltese'),(2158,'mt','eu','Maltese'),(2159,'mt','fa','Maltese'),(2160,'mt','fi','malta'),(2161,'mt','ga','Maltese'),(2162,'mt','he','Maltese'),(2163,'mt','hi','Maltese'),(2164,'mt','hr','Maltese'),(2165,'mt','hu','máltai'),(2166,'mt','hy','Maltese'),(2167,'mt','id','Maltese'),(2168,'mt','is','Maltese'),(2169,'mt','it','Maltese'),(2170,'mt','ja','マルタ語'),(2171,'mt','ko','몰타어'),(2172,'mt','ku','Maltese'),(2173,'mt','la','Maltese'),(2174,'mt','lv','Maltese'),(2175,'mt','lt','Maltese'),(2176,'mt','mk','Maltese'),(2177,'mt','mt','Maltese'),(2178,'mt','mo','Maltese'),(2179,'mt','mn','Maltese'),(2180,'mt','ne','Maltese'),(2181,'mt','nl','Maltees'),(2182,'mt','nb','Maltese'),(2183,'mt','pa','Maltese'),(2184,'mt','pl','maltański'),(2185,'mt','pt-pt','Maltês'),(2186,'mt','pt-br','Maltês'),(2187,'mt','qu','Maltese'),(2188,'mt','ro','Malteză'),(2189,'mt','ru','Мальтийский'),(2190,'mt','sl','Maltese'),(2191,'mt','so','Maltese'),(2192,'mt','sq','Maltese'),(2193,'mt','sr','Maltese'),(2194,'mt','sv','Maltesiska'),(2195,'mt','ta','Maltese'),(2196,'mt','th','มอลทีส'),(2197,'mt','tr','Malta dili'),(2198,'mt','uk','Maltese'),(2199,'mt','ur','Maltese'),(2200,'mt','uz','Maltese'),(2201,'mt','vi','Maltese'),(2202,'mt','yi','Maltese'),(2203,'mt','zh-hans','马耳他语'),(2204,'mt','zu','Maltese'),(2205,'mt','zh-hant','馬爾他語'),(2206,'mo','en','Moldavian'),(2207,'mo','es','Moldavo'),(2208,'mo','de','Moldavisch'),(2209,'mo','fr','Moldave'),(2210,'mo','ar','المولدوفية'),(2211,'mo','bs','Moldavian'),(2212,'mo','bg','Moldavian'),(2213,'mo','ca','Moldavian'),(2214,'mo','cs','Moldavian'),(2215,'mo','sk','Moldavčina'),(2216,'mo','cy','Moldavian'),(2217,'mo','da','Moldavian'),(2218,'mo','el','Μολδαβικα'),(2219,'mo','eo','Moldavian'),(2220,'mo','et','Moldavian'),(2221,'mo','eu','Moldavian'),(2222,'mo','fa','Moldavian'),(2223,'mo','fi','moldavia'),(2224,'mo','ga','Moldavian'),(2225,'mo','he','Moldavian'),(2226,'mo','hi','Moldavian'),(2227,'mo','hr','Moldavian'),(2228,'mo','hu','moldovai'),(2229,'mo','hy','Moldavian'),(2230,'mo','id','Moldavian'),(2231,'mo','is','Moldavian'),(2232,'mo','it','Moldavo'),(2233,'mo','ja','モルダビア語'),(2234,'mo','ko','몰다비아어'),(2235,'mo','ku','Moldavian'),(2236,'mo','la','Moldavian'),(2237,'mo','lv','Moldavian'),(2238,'mo','lt','Moldavian'),(2239,'mo','mk','Moldavian'),(2240,'mo','mt','Moldavian'),(2241,'mo','mo','Moldavian'),(2242,'mo','mn','Moldavian'),(2243,'mo','ne','Moldavian'),(2244,'mo','nl','Moldavisch'),(2245,'mo','nb','Moldavian'),(2246,'mo','pa','Moldavian'),(2247,'mo','pl','mołdawski'),(2248,'mo','pt-pt','Moldavo'),(2249,'mo','pt-br','Moldavo'),(2250,'mo','qu','Moldavian'),(2251,'mo','ro','Moldoveană'),(2252,'mo','ru','Молдавский'),(2253,'mo','sl','Moldavian'),(2254,'mo','so','Moldavian'),(2255,'mo','sq','Moldavian'),(2256,'mo','sr','Moldavian'),(2257,'mo','sv','Moldaviska'),(2258,'mo','ta','Moldavian'),(2259,'mo','th','มอลดาเวียน'),(2260,'mo','tr','Moldovyaca'),(2261,'mo','uk','Moldavian'),(2262,'mo','ur','Moldavian'),(2263,'mo','uz','Moldavian'),(2264,'mo','vi','Moldavian'),(2265,'mo','yi','Moldavian'),(2266,'mo','zh-hans','摩尔达维亚语'),(2267,'mo','zu','Moldavian'),(2268,'mo','zh-hant','摩爾達維亞語'),(2269,'mn','en','Mongolian'),(2270,'mn','es','Mongol'),(2271,'mn','de','Mongolisch'),(2272,'mn','fr','Mongol'),(2273,'mn','ar','المنغولية'),(2274,'mn','bs','Mongolian'),(2275,'mn','bg','Mongolian'),(2276,'mn','ca','Mongolian'),(2277,'mn','cs','Mongolian'),(2278,'mn','sk','Mongolština'),(2279,'mn','cy','Mongolian'),(2280,'mn','da','Mongolian'),(2281,'mn','el','Μογγολικα'),(2282,'mn','eo','Mongolian'),(2283,'mn','et','Mongolian'),(2284,'mn','eu','Mongolian'),(2285,'mn','fa','Mongolian'),(2286,'mn','fi','mongoli'),(2287,'mn','ga','Mongolian'),(2288,'mn','he','Mongolian'),(2289,'mn','hi','Mongolian'),(2290,'mn','hr','Mongolian'),(2291,'mn','hu','mongol'),(2292,'mn','hy','Mongolian'),(2293,'mn','id','Mongolian'),(2294,'mn','is','Mongolian'),(2295,'mn','it','Mongolo'),(2296,'mn','ja','モンゴル語'),(2297,'mn','ko','몽골어'),(2298,'mn','ku','Mongolian'),(2299,'mn','la','Mongolian'),(2300,'mn','lv','Mongolian'),(2301,'mn','lt','Mongolian'),(2302,'mn','mk','Mongolian'),(2303,'mn','mt','Mongolian'),(2304,'mn','mo','Mongolian'),(2305,'mn','mn','Mongolian'),(2306,'mn','ne','Mongolian'),(2307,'mn','nl','Mongools'),(2308,'mn','nb','Mongolian'),(2309,'mn','pa','Mongolian'),(2310,'mn','pl','mongolski'),(2311,'mn','pt-pt','Mongolian'),(2312,'mn','pt-br','Mongolian'),(2313,'mn','qu','Mongolian'),(2314,'mn','ro','Mongoleză'),(2315,'mn','ru','Монгольский'),(2316,'mn','sl','Mongolian'),(2317,'mn','so','Mongolian'),(2318,'mn','sq','Mongolian'),(2319,'mn','sr','Mongolian'),(2320,'mn','sv','Mongoliska'),(2321,'mn','ta','Mongolian'),(2322,'mn','th','มองโกเลีย'),(2323,'mn','tr','Mongolca'),(2324,'mn','uk','Mongolian'),(2325,'mn','ur','Mongolian'),(2326,'mn','uz','Mongolian'),(2327,'mn','vi','Mongolian'),(2328,'mn','yi','Mongolian'),(2329,'mn','zh-hans','蒙古语'),(2330,'mn','zu','Mongolian'),(2331,'mn','zh-hant','蒙古語'),(2332,'ne','en','Nepali'),(2333,'ne','es','Nepalí'),(2334,'ne','de','Nepali'),(2335,'ne','fr','Népalais'),(2336,'ne','ar','النيبالية'),(2337,'ne','bs','Nepali'),(2338,'ne','bg','Nepali'),(2339,'ne','ca','Nepali'),(2340,'ne','cs','Nepali'),(2341,'ne','sk','Nepálčina'),(2342,'ne','cy','Nepali'),(2343,'ne','da','Nepali'),(2344,'ne','el','Νεπαλι'),(2345,'ne','eo','Nepali'),(2346,'ne','et','Nepali'),(2347,'ne','eu','Nepali'),(2348,'ne','fa','Nepali'),(2349,'ne','fi','nepali'),(2350,'ne','ga','Nepali'),(2351,'ne','he','Nepali'),(2352,'ne','hi','Nepali'),(2353,'ne','hr','Nepali'),(2354,'ne','hu','nepáli'),(2355,'ne','hy','Nepali'),(2356,'ne','id','Nepali'),(2357,'ne','is','Nepali'),(2358,'ne','it','Nepalese'),(2359,'ne','ja','ネパール語'),(2360,'ne','ko','네팔어'),(2361,'ne','ku','Nepali'),(2362,'ne','la','Nepali'),(2363,'ne','lv','Nepali'),(2364,'ne','lt','Nepali'),(2365,'ne','mk','Nepali'),(2366,'ne','mt','Nepali'),(2367,'ne','mo','Nepali'),(2368,'ne','mn','Nepali'),(2369,'ne','ne','Nepali'),(2370,'ne','nl','Nepalees'),(2371,'ne','nb','Nepali'),(2372,'ne','pa','Nepali'),(2373,'ne','pl','nepalski'),(2374,'ne','pt-pt','Nepali'),(2375,'ne','pt-br','Nepali'),(2376,'ne','qu','Nepali'),(2377,'ne','ro','Nepaleză'),(2378,'ne','ru','Непальский'),(2379,'ne','sl','Nepali'),(2380,'ne','so','Nepali'),(2381,'ne','sq','Nepali'),(2382,'ne','sr','Nepali'),(2383,'ne','sv','Nepalesiska'),(2384,'ne','ta','Nepali'),(2385,'ne','th','เนปาล'),(2386,'ne','tr','Nepal dili'),(2387,'ne','uk','Nepali'),(2388,'ne','ur','Nepali'),(2389,'ne','uz','Nepali'),(2390,'ne','vi','Nepali'),(2391,'ne','yi','Nepali'),(2392,'ne','zh-hans','尼泊尔语'),(2393,'ne','zu','Nepali'),(2394,'ne','zh-hant','尼泊爾語'),(2395,'nl','en','Dutch'),(2396,'nl','es','Holandés'),(2397,'nl','de','Holländisch'),(2398,'nl','fr','Néerlandais'),(2399,'nl','ar','الهولندية'),(2400,'nl','bs','Dutch'),(2401,'nl','bg','Dutch'),(2402,'nl','ca','Dutch'),(2403,'nl','cs','Dutch'),(2404,'nl','sk','Holandčina'),(2405,'nl','cy','Dutch'),(2406,'nl','da','Dutch'),(2407,'nl','el','Ολλανδικα'),(2408,'nl','eo','Dutch'),(2409,'nl','et','Dutch'),(2410,'nl','eu','Dutch'),(2411,'nl','fa','Dutch'),(2412,'nl','fi','hollanti'),(2413,'nl','ga','Dutch'),(2414,'nl','he','הולנדית'),(2415,'nl','hi','Dutch'),(2416,'nl','hr','Dutch'),(2417,'nl','hu','holland'),(2418,'nl','hy','Dutch'),(2419,'nl','id','Dutch'),(2420,'nl','is','Dutch'),(2421,'nl','it','Neerlandese'),(2422,'nl','ja','オランダ語'),(2423,'nl','ko','화란어'),(2424,'nl','ku','Dutch'),(2425,'nl','la','Dutch'),(2426,'nl','lv','Dutch'),(2427,'nl','lt','Dutch'),(2428,'nl','mk','Dutch'),(2429,'nl','mt','Dutch'),(2430,'nl','mo','Dutch'),(2431,'nl','mn','Dutch'),(2432,'nl','ne','Dutch'),(2433,'nl','nl','Nederlands'),(2434,'nl','nb','Dutch'),(2435,'nl','pa','Dutch'),(2436,'nl','pl','holenderski'),(2437,'nl','pt-pt','Holandês'),(2438,'nl','pt-br','Holandês'),(2439,'nl','qu','Dutch'),(2440,'nl','ro','Olaneză'),(2441,'nl','ru','Голландский'),(2442,'nl','sl','Dutch'),(2443,'nl','so','Dutch'),(2444,'nl','sq','Dutch'),(2445,'nl','sr','Dutch'),(2446,'nl','sv','Nederländska'),(2447,'nl','ta','Dutch'),(2448,'nl','th','ดัตช์'),(2449,'nl','tr','Hollandaca'),(2450,'nl','uk','Dutch'),(2451,'nl','ur','Dutch'),(2452,'nl','uz','Dutch'),(2453,'nl','vi','Dutch'),(2454,'nl','yi','Dutch'),(2455,'nl','zh-hans','荷兰语'),(2456,'nl','zu','Dutch'),(2457,'nl','zh-hant','荷蘭語'),(2458,'nb','en','Norwegian Bokmål'),(2459,'nb','es','Bokmål'),(2460,'nb','de','Norwegisch (Buchsprache)'),(2461,'nb','fr','Norvégien Bokmål'),(2462,'nb','ar','البوكمالية النرويجية'),(2463,'nb','bs','Norwegian Bokmål'),(2464,'nb','bg','Norwegian Bokmål'),(2465,'nb','ca','Norwegian Bokmål'),(2466,'nb','cs','Norwegian Bokmål'),(2467,'nb','sk','Nórsky jazyk Bokmål'),(2468,'nb','cy','Norwegian Bokmål'),(2469,'nb','da','Norwegian Bokmål'),(2470,'nb','el','Νορβηγικα'),(2471,'nb','eo','Norwegian Bokmål'),(2472,'nb','et','Norwegian Bokmål'),(2473,'nb','eu','Norwegian Bokmål'),(2474,'nb','fa','Norwegian Bokmål'),(2475,'nb','fi','kirjanorja'),(2476,'nb','ga','Norwegian Bokmål'),(2477,'nb','he','נורווגית'),(2478,'nb','hi','Norwegian Bokmål'),(2479,'nb','hr','Norwegian Bokmål'),(2480,'nb','hu','norvég bokmål'),(2481,'nb','hy','Norwegian Bokmål'),(2482,'nb','id','Norwegian Bokmål'),(2483,'nb','is','Norwegian Bokmål'),(2484,'nb','it','Norvegese Bokmål'),(2485,'nb','ja','ノルウェー・ブークモール'),(2486,'nb','ko','노르웨이 보크말어'),(2487,'nb','ku','Norwegian Bokmål'),(2488,'nb','la','Norwegian Bokmål'),(2489,'nb','lv','Norwegian Bokmål'),(2490,'nb','lt','Norwegian Bokmål'),(2491,'nb','mk','Norwegian Bokmål'),(2492,'nb','mt','Norwegian Bokmål'),(2493,'nb','mo','Norwegian Bokmål'),(2494,'nb','mn','Norwegian Bokmål'),(2495,'nb','ne','Norwegian Bokmål'),(2496,'nb','nl','Noors Bokmål'),(2497,'nb','nb','Norwegian Bokmål'),(2498,'nb','pa','Norwegian Bokmål'),(2499,'nb','pl','norweski bokmål'),(2500,'nb','pt-pt','Norueguês'),(2501,'nb','pt-br','Norueguês'),(2502,'nb','qu','Norwegian Bokmål'),(2503,'nb','ro','Bokmål (norvegiană)'),(2504,'nb','ru','Норвежский букмол'),(2505,'nb','sl','Norwegian Bokmål'),(2506,'nb','so','Norwegian Bokmål'),(2507,'nb','sq','Norwegian Bokmål'),(2508,'nb','sr','Norwegian Bokmål'),(2509,'nb','sv','Norskt Bokmål'),(2510,'nb','ta','Norwegian Bokmål'),(2511,'nb','th','นอร์วิเจียนบอกมาล'),(2512,'nb','tr','Bokmal Norveç dili'),(2513,'nb','uk','Norwegian Bokmål'),(2514,'nb','ur','Norwegian Bokmål'),(2515,'nb','uz','Norwegian Bokmål'),(2516,'nb','vi','Norwegian Bokmål'),(2517,'nb','yi','Norwegian Bokmål'),(2518,'nb','zh-hans','挪威布克莫尔语'),(2519,'nb','zu','Norwegian Bokmål'),(2520,'nb','zh-hant','挪威布克莫爾語'),(2521,'pa','en','Punjabi'),(2522,'pa','es','Panyabí'),(2523,'pa','de','Pandschabi'),(2524,'pa','fr','Panjabi'),(2525,'pa','ar','البنجابية'),(2526,'pa','bs','Punjabi'),(2527,'pa','bg','Punjabi'),(2528,'pa','ca','Punjabi'),(2529,'pa','cs','Punjabi'),(2530,'pa','sk','Pandžábčina'),(2531,'pa','cy','Punjabi'),(2532,'pa','da','Punjabi'),(2533,'pa','el','Panjabi'),(2534,'pa','eo','Punjabi'),(2535,'pa','et','Punjabi'),(2536,'pa','eu','Punjabi'),(2537,'pa','fa','Punjabi'),(2538,'pa','fi','pandzabi'),(2539,'pa','ga','Punjabi'),(2540,'pa','he','Punjabi'),(2541,'pa','hi','Punjabi'),(2542,'pa','hr','Punjabi'),(2543,'pa','hu','pandzsábi'),(2544,'pa','hy','Punjabi'),(2545,'pa','id','Punjabi'),(2546,'pa','is','Punjabi'),(2547,'pa','it','Panjabi'),(2548,'pa','ja','パンジャーブ語'),(2549,'pa','ko','펀자브어'),(2550,'pa','ku','Punjabi'),(2551,'pa','la','Punjabi'),(2552,'pa','lv','Punjabi'),(2553,'pa','lt','Punjabi'),(2554,'pa','mk','Punjabi'),(2555,'pa','mt','Punjabi'),(2556,'pa','mo','Punjabi'),(2557,'pa','mn','Punjabi'),(2558,'pa','ne','Punjabi'),(2559,'pa','nl','Punjabi'),(2560,'pa','nb','Punjabi'),(2561,'pa','pa','Punjabi'),(2562,'pa','pl','pendżabi'),(2563,'pa','pt-pt','Panjabi'),(2564,'pa','pt-br','Panjabi'),(2565,'pa','qu','Punjabi'),(2566,'pa','ro','Punjabi'),(2567,'pa','ru','Панджаби'),(2568,'pa','sl','Punjabi'),(2569,'pa','so','Punjabi'),(2570,'pa','sq','Punjabi'),(2571,'pa','sr','Punjabi'),(2572,'pa','sv','Punjabi'),(2573,'pa','ta','Punjabi'),(2574,'pa','th','ปัญจาบ'),(2575,'pa','tr','Pencapça'),(2576,'pa','uk','Punjabi'),(2577,'pa','ur','Punjabi'),(2578,'pa','uz','Punjabi'),(2579,'pa','vi','Punjabi'),(2580,'pa','yi','Punjabi'),(2581,'pa','zh-hans','旁遮普语'),(2582,'pa','zu','Punjabi'),(2583,'pa','zh-hant','旁遮普語'),(2584,'pl','en','Polish'),(2585,'pl','es','Polaco'),(2586,'pl','de','Polnisch'),(2587,'pl','fr','Polonais'),(2588,'pl','ar','البولندية'),(2589,'pl','bs','Polish'),(2590,'pl','bg','Polish'),(2591,'pl','ca','Polish'),(2592,'pl','cs','Polish'),(2593,'pl','sk','Polština'),(2594,'pl','cy','Polish'),(2595,'pl','da','Polish'),(2596,'pl','el','Πολωνικα'),(2597,'pl','eo','Polish'),(2598,'pl','et','Polish'),(2599,'pl','eu','Polish'),(2600,'pl','fa','Polish'),(2601,'pl','fi','puola'),(2602,'pl','ga','Polish'),(2603,'pl','he','פולנית'),(2604,'pl','hi','Polish'),(2605,'pl','hr','Polish'),(2606,'pl','hu','lengyel'),(2607,'pl','hy','Polish'),(2608,'pl','id','Polish'),(2609,'pl','is','Polish'),(2610,'pl','it','Polacco'),(2611,'pl','ja','ポーランド語'),(2612,'pl','ko','폴란드어'),(2613,'pl','ku','Polish'),(2614,'pl','la','Polish'),(2615,'pl','lv','Polish'),(2616,'pl','lt','Polish'),(2617,'pl','mk','Polish'),(2618,'pl','mt','Polish'),(2619,'pl','mo','Polish'),(2620,'pl','mn','Polish'),(2621,'pl','ne','Polish'),(2622,'pl','nl','Pools'),(2623,'pl','nb','Polish'),(2624,'pl','pa','Polish'),(2625,'pl','pl','polski'),(2626,'pl','pt-pt','Polonês'),(2627,'pl','pt-br','Polonês'),(2628,'pl','qu','Polish'),(2629,'pl','ro','Poloneză'),(2630,'pl','ru','Польский'),(2631,'pl','sl','Polish'),(2632,'pl','so','Polish'),(2633,'pl','sq','Polish'),(2634,'pl','sr','Polish'),(2635,'pl','sv','Polska'),(2636,'pl','ta','Polish'),(2637,'pl','th','โปแลนด์'),(2638,'pl','tr','Polonyaca'),(2639,'pl','uk','Polish'),(2640,'pl','ur','Polish'),(2641,'pl','uz','Polish'),(2642,'pl','vi','Polish'),(2643,'pl','yi','Polish'),(2644,'pl','zh-hans','波兰语'),(2645,'pl','zu','Polish'),(2646,'pl','zh-hant','波蘭語'),(2647,'pt-pt','en','Portuguese (Portugal)'),(2648,'pt-pt','es','Portugués, Portugal'),(2649,'pt-pt','de','Portugiesisch, Portugal'),(2650,'pt-pt','fr','Portugais - du Portugal'),(2651,'pt-pt','ar','البرتغالية ، البرتغال'),(2652,'pt-pt','bs','Portuguese, Portugal'),(2653,'pt-pt','bg','Portuguese, Portugal'),(2654,'pt-pt','ca','Portuguese, Portugal'),(2655,'pt-pt','cs','Portuguese, Portugal'),(2656,'pt-pt','sk','Portugalština'),(2657,'pt-pt','cy','Portuguese, Portugal'),(2658,'pt-pt','da','Portuguese, Portugal'),(2659,'pt-pt','el','Πορτογαλικα'),(2660,'pt-pt','eo','Portuguese, Portugal'),(2661,'pt-pt','et','Portuguese, Portugal'),(2662,'pt-pt','eu','Portuguese, Portugal'),(2663,'pt-pt','fa','Portuguese, Portugal'),(2664,'pt-pt','fi','portugali'),(2665,'pt-pt','ga','Portuguese, Portugal'),(2666,'pt-pt','he','פורטוגזית'),(2667,'pt-pt','hi','Portuguese, Portugal'),(2668,'pt-pt','hr','Portuguese, Portugal'),(2669,'pt-pt','hu','portugál'),(2670,'pt-pt','hy','Portuguese, Portugal'),(2671,'pt-pt','id','Portuguese, Portugal'),(2672,'pt-pt','is','Portuguese, Portugal'),(2673,'pt-pt','it','Portoghese, Portogallo'),(2674,'pt-pt','ja','ポルトガル語'),(2675,'pt-pt','ko','포르투갈 포르투갈어'),(2676,'pt-pt','ku','Portuguese, Portugal'),(2677,'pt-pt','la','Portuguese, Portugal'),(2678,'pt-pt','lv','Portuguese, Portugal'),(2679,'pt-pt','lt','Portuguese, Portugal'),(2680,'pt-pt','mk','Portuguese, Portugal'),(2681,'pt-pt','mt','Portuguese, Portugal'),(2682,'pt-pt','mo','Portuguese, Portugal'),(2683,'pt-pt','mn','Portuguese, Portugal'),(2684,'pt-pt','ne','Portuguese, Portugal'),(2685,'pt-pt','nl','Portugees, Portugal'),(2686,'pt-pt','nb','Portuguese, Portugal'),(2687,'pt-pt','pa','Portuguese, Portugal'),(2688,'pt-pt','pl','portugalski, Portugalia'),(2689,'pt-pt','pt-pt','Português'),(2690,'pt-pt','pt-br','Português'),(2691,'pt-pt','qu','Portuguese, Portugal'),(2692,'pt-pt','ro','Portugheză (Portugalia)'),(2693,'pt-pt','ru','Португальский, Португалия'),(2694,'pt-pt','sl','Portuguese, Portugal'),(2695,'pt-pt','so','Portuguese, Portugal'),(2696,'pt-pt','sq','Portuguese, Portugal'),(2697,'pt-pt','sr','Portuguese, Portugal'),(2698,'pt-pt','sv','Portugisiska, Portugal'),(2699,'pt-pt','ta','Portuguese, Portugal'),(2700,'pt-pt','th','โปรตุเกส'),(2701,'pt-pt','tr','Portekizce, Portekiz'),(2702,'pt-pt','uk','Portuguese, Portugal'),(2703,'pt-pt','ur','Portuguese, Portugal'),(2704,'pt-pt','uz','Portuguese, Portugal'),(2705,'pt-pt','vi','Portuguese, Portugal'),(2706,'pt-pt','yi','Portuguese, Portugal'),(2707,'pt-pt','zh-hans','葡萄牙语（葡萄牙）'),(2708,'pt-pt','zu','Portuguese, Portugal'),(2709,'pt-pt','zh-hant','葡萄牙語（葡萄牙）'),(2710,'pt-br','en','Portuguese (Brazil)'),(2711,'pt-br','es','Portugués, Brasil'),(2712,'pt-br','de','Portugiesisch, Brasilien'),(2713,'pt-br','fr','Portugais - du Brésil'),(2714,'pt-br','ar','البرتغالية ،البرازيل'),(2715,'pt-br','bs','Portuguese, Brazil'),(2716,'pt-br','bg','Portuguese, Brazil'),(2717,'pt-br','ca','Portuguese, Brazil'),(2718,'pt-br','cs','Portuguese, Brazil'),(2719,'pt-br','sk','Brazílska Portugalština'),(2720,'pt-br','cy','Portuguese, Brazil'),(2721,'pt-br','da','Portuguese, Brazil'),(2722,'pt-br','el','Πορτογαλικα'),(2723,'pt-br','eo','Portuguese, Brazil'),(2724,'pt-br','et','Portuguese, Brazil'),(2725,'pt-br','eu','Portuguese, Brazil'),(2726,'pt-br','fa','Portuguese, Brazil'),(2727,'pt-br','fi','Brasilian portugali'),(2728,'pt-br','ga','Portuguese, Brazil'),(2729,'pt-br','he','פורטוגזית'),(2730,'pt-br','hi','Portuguese, Brazil'),(2731,'pt-br','hr','Portuguese, Brazil'),(2732,'pt-br','hu','brazil'),(2733,'pt-br','hy','Portuguese, Brazil'),(2734,'pt-br','id','Portuguese, Brazil'),(2735,'pt-br','is','Portuguese, Brazil'),(2736,'pt-br','it','Portoghese, Brasile'),(2737,'pt-br','ja','ポルトガル語（ブラジル）'),(2738,'pt-br','ko','브라질 포르투갈어'),(2739,'pt-br','ku','Portuguese, Brazil'),(2740,'pt-br','la','Portuguese, Brazil'),(2741,'pt-br','lv','Portuguese, Brazil'),(2742,'pt-br','lt','Portuguese, Brazil'),(2743,'pt-br','mk','Portuguese, Brazil'),(2744,'pt-br','mt','Portuguese, Brazil'),(2745,'pt-br','mo','Portuguese, Brazil'),(2746,'pt-br','mn','Portuguese, Brazil'),(2747,'pt-br','ne','Portuguese, Brazil'),(2748,'pt-br','nl','Portugees, Brazilië'),(2749,'pt-br','nb','Portuguese, Brazil'),(2750,'pt-br','pa','Portuguese, Brazil'),(2751,'pt-br','pl','portugalski, Brazylia'),(2752,'pt-br','pt-pt','Português'),(2753,'pt-br','pt-br','Português'),(2754,'pt-br','qu','Portuguese, Brazil'),(2755,'pt-br','ro','Portugheză (Brazilia)'),(2756,'pt-br','ru','Португальский, Бразилия'),(2757,'pt-br','sl','Portuguese, Brazil'),(2758,'pt-br','so','Portuguese, Brazil'),(2759,'pt-br','sq','Portuguese, Brazil'),(2760,'pt-br','sr','Portuguese, Brazil'),(2761,'pt-br','sv','Portugisiska, Brasilien'),(2762,'pt-br','ta','Portuguese, Brazil'),(2763,'pt-br','th','โปรตุเกสบราซิล'),(2764,'pt-br','tr','Portekizce, Brezilya'),(2765,'pt-br','uk','Portuguese, Brazil'),(2766,'pt-br','ur','Portuguese, Brazil'),(2767,'pt-br','uz','Portuguese, Brazil'),(2768,'pt-br','vi','Portuguese, Brazil'),(2769,'pt-br','yi','Portuguese, Brazil'),(2770,'pt-br','zh-hans','葡萄牙语（巴西）'),(2771,'pt-br','zu','Portuguese, Brazil'),(2772,'pt-br','zh-hant','葡萄牙語（巴西）'),(2773,'qu','en','Quechua'),(2774,'qu','es','Quechua'),(2775,'qu','de','Quechua'),(2776,'qu','fr','Quechua'),(2777,'qu','ar','الكويتشوا'),(2778,'qu','bs','Quechua'),(2779,'qu','bg','Quechua'),(2780,'qu','ca','Quechua'),(2781,'qu','cs','Quechua'),(2782,'qu','sk','Jazyk Quechua'),(2783,'qu','cy','Quechua'),(2784,'qu','da','Quechua'),(2785,'qu','el','Κετσουα'),(2786,'qu','eo','Quechua'),(2787,'qu','et','Quechua'),(2788,'qu','eu','Quechua'),(2789,'qu','fa','Quechua'),(2790,'qu','fi','ketsua'),(2791,'qu','ga','Quechua'),(2792,'qu','he','Quechua'),(2793,'qu','hi','Quechua'),(2794,'qu','hr','Quechua'),(2795,'qu','hu','quechua'),(2796,'qu','hy','Quechua'),(2797,'qu','id','Quechua'),(2798,'qu','is','Quechua'),(2799,'qu','it','Quechua'),(2800,'qu','ja','ケチュア語'),(2801,'qu','ko','케추아어'),(2802,'qu','ku','Quechua'),(2803,'qu','la','Quechua'),(2804,'qu','lv','Quechua'),(2805,'qu','lt','Quechua'),(2806,'qu','mk','Quechua'),(2807,'qu','mt','Quechua'),(2808,'qu','mo','Quechua'),(2809,'qu','mn','Quechua'),(2810,'qu','ne','Quechua'),(2811,'qu','nl','Quechua'),(2812,'qu','nb','Quechua'),(2813,'qu','pa','Quechua'),(2814,'qu','pl','keczua'),(2815,'qu','pt-pt','Quechua'),(2816,'qu','pt-br','Quechua'),(2817,'qu','qu','Quechua'),(2818,'qu','ro','Quechuană'),(2819,'qu','ru','Кечуа'),(2820,'qu','sl','Quechua'),(2821,'qu','so','Quechua'),(2822,'qu','sq','Quechua'),(2823,'qu','sr','Quechua'),(2824,'qu','sv','Quechua'),(2825,'qu','ta','Quechua'),(2826,'qu','th','คิวชัว'),(2827,'qu','tr','Quechua dili'),(2828,'qu','uk','Quechua'),(2829,'qu','ur','Quechua'),(2830,'qu','uz','Quechua'),(2831,'qu','vi','Quechua'),(2832,'qu','yi','Quechua'),(2833,'qu','zh-hans','盖丘亚语'),(2834,'qu','zu','Quechua'),(2835,'qu','zh-hant','蓋丘亞語'),(2836,'ro','en','Romanian'),(2837,'ro','es','Rumano'),(2838,'ro','de','Rumänisch'),(2839,'ro','fr','Roumain'),(2840,'ro','ar','الرومانية'),(2841,'ro','bs','Romanian'),(2842,'ro','bg','Romanian'),(2843,'ro','ca','Romanian'),(2844,'ro','cs','Romanian'),(2845,'ro','sk','Rumunčina'),(2846,'ro','cy','Romanian'),(2847,'ro','da','Romanian'),(2848,'ro','el','Ρουμανικα'),(2849,'ro','eo','Romanian'),(2850,'ro','et','Romanian'),(2851,'ro','eu','Romanian'),(2852,'ro','fa','Romanian'),(2853,'ro','fi','romania'),(2854,'ro','ga','Romanian'),(2855,'ro','he','רומנית'),(2856,'ro','hi','Romanian'),(2857,'ro','hr','Romanian'),(2858,'ro','hu','román'),(2859,'ro','hy','Romanian'),(2860,'ro','id','Romanian'),(2861,'ro','is','Romanian'),(2862,'ro','it','Rumeno'),(2863,'ro','ja','ルーマニア語'),(2864,'ro','ko','로마니아어'),(2865,'ro','ku','Romanian'),(2866,'ro','la','Romanian'),(2867,'ro','lv','Romanian'),(2868,'ro','lt','Romanian'),(2869,'ro','mk','Romanian'),(2870,'ro','mt','Romanian'),(2871,'ro','mo','Romanian'),(2872,'ro','mn','Romanian'),(2873,'ro','ne','Romanian'),(2874,'ro','nl','Roemeens'),(2875,'ro','nb','Romanian'),(2876,'ro','pa','Romanian'),(2877,'ro','pl','rumuński'),(2878,'ro','pt-pt','Romeno'),(2879,'ro','pt-br','Romeno'),(2880,'ro','qu','Romanian'),(2881,'ro','ro','Română'),(2882,'ro','ru','Румынский'),(2883,'ro','sl','Romanian'),(2884,'ro','so','Romanian'),(2885,'ro','sq','Romanian'),(2886,'ro','sr','Romanian'),(2887,'ro','sv','Rumänska'),(2888,'ro','ta','Romanian'),(2889,'ro','th','โรมาเนีย'),(2890,'ro','tr','Rumence'),(2891,'ro','uk','Romanian'),(2892,'ro','ur','Romanian'),(2893,'ro','uz','Romanian'),(2894,'ro','vi','Romanian'),(2895,'ro','yi','Romanian'),(2896,'ro','zh-hans','罗马尼亚语'),(2897,'ro','zu','Romanian'),(2898,'ro','zh-hant','羅馬尼亞語'),(2899,'ru','en','Russian'),(2900,'ru','es','Ruso'),(2901,'ru','de','Russisch'),(2902,'ru','fr','Russe'),(2903,'ru','ar','الروسية'),(2904,'ru','bs','Russian'),(2905,'ru','bg','Russian'),(2906,'ru','ca','Russian'),(2907,'ru','cs','Russian'),(2908,'ru','sk','Ruština'),(2909,'ru','cy','Russian'),(2910,'ru','da','Russian'),(2911,'ru','el','Ρωσικα'),(2912,'ru','eo','Russian'),(2913,'ru','et','Russian'),(2914,'ru','eu','Russian'),(2915,'ru','fa','Russian'),(2916,'ru','fi','venäjä'),(2917,'ru','ga','Russian'),(2918,'ru','he','רוסית'),(2919,'ru','hi','Russian'),(2920,'ru','hr','Russian'),(2921,'ru','hu','orosz'),(2922,'ru','hy','Russian'),(2923,'ru','id','Russian'),(2924,'ru','is','Russian'),(2925,'ru','it','Russo'),(2926,'ru','ja','ロシア語'),(2927,'ru','ko','러시아어'),(2928,'ru','ku','Russian'),(2929,'ru','la','Russian'),(2930,'ru','lv','Russian'),(2931,'ru','lt','Russian'),(2932,'ru','mk','Russian'),(2933,'ru','mt','Russian'),(2934,'ru','mo','Russian'),(2935,'ru','mn','Russian'),(2936,'ru','ne','Russian'),(2937,'ru','nl','Russisch'),(2938,'ru','nb','Russian'),(2939,'ru','pa','Russian'),(2940,'ru','pl','rosyjski'),(2941,'ru','pt-pt','Russo'),(2942,'ru','pt-br','Russo'),(2943,'ru','qu','Russian'),(2944,'ru','ro','Rusă'),(2945,'ru','ru','Русский'),(2946,'ru','sl','Russian'),(2947,'ru','so','Russian'),(2948,'ru','sq','Russian'),(2949,'ru','sr','Russian'),(2950,'ru','sv','Ryska'),(2951,'ru','ta','Russian'),(2952,'ru','th','รัสเซีย'),(2953,'ru','tr','Rusça'),(2954,'ru','uk','Russian'),(2955,'ru','ur','Russian'),(2956,'ru','uz','Russian'),(2957,'ru','vi','Russian'),(2958,'ru','yi','Russian'),(2959,'ru','zh-hans','俄语'),(2960,'ru','zu','Russian'),(2961,'ru','zh-hant','俄語'),(2962,'sl','en','Slovenian'),(2963,'sl','es','Esloveno'),(2964,'sl','de','Slowenisch'),(2965,'sl','fr','Slovène'),(2966,'sl','ar','السلوفانية'),(2967,'sl','bs','Slovenian'),(2968,'sl','bg','Slovenian'),(2969,'sl','ca','Slovenian'),(2970,'sl','cs','Slovenian'),(2971,'sl','sk','Slovinčina'),(2972,'sl','cy','Slovenian'),(2973,'sl','da','Slovenian'),(2974,'sl','el','Σλοβενικα'),(2975,'sl','eo','Slovenian'),(2976,'sl','et','Slovenian'),(2977,'sl','eu','Slovenian'),(2978,'sl','fa','Slovenian'),(2979,'sl','fi','sloveeni'),(2980,'sl','ga','Slovenian'),(2981,'sl','he','Slovenian'),(2982,'sl','hi','Slovenian'),(2983,'sl','hr','Slovenian'),(2984,'sl','hu','szlovén'),(2985,'sl','hy','Slovenian'),(2986,'sl','id','Slovenian'),(2987,'sl','is','Slovenian'),(2988,'sl','it','Sloveno'),(2989,'sl','ja','スロベニア語'),(2990,'sl','ko','슬로베니아어'),(2991,'sl','ku','Slovenian'),(2992,'sl','la','Slovenian'),(2993,'sl','lv','Slovenian'),(2994,'sl','lt','Slovenian'),(2995,'sl','mk','Slovenian'),(2996,'sl','mt','Slovenian'),(2997,'sl','mo','Slovenian'),(2998,'sl','mn','Slovenian'),(2999,'sl','ne','Slovenian'),(3000,'sl','nl','Sloveens'),(3001,'sl','nb','Slovenian'),(3002,'sl','pa','Slovenian'),(3003,'sl','pl','słoweński'),(3004,'sl','pt-pt','Esloveno'),(3005,'sl','pt-br','Esloveno'),(3006,'sl','qu','Slovenian'),(3007,'sl','ro','Slovenă'),(3008,'sl','ru','Словенский'),(3009,'sl','sl','Slovenian'),(3010,'sl','so','Slovenian'),(3011,'sl','sq','Slovenian'),(3012,'sl','sr','Slovenian'),(3013,'sl','sv','Slovenska'),(3014,'sl','ta','Slovenian'),(3015,'sl','th','สโลวีเนียน'),(3016,'sl','tr','Sloven dili'),(3017,'sl','uk','Slovenian'),(3018,'sl','ur','Slovenian'),(3019,'sl','uz','Slovenian'),(3020,'sl','vi','Slovenian'),(3021,'sl','yi','Slovenian'),(3022,'sl','zh-hans','斯洛文尼亚语'),(3023,'sl','zu','Slovenian'),(3024,'sl','zh-hant','斯洛文尼亞語'),(3025,'so','en','Somali'),(3026,'so','es','Somalí'),(3027,'so','de','Somali'),(3028,'so','fr','Somali'),(3029,'so','ar','الصومالية'),(3030,'so','bs','Somali'),(3031,'so','bg','Somali'),(3032,'so','ca','Somali'),(3033,'so','cs','Somali'),(3034,'so','sk','Somálčina'),(3035,'so','cy','Somali'),(3036,'so','da','Somali'),(3037,'so','el','Somali'),(3038,'so','eo','Somali'),(3039,'so','et','Somali'),(3040,'so','eu','Somali'),(3041,'so','fa','Somali'),(3042,'so','fi','somali'),(3043,'so','ga','Somali'),(3044,'so','he','Somali'),(3045,'so','hi','Somali'),(3046,'so','hr','Somali'),(3047,'so','hu','szomáli'),(3048,'so','hy','Somali'),(3049,'so','id','Somali'),(3050,'so','is','Somali'),(3051,'so','it','Somalo'),(3052,'so','ja','ソマリ語'),(3053,'so','ko','소말리아어'),(3054,'so','ku','Somali'),(3055,'so','la','Somali'),(3056,'so','lv','Somali'),(3057,'so','lt','Somali'),(3058,'so','mk','Somali'),(3059,'so','mt','Somali'),(3060,'so','mo','Somali'),(3061,'so','mn','Somali'),(3062,'so','ne','Somali'),(3063,'so','nl','Somalisch'),(3064,'so','nb','Somali'),(3065,'so','pa','Somali'),(3066,'so','pl','somalijski'),(3067,'so','pt-pt','Somali'),(3068,'so','pt-br','Somali'),(3069,'so','qu','Somali'),(3070,'so','ro','Somaleză'),(3071,'so','ru','Сомалийский'),(3072,'so','sl','Somali'),(3073,'so','so','Somali'),(3074,'so','sq','Somali'),(3075,'so','sr','Somali'),(3076,'so','sv','Somaliska'),(3077,'so','ta','Somali'),(3078,'so','th','โซมาลี'),(3079,'so','tr','Somalice'),(3080,'so','uk','Somali'),(3081,'so','ur','Somali'),(3082,'so','uz','Somali'),(3083,'so','vi','Somali'),(3084,'so','yi','Somali'),(3085,'so','zh-hans','索马里语'),(3086,'so','zu','Somali'),(3087,'so','zh-hant','索馬里語'),(3088,'sq','en','Albanian'),(3089,'sq','es','Albanés'),(3090,'sq','de','Albanisch'),(3091,'sq','fr','Albanais'),(3092,'sq','ar','الألبانية'),(3093,'sq','bs','Albanian'),(3094,'sq','bg','Albanian'),(3095,'sq','ca','Albanian'),(3096,'sq','cs','Albanian'),(3097,'sq','sk','Albánčina'),(3098,'sq','cy','Albanian'),(3099,'sq','da','Albanian'),(3100,'sq','el','Αλβανικα'),(3101,'sq','eo','Albanian'),(3102,'sq','et','Albanian'),(3103,'sq','eu','Albanian'),(3104,'sq','fa','Albanian'),(3105,'sq','fi','albania'),(3106,'sq','ga','Albanian'),(3107,'sq','he','Albanian'),(3108,'sq','hi','Albanian'),(3109,'sq','hr','Albanian'),(3110,'sq','hu','albán'),(3111,'sq','hy','Albanian'),(3112,'sq','id','Albanian'),(3113,'sq','is','Albanian'),(3114,'sq','it','Albanese'),(3115,'sq','ja','アルバニア語'),(3116,'sq','ko','알바니아어'),(3117,'sq','ku','Albanian'),(3118,'sq','la','Albanian'),(3119,'sq','lv','Albanian'),(3120,'sq','lt','Albanian'),(3121,'sq','mk','Albanian'),(3122,'sq','mt','Albanian'),(3123,'sq','mo','Albanian'),(3124,'sq','mn','Albanian'),(3125,'sq','ne','Albanian'),(3126,'sq','nl','Albaans'),(3127,'sq','nb','Albanian'),(3128,'sq','pa','Albanian'),(3129,'sq','pl','albański'),(3130,'sq','pt-pt','Albanês'),(3131,'sq','pt-br','Albanês'),(3132,'sq','qu','Albanian'),(3133,'sq','ro','Albaneză'),(3134,'sq','ru','Албанский'),(3135,'sq','sl','Albanian'),(3136,'sq','so','Albanian'),(3137,'sq','sq','Albanian'),(3138,'sq','sr','Albanian'),(3139,'sq','sv','Albanska'),(3140,'sq','ta','Albanian'),(3141,'sq','th','อัลเบเนีย'),(3142,'sq','tr','Arnavutça'),(3143,'sq','uk','Albanian'),(3144,'sq','ur','Albanian'),(3145,'sq','uz','Albanian'),(3146,'sq','vi','Albanian'),(3147,'sq','yi','Albanian'),(3148,'sq','zh-hans','阿尔巴尼亚语'),(3149,'sq','zu','Albanian'),(3150,'sq','zh-hant','阿爾巴尼亞語'),(3151,'sr','en','Serbian'),(3152,'sr','es','Serbio'),(3153,'sr','de','Serbisch'),(3154,'sr','fr','Serbe'),(3155,'sr','ar','الصربية'),(3156,'sr','bs','Serbian'),(3157,'sr','bg','Serbian'),(3158,'sr','ca','Serbian'),(3159,'sr','cs','Serbian'),(3160,'sr','sk','Srbština'),(3161,'sr','cy','Serbian'),(3162,'sr','da','Serbian'),(3163,'sr','el','Σερβικα'),(3164,'sr','eo','Serbian'),(3165,'sr','et','Serbian'),(3166,'sr','eu','Serbian'),(3167,'sr','fa','Serbian'),(3168,'sr','fi','serbia'),(3169,'sr','ga','Serbian'),(3170,'sr','he','Serbian'),(3171,'sr','hi','Serbian'),(3172,'sr','hr','Serbian'),(3173,'sr','hu','szerb'),(3174,'sr','hy','Serbian'),(3175,'sr','id','Serbian'),(3176,'sr','is','Serbian'),(3177,'sr','it','Serbo'),(3178,'sr','ja','セルビア語'),(3179,'sr','ko','세르비아어'),(3180,'sr','ku','Serbian'),(3181,'sr','la','Serbian'),(3182,'sr','lv','Serbian'),(3183,'sr','lt','Serbian'),(3184,'sr','mk','Serbian'),(3185,'sr','mt','Serbian'),(3186,'sr','mo','Serbian'),(3187,'sr','mn','Serbian'),(3188,'sr','ne','Serbian'),(3189,'sr','nl','Servisch'),(3190,'sr','nb','Serbian'),(3191,'sr','pa','Serbian'),(3192,'sr','pl','serbski'),(3193,'sr','pt-pt','Sérvio'),(3194,'sr','pt-br','Sérvio'),(3195,'sr','qu','Serbian'),(3196,'sr','ro','Sârbă'),(3197,'sr','ru','Сербский'),(3198,'sr','sl','Serbian'),(3199,'sr','so','Serbian'),(3200,'sr','sq','Serbian'),(3201,'sr','sr','Serbian'),(3202,'sr','sv','Serbiska'),(3203,'sr','ta','Serbian'),(3204,'sr','th','เซอร์เบีย'),(3205,'sr','tr','Sırpça'),(3206,'sr','uk','Serbian'),(3207,'sr','ur','Serbian'),(3208,'sr','uz','Serbian'),(3209,'sr','vi','Serbian'),(3210,'sr','yi','Serbian'),(3211,'sr','zh-hans','赛尔维亚语'),(3212,'sr','zu','Serbian'),(3213,'sr','zh-hant','賽爾維亞語'),(3214,'sv','en','Swedish'),(3215,'sv','es','Sueco'),(3216,'sv','de','Schwedisch'),(3217,'sv','fr','Suédois'),(3218,'sv','ar','السويدية'),(3219,'sv','bs','Swedish'),(3220,'sv','bg','Swedish'),(3221,'sv','ca','Swedish'),(3222,'sv','cs','Swedish'),(3223,'sv','sk','Švédština'),(3224,'sv','cy','Swedish'),(3225,'sv','da','Swedish'),(3226,'sv','el','Σουηδικη'),(3227,'sv','eo','Swedish'),(3228,'sv','et','Swedish'),(3229,'sv','eu','Swedish'),(3230,'sv','fa','Swedish'),(3231,'sv','fi','ruotsi'),(3232,'sv','ga','Swedish'),(3233,'sv','he','שוודית'),(3234,'sv','hi','Swedish'),(3235,'sv','hr','Swedish'),(3236,'sv','hu','svéd'),(3237,'sv','hy','Swedish'),(3238,'sv','id','Swedish'),(3239,'sv','is','Swedish'),(3240,'sv','it','Svedese'),(3241,'sv','ja','スウェーデン語'),(3242,'sv','ko','스웨덴어'),(3243,'sv','ku','Swedish'),(3244,'sv','la','Swedish'),(3245,'sv','lv','Swedish'),(3246,'sv','lt','Swedish'),(3247,'sv','mk','Swedish'),(3248,'sv','mt','Swedish'),(3249,'sv','mo','Swedish'),(3250,'sv','mn','Swedish'),(3251,'sv','ne','Swedish'),(3252,'sv','nl','Zweeds'),(3253,'sv','nb','Swedish'),(3254,'sv','pa','Swedish'),(3255,'sv','pl','szwedzki'),(3256,'sv','pt-pt','Sueco'),(3257,'sv','pt-br','Sueco'),(3258,'sv','qu','Swedish'),(3259,'sv','ro','Suedeză'),(3260,'sv','ru','Шведский'),(3261,'sv','sl','Swedish'),(3262,'sv','so','Swedish'),(3263,'sv','sq','Swedish'),(3264,'sv','sr','Swedish'),(3265,'sv','sv','Svenska'),(3266,'sv','ta','Swedish'),(3267,'sv','th','สวีเดน'),(3268,'sv','tr','İsveççe'),(3269,'sv','uk','Swedish'),(3270,'sv','ur','Swedish'),(3271,'sv','uz','Swedish'),(3272,'sv','vi','Swedish'),(3273,'sv','yi','Swedish'),(3274,'sv','zh-hans','瑞典语'),(3275,'sv','zu','Swedish'),(3276,'sv','zh-hant','瑞典語'),(3277,'ta','en','Tamil'),(3278,'ta','es','Tamil'),(3279,'ta','de','Tamil'),(3280,'ta','fr','Tamoul'),(3281,'ta','ar','التاميلية'),(3282,'ta','bs','Tamil'),(3283,'ta','bg','Tamil'),(3284,'ta','ca','Tamil'),(3285,'ta','cs','Tamil'),(3286,'ta','sk','Tamilčina'),(3287,'ta','cy','Tamil'),(3288,'ta','da','Tamil'),(3289,'ta','el','Ταμιλ'),(3290,'ta','eo','Tamil'),(3291,'ta','et','Tamil'),(3292,'ta','eu','Tamil'),(3293,'ta','fa','Tamil'),(3294,'ta','fi','tamili'),(3295,'ta','ga','Tamil'),(3296,'ta','he','Tamil'),(3297,'ta','hi','Tamil'),(3298,'ta','hr','Tamil'),(3299,'ta','hu','tamil'),(3300,'ta','hy','Tamil'),(3301,'ta','id','Tamil'),(3302,'ta','is','Tamil'),(3303,'ta','it','Tamil'),(3304,'ta','ja','タミル語'),(3305,'ta','ko','타밀어'),(3306,'ta','ku','Tamil'),(3307,'ta','la','Tamil'),(3308,'ta','lv','Tamil'),(3309,'ta','lt','Tamil'),(3310,'ta','mk','Tamil'),(3311,'ta','mt','Tamil'),(3312,'ta','mo','Tamil'),(3313,'ta','mn','Tamil'),(3314,'ta','ne','Tamil'),(3315,'ta','nl','Tamil'),(3316,'ta','nb','Tamil'),(3317,'ta','pa','Tamil'),(3318,'ta','pl','tamilski'),(3319,'ta','pt-pt','Tamil'),(3320,'ta','pt-br','Tamil'),(3321,'ta','qu','Tamil'),(3322,'ta','ro','Tamilă'),(3323,'ta','ru','Тамильский'),(3324,'ta','sl','Tamil'),(3325,'ta','so','Tamil'),(3326,'ta','sq','Tamil'),(3327,'ta','sr','Tamil'),(3328,'ta','sv','Tamil'),(3329,'ta','ta','Tamil'),(3330,'ta','th','ทมิฬ'),(3331,'ta','tr','Tamil dili'),(3332,'ta','uk','Tamil'),(3333,'ta','ur','Tamil'),(3334,'ta','uz','Tamil'),(3335,'ta','vi','Tamil'),(3336,'ta','yi','Tamil'),(3337,'ta','zh-hans','泰米尔语'),(3338,'ta','zu','Tamil'),(3339,'ta','zh-hant','泰米爾語'),(3340,'th','en','Thai'),(3341,'th','es','Tailandés'),(3342,'th','de','Thai'),(3343,'th','fr','Thaï'),(3344,'th','ar','التايلندية'),(3345,'th','bs','Thai'),(3346,'th','bg','Thai'),(3347,'th','ca','Thai'),(3348,'th','cs','Thai'),(3349,'th','sk','Thajština'),(3350,'th','cy','Thai'),(3351,'th','da','Thai'),(3352,'th','el','Thai'),(3353,'th','eo','Thai'),(3354,'th','et','Thai'),(3355,'th','eu','Thai'),(3356,'th','fa','Thai'),(3357,'th','fi','thai'),(3358,'th','ga','Thai'),(3359,'th','he','Thai'),(3360,'th','hi','Thai'),(3361,'th','hr','Thai'),(3362,'th','hu','tájföldi'),(3363,'th','hy','Thai'),(3364,'th','id','Thai'),(3365,'th','is','Thai'),(3366,'th','it','Thai'),(3367,'th','ja','タイ語'),(3368,'th','ko','태국어'),(3369,'th','ku','Thai'),(3370,'th','la','Thai'),(3371,'th','lv','Thai'),(3372,'th','lt','Thai'),(3373,'th','mk','Thai'),(3374,'th','mt','Thai'),(3375,'th','mo','Thai'),(3376,'th','mn','Thai'),(3377,'th','ne','Thai'),(3378,'th','nl','Thai'),(3379,'th','nb','Thai'),(3380,'th','pa','Thai'),(3381,'th','pl','tajski'),(3382,'th','pt-pt','Tailandês'),(3383,'th','pt-br','Tailandês'),(3384,'th','qu','Thai'),(3385,'th','ro','Tailandeză'),(3386,'th','ru','Тайский'),(3387,'th','sl','Thai'),(3388,'th','so','Thai'),(3389,'th','sq','Thai'),(3390,'th','sr','Thai'),(3391,'th','sv','Thailändska'),(3392,'th','ta','Thai'),(3393,'th','th','ไทย'),(3394,'th','tr','Tayca'),(3395,'th','uk','Thai'),(3396,'th','ur','Thai'),(3397,'th','uz','Thai'),(3398,'th','vi','Thai'),(3399,'th','yi','Thai'),(3400,'th','zh-hans','泰语'),(3401,'th','zu','Thai'),(3402,'th','zh-hant','泰語'),(3403,'tr','en','Turkish'),(3404,'tr','es','Turco'),(3405,'tr','de','Türkisch'),(3406,'tr','fr','Turc'),(3407,'tr','ar','التركية'),(3408,'tr','bs','Turkish'),(3409,'tr','bg','Turkish'),(3410,'tr','ca','Turkish'),(3411,'tr','cs','Turkish'),(3412,'tr','sk','Turečtina'),(3413,'tr','cy','Turkish'),(3414,'tr','da','Turkish'),(3415,'tr','el','Τουρκικα'),(3416,'tr','eo','Turkish'),(3417,'tr','et','Turkish'),(3418,'tr','eu','Turkish'),(3419,'tr','fa','Turkish'),(3420,'tr','fi','turkki'),(3421,'tr','ga','Turkish'),(3422,'tr','he','תורכית'),(3423,'tr','hi','Turkish'),(3424,'tr','hr','Turkish'),(3425,'tr','hu','török'),(3426,'tr','hy','Turkish'),(3427,'tr','id','Turkish'),(3428,'tr','is','Turkish'),(3429,'tr','it','Turco'),(3430,'tr','ja','トルコ語'),(3431,'tr','ko','터어키어'),(3432,'tr','ku','Turkish'),(3433,'tr','la','Turkish'),(3434,'tr','lv','Turkish'),(3435,'tr','lt','Turkish'),(3436,'tr','mk','Turkish'),(3437,'tr','mt','Turkish'),(3438,'tr','mo','Turkish'),(3439,'tr','mn','Turkish'),(3440,'tr','ne','Turkish'),(3441,'tr','nl','Turks'),(3442,'tr','nb','Turkish'),(3443,'tr','pa','Turkish'),(3444,'tr','pl','turecki'),(3445,'tr','pt-pt','Turco'),(3446,'tr','pt-br','Turco'),(3447,'tr','qu','Turkish'),(3448,'tr','ro','Turcă'),(3449,'tr','ru','Турецкий'),(3450,'tr','sl','Turkish'),(3451,'tr','so','Turkish'),(3452,'tr','sq','Turkish'),(3453,'tr','sr','Turkish'),(3454,'tr','sv','Turkiska'),(3455,'tr','ta','Turkish'),(3456,'tr','th','ตุรกี'),(3457,'tr','tr','Türkçe'),(3458,'tr','uk','Turkish'),(3459,'tr','ur','Turkish'),(3460,'tr','uz','Turkish'),(3461,'tr','vi','Turkish'),(3462,'tr','yi','Turkish'),(3463,'tr','zh-hans','土耳其语'),(3464,'tr','zu','Turkish'),(3465,'tr','zh-hant','土耳其語'),(3466,'uk','en','Ukrainian'),(3467,'uk','es','Ucraniano'),(3468,'uk','de','Ukrainisch'),(3469,'uk','fr','Ukrainien'),(3470,'uk','ar','الأوكرانية'),(3471,'uk','bs','Ukrainian'),(3472,'uk','bg','Ukrainian'),(3473,'uk','ca','Ukrainian'),(3474,'uk','cs','Ukrainian'),(3475,'uk','sk','Ukrajinčina'),(3476,'uk','cy','Ukrainian'),(3477,'uk','da','Ukrainian'),(3478,'uk','el','Ουκρανικα'),(3479,'uk','eo','Ukrainian'),(3480,'uk','et','Ukrainian'),(3481,'uk','eu','Ukrainian'),(3482,'uk','fa','Ukrainian'),(3483,'uk','fi','ukraina'),(3484,'uk','ga','Ukrainian'),(3485,'uk','he','Ukrainian'),(3486,'uk','hi','Ukrainian'),(3487,'uk','hr','Ukrainian'),(3488,'uk','hu','ukrán'),(3489,'uk','hy','Ukrainian'),(3490,'uk','id','Ukrainian'),(3491,'uk','is','Ukrainian'),(3492,'uk','it','Ucraino'),(3493,'uk','ja','ウクライナ語'),(3494,'uk','ko','우크라이나어'),(3495,'uk','ku','Ukrainian'),(3496,'uk','la','Ukrainian'),(3497,'uk','lv','Ukrainian'),(3498,'uk','lt','Ukrainian'),(3499,'uk','mk','Ukrainian'),(3500,'uk','mt','Ukrainian'),(3501,'uk','mo','Ukrainian'),(3502,'uk','mn','Ukrainian'),(3503,'uk','ne','Ukrainian'),(3504,'uk','nl','Oekraïens'),(3505,'uk','nb','Ukrainian'),(3506,'uk','pa','Ukrainian'),(3507,'uk','pl','ukraiński'),(3508,'uk','pt-pt','Ucraniano'),(3509,'uk','pt-br','Ucraniano'),(3510,'uk','qu','Ukrainian'),(3511,'uk','ro','Ucrainiană'),(3512,'uk','ru','Украинский'),(3513,'uk','sl','Ukrainian'),(3514,'uk','so','Ukrainian'),(3515,'uk','sq','Ukrainian'),(3516,'uk','sr','Ukrainian'),(3517,'uk','sv','Ukrainska'),(3518,'uk','ta','Ukrainian'),(3519,'uk','th','ยูเครน'),(3520,'uk','tr','Ukraynaca'),(3521,'uk','uk','Ukrainian'),(3522,'uk','ur','Ukrainian'),(3523,'uk','uz','Ukrainian'),(3524,'uk','vi','Ukrainian'),(3525,'uk','yi','Ukrainian'),(3526,'uk','zh-hans','乌克兰语'),(3527,'uk','zu','Ukrainian'),(3528,'uk','zh-hant','烏克蘭語'),(3529,'ur','en','Urdu'),(3530,'ur','es','Urdu'),(3531,'ur','de','Urdu'),(3532,'ur','fr','Ourdu'),(3533,'ur','ar','الأردية'),(3534,'ur','bs','Urdu'),(3535,'ur','bg','Urdu'),(3536,'ur','ca','Urdu'),(3537,'ur','cs','Urdu'),(3538,'ur','sk','Urdština'),(3539,'ur','cy','Urdu'),(3540,'ur','da','Urdu'),(3541,'ur','el','Ουρντου'),(3542,'ur','eo','Urdu'),(3543,'ur','et','Urdu'),(3544,'ur','eu','Urdu'),(3545,'ur','fa','Urdu'),(3546,'ur','fi','urdu'),(3547,'ur','ga','Urdu'),(3548,'ur','he','Urdu'),(3549,'ur','hi','Urdu'),(3550,'ur','hr','Urdu'),(3551,'ur','hu','urdu'),(3552,'ur','hy','Urdu'),(3553,'ur','id','Urdu'),(3554,'ur','is','Urdu'),(3555,'ur','it','Urdu'),(3556,'ur','ja','ウルドゥー語'),(3557,'ur','ko','우르두어'),(3558,'ur','ku','Urdu'),(3559,'ur','la','Urdu'),(3560,'ur','lv','Urdu'),(3561,'ur','lt','Urdu'),(3562,'ur','mk','Urdu'),(3563,'ur','mt','Urdu'),(3564,'ur','mo','Urdu'),(3565,'ur','mn','Urdu'),(3566,'ur','ne','Urdu'),(3567,'ur','nl','Urdu'),(3568,'ur','nb','Urdu'),(3569,'ur','pa','Urdu'),(3570,'ur','pl','urdu'),(3571,'ur','pt-pt','Urdu'),(3572,'ur','pt-br','Urdu'),(3573,'ur','qu','Urdu'),(3574,'ur','ro','Urdu'),(3575,'ur','ru','Урду'),(3576,'ur','sl','Urdu'),(3577,'ur','so','Urdu'),(3578,'ur','sq','Urdu'),(3579,'ur','sr','Urdu'),(3580,'ur','sv','Urdu'),(3581,'ur','ta','Urdu'),(3582,'ur','th','อุรดู'),(3583,'ur','tr','Urduca'),(3584,'ur','uk','Urdu'),(3585,'ur','ur','Urdu'),(3586,'ur','uz','Urdu'),(3587,'ur','vi','Urdu'),(3588,'ur','yi','Urdu'),(3589,'ur','zh-hans','乌尔都语'),(3590,'ur','zu','Urdu'),(3591,'ur','zh-hant','烏爾都語'),(3592,'uz','en','Uzbek'),(3593,'uz','es','Uzbeko'),(3594,'uz','de','Usbekisch'),(3595,'uz','fr','Ouzbek'),(3596,'uz','ar','الاوزباكية'),(3597,'uz','bs','Uzbek'),(3598,'uz','bg','Uzbek'),(3599,'uz','ca','Uzbek'),(3600,'uz','cs','Uzbek'),(3601,'uz','sk','Uzbekčina'),(3602,'uz','cy','Uzbek'),(3603,'uz','da','Uzbek'),(3604,'uz','el','Ουζμπεκικα'),(3605,'uz','eo','Uzbek'),(3606,'uz','et','Uzbek'),(3607,'uz','eu','Uzbek'),(3608,'uz','fa','Uzbek'),(3609,'uz','fi','uzbekki'),(3610,'uz','ga','Uzbek'),(3611,'uz','he','Uzbek'),(3612,'uz','hi','Uzbek'),(3613,'uz','hr','Uzbek'),(3614,'uz','hu','üzbég'),(3615,'uz','hy','Uzbek'),(3616,'uz','id','Uzbek'),(3617,'uz','is','Uzbek'),(3618,'uz','it','Uzbeco'),(3619,'uz','ja','ウズベク語'),(3620,'uz','ko','우즈베크어'),(3621,'uz','ku','Uzbek'),(3622,'uz','la','Uzbek'),(3623,'uz','lv','Uzbek'),(3624,'uz','lt','Uzbek'),(3625,'uz','mk','Uzbek'),(3626,'uz','mt','Uzbek'),(3627,'uz','mo','Uzbek'),(3628,'uz','mn','Uzbek'),(3629,'uz','ne','Uzbek'),(3630,'uz','nl','Oezbeeks'),(3631,'uz','nb','Uzbek'),(3632,'uz','pa','Uzbek'),(3633,'uz','pl','uzbecki'),(3634,'uz','pt-pt','Uzbeque'),(3635,'uz','pt-br','Uzbeque'),(3636,'uz','qu','Uzbek'),(3637,'uz','ro','Uzbecă'),(3638,'uz','ru','Узбекский'),(3639,'uz','sl','Uzbek'),(3640,'uz','so','Uzbek'),(3641,'uz','sq','Uzbek'),(3642,'uz','sr','Uzbek'),(3643,'uz','sv','Uzbekiska'),(3644,'uz','ta','Uzbek'),(3645,'uz','th','อุซเบก'),(3646,'uz','tr','Özbekçe'),(3647,'uz','uk','Uzbek'),(3648,'uz','ur','Uzbek'),(3649,'uz','uz','Uzbek'),(3650,'uz','vi','Uzbek'),(3651,'uz','yi','Uzbek'),(3652,'uz','zh-hans','乌兹别克语'),(3653,'uz','zu','Uzbek'),(3654,'uz','zh-hant','烏茲別克語'),(3655,'vi','en','Vietnamese'),(3656,'vi','es','Vietnamita'),(3657,'vi','de','Vietnamesisch'),(3658,'vi','fr','Vietnamien'),(3659,'vi','ar','الفيتنامية'),(3660,'vi','bs','Vietnamese'),(3661,'vi','bg','Vietnamese'),(3662,'vi','ca','Vietnamese'),(3663,'vi','cs','Vietnamese'),(3664,'vi','sk','Vietnamčina'),(3665,'vi','cy','Vietnamese'),(3666,'vi','da','Vietnamese'),(3667,'vi','el','Βιετναμεζικα'),(3668,'vi','eo','Vietnamese'),(3669,'vi','et','Vietnamese'),(3670,'vi','eu','Vietnamese'),(3671,'vi','fa','Vietnamese'),(3672,'vi','fi','vietnam'),(3673,'vi','ga','Vietnamese'),(3674,'vi','he','Vietnamese'),(3675,'vi','hi','Vietnamese'),(3676,'vi','hr','Vietnamese'),(3677,'vi','hu','vietnámi'),(3678,'vi','hy','Vietnamese'),(3679,'vi','id','Vietnamese'),(3680,'vi','is','Vietnamese'),(3681,'vi','it','Vietnamita'),(3682,'vi','ja','ベトナム語'),(3683,'vi','ko','베트남어'),(3684,'vi','ku','Vietnamese'),(3685,'vi','la','Vietnamese'),(3686,'vi','lv','Vietnamese'),(3687,'vi','lt','Vietnamese'),(3688,'vi','mk','Vietnamese'),(3689,'vi','mt','Vietnamese'),(3690,'vi','mo','Vietnamese'),(3691,'vi','mn','Vietnamese'),(3692,'vi','ne','Vietnamese'),(3693,'vi','nl','Vietnamees'),(3694,'vi','nb','Vietnamese'),(3695,'vi','pa','Vietnamese'),(3696,'vi','pl','wietnamski'),(3697,'vi','pt-pt','Vietnamita'),(3698,'vi','pt-br','Vietnamita'),(3699,'vi','qu','Vietnamese'),(3700,'vi','ro','Vietnameză'),(3701,'vi','ru','Вьетнамский'),(3702,'vi','sl','Vietnamese'),(3703,'vi','so','Vietnamese'),(3704,'vi','sq','Vietnamese'),(3705,'vi','sr','Vietnamese'),(3706,'vi','sv','Vietnamesiska'),(3707,'vi','ta','Vietnamese'),(3708,'vi','th','เวียดนาม'),(3709,'vi','tr','Vietnamca'),(3710,'vi','uk','Vietnamese'),(3711,'vi','ur','Vietnamese'),(3712,'vi','uz','Vietnamese'),(3713,'vi','vi','Vietnamese'),(3714,'vi','yi','Vietnamese'),(3715,'vi','zh-hans','越南语'),(3716,'vi','zu','Vietnamese'),(3717,'vi','zh-hant','越南語'),(3718,'yi','en','Yiddish'),(3719,'yi','es','Yidis'),(3720,'yi','de','Jiddisch'),(3721,'yi','fr','Yiddish'),(3722,'yi','ar','اليديشية'),(3723,'yi','bs','Yiddish'),(3724,'yi','bg','Yiddish'),(3725,'yi','ca','Yiddish'),(3726,'yi','cs','Yiddish'),(3727,'yi','sk','Jidiš'),(3728,'yi','cy','Yiddish'),(3729,'yi','da','Yiddish'),(3730,'yi','el','Γιντις'),(3731,'yi','eo','Yiddish'),(3732,'yi','et','Yiddish'),(3733,'yi','eu','Yiddish'),(3734,'yi','fa','Yiddish'),(3735,'yi','fi','jiddi'),(3736,'yi','ga','Yiddish'),(3737,'yi','he','יידיש'),(3738,'yi','hi','Yiddish'),(3739,'yi','hr','Yiddish'),(3740,'yi','hu','jiddis'),(3741,'yi','hy','Yiddish'),(3742,'yi','id','Yiddish'),(3743,'yi','is','Yiddish'),(3744,'yi','it','Yiddish'),(3745,'yi','ja','イディッシュ語'),(3746,'yi','ko','이디시어'),(3747,'yi','ku','Yiddish'),(3748,'yi','la','Yiddish'),(3749,'yi','lv','Yiddish'),(3750,'yi','lt','Yiddish'),(3751,'yi','mk','Yiddish'),(3752,'yi','mt','Yiddish'),(3753,'yi','mo','Yiddish'),(3754,'yi','mn','Yiddish'),(3755,'yi','ne','Yiddish'),(3756,'yi','nl','Jiddisch'),(3757,'yi','nb','Yiddish'),(3758,'yi','pa','Yiddish'),(3759,'yi','pl','jidysz'),(3760,'yi','pt-pt','Yiddish'),(3761,'yi','pt-br','Yiddish'),(3762,'yi','qu','Yiddish'),(3763,'yi','ro','Idiş'),(3764,'yi','ru','Идиш'),(3765,'yi','sl','Yiddish'),(3766,'yi','so','Yiddish'),(3767,'yi','sq','Yiddish'),(3768,'yi','sr','Yiddish'),(3769,'yi','sv','Jiddisch'),(3770,'yi','ta','Yiddish'),(3771,'yi','th','ยิชดิช'),(3772,'yi','tr','Eski İbranice'),(3773,'yi','uk','Yiddish'),(3774,'yi','ur','Yiddish'),(3775,'yi','uz','Yiddish'),(3776,'yi','vi','Yiddish'),(3777,'yi','yi','Yiddish'),(3778,'yi','zh-hans','依地语'),(3779,'yi','zu','Yiddish'),(3780,'yi','zh-hant','依地語'),(3781,'zh-hans','en','Chinese (Simplified)'),(3782,'zh-hans','es','Chino simplificado'),(3783,'zh-hans','de','Vereinfachtes Chinesisch'),(3784,'zh-hans','fr','Chinois simplifié'),(3785,'zh-hans','ar','الصينية المبسطة'),(3786,'zh-hans','bs','Chinese (Simplified)'),(3787,'zh-hans','bg','Chinese (Simplified)'),(3788,'zh-hans','ca','Chinese (Simplified)'),(3789,'zh-hans','cs','Chinese (Simplified)'),(3790,'zh-hans','sk','Zjednodušená Čínština'),(3791,'zh-hans','cy','Chinese (Simplified)'),(3792,'zh-hans','da','Chinese (Simplified)'),(3793,'zh-hans','el','Κινεζικα'),(3794,'zh-hans','eo','Chinese (Simplified)'),(3795,'zh-hans','et','Chinese (Simplified)'),(3796,'zh-hans','eu','Chinese (Simplified)'),(3797,'zh-hans','fa','Chinese (Simplified)'),(3798,'zh-hans','fi','kiina'),(3799,'zh-hans','ga','Chinese (Simplified)'),(3800,'zh-hans','he','סינית'),(3801,'zh-hans','hi','Chinese (Simplified)'),(3802,'zh-hans','hr','Chinese (Simplified)'),(3803,'zh-hans','hu','egyszerűsített kínai'),(3804,'zh-hans','hy','Chinese (Simplified)'),(3805,'zh-hans','id','Chinese (Simplified)'),(3806,'zh-hans','is','Chinese (Simplified)'),(3807,'zh-hans','it','Cinese semplificato'),(3808,'zh-hans','ja','簡体中国語'),(3809,'zh-hans','ko','중국어 간체'),(3810,'zh-hans','ku','Chinese (Simplified)'),(3811,'zh-hans','la','Chinese (Simplified)'),(3812,'zh-hans','lv','Chinese (Simplified)'),(3813,'zh-hans','lt','Chinese (Simplified)'),(3814,'zh-hans','mk','Chinese (Simplified)'),(3815,'zh-hans','mt','Chinese (Simplified)'),(3816,'zh-hans','mo','Chinese (Simplified)'),(3817,'zh-hans','mn','Chinese (Simplified)'),(3818,'zh-hans','ne','Chinese (Simplified)'),(3819,'zh-hans','nl','Vereenvoudigd Chinees'),(3820,'zh-hans','nb','Chinese (Simplified)'),(3821,'zh-hans','pa','Chinese (Simplified)'),(3822,'zh-hans','pl','chiński uproszczony'),(3823,'zh-hans','pt-pt','Chinês'),(3824,'zh-hans','pt-br','Chinês'),(3825,'zh-hans','qu','Chinese (Simplified)'),(3826,'zh-hans','ro','Chineza simplificată'),(3827,'zh-hans','ru','Упрощенный китайский'),(3828,'zh-hans','sl','Chinese (Simplified)'),(3829,'zh-hans','so','Chinese (Simplified)'),(3830,'zh-hans','sq','Chinese (Simplified)'),(3831,'zh-hans','sr','Chinese (Simplified)'),(3832,'zh-hans','sv','Förenklad kinesiska'),(3833,'zh-hans','ta','Chinese (Simplified)'),(3834,'zh-hans','th','จีนประยุกต์'),(3835,'zh-hans','tr','Modern Çince'),(3836,'zh-hans','uk','Chinese (Simplified)'),(3837,'zh-hans','ur','Chinese (Simplified)'),(3838,'zh-hans','uz','Chinese (Simplified)'),(3839,'zh-hans','vi','Chinese (Simplified)'),(3840,'zh-hans','yi','Chinese (Simplified)'),(3841,'zh-hans','zh-hans','简体中文'),(3842,'zh-hans','zu','Chinese (Simplified)'),(3843,'zh-hans','zh-hant','簡體中文'),(3844,'zu','en','Zulu'),(3845,'zu','es','Zulú'),(3846,'zu','de','Zulu'),(3847,'zu','fr','Zoulou'),(3848,'zu','ar','الزولو'),(3849,'zu','bs','Zulu'),(3850,'zu','bg','Zulu'),(3851,'zu','ca','Zulu'),(3852,'zu','cs','Zulu'),(3853,'zu','sk','Jazyk Zulu'),(3854,'zu','cy','Zulu'),(3855,'zu','da','Zulu'),(3856,'zu','el','Ζουλου'),(3857,'zu','eo','Zulu'),(3858,'zu','et','Zulu'),(3859,'zu','eu','Zulu'),(3860,'zu','fa','Zulu'),(3861,'zu','fi','zulu'),(3862,'zu','ga','Zulu'),(3863,'zu','he','Zulu'),(3864,'zu','hi','Zulu'),(3865,'zu','hr','Zulu'),(3866,'zu','hu','zulu'),(3867,'zu','hy','Zulu'),(3868,'zu','id','Zulu'),(3869,'zu','is','Zulu'),(3870,'zu','it','Zulu'),(3871,'zu','ja','ズールー語'),(3872,'zu','ko','줄루어'),(3873,'zu','ku','Zulu'),(3874,'zu','la','Zulu'),(3875,'zu','lv','Zulu'),(3876,'zu','lt','Zulu'),(3877,'zu','mk','Zulu'),(3878,'zu','mt','Zulu'),(3879,'zu','mo','Zulu'),(3880,'zu','mn','Zulu'),(3881,'zu','ne','Zulu'),(3882,'zu','nl','Zulu'),(3883,'zu','nb','Zulu'),(3884,'zu','pa','Zulu'),(3885,'zu','pl','zuluski'),(3886,'zu','pt-pt','Zulu'),(3887,'zu','pt-br','Zulu'),(3888,'zu','qu','Zulu'),(3889,'zu','ro','Zulu'),(3890,'zu','ru','Зулу'),(3891,'zu','sl','Zulu'),(3892,'zu','so','Zulu'),(3893,'zu','sq','Zulu'),(3894,'zu','sr','Zulu'),(3895,'zu','sv','Zulu'),(3896,'zu','ta','Zulu'),(3897,'zu','th','ซูลู'),(3898,'zu','tr','Zulu dili'),(3899,'zu','uk','Zulu'),(3900,'zu','ur','Zulu'),(3901,'zu','uz','Zulu'),(3902,'zu','vi','Zulu'),(3903,'zu','yi','Zulu'),(3904,'zu','zh-hans','祖鲁语'),(3905,'zu','zu','Zulu'),(3906,'zu','zh-hant','祖魯語'),(3907,'zh-hant','en','Chinese (Traditional)'),(3908,'zh-hant','es','Chino tradicional'),(3909,'zh-hant','de','Traditionelles Chinesisch'),(3910,'zh-hant','fr','Chinois traditionnel'),(3911,'zh-hant','ar','الصينية التقليدية'),(3912,'zh-hant','bs','Chinese (Traditional)'),(3913,'zh-hant','bg','Chinese (Traditional)'),(3914,'zh-hant','ca','Chinese (Traditional)'),(3915,'zh-hant','cs','Chinese (Traditional)'),(3916,'zh-hant','sk','Tradičná Čínština'),(3917,'zh-hant','cy','Chinese (Traditional)'),(3918,'zh-hant','da','Chinese (Traditional)'),(3919,'zh-hant','el','Κινεζικα'),(3920,'zh-hant','eo','Chinese (Traditional)'),(3921,'zh-hant','et','Chinese (Traditional)'),(3922,'zh-hant','eu','Chinese (Traditional)'),(3923,'zh-hant','fa','Chinese (Traditional)'),(3924,'zh-hant','fi','perinteinen kiina'),(3925,'zh-hant','ga','Chinese (Traditional)'),(3926,'zh-hant','he','סינית מסורתית'),(3927,'zh-hant','hi','Chinese (Traditional)'),(3928,'zh-hant','hr','Chinese (Traditional)'),(3929,'zh-hant','hu','hagyományos kínai'),(3930,'zh-hant','hy','Chinese (Traditional)'),(3931,'zh-hant','id','Chinese (Traditional)'),(3932,'zh-hant','is','Chinese (Traditional)'),(3933,'zh-hant','it','Cinese tradizionale'),(3934,'zh-hant','ja','繁体中国語'),(3935,'zh-hant','ko','중국어 번체'),(3936,'zh-hant','ku','Chinese (Traditional)'),(3937,'zh-hant','la','Chinese (Traditional)'),(3938,'zh-hant','lv','Chinese (Traditional)'),(3939,'zh-hant','lt','Chinese (Traditional)'),(3940,'zh-hant','mk','Chinese (Traditional)'),(3941,'zh-hant','mt','Chinese (Traditional)'),(3942,'zh-hant','mo','Chinese (Traditional)'),(3943,'zh-hant','mn','Chinese (Traditional)'),(3944,'zh-hant','ne','Chinese (Traditional)'),(3945,'zh-hant','nl','Traditioneel Chinees'),(3946,'zh-hant','nb','Chinese (Traditional)'),(3947,'zh-hant','pa','Chinese (Traditional)'),(3948,'zh-hant','pl','chiński tradycyjny'),(3949,'zh-hant','pt-pt','Chinês'),(3950,'zh-hant','pt-br','Chinês'),(3951,'zh-hant','qu','Chinese (Traditional)'),(3952,'zh-hant','ro','Chineza tradiţională'),(3953,'zh-hant','ru','Традиционный китайский'),(3954,'zh-hant','sl','Chinese (Traditional)'),(3955,'zh-hant','so','Chinese (Traditional)'),(3956,'zh-hant','sq','Chinese (Traditional)'),(3957,'zh-hant','sr','Chinese (Traditional)'),(3958,'zh-hant','sv','Traditionell kinesiska'),(3959,'zh-hant','ta','Chinese (Traditional)'),(3960,'zh-hant','th','จีนดั้งเดิม'),(3961,'zh-hant','tr','Klasik Çince'),(3962,'zh-hant','uk','Chinese (Traditional)'),(3963,'zh-hant','ur','Chinese (Traditional)'),(3964,'zh-hant','uz','Chinese (Traditional)'),(3965,'zh-hant','vi','Chinese (Traditional)'),(3966,'zh-hant','yi','Chinese (Traditional)'),(3967,'zh-hant','zh-hans','繁体中文'),(3968,'zh-hant','zu','Chinese (Traditional)'),(3969,'zh-hant','zh-hant','繁體中文');

--
