-- Table structure for table `pre3303_search_word`
--

CREATE TABLE `pre3303_search_word` (
  `id_word` int(10) unsigned NOT NULL AUTO_INCREMENT,
  `id_shop` int(11) unsigned NOT NULL DEFAULT '1',
  `id_lang` int(10) unsigned NOT NULL,
  `word` varchar(15) NOT NULL,
  PRIMARY KEY (`id_word`),
  UNIQUE KEY `id_lang` (`id_lang`,`id_shop`,`word`)
) ENGINE=InnoDB AUTO_INCREMENT=111365 DEFAULT CHARSET=utf8;

--
-- Dumping data for table `pre3303_search_word`
--

INSERT INTO `pre3303_search_word` VALUES (92892,2,1,'100'),(93619,2,1,'100x100cm'),(97302,2,1,'100x45cm'),(62552,2,1,'100x70cm'),(97530,2,1,'100x81cm'),(93455,2,1,'103'),(93454,2,1,'103x198cm'),(93206,2,1,'105'),(93205,2,1,'105x75cm'),(94652,2,1,'106'),(94650,2,1,'106x73cm'),(93226,2,1,'107'),(93640,2,1,'109'),(93036,2,1,'110'),(94597,2,1,'110x75cm'),(94100,2,1,'110x81m'),(97157,2,1,'111'),(97156,2,1,'111x71cm'),(62885,2,1,'114'),(62884,2,1,'114x146cm'),(94472,2,1,'116'),(62486,2,1,'116x89cm'),(94471,2,1,'116x89m'),(93273,2,1,'120'),(62597,2,1,'120x140cm'),(95410,2,1,'120x40x40x40cm'),(93272,2,1,'120x80cm'),(93680,2,1,'122'),(45952,2,1,'12a'),(46120,2,1,'12b'),(97361,2,1,'12c'),(97385,2,1,'12d'),(97409,2,1,'12e'),(93397,2,1,'12x12cm'),(93164,2,1,'130'),(97460,2,1,'130x'),(93679,2,1,'130x122'),(93755,2,1,'130x195cm'),(95355,2,1,'130x89cm'),(93163,2,1,'130x97cm'),(95292,2,1,'138'),(62598,2,1,'140'),(97115,2,1,'143'),(94074,2,1,'145'),(96887,2,1,'146'),(95332,2,1,'161'),(95330,2,1,'161x60cm'),(65886,2,1,'162'),(65885,2,1,'162x114cm'),(94571,2,1,'165'),(107190,2,1,'165x200cm'),(94570,2,1,'165x85cm'),(93528,2,1,'16x16cm'),(95603,2,1,'175'),(93035,2,1,'180'),(94447,2,1,'180x180cm'),(93481,2,1,'180x94cm'),(93756,2,1,'195'),(93456,2,1,'198'),(107191,2,1,'200'),(96288,2,1,'2000'),(95356,2,1,'2004'),(96187,2,1,'2005'),(96266,2,1,'2006'),(95331,2,1,'2010'),(96124,2,1,'2012'),(93034,2,1,'2014'),(92944,2,1,'2015'),(92894,2,1,'2016'),(92992,2,1,'2017'),(93660,2,1,'2018'),(93552,2,1,'20x20cm'),(64294,2,1,'210'),(97489,2,1,'215'),(97488,2,1,'215x295cm'),(97363,2,1,'220'),(97362,2,1,'220x30cm'),(96287,2,1,'23x15cm'),(95895,2,1,'265'),(65397,2,1,'26x36cm'),(93225,2,1,'27x107cm'),(95853,2,1,'27x74cm'),(95120,2,1,'295'),(97510,2,1,'295x295cm'),(96409,2,1,'305'),(92889,2,1,'3052'),(96407,2,1,'305x23'),(92913,2,1,'3071'),(94680,2,1,'30cm'),(94022,2,1,'30x100cm'),(95598,2,1,'30x175cm'),(94294,2,1,'30x30cm'),(94155,2,1,'30x40m'),(96226,2,1,'30x46cm'),(96186,2,1,'30x47cm'),(95593,2,1,'310'),(95119,2,1,'325'),(94236,2,1,'32x48m'),(93575,2,1,'33x24cm'),(96244,2,1,'33x25cm'),(96265,2,1,'34x14cm'),(104528,2,1,'350g'),(104524,2,1,'350gr'),(94263,2,1,'35x50cm'),(96528,2,1,'36x26cm'),(93659,2,1,'37x48'),(92939,2,1,'3818'),(92972,2,1,'3820'),(61481,2,1,'3836'),(61498,2,1,'3846'),(108822,2,1,'38x105cm'),(92991,2,1,'3955'),(93011,2,1,'3957'),(93033,2,1,'4026'),(93047,2,1,'4028'),(93070,2,1,'4030'),(93093,2,1,'4034'),(93116,2,1,'4039'),(61663,2,1,'4059'),(92914,2,1,'40x60cm'),(66486,2,1,'41x295cm'),(93144,2,1,'41x33cm'),(62852,2,1,'41x50cm'),(61680,2,1,'4214'),(94704,2,1,'42x14cm'),(93142,2,1,'4487'),(93439,2,1,'44x66cm'),(93162,2,1,'4588'),(93639,2,1,'45x109cm'),(94073,2,1,'45x145cm'),(62467,2,1,'46x38m'),(96311,2,1,'47x30cm'),(96084,2,1,'47x60cm'),(61719,2,1,'4830'),(93183,2,1,'4832'),(93204,2,1,'4837'),(93224,2,1,'4843'),(93247,2,1,'4847'),(96166,2,1,'485'),(61825,2,1,'4853'),(96165,2,1,'485x33cm'),(93270,2,1,'4890'),(93298,2,1,'4892'),(93325,2,1,'4896'),(61930,2,1,'4898'),(95934,2,1,'48x60cm'),(61954,2,1,'4910'),(93351,2,1,'4917'),(93373,2,1,'4919'),(93394,2,1,'4921'),(93415,2,1,'4923'),(93436,2,1,'4925'),(93452,2,1,'4927'),(93480,2,1,'4929'),(93503,2,1,'4931'),(93527,2,1,'4933'),(94923,2,1,'495'),(93551,2,1,'4959'),(93574,2,1,'4963'),(93597,2,1,'4979'),(95916,2,1,'505'),(95915,2,1,'505x65cm'),(94048,2,1,'50x17cm'),(97597,2,1,'50x50cm'),(94129,2,1,'50x70m'),(64364,2,1,'510'),(62173,2,1,'5149'),(62193,2,1,'5151'),(93618,2,1,'5154'),(62233,2,1,'5155'),(96390,2,1,'51x49cm'),(95006,2,1,'525'),(97072,2,1,'52x265x23cm'),(95505,2,1,'53x73cm'),(95459,2,1,'53x74cm'),(93638,2,1,'5432'),(93656,2,1,'5436'),(93678,2,1,'5440'),(93705,2,1,'5442'),(95549,2,1,'54x73cm'),(93731,2,1,'5578'),(93754,2,1,'5580'),(93779,2,1,'5582'),(97114,2,1,'55x143cm'),(92943,2,1,'55x89cm'),(93805,2,1,'5902'),(93831,2,1,'5903'),(62466,2,1,'5905'),(94293,2,1,'5909'),(62508,2,1,'5911'),(62529,2,1,'5944'),(62551,2,1,'5945'),(62574,2,1,'5956'),(62596,2,1,'5975'),(93860,2,1,'5977'),(93880,2,1,'5980'),(93899,2,1,'5982'),(62680,2,1,'5983'),(93923,2,1,'5988'),(93950,2,1,'5993'),(93976,2,1,'5994'),(94002,2,1,'5995'),(96627,2,1,'600'),(96101,2,1,'60x26cm'),(96123,2,1,'60x35cm'),(104525,2,1,'60x40cm'),(96044,2,1,'60x47cm'),(96020,2,1,'60x48cm'),(96916,2,1,'60x72cm'),(95630,2,1,'610'),(94047,2,1,'6129'),(94072,2,1,'6130'),(94098,2,1,'6133'),(94127,2,1,'6134'),(94154,2,1,'6135'),(94181,2,1,'6136'),(94208,2,1,'6137'),(94235,2,1,'6138'),(94262,2,1,'6139'),(94292,2,1,'6141'),(94311,2,1,'6142'),(94333,2,1,'6143'),(94355,2,1,'6144'),(94377,2,1,'6145'),(94399,2,1,'6146'),(94421,2,1,'6147'),(94446,2,1,'6148'),(94470,2,1,'6149'),(94494,2,1,'6150'),(94521,2,1,'6151'),(94546,2,1,'6152'),(94569,2,1,'6153'),(94594,2,1,'6154'),(94622,2,1,'6155'),(94649,2,1,'6156'),(94676,2,1,'6158'),(94701,2,1,'6162'),(94737,2,1,'6163'),(94775,2,1,'6164'),(94815,2,1,'6165'),(94852,2,1,'6166'),(94888,2,1,'6167'),(94920,2,1,'6168'),(94948,2,1,'6169'),(94977,2,1,'6170'),(95005,2,1,'6171'),(95038,2,1,'6172'),(95066,2,1,'6173'),(95092,2,1,'6174'),(95118,2,1,'6175'),(95147,2,1,'6176'),(95181,2,1,'6177'),(95207,2,1,'6178'),(95235,2,1,'6179'),(95263,2,1,'6180'),(95291,2,1,'6187'),(95999,2,1,'61x47cm'),(95328,2,1,'6203'),(95354,2,1,'6204'),(95380,2,1,'6205'),(95407,2,1,'6206'),(95435,2,1,'6207'),(95458,2,1,'6209'),(95484,2,1,'6210'),(95504,2,1,'6213'),(95526,2,1,'6214'),(95548,2,1,'6215'),(95573,2,1,'6216'),(95594,2,1,'6219'),(95631,2,1,'6221'),(95668,2,1,'6222'),(95704,2,1,'6226'),(95741,2,1,'6228'),(95778,2,1,'6229'),(95816,2,1,'6231'),(95852,2,1,'6232'),(95873,2,1,'6233'),(95893,2,1,'6234'),(95914,2,1,'6235'),(95933,2,1,'6236'),(95954,2,1,'6237'),(95975,2,1,'6238'),(95998,2,1,'6239'),(96019,2,1,'6241'),(96043,2,1,'6242'),(96063,2,1,'6243'),(96083,2,1,'6244'),(96100,2,1,'6245'),(96122,2,1,'6246'),(96142,2,1,'6248'),(96164,2,1,'6249'),(95007,2,1,'625'),(96185,2,1,'6250'),(96207,2,1,'6251'),(96225,2,1,'6252'),(96243,2,1,'6253'),(96264,2,1,'6254'),(96286,2,1,'6255'),(96310,2,1,'6256'),(96326,2,1,'6257'),(96350,2,1,'6258'),(96369,2,1,'6259'),(96389,2,1,'6260'),(96405,2,1,'6261'),(96435,2,1,'6262'),(96465,2,1,'6263'),(96495,2,1,'6264'),(96527,2,1,'6266'),(96552,2,1,'6267'),(96577,2,1,'6268'),(96601,2,1,'6269'),(96625,2,1,'6271'),(96653,2,1,'6272'),(96683,2,1,'6273'),(96711,2,1,'6276'),(96739,2,1,'6277'),(96767,2,1,'6278'),(96796,2,1,'6279'),(96826,2,1,'6281'),(96855,2,1,'6282'),(96885,2,1,'6283'),(96915,2,1,'6302'),(96931,2,1,'6303'),(96951,2,1,'6306'),(96973,2,1,'6307'),(96999,2,1,'6308'),(97024,2,1,'6309'),(97048,2,1,'6310'),(97070,2,1,'6311'),(97094,2,1,'6312'),(97435,2,1,'6334'),(97459,2,1,'6335'),(97487,2,1,'6336'),(97509,2,1,'6338'),(97528,2,1,'6339'),(97550,2,1,'6340'),(97573,2,1,'6341'),(97596,2,1,'6342'),(107276,2,1,'6346'),(111348,2,1,'6350'),(105904,2,1,'6357'),(107189,2,1,'6362'),(111308,2,1,'6363'),(111284,2,1,'6366'),(107336,2,1,'6381'),(107164,2,1,'6382'),(107324,2,1,'6386'),(107301,2,1,'6387'),(108819,2,1,'6388'),(95208,2,1,'645'),(97135,2,1,'65x110cm'),(93928,2,1,'65x50cm'),(97263,2,1,'65x81cm'),(97095,2,1,'65x90x30'),(94949,2,1,'695'),(97049,2,1,'70x100cm'),(108242,2,1,'70x50cm'),(93807,2,1,'70x70cm'),(95667,2,1,'710'),(95438,2,1,'735'),(95437,2,1,'735x89cm'),(97282,2,1,'73x100cm'),(95894,2,1,'73x265cm'),(95874,2,1,'73x27cm'),(95485,2,1,'73x53cm'),(96331,2,1,'73x53m'),(95574,2,1,'73x54cm'),(94522,2,1,'73x60cm'),(62509,2,1,'73x60m'),(96932,2,1,'75x110cm'),(96370,2,1,'75x30cm'),(95527,2,1,'75x55cm'),(97343,2,1,'75x65cm'),(97322,2,1,'76x146cm'),(96626,2,1,'76x58cm'),(61681,2,1,'78x60'),(94890,2,1,'80x61'),(96952,2,1,'80x80cm'),(64714,2,1,'810'),(97461,2,1,'81cm'),(95815,2,1,'910'),(94547,2,1,'92x73cm'),(93248,2,1,'94x85'),(105875,2,1,'95x120cm'),(96886,2,1,'97x146cm'),(111309,2,1,'97x162cm'),(94443,2,1,'above'),(93048,2,1,'acrylique'),(107232,2,1,'addiction'),(92945,2,1,'aerosol'),(93393,2,1,'age'),(93571,2,1,'aiguiser'),(93451,2,1,'ailleurs'),(94947,2,1,'alice'),(96624,2,1,'alive'),(96950,2,1,'alone'),(94885,2,1,'amadeo'),(93676,2,1,'ame'),(92947,2,1,'americaine'),(97507,2,1,'and'),(61822,2,1,'annabelle'),(94699,2,1,'anonyme'),(94518,2,1,'another'),(95436,2,1,'aquarelle'),(111282,2,1,'aquatic'),(94593,2,1,'arabica'),(93550,2,1,'art'),(62231,2,1,'artic'),(95148,2,1,'artiste'),(93658,2,1,'assemblage'),(62527,2,1,'atlantic'),(95002,2,1,'attente'),(97069,2,1,'augmente'),(94001,2,1,'avenue'),(96682,2,1,'away'),(93450,2,1,'baisers'),(97594,2,1,'bandes'),(96953,2,1,'bas'),(94678,2,1,'batterie'),(96526,2,1,'beggining'),(94493,2,1,'between'),(95290,2,1,'bis'),(96368,2,1,'black'),(65396,2,1,'blanc'),(95482,2,1,'bleu'),(95525,2,1,'blue'),(96998,2,1,'blues'),(93051,2,1,'bois'),(97071,2,1,'boite'),(97433,2,1,'bom'),(92886,2,1,'bona'),(108817,2,1,'bonnes'),(93449,2,1,'bons'),(94520,2,1,'born'),(93549,2,1,'boss'),(97434,2,1,'bousier'),(93926,2,1,'box'),(96263,2,1,'bruns'),(93435,2,1,'bugs'),(95352,2,1,'bus'),(62171,2,1,'but'),(94099,2,1,'cadre'),(97092,2,1,'cage'),(92946,2,1,'caisse'),(93323,2,1,'cara'),(94887,2,1,'cardoso'),(92915,2,1,'carton'),(92911,2,1,'cent'),(93729,2,1,'certain'),(95572,2,1,'ceruleum'),(105874,2,1,'chroma'),(61479,2,1,'citizen'),(65884,2,1,'city'),(95913,2,1,'clouds'),(93396,2,1,'collage'),(93139,2,1,'corps'),(97050,2,1,'crayon'),(96163,2,1,'crossing'),(96206,2,1,'crossroads'),(105873,2,1,'crown'),(107188,2,1,'crush'),(111283,2,1,'dance'),(96972,2,1,'dark'),(92942,2,1,'date'),(94519,2,1,'day'),(97506,2,1,'death'),(93502,2,1,'debat'),(96327,2,1,'decoupe'),(93324,2,1,'delevingne'),(62549,2,1,'dernier'),(93395,2,1,'dessin'),(95892,2,1,'diagonal'),(94679,2,1,'diametre'),(95180,2,1,'diane'),(94702,2,1,'diptyque'),(92938,2,1,'dire'),(97508,2,1,'disaster'),(93530,2,1,'disponibles'),(93321,2,1,'doll'),(93295,2,1,'don'),(97093,2,1,'doree'),(95004,2,1,'doute'),(62679,2,1,'dreams'),(66485,2,1,'elegant'),(93617,2,1,'elephant'),(44160,2,1,'elysee'),(94651,2,1,'encadre'),(94128,2,1,'encadrement'),(92973,2,1,'encre'),(65615,2,1,'entrelacs'),(65641,2,1,'entrevoir'),(61480,2,1,'erased'),(95003,2,1,'espoir'),(96406,2,1,'estampe'),(93703,2,1,'etais'),(93655,2,1,'etait'),(104523,2,1,'etching'),(94621,2,1,'ethiopia'),(108820,2,1,'etui'),(95091,2,1,'eugene'),(93654,2,1,'evazesir'),(96882,2,1,'everythings'),(95597,2,1,'exemplaires'),(93350,2,1,'explorer'),(95409,2,1,'faces'),(95037,2,1,'fernand'),(93246,2,1,'feu'),(94698,2,1,'fige'),(93504,2,1,'figures'),(107335,2,1,'filles'),(93921,2,1,'five'),(61927,2,1,'flame'),(107163,2,1,'flow'),(96795,2,1,'focus'),(96914,2,1,'folded'),(61661,2,1,'forever'),(96328,2,1,'forme'),(61928,2,1,'frieda'),(95433,2,1,'from'),(94290,2,1,'froquet'),(94677,2,1,'fut'),(111307,2,1,'galactika'),(62855,2,1,'gauche'),(96551,2,1,'gens'),(95206,2,1,'georges'),(107187,2,1,'gold'),(62483,2,1,'golden'),(104518,2,1,'gottfried'),(93501,2,1,'grand'),(108821,2,1,'guitard'),(26742,2,1,'hausse'),(96330,2,1,'haute'),(95434,2,1,'helicopter'),(92910,2,1,'herard'),(93269,2,1,'hill'),(97068,2,1,'homme'),(94648,2,1,'honduras'),(94568,2,1,'hoturu'),(93753,2,1,'iconicara'),(95547,2,1,'iii'),(93297,2,1,'imany'),(62465,2,1,'innocence'),(93437,2,1,'installation'),(94697,2,1,'instant'),(96710,2,1,'intense'),(95289,2,1,'itineraire'),(107209,2,1,'ivresse'),(26704,2,1,'jka'),(93245,2,1,'jouer'),(93948,2,1,'juniper'),(96525,2,1,'just'),(94596,2,1,'jute'),(93266,2,1,'killing'),(105871,2,1,'kool'),(105872,2,1,'koor'),(93049,2,1,'kraft'),(62484,2,1,'lady'),(95353,2,1,'lane'),(93525,2,1,'langue'),(96825,2,1,'large'),(93268,2,1,'lauryn'),(97527,2,1,'lek'),(94976,2,1,'leontine'),(93878,2,1,'let'),(93529,2,1,'lettres'),(93031,2,1,'levalet'),(92888,2,1,'life'),(93143,2,1,'lin'),(94445,2,1,'line'),(104436,2,1,'lithoonline'),(94919,2,1,'louise'),(97022,2,1,'magic'),(108818,2,1,'manieres'),(93975,2,1,'mariposa'),(93050,2,1,'maroufle'),(66484,2,1,'masque'),(26733,2,1,'maude'),(62192,2,1,'mcqueen'),(93925,2,1,'mdf'),(93353,2,1,'media'),(93924,2,1,'medium'),(94851,2,1,'melancolie'),(93596,2,1,'melo'),(96576,2,1,'melody'),(93141,2,1,'ment'),(93479,2,1,'mesure'),(96738,2,1,'methode'),(97548,2,1,'middle'),(104520,2,1,'midtown'),(61953,2,1,'minded'),(92935,2,1,'miss'),(93352,2,1,'mixed'),(92891,2,1,'mixte'),(92969,2,1,'moi'),(97023,2,1,'monkey'),(62232,2,1,'monkeys'),(62573,2,1,'monroe'),(94922,2,1,'montage'),(94813,2,1,'morceaux'),(104522,2,1,'museum'),(93877,2,1,'never'),(95326,2,1,'new'),(95432,2,1,'night'),(94675,2,1,'nocturama'),(65395,2,1,'noir'),(93572,2,1,'nos'),(93674,2,1,'nostalgie'),(97549,2,1,'nowhere'),(104521,2,1,'numerique'),(95596,2,1,'numerote'),(104527,2,1,'numerotee'),(44161,2,1,'octobre'),(95599,2,1,'oeuvre'),(93032,2,1,'off'),(93704,2,1,'oiseau'),(61952,2,1,'open'),(97595,2,1,'organisees'),(93806,2,1,'original'),(96766,2,1,'originel'),(93372,2,1,'ours'),(96883,2,1,'out'),(95595,2,1,'palissade'),(93271,2,1,'panneau'),(93354,2,1,'paper'),(92993,2,1,'papier'),(96329,2,1,'partie'),(93322,2,1,'parts'),(92968,2,1,'passe'),(96408,2,1,'pastel'),(94469,2,1,'patriarch'),(97047,2,1,'paves'),(93371,2,1,'peau'),(94889,2,1,'peint'),(94703,2,1,'peinte'),(94921,2,1,'peinture'),(93677,2,1,'perdue'),(93637,2,1,'phagotrophie'),(92909,2,1,'philippe'),(95329,2,1,'photo'),(95411,2,1,'photographie'),(93573,2,1,'pinceaux'),(61929,2,1,'pinto'),(95601,2,1,'pochoir'),(93922,2,1,'points'),(94000,2,1,'ponce'),(93777,2,1,'pop'),(96997,2,1,'puma'),(95379,2,1,'puzzle'),(62572,2,1,'real'),(96242,2,1,'red'),(96121,2,1,'redtouch'),(95234,2,1,'regard'),(93140,2,1,'regime'),(95600,2,1,'rehaussee'),(96042,2,1,'riverside'),(94289,2,1,'romain'),(93730,2,1,'romance'),(62507,2,1,'royal'),(94595,2,1,'sac'),(62170,2,1,'sad'),(104519,2,1,'salzmann'),(97529,2,1,'scotch'),(95408,2,1,'sculpture'),(92970,2,1,'sel'),(94814,2,1,'serie'),(61824,2,1,'seve'),(96082,2,1,'shadows'),(93296,2,1,'shy'),(92941,2,1,'signe'),(104526,2,1,'signee'),(93526,2,1,'signes'),(93859,2,1,'skin'),(93267,2,1,'softly'),(96600,2,1,'somnium'),(95117,2,1,'souliers'),(94886,2,1,'souza'),(94291,2,1,'sparkling'),(97021,2,1,'splash'),(95503,2,1,'square'),(93778,2,1,'star'),(62528,2,1,'station'),(96794,2,1,'stay'),(62191,2,1,'steve'),(96652,2,1,'story'),(93949,2,1,'street'),(96388,2,1,'stripes'),(65883,2,1,'summer'),(95065,2,1,'suzanne'),(92937,2,1,'taire'),(62550,2,1,'tango'),(61823,2,1,'tattu'),(93453,2,1,'tech'),(92890,2,1,'technique'),(104435,2,1,'test'),(94444,2,1,'the'),(96884,2,1,'there'),(94545,2,1,'thing'),(65512,2,1,'this'),(92936,2,1,'tic'),(62595,2,1,'tiger'),(65513,2,1,'time'),(95502,2,1,'times'),(93203,2,1,'titre'),(92912,2,1,'titres'),(92893,2,1,'toile'),(92940,2,1,'tole'),(96224,2,1,'touch'),(65773,2,1,'tradition'),(95406,2,1,'triangle'),(62172,2,1,'true'),(95483,2,1,'turquoise'),(93857,2,1,'under'),(93675,2,1,'une'),(95602,2,1,'unique'),(61497,2,1,'utero'),(96824,2,1,'vent'),(93595,2,1,'venus'),(93657,2,1,'vernis'),(93927,2,1,'verre'),(92971,2,1,'vie'),(94700,2,1,'vii'),(61926,2,1,'viola'),(96223,2,1,'violet'),(93438,2,1,'vitrine'),(96854,2,1,'volute'),(92887,2,1,'weight'),(95912,2,1,'white'),(94544,2,1,'wild'),(107162,2,1,'with'),(95327,2,1,'york'),(93879,2,1,'you'),(61662,2,1,'young'),(93858,2,1,'your'),(102078,4,1,'100'),(104070,4,1,'100x70cm'),(103837,4,1,'102'),(98010,4,1,'105'),(14252,4,1,'10x5cm'),(98145,4,1,'110'),(104102,4,1,'110x75cm'),(101418,4,1,'121'),(101160,4,1,'12ex'),(102392,4,1,'133'),(98926,4,1,'140'),(98924,4,1,'140ex'),(102378,4,1,'148'),(99511,4,1,'14x14x5cm'),(98655,4,1,'150'),(98654,4,1,'150ex'),(108945,4,1,'15exemplaires'),(14281,4,1,'1633ex'),(102100,4,1,'173'),(100592,4,1,'183'),(99436,4,1,'1849'),(100510,4,1,'18x18cm'),(98467,4,1,'192'),(99316,4,1,'1920'),(102600,4,1,'1986'),(102678,4,1,'1988'),(14253,4,1,'1990'),(100595,4,1,'1993'),(100589,4,1,'1993bouchon'),(99262,4,1,'200'),(102217,4,1,'2001'),(100190,4,1,'2007'),(98925,4,1,'2008'),(102099,4,1,'2009'),(99261,4,1,'200ex'),(98776,4,1,'2010'),(102450,4,1,'2011'),(103047,4,1,'2013'),(97646,4,1,'2014'),(97628,4,1,'2015'),(98373,4,1,'2016'),(98435,4,1,'2017'),(109811,4,1,'2018'),(103433,4,1,'2018papier'),(108897,4,1,'2019'),(12485,4,1,'2020'),(99993,4,1,'20ex'),(99732,4,1,'20x20cm'),(100758,4,1,'20x24cm'),(102480,4,1,'20x30cm'),(99733,4,1,'21x21cm'),(102718,4,1,'21x27cm'),(98465,4,1,'21x63cm'),(102051,4,1,'2240x30cm'),(99466,4,1,'22x10x5cm'),(98232,4,1,'22x16cm'),(98902,4,1,'240g'),(100476,4,1,'24x18cm'),(100917,4,1,'24x30cm'),(99652,4,1,'24x32cm'),(98303,4,1,'250'),(98304,4,1,'250g'),(97619,4,1,'2546'),(97644,4,1,'2547'),(97673,4,1,'2574'),(97706,4,1,'2576'),(97737,4,1,'2577'),(97767,4,1,'2578'),(97799,4,1,'2579'),(97831,4,1,'2580'),(97862,4,1,'2582'),(97896,4,1,'2583'),(97927,4,1,'2585'),(97961,4,1,'2586'),(97998,4,1,'2587'),(98064,4,1,'2588'),(98099,4,1,'2589'),(98130,4,1,'2590'),(100757,4,1,'25ex'),(102347,4,1,'25x20cm'),(102228,4,1,'25x25cm'),(99398,4,1,'2650'),(97630,4,1,'270'),(98229,4,1,'2703'),(98252,4,1,'2705'),(97623,4,1,'270g'),(104316,4,1,'270gformat'),(102346,4,1,'270gr'),(104317,4,1,'275x345cm'),(98274,4,1,'2763'),(99689,4,1,'27x21cm'),(98299,4,1,'2844'),(108946,4,1,'297'),(98369,4,1,'2977'),(98466,4,1,'300'),(100189,4,1,'300ex'),(107049,4,1,'300g'),(108899,4,1,'305'),(98402,4,1,'3096'),(98433,4,1,'3097'),(99964,4,1,'30x30cm'),(101098,4,1,'30x40cm'),(99615,4,1,'310g'),(103435,4,1,'320'),(101642,4,1,'325'),(98460,4,1,'3310'),(98533,4,1,'33ex'),(16240,4,1,'33exemplaires'),(98722,4,1,'33x25cm'),(98984,4,1,'345'),(99559,4,1,'34x27cm'),(98564,4,1,'350'),(98691,4,1,'350ex'),(98376,4,1,'350g'),(104257,4,1,'350gr'),(99616,4,1,'35x22cm'),(98499,4,1,'3661'),(98532,4,1,'3662'),(103788,4,1,'36x46cm'),(102146,4,1,'375'),(101986,4,1,'375ex'),(110290,4,1,'38x19x10cm'),(103838,4,1,'38x43cm'),(98563,4,1,'3966'),(12125,4,1,'3974'),(98587,4,1,'3980'),(98616,4,1,'3982'),(98648,4,1,'3996'),(100287,4,1,'400'),(98690,4,1,'4000'),(98720,4,1,'4008'),(100286,4,1,'400ex'),(102375,4,1,'400g'),(98747,4,1,'4010'),(98774,4,1,'4016'),(98800,4,1,'4070'),(98832,4,1,'4072'),(98864,4,1,'4074'),(98899,4,1,'4082'),(99054,4,1,'40ex'),(101672,4,1,'40th'),(100887,4,1,'40x30'),(99317,4,1,'40x30cm'),(99053,4,1,'40x50cm'),(98923,4,1,'4118'),(98951,4,1,'4287'),(98978,4,1,'4298'),(109932,4,1,'42x19x10cm'),(98253,4,1,'42x20cm'),(99015,4,1,'4320'),(101834,4,1,'435x28x1cm'),(101880,4,1,'43x31'),(102019,4,1,'43x60cm'),(101703,4,1,'445'),(69569,4,1,'4474'),(99052,4,1,'4475'),(98980,4,1,'44x34cm'),(98588,4,1,'450'),(98617,4,1,'450ex'),(102125,4,1,'455'),(109955,4,1,'45x19x10cm'),(103662,4,1,'45x30cm'),(109987,4,1,'46x19x10cm'),(101328,4,1,'46x46cm'),(101922,4,1,'46x61'),(100659,4,1,'46x61cm'),(99080,4,1,'4742'),(99104,4,1,'4744'),(99130,4,1,'4746'),(99156,4,1,'4748'),(101217,4,1,'475ex'),(99198,4,1,'4793'),(99225,4,1,'4795'),(99259,4,1,'4858'),(99288,4,1,'4860'),(99315,4,1,'4872'),(99341,4,1,'4874'),(99369,4,1,'4878'),(99396,4,1,'4883'),(99433,4,1,'4885'),(99464,4,1,'4944'),(99486,4,1,'4947'),(99509,4,1,'4950'),(109929,4,1,'4983'),(99558,4,1,'4987'),(98749,4,1,'500'),(100162,4,1,'500ex'),(99586,4,1,'5031'),(99613,4,1,'5049'),(99651,4,1,'5057'),(99688,4,1,'5058'),(102447,4,1,'50cm'),(103664,4,1,'50eme'),(99081,4,1,'50ex'),(103766,4,1,'50x33cm'),(102079,4,1,'50x40'),(101899,4,1,'50x50'),(99935,4,1,'50x50cm'),(99399,4,1,'50x66cm'),(98372,4,1,'50x70'),(109005,4,1,'50x70cm'),(99342,4,1,'50x75cm'),(99731,4,1,'5113'),(99762,4,1,'5140'),(99790,4,1,'5141'),(99817,4,1,'5142'),(99848,4,1,'5144'),(99877,4,1,'5145'),(99908,4,1,'5146'),(99934,4,1,'5162'),(99963,4,1,'5163'),(99992,4,1,'5164'),(100022,4,1,'5165'),(100053,4,1,'5166'),(100081,4,1,'5169'),(100107,4,1,'5170'),(97800,4,1,'51x375cm'),(97645,4,1,'51x37cm'),(103576,4,1,'52x77cm'),(99370,4,1,'5360'),(100134,4,1,'5445'),(100161,4,1,'5453'),(100188,4,1,'5455'),(100219,4,1,'5459'),(103046,4,1,'5462'),(100250,4,1,'5464'),(100285,4,1,'5487'),(100316,4,1,'5497'),(100347,4,1,'5499'),(109810,4,1,'550'),(100380,4,1,'5500'),(100411,4,1,'5502'),(100441,4,1,'5503'),(100473,4,1,'5522'),(100508,4,1,'5523'),(100542,4,1,'5524'),(100585,4,1,'5527'),(100619,4,1,'5530'),(101952,4,1,'5560'),(100658,4,1,'5564'),(100686,4,1,'5566'),(100718,4,1,'5568'),(100756,4,1,'5589'),(100791,4,1,'5595'),(100825,4,1,'5683'),(100855,4,1,'5703'),(100886,4,1,'5722'),(100916,4,1,'5740'),(100948,4,1,'5744'),(100980,4,1,'5756'),(101002,4,1,'5757'),(101024,4,1,'5758'),(101046,4,1,'5759'),(101067,4,1,'5763'),(101097,4,1,'5776'),(101128,4,1,'5777'),(101159,4,1,'5778'),(101187,4,1,'5779'),(100688,4,1,'57x57cm'),(101216,4,1,'5824'),(71821,4,1,'5864'),(101240,4,1,'5865'),(101269,4,1,'5867'),(101297,4,1,'5875'),(101327,4,1,'5876'),(101354,4,1,'5877'),(101382,4,1,'5878'),(101414,4,1,'5879'),(101446,4,1,'5881'),(101475,4,1,'5884'),(101505,4,1,'5885'),(101530,4,1,'5899'),(102376,4,1,'58x58cm'),(101565,4,1,'5935'),(101592,4,1,'5960'),(99371,4,1,'59x89cm'),(99016,4,1,'5ea'),(103735,4,1,'5th'),(101610,4,1,'6012'),(101641,4,1,'6017'),(101674,4,1,'6019'),(101701,4,1,'6028'),(101735,4,1,'6030'),(101768,4,1,'6031'),(101832,4,1,'6034'),(101855,4,1,'6035'),(101879,4,1,'6036'),(23707,4,1,'6037'),(101898,4,1,'6038'),(101919,4,1,'6040'),(101951,4,1,'6042'),(101985,4,1,'6043'),(102018,4,1,'6044'),(102050,4,1,'6045'),(102062,4,1,'6046'),(102077,4,1,'6047'),(102098,4,1,'6048'),(102124,4,1,'6050'),(102144,4,1,'6051'),(102170,4,1,'6052'),(102189,4,1,'6053'),(102216,4,1,'6054'),(102227,4,1,'6056'),(102258,4,1,'6057'),(102279,4,1,'6058'),(102303,4,1,'6059'),(102345,4,1,'6061'),(102373,4,1,'6065'),(102391,4,1,'6066'),(103937,4,1,'607'),(102410,4,1,'6074'),(102444,4,1,'6077'),(102479,4,1,'6079'),(102503,4,1,'6080'),(102527,4,1,'6081'),(102550,4,1,'6082'),(102576,4,1,'6083'),(102596,4,1,'6084'),(102612,4,1,'6089'),(102647,4,1,'6090'),(102675,4,1,'6092'),(102691,4,1,'6093'),(102717,4,1,'6094'),(102746,4,1,'6095'),(102775,4,1,'6096'),(102804,4,1,'6097'),(102833,4,1,'6098'),(102862,4,1,'6099'),(98278,4,1,'60x40'),(104258,4,1,'60x40cm'),(98500,4,1,'60x80'),(109192,4,1,'60x80cm'),(102891,4,1,'6100'),(102921,4,1,'6101'),(102951,4,1,'6102'),(102981,4,1,'6103'),(103012,4,1,'6104'),(103045,4,1,'6106'),(103078,4,1,'6107'),(103114,4,1,'6109'),(103143,4,1,'6110'),(103170,4,1,'6111'),(109174,4,1,'6115'),(109004,4,1,'6117'),(103198,4,1,'6119'),(103227,4,1,'6120'),(103256,4,1,'6121'),(103285,4,1,'6123'),(103315,4,1,'6124'),(103345,4,1,'6125'),(103374,4,1,'6126'),(103403,4,1,'6127'),(103430,4,1,'6181'),(103467,4,1,'6182'),(103504,4,1,'6183'),(103539,4,1,'6184'),(103573,4,1,'6189'),(103602,4,1,'6190'),(103629,4,1,'6191'),(103661,4,1,'6192'),(103705,4,1,'6193'),(103736,4,1,'6194'),(103765,4,1,'6195'),(103787,4,1,'6196'),(103819,4,1,'6197'),(103836,4,1,'6198'),(103861,4,1,'6199'),(104045,4,1,'61x37cm'),(98589,4,1,'61x46'),(98618,4,1,'61x46cm'),(102411,4,1,'61x86cm'),(99818,4,1,'61x91cm'),(103882,4,1,'6288'),(103909,4,1,'6289'),(103934,4,1,'6290'),(103964,4,1,'6291'),(103992,4,1,'6292'),(104018,4,1,'6293'),(104044,4,1,'6294'),(104069,4,1,'6295'),(104101,4,1,'6296'),(104130,4,1,'6297'),(104160,4,1,'6298'),(104193,4,1,'6299'),(104222,4,1,'6300'),(104255,4,1,'6301'),(104281,4,1,'6304'),(104313,4,1,'6305'),(104404,4,1,'6344'),(104572,4,1,'6350'),(105821,4,1,'6353'),(107048,4,1,'6385'),(108303,4,1,'6399'),(108710,4,1,'6400'),(108898,4,1,'6405'),(109121,4,1,'6409'),(109086,4,1,'6410'),(109033,4,1,'6411'),(109483,4,1,'6412'),(109573,4,1,'6413'),(109436,4,1,'6414'),(109986,4,1,'6416'),(109954,4,1,'6417'),(109928,4,1,'6419'),(109891,4,1,'6423'),(109807,4,1,'6424'),(109844,4,1,'6425'),(103862,4,1,'65x50cm'),(97928,4,1,'65x92cm'),(103820,4,1,'66x50cm'),(102190,4,1,'66x51cm'),(103631,4,1,'69x49cm'),(104100,4,1,'6ex'),(101271,4,1,'700'),(101270,4,1,'700ex'),(99017,4,1,'70x50cm'),(100621,4,1,'70x70cm'),(101416,4,1,'75ex'),(103993,4,1,'75x61cm'),(103737,4,1,'76x45cm'),(102599,4,1,'76x56cm'),(103936,4,1,'775'),(103935,4,1,'775x607cm'),(103883,4,1,'78x61cm'),(98775,4,1,'78x64'),(109933,4,1,'7ex'),(98534,4,1,'80x60'),(103966,4,1,'815'),(103965,4,1,'815x61cm'),(103706,4,1,'82x63cm'),(103911,4,1,'833'),(103910,4,1,'833x61cm'),(104019,4,1,'83x61cm'),(101417,4,1,'85x121cm'),(17846,4,1,'8cm'),(107050,4,1,'8ex'),(98406,4,1,'91x61cm'),(97627,4,1,'92x65cm'),(100471,4,1,'abc'),(98562,4,1,'above'),(101830,4,1,'achever'),(100978,4,1,'addicted'),(101895,4,1,'aerosol'),(100472,4,1,'air'),(100217,4,1,'alert'),(102442,4,1,'alerte'),(107997,4,1,'amacor'),(101157,4,1,'ame'),(100687,4,1,'and'),(98719,4,1,'andre'),(102449,4,1,'annee'),(103665,4,1,'anniversaire'),(102169,4,1,'ans'),(102212,4,1,'antonio'),(108944,4,1,'antropocene'),(99397,4,1,'aquatinte'),(15608,4,1,'arche'),(17844,4,1,'argente'),(100591,4,1,'argentesigne'),(101878,4,1,'arlequin'),(97993,4,1,'art'),(98005,4,1,'artiste'),(98132,4,1,'artistes'),(98950,4,1,'artwood'),(102502,4,1,'atelier'),(100584,4,1,'autoportait'),(100587,4,1,'autoportrait'),(103197,4,1,'autostop'),(104314,4,1,'autres'),(103668,4,1,'autriche'),(103628,4,1,'avenue'),(109433,4,1,'back'),(98686,4,1,'bad'),(17843,4,1,'baldacini'),(102950,4,1,'barcelona'),(15603,4,1,'barthelemy'),(99907,4,1,'bas'),(98139,4,1,'base'),(102048,4,1,'basto'),(102595,4,1,'batibouw'),(98228,4,1,'beatitude'),(97622,4,1,'bfk'),(99197,4,1,'bidder'),(100883,4,1,'bis'),(99258,4,1,'black'),(102692,4,1,'blanc'),(103790,4,1,'bleu'),(97705,4,1,'bleue'),(101238,4,1,'blood'),(101268,4,1,'blue'),(98948,4,1,'bois'),(102443,4,1,'bombe'),(100051,4,1,'bona'),(102482,4,1,'bonan'),(102477,4,1,'bonant'),(97895,4,1,'bonheur'),(97672,4,1,'botti'),(100586,4,1,'bouchon'),(100590,4,1,'bouteille'),(101733,4,1,'bowie'),(107947,4,1,'box'),(98687,4,1,'brain'),(102143,4,1,'brel'),(103835,4,1,'bridges'),(109432,4,1,'bring'),(99465,4,1,'brique'),(98230,4,1,'bronze'),(99340,4,1,'brothers'),(103860,4,1,'buildings'),(109431,4,1,'c215'),(102716,4,1,'caddy'),(108896,4,1,'calendrier'),(109175,4,1,'canson'),(100514,4,1,'carton'),(98470,4,1,'cartonnee'),(100474,4,1,'catalogue'),(15605,4,1,'celebration'),(98530,4,1,'cent'),(102688,4,1,'centaure'),(100583,4,1,'cesar'),(105729,4,1,'chacune'),(102445,4,1,'chiffon'),(98898,4,1,'cinnamon'),(97960,4,1,'cirque'),(101766,4,1,'citizen'),(103314,4,1,'citron'),(98644,4,1,'cleon'),(99051,4,1,'clochette'),(98000,4,1,'coffret'),(98007,4,1,'coffrets'),(98298,4,1,'collaboration'),(99434,4,1,'collage'),(101950,4,1,'colossus'),(98462,4,1,'comiques'),(109438,4,1,'commande'),(98979,4,1,'compose'),(98652,4,1,'composee'),(98001,4,1,'comprenant'),(98134,4,1,'comprend'),(102597,4,1,'compression'),(103538,4,1,'conscience'),(99485,4,1,'contre'),(100507,4,1,'control'),(101854,4,1,'corde'),(98647,4,1,'corruption'),(103434,4,1,'coton'),(97996,4,1,'couleur'),(103764,4,1,'coupe'),(98469,4,1,'couverture'),(102188,4,1,'crawler'),(98063,4,1,'cree'),(98976,4,1,'crisis'),(98472,4,1,'criteres'),(103373,4,1,'cube'),(100132,4,1,'damaged'),(99286,4,1,'danger'),(98405,4,1,'date'),(100512,4,1,'datee'),(109441,4,1,'decembre'),(109889,4,1,'deception'),(101158,4,1,'dechue'),(99256,4,1,'decoding'),(100481,4,1,'dedicace'),(99431,4,1,'deep'),(97860,4,1,'denning'),(102344,4,1,'dents'),(97999,4,1,'dernier'),(99257,4,1,'desinformation'),(98062,4,1,'desir'),(100477,4,1,'dessin'),(102446,4,1,'diametre'),(102481,4,1,'dibond'),(109034,4,1,'differente'),(103789,4,1,'differents'),(99612,4,1,'digigraphie'),(15606,4,1,'dimension'),(100247,4,1,'diptyque'),(109890,4,1,'disorder'),(102613,4,1,'disponible'),(107051,4,1,'disponibles'),(100509,4,1,'disque'),(101590,4,1,'don'),(105728,4,1,'dont'),(98615,4,1,'dove'),(100470,4,1,'dran'),(12124,4,1,'drop'),(12126,4,1,'dropserigraphie'),(100656,4,1,'duality'),(98975,4,1,'earth'),(103660,4,1,'eastriver'),(102171,4,1,'eau'),(103226,4,1,'ecolier'),(103663,4,1,'editee'),(98409,4,1,'edition'),(98471,4,1,'editions'),(104402,4,1,'egalite'),(99507,4,1,'ego'),(101896,4,1,'elsa'),(98982,4,1,'embossage'),(101214,4,1,'embrace'),(107922,4,1,'encadree'),(102409,4,1,'endless'),(102121,4,1,'enfance'),(103011,4,1,'england'),(101920,4,1,'ensemble'),(103255,4,1,'envol'),(100622,4,1,'epreuve'),(101767,4,1,'erased'),(98251,4,1,'espiegle'),(98370,4,1,'estampe'),(103431,4,1,'estampes'),(98375,4,1,'etching'),(109927,4,1,'etes'),(102598,4,1,'etiquettes'),(97894,4,1,'etonne'),(97893,4,1,'etre'),(101156,4,1,'evazesir'),(100981,4,1,'exempalires'),(99082,4,1,'exemplaire'),(97626,4,1,'exemplaires'),(102677,4,1,'exemplaires25'),(100593,4,1,'exemplaires68'),(104315,4,1,'exemplairesimpr'),(100475,4,1,'exposition'),(100216,4,1,'eye'),(99847,4,1,'face'),(102372,4,1,'fade'),(98398,4,1,'fairey'),(99532,4,1,'fais'),(99761,4,1,'fatal'),(108912,4,1,'faux'),(100284,4,1,'fear'),(101923,4,1,'fearnatural'),(99050,4,1,'fee'),(101127,4,1,'fertile'),(102168,4,1,'fete'),(101186,4,1,'fige'),(97643,4,1,'figure'),(97861,4,1,'figureid'),(109805,4,1,'fire'),(100789,4,1,'five'),(97736,4,1,'fkdl'),(100215,4,1,'flint'),(100440,4,1,'florist'),(109003,4,1,'flow'),(101412,4,1,'for'),(100545,4,1,'foret'),(98231,4,1,'format'),(102172,4,1,'forte'),(102980,4,1,'france'),(98983,4,1,'frange'),(99531,4,1,'frasques'),(104403,4,1,'fraternite'),(98614,4,1,'freedom'),(103042,4,1,'freidman'),(99533,4,1,'fresques'),(101506,4,1,'friedman'),(104191,4,1,'from'),(98897,4,1,'froquet'),(102225,4,1,'full'),(101411,4,1,'future'),(97990,4,1,'galerie'),(102611,4,1,'gamine'),(101326,4,1,'geometric'),(99614,4,1,'german'),(109435,4,1,'girls'),(100218,4,1,'globe'),(103113,4,1,'gogh'),(101296,4,1,'gold'),(101410,4,1,'golden'),(97797,4,1,'gottfried'),(101415,4,1,'grand'),(98144,4,1,'graphito'),(101673,4,1,'grave'),(103630,4,1,'gravue'),(98275,4,1,'gravure'),(99789,4,1,'green'),(104068,4,1,'greenstreet'),(97766,4,1,'gregos'),(103572,4,1,'grey'),(100346,4,1,'guard'),(99224,4,1,'guard2'),(102745,4,1,'guerre'),(102017,4,1,'gulliver'),(97859,4,1,'guy'),(17845,4,1,'hauteur'),(104192,4,1,'helicopter'),(98529,4,1,'herard'),(97703,4,1,'herve'),(102689,4,1,'hommage'),(71209,4,1,'hour'),(100657,4,1,'humanity'),(101023,4,1,'hung'),(102371,4,1,'hush'),(101504,4,1,'ice'),(109843,4,1,'ideal'),(100588,4,1,'iii'),(98461,4,1,'illusions'),(69566,4,1,'imagination'),(101185,4,1,'instant'),(108268,4,1,'ivresse'),(97891,4,1,'jacques'),(100539,4,1,'jana'),(98060,4,1,'jardins'),(101894,4,1,'jef'),(97958,4,1,'jerome'),(102774,4,1,'jesus'),(102803,4,1,'joconde'),(97991,4,1,'joel'),(99078,4,1,'jonone'),(98098,4,1,'judith'),(100754,4,1,'juniper'),(101215,4,1,'justice'),(100683,4,1,'kai'),(98585,4,1,'keep'),(103043,4,1,'keith'),(97992,4,1,'knafo'),(107045,4,1,'lady'),(71208,4,1,'late'),(108180,4,1,'lavocat'),(100410,4,1,'learn'),(98368,4,1,'legion'),(99339,4,1,'lehmann'),(100080,4,1,'lek'),(69568,4,1,'lequel'),(98721,4,1,'letterpress'),(97617,4,1,'levalet'),(103627,4,1,'lexington'),(104401,4,1,'liberte'),(101591,4,1,'lie'),(101640,4,1,'lies'),(101001,4,1,'lilac'),(97768,4,1,'lithgraphie'),(104256,4,1,'lithoghraphie'),(97620,4,1,'lithographie'),(98002,4,1,'lithographies'),(98140,4,1,'lithographique'),(98952,4,1,'lithoonline'),(98131,4,1,'livre'),(99508,4,1,'logo'),(105727,4,1,'lot'),(100979,4,1,'love'),(103402,4,1,'lune'),(109985,4,1,'machisme'),(98399,4,1,'make'),(103908,4,1,'manhattan'),(109952,4,1,'marcher'),(99463,4,1,'melo'),(101949,4,1,'melvins'),(97959,4,1,'mesnager'),(98235,4,1,'metal'),(102674,4,1,'mickey'),(104254,4,1,'midtown'),(99876,4,1,'milieu'),(103284,4,1,'mime'),(101671,4,1,'misfits'),(109924,4,1,'miss'),(98136,4,1,'mixte'),(101474,4,1,'money'),(100854,4,1,'monkey'),(109173,4,1,'monotype'),(98233,4,1,'monte'),(102226,4,1,'moon'),(103044,4,1,'morris'),(99760,4,1,'mujer'),(98900,4,1,'multiple'),(102646,4,1,'munch'),(103666,4,1,'musee'),(98374,4,1,'museum'),(100378,4,1,'natural'),(99367,4,1,'new'),(99014,4,1,'news'),(98273,4,1,'night'),(97994,4,1,'noir'),(98745,4,1,'noise'),(98301,4,1,'non'),(98059,4,1,'nos'),(98400,4,1,'not'),(102832,4,1,'nounours'),(103429,4,1,'nuit'),(103574,4,1,'nume'),(98371,4,1,'numerique'),(103432,4,1,'numeriques'),(109443,4,1,'numerotation'),(109809,4,1,'numerote'),(97625,4,1,'numerotee'),(98142,4,1,'numerotees'),(101702,4,1,'numerque'),(98434,4,1,'obey'),(101925,4,1,'obeyflorist'),(98922,4,1,'occupation'),(98801,4,1,'oeuvre'),(109440,4,1,'officielle'),(103428,4,1,'offrandes'),(101239,4,1,'oil'),(98008,4,1,'ont'),(98408,4,1,'open'),(109984,4,1,'orients'),(98138,4,1,'original'),(98802,4,1,'originale'),(102676,4,1,'originalesignee'),(100479,4,1,'originaux'),(109434,4,1,'our'),(98006,4,1,'ouvrier'),(105726,4,1,'pack'),(100480,4,1,'page'),(98468,4,1,'pages'),(101833,4,1,'palissade'),(101529,4,1,'pandore'),(97618,4,1,'pansees'),(102861,4,1,'pape'),(102145,4,1,'papeier'),(97629,4,1,'papier'),(97926,4,1,'paradis'),(98431,4,1,'paradise'),(100315,4,1,'parents'),(98977,4,1,'paris'),(109931,4,1,'parpaing'),(98646,4,1,'pattern'),(99510,4,1,'pave'),(98613,4,1,'peace'),(102096,4,1,'periferia'),(99314,4,1,'perspective'),(98645,4,1,'peterson'),(98649,4,1,'petersonpattern'),(98947,4,1,'petit'),(98528,4,1,'philippe'),(98277,4,1,'photeauforte'),(99435,4,1,'photo'),(98276,4,1,'photographie'),(101736,4,1,'photographique'),(102690,4,1,'picasso'),(98237,4,1,'pierre'),(102920,4,1,'pinocchio'),(101853,4,1,'plus'),(100511,4,1,'pochette'),(109930,4,1,'pochoir'),(100790,4,1,'points'),(102525,4,1,'portait'),(109442,4,1,'portent'),(98297,4,1,'portfolio'),(100594,4,1,'portrait'),(98403,4,1,'poster'),(101921,4,1,'posters'),(100513,4,1,'pouces'),(69567,4,1,'pouvoir'),(99196,4,1,'power'),(109437,4,1,'pre'),(100186,4,1,'presidential'),(103313,4,1,'presse'),(101984,4,1,'pressure'),(101734,4,1,'print'),(102890,4,1,'prix'),(100540,4,1,'profondeur'),(98746,4,1,'project'),(103344,4,1,'promoteur'),(100314,4,1,'proud'),(98688,4,1,'punk'),(102049,4,1,'r2d2'),(102214,4,1,'rayos'),(98803,4,1,'realisee'),(98009,4,1,'realises'),(100717,4,1,'red'),(108797,4,1,'regularisation'),(99083,4,1,'rehausse'),(98804,4,1,'rehaussee'),(17432,4,1,'rehaussees'),(100620,4,1,'rehausses'),(97671,4,1,'rene'),(99366,4,1,'reve'),(109953,4,1,'reveurs'),(71210,4,1,'riot'),(98561,4,1,'rise'),(97621,4,1,'rives'),(98901,4,1,'rivoli'),(98896,4,1,'romain'),(97704,4,1,'rosa'),(103704,4,1,'rose'),(103575,4,1,'rote'),(103791,4,1,'rouge'),(100915,4,1,'royal'),(100884,4,1,'rue'),(103667,4,1,'saalfelden'),(103503,4,1,'sacree'),(109806,4,1,'sale'),(102526,4,1,'salon'),(97798,4,1,'salzmann'),(101831,4,1,'sauf'),(98238,4,1,'sculpture'),(100187,4,1,'seal'),(98061,4,1,'secrets'),(102213,4,1,'segui'),(108913,4,1,'semblants'),(100541,4,1,'sentiments'),(97642,4,1,'serie'),(99260,4,1,'serigr'),(98981,4,1,'serigraohie'),(98463,4,1,'serigraphie'),(98653,4,1,'serigraphies'),(98651,4,1,'set'),(98498,4,1,'sheep'),(98397,4,1,'shepard'),(98689,4,1,'showcase'),(101797,4,1,'shrine'),(100478,4,1,'signature'),(109808,4,1,'signe'),(97624,4,1,'signee'),(98141,4,1,'signees'),(100283,4,1,'silence'),(103859,4,1,'silver'),(100824,4,1,'skin'),(101445,4,1,'skull'),(99287,4,1,'smoking'),(98236,4,1,'socle'),(102215,4,1,'sol'),(102390,4,1,'solace'),(102142,4,1,'soleil'),(101413,4,1,'some'),(13889,4,1,'someserigraphie'),(109439,4,1,'sortie'),(109926,4,1,'souriez'),(100947,4,1,'souvenirs'),(100853,4,1,'space'),(98143,4,1,'speedy'),(100379,4,1,'springs'),(101924,4,1,'springslibertyl'),(100505,4,1,'state'),(100282,4,1,'stencil'),(100052,4,1,'steve'),(97830,4,1,'stoul'),(100755,4,1,'street'),(107046,4,1,'strength'),(101044,4,1,'stronger'),(101983,4,1,'suburban'),(102575,4,1,'suisse'),(98300,4,1,'suite'),(100684,4,1,'sunny'),(100160,4,1,'sxsw'),(101066,4,1,'tango'),(98135,4,1,'technique'),(102122,4,1,'territoire'),(26001,4,1,'test'),(26025,4,1,'test2'),(99730,4,1,'tete'),(101045,4,1,'than'),(98921,4,1,'the'),(107047,4,1,'thought'),(99432,4,1,'throat'),(109925,4,1,'tic'),(98234,4,1,'tige'),(100133,4,1,'times'),(102949,4,1,'tintin'),(98302,4,1,'tirage'),(102377,4,1,'tire'),(102448,4,1,'tiree'),(99079,4,1,'titre'),(98531,4,1,'titres'),(15604,4,1,'toguo'),(102478,4,1,'torse'),(103502,4,1,'tour'),(101444,4,1,'treatment'),(101897,4,1,'triolet'),(101564,4,1,'truth'),(101266,4,1,'tunnel'),(98432,4,1,'turns'),(100822,4,1,'under'),(98586,4,1,'underground'),(97995,4,1,'une'),(102097,4,1,'uniforme'),(99084,4,1,'unique'),(97997,4,1,'urbaine'),(98133,4,1,'urbains'),(98949,4,1,'urban'),(100546,4,1,'urbex'),(103112,4,1,'van'),(103818,4,1,'varick'),(15607,4,1,'velin'),(107921,4,1,'vendue'),(99462,4,1,'venus'),(100885,4,1,'verneuil'),(102374,4,1,'vernis'),(107948,4,1,'verre'),(98650,4,1,'version'),(100543,4,1,'verso'),(99484,4,1,'verve'),(102101,4,1,'vhils'),(102076,4,1,'victory'),(99729,4,1,'vient'),(102095,4,1,'vihls'),(97892,4,1,'villegle'),(98750,4,1,'vinyle'),(98748,4,1,'vinyles'),(100506,4,1,'violence'),(101267,4,1,'vision'),(100249,4,1,'visitors'),(100544,4,1,'visuel'),(102123,4,1,'vivants'),(98464,4,1,'volets'),(103466,4,1,'voyageur'),(98401,4,1,'war'),(99816,4,1,'wave'),(100248,4,1,'welcome'),(99395,4,1,'westside'),(101000,4,1,'white'),(109002,4,1,'with'),(100685,4,1,'yellow'),(99368,4,1,'york'),(100823,4,1,'your'),(100618,4,1,'zenoy'),(103142,4,1,'zoo'),(37409,5,1,'100'),(38359,5,1,'100x100cm'),(38163,5,1,'103'),(38162,5,1,'103x198cm'),(37838,5,1,'105'),(19886,5,1,'105x75'),(37837,5,1,'105x75cm'),(39651,5,1,'106'),(39649,5,1,'106x73cm'),(37858,5,1,'107'),(38493,5,1,'109'),(37572,5,1,'110'),(39599,5,1,'110x75cm'),(39179,5,1,'110x81m'),(39156,5,1,'114'),(39155,5,1,'114x146cm'),(36958,5,1,'116'),(37386,5,1,'116x119cm'),(36956,5,1,'116x81cm'),(38712,5,1,'116x89cm'),(39487,5,1,'116x89m'),(37387,5,1,'119'),(37942,5,1,'120'),(38819,5,1,'120x140cm'),(37941,5,1,'120x80cm'),(38531,5,1,'122'),(37145,5,1,'129'),(37143,5,1,'1295x97x8cmcm'),(37734,5,1,'130'),(38530,5,1,'130x122'),(37733,5,1,'130x97cm'),(40242,5,1,'138'),(38820,5,1,'140'),(39113,5,1,'145'),(39157,5,1,'146'),(6034,5,1,'160'),(39576,5,1,'165'),(39575,5,1,'165x85cm'),(37571,5,1,'180'),(39465,5,1,'180x180cm'),(38188,5,1,'180x94cm'),(38603,5,1,'195'),(38164,5,1,'198'),(4563,5,1,'1991'),(4536,5,1,'1993'),(36957,5,1,'2013'),(37030,5,1,'2014'),(37279,5,1,'2015'),(37410,5,1,'2016'),(37531,5,1,'2017'),(38512,5,1,'2018'),(38254,5,1,'20x20cm'),(36951,5,1,'2617'),(36972,5,1,'2619'),(36990,5,1,'2621'),(37007,5,1,'2624'),(37025,5,1,'2694'),(37047,5,1,'2695'),(37072,5,1,'2696'),(37094,5,1,'2697'),(37118,5,1,'2702'),(37142,5,1,'2706'),(37167,5,1,'2746'),(37181,5,1,'2747'),(37195,5,1,'2748'),(37209,5,1,'2749'),(37223,5,1,'2750'),(37238,5,1,'2753'),(37257,5,1,'2754'),(37278,5,1,'2756'),(37297,5,1,'2757'),(37317,5,1,'2758'),(37340,5,1,'2759'),(37361,5,1,'2760'),(37857,5,1,'27x107cm'),(37384,5,1,'2937'),(40091,5,1,'295'),(37408,5,1,'3052'),(37431,5,1,'3071'),(39692,5,1,'30cm'),(39068,5,1,'30x100cm'),(39331,5,1,'30x30cm'),(39223,5,1,'30x40m'),(4534,5,1,'31x36cm'),(40090,5,1,'325'),(4559,5,1,'32x24cm'),(39288,5,1,'32x48m'),(37029,5,1,'35x35cm'),(39309,5,1,'35x50cm'),(38511,5,1,'37x48'),(37455,5,1,'3818'),(37479,5,1,'3820'),(37500,5,1,'3836'),(37516,5,1,'3846'),(37530,5,1,'3955'),(37549,5,1,'3957'),(37570,5,1,'4026'),(37583,5,1,'4028'),(37606,5,1,'4030'),(37629,5,1,'4034'),(37652,5,1,'4039'),(37677,5,1,'4059'),(37432,5,1,'40x60cm'),(37715,5,1,'41x33cm'),(39134,5,1,'41x50cm'),(37692,5,1,'4214'),(2065,5,1,'4216'),(39707,5,1,'42x14cm'),(37713,5,1,'4487'),(37732,5,1,'4588'),(38492,5,1,'45x109cm'),(39112,5,1,'45x145cm'),(38695,5,1,'46x38m'),(37756,5,1,'4737'),(37778,5,1,'4739'),(37796,5,1,'4830'),(37816,5,1,'4832'),(37836,5,1,'4837'),(37856,5,1,'4843'),(37878,5,1,'4847'),(37897,5,1,'4851'),(37916,5,1,'4853'),(37939,5,1,'4890'),(37966,5,1,'4892'),(37992,5,1,'4896'),(38020,5,1,'4898'),(19313,5,1,'48x37'),(38044,5,1,'4910'),(38066,5,1,'4917'),(38088,5,1,'4919'),(38109,5,1,'4921'),(38126,5,1,'4923'),(38145,5,1,'4925'),(38160,5,1,'4927'),(38187,5,1,'4929'),(38209,5,1,'4931'),(38235,5,1,'4933'),(39914,5,1,'495'),(38253,5,1,'4959'),(38275,5,1,'4963'),(38295,5,1,'4979'),(39091,5,1,'50x17cm'),(37119,5,1,'50x25x10cm'),(37918,5,1,'50x36'),(38400,5,1,'50x50cm'),(39204,5,1,'50x70m'),(38319,5,1,'5149'),(38339,5,1,'5151'),(38358,5,1,'5154'),(38378,5,1,'5155'),(37073,5,1,'51x41x6cm'),(39989,5,1,'525'),(38399,5,1,'5286'),(38415,5,1,'5299'),(37898,5,1,'52x30'),(38434,5,1,'5301'),(38452,5,1,'5302'),(38471,5,1,'5303'),(38491,5,1,'5432'),(38508,5,1,'5436'),(38529,5,1,'5440'),(38555,5,1,'5442'),(4531,5,1,'5520'),(4558,5,1,'5521'),(38580,5,1,'5578'),(38602,5,1,'5580'),(38624,5,1,'5582'),(37459,5,1,'55x89cm'),(39049,5,1,'56x28cm'),(38647,5,1,'5902'),(38669,5,1,'5903'),(38694,5,1,'5905'),(38711,5,1,'5909'),(38733,5,1,'5911'),(6033,5,1,'5943'),(38752,5,1,'5944'),(38775,5,1,'5945'),(38795,5,1,'5956'),(38818,5,1,'5975'),(38841,5,1,'5977'),(38861,5,1,'5980'),(38880,5,1,'5982'),(38902,5,1,'5983'),(38925,5,1,'5988'),(38945,5,1,'5993'),(38966,5,1,'5994'),(38986,5,1,'5995'),(39014,5,1,'60x43cm'),(39009,5,1,'6112'),(39026,5,1,'6113'),(39047,5,1,'6118'),(39990,5,1,'625'),(40167,5,1,'645'),(38754,5,1,'65x50cm'),(39937,5,1,'695'),(38650,5,1,'70x70cm'),(39533,5,1,'73x60cm'),(38734,5,1,'73x60m'),(37693,5,1,'78x60'),(39883,5,1,'80x61'),(39676,5,1,'80x80cm'),(39555,5,1,'92x73cm'),(37879,5,1,'94x85'),(39463,5,1,'above'),(36952,5,1,'acrylique'),(37388,5,1,'aerosol'),(38108,5,1,'age'),(38272,5,1,'aiguiser'),(38159,5,1,'ailleurs'),(39936,5,1,'alice'),(37777,5,1,'alone'),(39879,5,1,'amadeo'),(38527,5,1,'ame'),(38298,5,1,'americaine'),(36948,5,1,'annabelle'),(39703,5,1,'anonyme'),(39530,5,1,'another'),(39596,5,1,'arabica'),(37141,5,1,'art'),(38376,5,1,'artic'),(40272,5,1,'artiste'),(38510,5,1,'assemblage'),(37117,5,1,'athenes'),(38750,5,1,'atlantic'),(39986,5,1,'attente'),(38985,5,1,'avenue'),(36989,5,1,'bain'),(38158,5,1,'baisers'),(38397,5,1,'bandes'),(40273,5,1,'bas'),(39690,5,1,'batterie'),(39507,5,1,'between'),(40241,5,1,'bis'),(37144,5,1,'bois'),(37405,5,1,'bona'),(38157,5,1,'bons'),(39532,5,1,'born'),(38252,5,1,'boss'),(38144,5,1,'bugs'),(38317,5,1,'but'),(38296,5,1,'cadre'),(38297,5,1,'caisse'),(37990,5,1,'cara'),(39881,5,1,'cardoso'),(37433,5,1,'carton'),(37429,5,1,'cent'),(38578,5,1,'certain'),(37498,5,1,'citizen'),(37914,5,1,'coeur'),(37024,5,1,'commedia'),(37710,5,1,'corps'),(4561,5,1,'crayon'),(37917,5,1,'cur'),(37458,5,1,'date'),(39531,5,1,'day'),(38208,5,1,'debat'),(37139,5,1,'del'),(37991,5,1,'delevingne'),(37256,5,1,'denerve'),(38773,5,1,'dernier'),(38648,5,1,'dessin'),(39691,5,1,'diametre'),(40143,5,1,'diane'),(39705,5,1,'diptyque'),(37454,5,1,'dire'),(38234,5,1,'disponibles'),(37988,5,1,'doll'),(37963,5,1,'don'),(39988,5,1,'doute'),(38901,5,1,'dreams'),(38357,5,1,'elephant'),(39650,5,1,'encadre'),(39202,5,1,'encadrement'),(37480,5,1,'encre'),(37499,5,1,'erased'),(39987,5,1,'espoir'),(38553,5,1,'etais'),(38507,5,1,'etait'),(39623,5,1,'ethiopia'),(40066,5,1,'eugene'),(38506,5,1,'evazesir'),(38065,5,1,'explorer'),(40018,5,1,'fernand'),(37877,5,1,'feu'),(39702,5,1,'fige'),(38210,5,1,'figures'),(38923,5,1,'five'),(38017,5,1,'flame'),(37896,5,1,'floraison'),(37675,5,1,'forever'),(37028,5,1,'format'),(38018,5,1,'frieda'),(38692,5,1,'froquet'),(39689,5,1,'fut'),(39674,5,1,'games'),(40274,5,1,'gauche'),(40166,5,1,'georges'),(37006,5,1,'gitane'),(38709,5,1,'golden'),(37070,5,1,'good'),(104455,5,1,'gottfried'),(6032,5,1,'graffiti'),(38207,5,1,'grand'),(37023,5,1,'gregos'),(37381,5,1,'grey'),(37339,5,1,'heart'),(37428,5,1,'herard'),(37938,5,1,'hill'),(39648,5,1,'honduras'),(39574,5,1,'hoturu'),(39675,5,1,'huile'),(38601,5,1,'iconicara'),(37965,5,1,'imany'),(38693,5,1,'innocence'),(38146,5,1,'installation'),(39701,5,1,'instant'),(40240,5,1,'itineraire'),(37752,5,1,'jana'),(4529,5,1,'jean'),(39673,5,1,'jonone'),(37876,5,1,'jouer'),(38944,5,1,'juniper'),(39598,5,1,'jute'),(37935,5,1,'killing'),(37584,5,1,'kraft'),(38710,5,1,'lady'),(38231,5,1,'langue'),(37937,5,1,'lauryn'),(37776,5,1,'leave'),(38396,5,1,'lek'),(39962,5,1,'leontine'),(38859,5,1,'let'),(38233,5,1,'lettres'),(37568,5,1,'levalet'),(37407,5,1,'life'),(37714,5,1,'lin'),(39464,5,1,'line'),(104459,5,1,'lithoonline'),(39911,5,1,'louise'),(40271,5,1,'love'),(39008,5,1,'map'),(36950,5,1,'mariee'),(38965,5,1,'mariposa'),(37585,5,1,'maroufle'),(38338,5,1,'mcqueen'),(38756,5,1,'mdf'),(38046,5,1,'media'),(38753,5,1,'medium'),(39847,5,1,'melancolie'),(38294,5,1,'melo'),(37712,5,1,'ment'),(38186,5,1,'mesure'),(39012,5,1,'metro'),(104457,5,1,'midtown'),(38043,5,1,'minded'),(37451,5,1,'miss'),(38045,5,1,'mixed'),(37027,5,1,'mixte'),(37476,5,1,'moi'),(38377,5,1,'monkeys'),(38794,5,1,'monroe'),(39913,5,1,'montage'),(39811,5,1,'morceaux'),(37382,5,1,'multi'),(37775,5,1,'never'),(37071,5,1,'news'),(39688,5,1,'nocturama'),(38273,5,1,'nos'),(38525,5,1,'nostalgie'),(39007,5,1,'nyc'),(36954,5,1,'oeuvre'),(37569,5,1,'off'),(38554,5,1,'oiseau'),(38042,5,1,'open'),(38398,5,1,'organisees'),(38649,5,1,'original'),(39010,5,1,'originale'),(40270,5,1,'oru'),(38087,5,1,'ours'),(37237,5,1,'owls'),(37940,5,1,'panneau'),(38047,5,1,'paper'),(37239,5,1,'papier'),(37989,5,1,'parts'),(37475,5,1,'passe'),(39486,5,1,'patriarch'),(38086,5,1,'peau'),(39882,5,1,'peint'),(39706,5,1,'peinte'),(39912,5,1,'peinture'),(38528,5,1,'perdue'),(38490,5,1,'phagotrophie'),(37427,5,1,'philippe'),(6031,5,1,'physical'),(38274,5,1,'pinceaux'),(38019,5,1,'pinto'),(39011,5,1,'plan'),(39013,5,1,'plastifie'),(37031,5,1,'platre'),(4560,5,1,'plomb'),(38924,5,1,'points'),(38984,5,1,'ponce'),(38622,5,1,'pop'),(4538,5,1,'preparatoire'),(36970,5,1,'pussy'),(39006,5,1,'quik'),(38793,5,1,'real'),(40191,5,1,'regard'),(37711,5,1,'regime'),(36971,5,1,'riot'),(38691,5,1,'romain'),(38579,5,1,'romance'),(37360,5,1,'roots'),(4562,5,1,'rouge'),(38732,5,1,'royal'),(4530,5,1,'rustin'),(39597,5,1,'sac'),(38316,5,1,'sad'),(104456,5,1,'salzmann'),(37380,5,1,'seen'),(37477,5,1,'sel'),(39812,5,1,'serie'),(37915,5,1,'seve'),(37964,5,1,'shy'),(39048,5,1,'signaletique'),(37457,5,1,'signe'),(38232,5,1,'signes'),(38840,5,1,'skin'),(37936,5,1,'softly'),(40089,5,1,'souliers'),(39880,5,1,'souza'),(39330,5,1,'sparkling'),(37385,5,1,'spray'),(38623,5,1,'star'),(38751,5,1,'station'),(38337,5,1,'steve'),(40269,5,1,'stoul'),(37140,5,1,'street'),(38755,5,1,'streetartstore'),(40043,5,1,'suzanne'),(37383,5,1,'tag'),(37453,5,1,'taire'),(37755,5,1,'take'),(38774,5,1,'tango'),(36949,5,1,'tattu'),(37337,5,1,'tear'),(38161,5,1,'tech'),(37026,5,1,'technique'),(104458,5,1,'test'),(37338,5,1,'the'),(39554,5,1,'thing'),(37452,5,1,'tic'),(38817,5,1,'tiger'),(37046,5,1,'titre'),(37430,5,1,'titres'),(36953,5,1,'toile'),(37456,5,1,'tole'),(37277,5,1,'transition'),(38318,5,1,'true'),(38838,5,1,'under'),(38526,5,1,'une'),(36955,5,1,'unique'),(37515,5,1,'utero'),(4532,5,1,'uvre'),(38293,5,1,'venus'),(38509,5,1,'vernis'),(39203,5,1,'verre'),(37478,5,1,'vie'),(39704,5,1,'vii'),(38016,5,1,'viola'),(38147,5,1,'vitrine'),(37406,5,1,'weight'),(37753,5,1,'what'),(39553,5,1,'wild'),(37754,5,1,'will'),(38860,5,1,'you'),(37676,5,1,'young'),(38839,5,1,'your'),(92906,2,2,'100'),(97451,2,2,'100cm'),(93628,2,2,'100x100cm'),(97311,2,2,'100x45cm'),(62562,2,2,'100x70cm'),(93469,2,2,'103'),(93468,2,2,'103x198cm'),(93216,2,2,'105'),(93215,2,2,'105x75cm'),(94662,2,2,'106x73cm'),(93236,2,2,'107'),(93648,2,2,'109'),(93043,2,2,'110'),(94609,2,2,'110x75cm'),(94113,2,2,'110x81m'),(97166,2,2,'111'),(97165,2,2,'111x71cm'),(65902,2,2,'114'),(62895,2,2,'114x146cm'),(94483,2,2,'116'),(62497,2,2,'116x89cm'),(94482,2,2,'116x89m'),(93286,2,2,'120'),(62608,2,2,'120x140cm'),(95421,2,2,'120x40x40x40cm'),(93285,2,2,'120x80cm'),(93694,2,2,'122'),(45963,2,2,'12a'),(46131,2,2,'12b'),(97372,2,2,'12c'),(97396,2,2,'12d'),(97420,2,2,'12e'),(93406,2,2,'12x12cm'),(93174,2,2,'130'),(93693,2,2,'130x122'),(93766,2,2,'130x195cm'),(95369,2,2,'130x89cm'),(93173,2,2,'130x97cm'),(95308,2,2,'138'),(62609,2,2,'140'),(107347,2,2,'140x100cm'),(97124,2,2,'143'),(96901,2,2,'146'),(95347,2,2,'161'),(95345,2,2,'161x60cm'),(65901,2,2,'162'),(65900,2,2,'162x114'),(94582,2,2,'165'),(94581,2,2,'165x85cm'),(93540,2,2,'16x16cm'),(95623,2,2,'175'),(93042,2,2,'180'),(94458,2,2,'180x180cm'),(107207,2,2,'180x200cm'),(93491,2,2,'180x94cm'),(93767,2,2,'195'),(93470,2,2,'198'),(107208,2,2,'200'),(96298,2,2,'2000'),(95370,2,2,'2004'),(96197,2,2,'2005'),(96277,2,2,'2006'),(95346,2,2,'2010'),(96134,2,2,'2012'),(93041,2,2,'2014'),(92960,2,2,'2015'),(92908,2,2,'2016'),(93001,2,2,'2017'),(93670,2,2,'2018'),(93562,2,2,'20x20cm'),(64312,2,2,'210'),(97374,2,2,'220'),(97373,2,2,'220x30cm'),(96297,2,2,'23x15cm'),(97083,2,2,'265'),(65409,2,2,'26x36'),(93235,2,2,'27x107cm'),(95863,2,2,'27x74cm'),(95134,2,2,'295'),(97498,2,2,'295x21cm'),(97520,2,2,'295x295cm'),(96424,2,2,'305'),(92898,2,2,'3052'),(96421,2,2,'305x23'),(92923,2,2,'3071'),(94690,2,2,'30cm'),(94033,2,2,'30x100cm'),(95618,2,2,'30x175cm'),(94304,2,2,'30x30cm'),(94167,2,2,'30x40m'),(96235,2,2,'30x46cm'),(96196,2,2,'30x47cm'),(95612,2,2,'310'),(95133,2,2,'325'),(94248,2,2,'32x48m'),(93586,2,2,'33x24cm'),(96254,2,2,'33x25cm'),(96276,2,2,'34x14cm'),(104540,2,2,'350g'),(94275,2,2,'35x50cm'),(96540,2,2,'36x26'),(93669,2,2,'37x48'),(92955,2,2,'3818'),(92983,2,2,'3820'),(61489,2,2,'3836'),(61505,2,2,'3846'),(108832,2,2,'38x105cm'),(93000,2,2,'3955'),(93020,2,2,'3957'),(93040,2,2,'4026'),(93058,2,2,'4028'),(93081,2,2,'4030'),(93104,2,2,'4034'),(93127,2,2,'4039'),(61671,2,2,'4059'),(92924,2,2,'40x60cm'),(66495,2,2,'41x295cm'),(93155,2,2,'41x33cm'),(62865,2,2,'41x50cm'),(61689,2,2,'4214'),(94724,2,2,'42x14cm'),(93153,2,2,'4487'),(93172,2,2,'4588'),(93647,2,2,'45x109cm'),(94085,2,2,'45x145cm'),(62476,2,2,'46x38m'),(96319,2,2,'47x30cm'),(96092,2,2,'47x60cm'),(61727,2,2,'4830'),(93191,2,2,'4832'),(93214,2,2,'4837'),(93234,2,2,'4843'),(93257,2,2,'4847'),(96175,2,2,'485'),(61833,2,2,'4853'),(96174,2,2,'485x33cm'),(93283,2,2,'4890'),(93309,2,2,'4892'),(93338,2,2,'4896'),(61941,2,2,'4898'),(95944,2,2,'48x60cm'),(61965,2,2,'4910'),(93361,2,2,'4917'),(93383,2,2,'4919'),(93404,2,2,'4921'),(93424,2,2,'4923'),(93443,2,2,'4925'),(93466,2,2,'4927'),(93490,2,2,'4929'),(93514,2,2,'4931'),(93539,2,2,'4933'),(94936,2,2,'495'),(93561,2,2,'4959'),(93585,2,2,'4963'),(93607,2,2,'4979'),(95926,2,2,'505'),(95925,2,2,'505x65cm'),(94059,2,2,'50x17cm'),(61835,2,2,'50x36'),(97607,2,2,'50x50cm'),(94141,2,2,'50x70m'),(64382,2,2,'510'),(62182,2,2,'5149'),(62202,2,2,'5151'),(93627,2,2,'5154'),(62242,2,2,'5155'),(96398,2,2,'51x49cm'),(95022,2,2,'525'),(97082,2,2,'52x265x23cm'),(95517,2,2,'53x73cm'),(95471,2,2,'53x74cm'),(93646,2,2,'5432'),(93666,2,2,'5436'),(93692,2,2,'5440'),(93718,2,2,'5442'),(95561,2,2,'54x73cm'),(93742,2,2,'5578'),(93765,2,2,'5580'),(93792,2,2,'5582'),(97123,2,2,'55x143cm'),(92959,2,2,'55x89cm'),(93817,2,2,'5902'),(93843,2,2,'5903'),(62475,2,2,'5905'),(94303,2,2,'5909'),(62517,2,2,'5911'),(62539,2,2,'5944'),(62561,2,2,'5945'),(62584,2,2,'5956'),(62607,2,2,'5975'),(93868,2,2,'5977'),(93889,2,2,'5980'),(93910,2,2,'5982'),(62689,2,2,'5983'),(93935,2,2,'5988'),(93962,2,2,'5993'),(93987,2,2,'5994'),(94012,2,2,'5995'),(96641,2,2,'600'),(96640,2,2,'600gr'),(96111,2,2,'60x26cm'),(96133,2,2,'60x35cm'),(96054,2,2,'60x47cm'),(96031,2,2,'60x48cm'),(96924,2,2,'60x72cm'),(95649,2,2,'610'),(94058,2,2,'6129'),(94084,2,2,'6130'),(94112,2,2,'6133'),(94139,2,2,'6134'),(94166,2,2,'6135'),(94193,2,2,'6136'),(94220,2,2,'6137'),(94247,2,2,'6138'),(94274,2,2,'6139'),(94302,2,2,'6141'),(94321,2,2,'6142'),(94343,2,2,'6143'),(94365,2,2,'6144'),(94387,2,2,'6145'),(94409,2,2,'6146'),(94431,2,2,'6147'),(94457,2,2,'6148'),(94481,2,2,'6149'),(94505,2,2,'6150'),(94533,2,2,'6151'),(94557,2,2,'6152'),(94580,2,2,'6153'),(94606,2,2,'6154'),(94634,2,2,'6155'),(94661,2,2,'6156'),(94686,2,2,'6158'),(94720,2,2,'6162'),(94755,2,2,'6163'),(94793,2,2,'6164'),(94833,2,2,'6165'),(94868,2,2,'6166'),(94904,2,2,'6167'),(94933,2,2,'6168'),(94961,2,2,'6169'),(94989,2,2,'6170'),(95021,2,2,'6171'),(95051,2,2,'6172'),(95078,2,2,'6173'),(95104,2,2,'6174'),(95132,2,2,'6175'),(95162,2,2,'6176'),(95193,2,2,'6177'),(95220,2,2,'6178'),(95248,2,2,'6179'),(95275,2,2,'6180'),(95307,2,2,'6187'),(96009,2,2,'61x47cm'),(95341,2,2,'6203'),(95367,2,2,'6204'),(95392,2,2,'6205'),(95420,2,2,'6206'),(95447,2,2,'6207'),(95470,2,2,'6209'),(95495,2,2,'6210'),(95515,2,2,'6213'),(95536,2,2,'6214'),(95560,2,2,'6215'),(95583,2,2,'6216'),(95613,2,2,'6219'),(95650,2,2,'6221'),(95687,2,2,'6222'),(95723,2,2,'6226'),(95760,2,2,'6228'),(95797,2,2,'6229'),(95835,2,2,'6231'),(95862,2,2,'6232'),(95882,2,2,'6233'),(95903,2,2,'6234'),(95924,2,2,'6235'),(95943,2,2,'6236'),(95964,2,2,'6237'),(95986,2,2,'6238'),(96008,2,2,'6239'),(96030,2,2,'6241'),(96053,2,2,'6242'),(96072,2,2,'6243'),(96091,2,2,'6244'),(96110,2,2,'6245'),(96132,2,2,'6246'),(96152,2,2,'6248'),(96173,2,2,'6249'),(95023,2,2,'625'),(96195,2,2,'6250'),(96215,2,2,'6251'),(96234,2,2,'6252'),(96253,2,2,'6253'),(96275,2,2,'6254'),(96296,2,2,'6255'),(96318,2,2,'6256'),(96340,2,2,'6257'),(96359,2,2,'6258'),(96378,2,2,'6259'),(96397,2,2,'6260'),(96419,2,2,'6261'),(96449,2,2,'6262'),(96479,2,2,'6263'),(96509,2,2,'6264'),(96539,2,2,'6266'),(96563,2,2,'6267'),(96588,2,2,'6268'),(96612,2,2,'6269'),(96638,2,2,'6271'),(96667,2,2,'6272'),(96696,2,2,'6273'),(96724,2,2,'6276'),(96752,2,2,'6277'),(96780,2,2,'6278'),(96810,2,2,'6279'),(96840,2,2,'6281'),(96868,2,2,'6282'),(96898,2,2,'6283'),(96923,2,2,'6302'),(96940,2,2,'6303'),(96961,2,2,'6306'),(96985,2,2,'6307'),(97010,2,2,'6308'),(97036,2,2,'6309'),(97057,2,2,'6310'),(97081,2,2,'6311'),(97104,2,2,'6312'),(97447,2,2,'6334'),(97472,2,2,'6335'),(97497,2,2,'6336'),(97519,2,2,'6338'),(97537,2,2,'6339'),(97562,2,2,'6340'),(97582,2,2,'6341'),(97606,2,2,'6342'),(107286,2,2,'6346'),(111364,2,2,'6350'),(105918,2,2,'6357'),(107206,2,2,'6362'),(111316,2,2,'6363'),(111296,2,2,'6366'),(107346,2,2,'6381'),(107175,2,2,'6382'),(107334,2,2,'6386'),(107310,2,2,'6387'),(108830,2,2,'6388'),(95221,2,2,'645'),(97144,2,2,'65x110cm'),(93940,2,2,'65x50cm'),(97272,2,2,'65x81cm'),(97106,2,2,'65x90x30'),(94962,2,2,'695'),(97058,2,2,'70x100cm'),(93819,2,2,'70x70cm'),(95686,2,2,'710'),(95450,2,2,'735'),(95449,2,2,'735x89cm'),(97291,2,2,'73x100cm'),(95904,2,2,'73x265cm'),(95883,2,2,'73x27cm'),(96341,2,2,'73x53cm'),(95584,2,2,'73x54cm'),(94534,2,2,'73x60cm'),(62518,2,2,'73x60m'),(96941,2,2,'75x110cm'),(96379,2,2,'75x30cm'),(95537,2,2,'75x55cm'),(97351,2,2,'75x65cm'),(97331,2,2,'76x146cm'),(96639,2,2,'76x58'),(61690,2,2,'78x60'),(94906,2,2,'80x61'),(96962,2,2,'80x80cm'),(64732,2,2,'810'),(97473,2,2,'81cm'),(95834,2,2,'910'),(94558,2,2,'92x73cm'),(93258,2,2,'94x85'),(105889,2,2,'95x120cm'),(96899,2,2,'97x146'),(111317,2,2,'97x162cm'),(95368,2,2,'acrylic'),(93059,2,2,'acrylique'),(107241,2,2,'addiction'),(92902,2,2,'aerosol'),(93403,2,2,'age'),(93582,2,2,'aiguiser'),(93465,2,2,'ailleurs'),(94960,2,2,'alice'),(96637,2,2,'alive'),(96960,2,2,'alone'),(94901,2,2,'amadeo'),(93690,2,2,'ame'),(92928,2,2,'americaine'),(61830,2,2,'annabelle'),(94718,2,2,'anonyme'),(94530,2,2,'another'),(95448,2,2,'aquarelle'),(111294,2,2,'aquatic'),(94605,2,2,'arabica'),(93560,2,2,'art'),(62240,2,2,'artic'),(95622,2,2,'artist'),(95163,2,2,'artiste'),(95619,2,2,'artwork'),(93668,2,2,'assemblage'),(62537,2,2,'atlantic'),(95018,2,2,'attente'),(97080,2,2,'augmente'),(93255,2,2,'avec'),(94011,2,2,'avenue'),(96695,2,2,'away'),(93464,2,2,'baisers'),(97604,2,2,'bandes'),(96963,2,2,'bas'),(94688,2,2,'batterie'),(96538,2,2,'beggining'),(95306,2,2,'bis'),(65408,2,2,'blanc'),(95493,2,2,'bleu'),(95535,2,2,'blue'),(97009,2,2,'blues'),(92929,2,2,'bois'),(97445,2,2,'bom'),(92895,2,2,'bona'),(108828,2,2,'bonnes'),(93463,2,2,'bons'),(94532,2,2,'born'),(93559,2,2,'boss'),(97446,2,2,'bousier'),(93938,2,2,'box'),(96274,2,2,'bruns'),(93442,2,2,'bugs'),(95365,2,2,'bus'),(92926,2,2,'cadre'),(97102,2,2,'cage'),(92927,2,2,'caisse'),(95344,2,2,'canvas'),(93336,2,2,'cara'),(94903,2,2,'cardoso'),(92925,2,2,'carton'),(92921,2,2,'cent'),(93740,2,2,'certain'),(95582,2,2,'ceruleum'),(105888,2,2,'chroma'),(61487,2,2,'citizen'),(65899,2,2,'city'),(95923,2,2,'clouds'),(92903,2,2,'collage'),(92952,2,2,'comment'),(108256,2,2,'copies'),(96172,2,2,'copy'),(93150,2,2,'corps'),(96214,2,2,'crossroads'),(105887,2,2,'crown'),(107205,2,2,'crush'),(61834,2,2,'cur'),(111295,2,2,'dance'),(94722,2,2,'dans'),(96984,2,2,'dark'),(92958,2,2,'date'),(94531,2,2,'day'),(97517,2,2,'death'),(93513,2,2,'debat'),(93337,2,2,'delevingne'),(62559,2,2,'dernier'),(93537,2,2,'des'),(93405,2,2,'dessin'),(93515,2,2,'deux'),(95902,2,2,'diagonal'),(94689,2,2,'diametre'),(95192,2,2,'diane'),(104537,2,2,'digital'),(94721,2,2,'diptyque'),(92954,2,2,'dire'),(97518,2,2,'disaster'),(93542,2,2,'disponibles'),(93334,2,2,'doll'),(97103,2,2,'doree'),(95164,2,2,'dos'),(95020,2,2,'doute'),(96420,2,2,'drawing'),(62688,2,2,'dreams'),(96964,2,2,'droite'),(66494,2,2,'elegant'),(93626,2,2,'elephant'),(93665,2,2,'elle'),(44172,2,2,'elysee'),(94663,2,2,'encadre'),(94140,2,2,'encadrement'),(92901,2,2,'encre'),(95620,2,2,'enhanced'),(65627,2,2,'entrelacs'),(65653,2,2,'entrevoir'),(61488,2,2,'erased'),(95019,2,2,'espoir'),(108255,2,2,'estampe'),(93716,2,2,'etais'),(93664,2,2,'etait'),(104539,2,2,'etching'),(94633,2,2,'ethiopia'),(95103,2,2,'eugene'),(93663,2,2,'evazesir'),(96897,2,2,'everythings'),(108257,2,2,'exemplaires'),(93360,2,2,'explorer'),(95050,2,2,'fernand'),(93256,2,2,'feu'),(94717,2,2,'fige'),(93516,2,2,'figures'),(107345,2,2,'filles'),(93933,2,2,'five'),(61938,2,2,'flame'),(107174,2,2,'flow'),(96809,2,2,'focus'),(96922,2,2,'folded'),(61669,2,2,'forever'),(61939,2,2,'frieda'),(94300,2,2,'froquet'),(94687,2,2,'fut'),(111315,2,2,'galactika'),(96562,2,2,'gens'),(95219,2,2,'georges'),(107204,2,2,'gold'),(62494,2,2,'golden'),(104533,2,2,'gottfried'),(93512,2,2,'grand'),(108831,2,2,'guitard'),(95446,2,2,'helicopter'),(92920,2,2,'herard'),(93282,2,2,'hill'),(97079,2,2,'homme'),(94660,2,2,'honduras'),(94579,2,2,'hoturu'),(93764,2,2,'iconicara'),(95559,2,2,'iii'),(93308,2,2,'imany'),(96422,2,2,'ink'),(62474,2,2,'innocence'),(93444,2,2,'installation'),(94716,2,2,'instant'),(96723,2,2,'intense'),(95305,2,2,'itineraire'),(107218,2,2,'ivresse'),(93254,2,2,'jouer'),(93960,2,2,'juniper'),(96537,2,2,'just'),(94608,2,2,'jute'),(93279,2,2,'killing'),(105885,2,2,'kool'),(105886,2,2,'koor'),(93060,2,2,'kraft'),(62495,2,2,'lady'),(95366,2,2,'lane'),(93536,2,2,'langue'),(96839,2,2,'large'),(93281,2,2,'lauryn'),(97536,2,2,'lek'),(94988,2,2,'leontine'),(96273,2,2,'les'),(93541,2,2,'lettres'),(93039,2,2,'levalet'),(92897,2,2,'life'),(93154,2,2,'lin'),(94456,2,2,'line'),(104441,2,2,'lithoonline'),(94932,2,2,'louise'),(97034,2,2,'magic'),(108829,2,2,'manieres'),(93986,2,2,'mariposa'),(93061,2,2,'maroufle'),(66493,2,2,'masque'),(26748,2,2,'maude'),(62201,2,2,'mcqueen'),(93937,2,2,'mdf'),(93362,2,2,'media'),(93936,2,2,'medium'),(94867,2,2,'melancolie'),(93606,2,2,'melo'),(96587,2,2,'melody'),(93152,2,2,'ment'),(93489,2,2,'mesure'),(97271,2,2,'metal'),(96751,2,2,'methode'),(97560,2,2,'middle'),(104535,2,2,'midtown'),(61964,2,2,'minded'),(92950,2,2,'miss'),(95342,2,2,'mix'),(92907,2,2,'mixed'),(92900,2,2,'mixte'),(92980,2,2,'moi'),(97035,2,2,'monkey'),(62241,2,2,'monkeys'),(62583,2,2,'monroe'),(94935,2,2,'montage'),(94831,2,2,'morceaux'),(96900,2,2,'mounted'),(104538,2,2,'museum'),(93888,2,2,'never'),(95339,2,2,'new'),(95445,2,2,'night'),(94685,2,2,'nocturama'),(65407,2,2,'noir'),(93583,2,2,'nos'),(93688,2,2,'nostalgie'),(97561,2,2,'nowhere'),(95616,2,2,'numbered'),(44173,2,2,'octobre'),(93717,2,2,'oiseau'),(61963,2,2,'open'),(97605,2,2,'organisees'),(93818,2,2,'original'),(96779,2,2,'originel'),(97449,2,2,'paint'),(95615,2,2,'panel'),(93284,2,2,'panneau'),(93363,2,2,'paper'),(93002,2,2,'papier'),(93335,2,2,'parts'),(92979,2,2,'passe'),(96423,2,2,'pastel'),(94480,2,2,'patriarch'),(97056,2,2,'paves'),(93382,2,2,'peau'),(94905,2,2,'peint'),(94723,2,2,'peinte'),(94934,2,2,'peinture'),(97059,2,2,'pencil'),(93691,2,2,'perdue'),(93645,2,2,'phagotrophie'),(92919,2,2,'philippe'),(95343,2,2,'photo'),(95422,2,2,'photographie'),(93584,2,2,'pinceaux'),(61940,2,2,'pinto'),(93934,2,2,'points'),(94010,2,2,'ponce'),(93790,2,2,'pop'),(104536,2,2,'print'),(104542,2,2,'printing'),(95617,2,2,'prints'),(97008,2,2,'puma'),(95391,2,2,'puzzle'),(93715,2,2,'quand'),(62582,2,2,'real'),(96252,2,2,'red'),(96131,2,2,'redtouch'),(95247,2,2,'regard'),(93151,2,2,'regime'),(96052,2,2,'riverside'),(94299,2,2,'romain'),(93741,2,2,'romance'),(62516,2,2,'royal'),(94607,2,2,'sac'),(62180,2,2,'sad'),(104534,2,2,'salzmann'),(93212,2,2,'sans'),(97538,2,2,'scotch'),(92981,2,2,'sel'),(94832,2,2,'serie'),(61832,2,2,'seve'),(96090,2,2,'shadows'),(93307,2,2,'shy'),(92957,2,2,'signe'),(104541,2,2,'signed'),(93538,2,2,'signes'),(93867,2,2,'skin'),(93280,2,2,'softly'),(96611,2,2,'somnium'),(95131,2,2,'souliers'),(93445,2,2,'sous'),(94902,2,2,'souza'),(94301,2,2,'sparkling'),(97033,2,2,'splash'),(97448,2,2,'spray'),(95514,2,2,'square'),(93791,2,2,'star'),(62538,2,2,'station'),(96808,2,2,'stay'),(95621,2,2,'stencil'),(62200,2,2,'steve'),(96666,2,2,'story'),(93961,2,2,'street'),(96396,2,2,'stripes'),(65898,2,2,'summer'),(92904,2,2,'sur'),(95077,2,2,'suzanne'),(92953,2,2,'taire'),(62560,2,2,'tango'),(61831,2,2,'tattu'),(93467,2,2,'tech'),(92899,2,2,'technique'),(94556,2,2,'thing'),(92951,2,2,'tic'),(62606,2,2,'tiger'),(65523,2,2,'time'),(95513,2,2,'times'),(93213,2,2,'titre'),(92922,2,2,'titres'),(92905,2,2,'toile'),(92956,2,2,'tole'),(96233,2,2,'touch'),(65785,2,2,'tradition'),(95419,2,2,'triangle'),(62181,2,2,'true'),(95494,2,2,'turquoise'),(93689,2,2,'une'),(61504,2,2,'utero'),(97450,2,2,'varnish'),(96838,2,2,'vent'),(93605,2,2,'venus'),(93667,2,2,'vernis'),(93939,2,2,'verre'),(92982,2,2,'vie'),(94719,2,2,'vii'),(61937,2,2,'viola'),(96232,2,2,'violet'),(93446,2,2,'vitrine'),(96867,2,2,'volute'),(95516,2,2,'watercolor'),(92896,2,2,'weight'),(95922,2,2,'white'),(94555,2,2,'wild'),(97105,2,2,'windows'),(95614,2,2,'wood'),(95340,2,2,'york'),(61670,2,2,'young'),(104087,4,2,'100'),(104086,4,2,'100x70cm'),(103849,4,2,'102'),(98045,4,2,'105'),(98043,4,2,'105x75'),(100604,4,2,'10x5cm'),(98182,4,2,'110'),(101433,4,2,'121'),(99630,4,2,'12ex'),(105693,4,2,'133'),(109511,4,2,'13th'),(98937,4,2,'140'),(99524,4,2,'14x14x5cm'),(98674,4,2,'150'),(98672,4,2,'150ex'),(100638,4,2,'1633ex'),(102114,4,2,'173'),(100608,4,2,'183'),(99451,4,2,'1849'),(109908,4,2,'18x24'),(99328,4,2,'1920'),(100605,4,2,'1990'),(100609,4,2,'1993'),(99276,4,2,'200'),(100204,4,2,'2007'),(98938,4,2,'2008'),(102115,4,2,'2009'),(99275,4,2,'200ex'),(98790,4,2,'2010'),(102462,4,2,'2011'),(103061,4,2,'2013'),(97663,4,2,'2014'),(97640,4,2,'2015'),(98673,4,2,'2015cm'),(98387,4,2,'2016'),(109743,4,2,'2017'),(109909,4,2,'2017numbered'),(109831,4,2,'2018'),(103455,4,2,'2018cotton'),(108906,4,2,'2019'),(12492,4,2,'2020'),(99034,4,2,'20ex'),(103416,4,2,'20x20cm'),(100774,4,2,'20x24cm'),(102495,4,2,'20x30cm'),(99638,4,2,'21x21cm'),(100672,4,2,'22008'),(99478,4,2,'22x10x5cm'),(98245,4,2,'22x16cm'),(98914,4,2,'240g'),(100492,4,2,'24x18cm'),(100933,4,2,'24x30cm'),(98335,4,2,'250'),(98337,4,2,'250g'),(97633,4,2,'2546'),(97658,4,2,'2547'),(97688,4,2,'2574'),(97722,4,2,'2576'),(97751,4,2,'2577'),(97782,4,2,'2578'),(97815,4,2,'2579'),(97845,4,2,'2580'),(97878,4,2,'2582'),(97915,4,2,'2583'),(97942,4,2,'2585'),(97977,4,2,'2586'),(98033,4,2,'2587'),(98086,4,2,'2588'),(98115,4,2,'2589'),(98175,4,2,'2590'),(100773,4,2,'25ex'),(99416,4,2,'2650'),(97639,4,2,'270'),(98243,4,2,'2703'),(98265,4,2,'2705'),(97636,4,2,'270g'),(104355,4,2,'270gformat'),(97944,4,2,'270gr'),(104356,4,2,'275x345cm'),(98286,4,2,'2763'),(99705,4,2,'27x21cm'),(99573,4,2,'27x34'),(98332,4,2,'2844'),(98383,4,2,'2977'),(98483,4,2,'300'),(100203,4,2,'300ex'),(108908,4,2,'305'),(98417,4,2,'3096'),(98448,4,2,'3097'),(101548,4,2,'30ea'),(99978,4,2,'30x30cm'),(101113,4,2,'30x40cm'),(99632,4,2,'310'),(99629,4,2,'310g'),(103457,4,2,'320'),(101657,4,2,'325'),(101656,4,2,'325ex'),(98481,4,2,'3310'),(109861,4,2,'335'),(98385,4,2,'33ex'),(98734,4,2,'33x25cm'),(98575,4,2,'350'),(98707,4,2,'350ex'),(98392,4,2,'350g'),(99631,4,2,'35x22cm'),(98513,4,2,'3661'),(98549,4,2,'3662'),(103804,4,2,'36x46cm'),(110303,4,2,'38x19x10cm'),(103850,4,2,'38x43cm'),(98574,4,2,'3966'),(12139,4,2,'3974'),(98600,4,2,'3980'),(98631,4,2,'3982'),(98669,4,2,'3996'),(100303,4,2,'400'),(98706,4,2,'4000'),(98732,4,2,'4008'),(100302,4,2,'400ex'),(98761,4,2,'4010'),(98787,4,2,'4016'),(98819,4,2,'4070'),(98851,4,2,'4072'),(98883,4,2,'4074'),(98911,4,2,'4082'),(99067,4,2,'40ex'),(101686,4,2,'40th'),(100903,4,2,'40x30'),(99329,4,2,'40x30cm'),(99066,4,2,'40x50cm'),(98935,4,2,'4118'),(98964,4,2,'4287'),(99001,4,2,'4298'),(109947,4,2,'42x19x10cm'),(99032,4,2,'4320'),(69589,4,2,'4474'),(99065,4,2,'4475'),(99002,4,2,'44x34'),(98602,4,2,'450'),(100673,4,2,'45046x61cm'),(98632,4,2,'450ex'),(109972,4,2,'45x19x10cm'),(103681,4,2,'45x30cm'),(110000,4,2,'46x19x10cm'),(101341,4,2,'46x46cm'),(99097,4,2,'4742'),(99120,4,2,'4744'),(99146,4,2,'4746'),(99172,4,2,'4748'),(109862,4,2,'475'),(101228,4,2,'475ex'),(99211,4,2,'4793'),(99239,4,2,'4795'),(99274,4,2,'4858'),(99302,4,2,'4860'),(99327,4,2,'4872'),(99354,4,2,'4874'),(99382,4,2,'4878'),(99414,4,2,'4883'),(99448,4,2,'4885'),(99475,4,2,'4944'),(99498,4,2,'4947'),(99522,4,2,'4950'),(109944,4,2,'4983'),(99572,4,2,'4987'),(98763,4,2,'500'),(100174,4,2,'500ex'),(99600,4,2,'5031'),(99627,4,2,'5049'),(99666,4,2,'5057'),(99703,4,2,'5058'),(99173,4,2,'50ex'),(103683,4,2,'50th'),(103777,4,2,'50x33cm'),(99949,4,2,'50x50cm'),(99417,4,2,'50x66cm'),(98386,4,2,'50x70'),(109019,4,2,'50x70cm'),(99355,4,2,'50x75cm'),(99752,4,2,'5113'),(99776,4,2,'5140'),(99803,4,2,'5141'),(99832,4,2,'5142'),(99862,4,2,'5144'),(99892,4,2,'5145'),(99922,4,2,'5146'),(99948,4,2,'5162'),(99977,4,2,'5163'),(100007,4,2,'5164'),(100036,4,2,'5165'),(100067,4,2,'5166'),(100094,4,2,'5169'),(100120,4,2,'5170'),(97690,4,2,'51x37'),(97662,4,2,'51x37cm'),(103587,4,2,'52x77cm'),(99383,4,2,'5360'),(100148,4,2,'5445'),(100173,4,2,'5453'),(100202,4,2,'5455'),(100234,4,2,'5459'),(103060,4,2,'5462'),(100267,4,2,'5464'),(100301,4,2,'5487'),(100332,4,2,'5497'),(100363,4,2,'5499'),(109830,4,2,'550'),(100396,4,2,'5500'),(100426,4,2,'5502'),(100456,4,2,'5503'),(100491,4,2,'5522'),(100526,4,2,'5523'),(100566,4,2,'5524'),(100603,4,2,'5527'),(100637,4,2,'5530'),(101966,4,2,'5560'),(100671,4,2,'5564'),(100704,4,2,'5566'),(100736,4,2,'5568'),(100772,4,2,'5589'),(100807,4,2,'5595'),(100839,4,2,'5683'),(100870,4,2,'5703'),(100902,4,2,'5722'),(100932,4,2,'5740'),(100963,4,2,'5744'),(100991,4,2,'5756'),(101014,4,2,'5757'),(101035,4,2,'5758'),(101057,4,2,'5759'),(101083,4,2,'5763'),(101112,4,2,'5776'),(101143,4,2,'5777'),(101174,4,2,'5778'),(101201,4,2,'5779'),(100705,4,2,'57x57cm'),(101227,4,2,'5824'),(71835,4,2,'5864'),(101254,4,2,'5865'),(101283,4,2,'5867'),(101311,4,2,'5875'),(101340,4,2,'5876'),(101367,4,2,'5877'),(101395,4,2,'5878'),(101429,4,2,'5879'),(101460,4,2,'5881'),(101489,4,2,'5884'),(101517,4,2,'5885'),(101547,4,2,'5899'),(105692,4,2,'58x58cm'),(101579,4,2,'5935'),(101602,4,2,'5960'),(99384,4,2,'59x89cm'),(103746,4,2,'5th'),(101623,4,2,'6012'),(101655,4,2,'6017'),(101688,4,2,'6019'),(101719,4,2,'6028'),(101751,4,2,'6030'),(101783,4,2,'6031'),(101846,4,2,'6034'),(101870,4,2,'6035'),(101889,4,2,'6036'),(23719,4,2,'6037'),(101914,4,2,'6038'),(101943,4,2,'6040'),(101965,4,2,'6042'),(101999,4,2,'6043'),(102033,4,2,'6044'),(102059,4,2,'6045'),(102071,4,2,'6046'),(102089,4,2,'6047'),(102112,4,2,'6048'),(102136,4,2,'6050'),(102161,4,2,'6051'),(102182,4,2,'6052'),(102204,4,2,'6053'),(102223,4,2,'6054'),(102242,4,2,'6056'),(102267,4,2,'6057'),(102290,4,2,'6058'),(102319,4,2,'6059'),(102361,4,2,'6061'),(102386,4,2,'6065'),(102404,4,2,'6066'),(103952,4,2,'607'),(102423,4,2,'6074'),(102461,4,2,'6077'),(102492,4,2,'6079'),(102515,4,2,'6080'),(102540,4,2,'6081'),(102563,4,2,'6082'),(102586,4,2,'6083'),(102608,4,2,'6084'),(102627,4,2,'6089'),(102659,4,2,'6090'),(102685,4,2,'6092'),(102709,4,2,'6093'),(102729,4,2,'6094'),(102758,4,2,'6095'),(102787,4,2,'6096'),(102816,4,2,'6097'),(102845,4,2,'6098'),(102874,4,2,'6099'),(98290,4,2,'60x40'),(98515,4,2,'60x80'),(109210,4,2,'60x80cm'),(102903,4,2,'6100'),(102933,4,2,'6101'),(102964,4,2,'6102'),(102994,4,2,'6103'),(103025,4,2,'6104'),(103059,4,2,'6106'),(103092,4,2,'6107'),(103126,4,2,'6109'),(103154,4,2,'6110'),(103183,4,2,'6111'),(109188,4,2,'6115'),(109018,4,2,'6117'),(103210,4,2,'6119'),(103239,4,2,'6120'),(103268,4,2,'6121'),(103297,4,2,'6123'),(103328,4,2,'6124'),(103357,4,2,'6125'),(103386,4,2,'6126'),(103415,4,2,'6127'),(103450,4,2,'6181'),(103486,4,2,'6182'),(103523,4,2,'6183'),(103557,4,2,'6184'),(103584,4,2,'6189'),(103611,4,2,'6190'),(103643,4,2,'6191'),(103680,4,2,'6192'),(103717,4,2,'6193'),(103747,4,2,'6194'),(103776,4,2,'6195'),(103803,4,2,'6196'),(103827,4,2,'6197'),(103848,4,2,'6198'),(103872,4,2,'6199'),(103897,4,2,'61cm'),(104057,4,2,'61x37cm'),(98603,4,2,'61x46'),(98633,4,2,'61x46cm'),(99833,4,2,'61x91cm'),(103895,4,2,'6288'),(103922,4,2,'6289'),(103949,4,2,'6290'),(103978,4,2,'6291'),(104005,4,2,'6292'),(104031,4,2,'6293'),(104056,4,2,'6294'),(104085,4,2,'6295'),(104116,4,2,'6296'),(104145,4,2,'6297'),(104176,4,2,'6298'),(104208,4,2,'6299'),(104238,4,2,'6300'),(104272,4,2,'6301'),(104297,4,2,'6304'),(104351,4,2,'6305'),(104420,4,2,'6344'),(104588,4,2,'6350'),(105838,4,2,'6353'),(107064,4,2,'6385'),(108318,4,2,'6399'),(108723,4,2,'6400'),(108907,4,2,'6405'),(109134,4,2,'6409'),(109099,4,2,'6410'),(109048,4,2,'6411'),(109505,4,2,'6412'),(109595,4,2,'6413'),(109453,4,2,'6414'),(109998,4,2,'6416'),(109968,4,2,'6417'),(109943,4,2,'6419'),(109907,4,2,'6423'),(109822,4,2,'6424'),(109860,4,2,'6425'),(103873,4,2,'65x50cm'),(97943,4,2,'65x92cm'),(103830,4,2,'66x50cm'),(103645,4,2,'69x49cm'),(104115,4,2,'6ex'),(101285,4,2,'700'),(101284,4,2,'700ex'),(99035,4,2,'70x50cm'),(100640,4,2,'70x70cm'),(104117,4,2,'75cm'),(101431,4,2,'75ex'),(104006,4,2,'75x61cm'),(103748,4,2,'76x45cm'),(103951,4,2,'775'),(103950,4,2,'775x607cm'),(98789,4,2,'78x64'),(12085,4,2,'80x60'),(100570,4,2,'80x80cm'),(103980,4,2,'815'),(103979,4,2,'815x61cm'),(103718,4,2,'82x63cm'),(103923,4,2,'833'),(104032,4,2,'83x61cm'),(101432,4,2,'85x121cm'),(98421,4,2,'91x61cm'),(97978,4,2,'92x65cm'),(100489,4,2,'abc'),(101844,4,2,'achever'),(100989,4,2,'addicted'),(101911,4,2,'aerosol'),(100490,4,2,'air'),(100232,4,2,'alert'),(102459,4,2,'alerte'),(101172,4,2,'ame'),(100572,4,2,'americaine'),(98731,4,2,'andre'),(103684,4,2,'anniversary'),(102181,4,2,'ans'),(102219,4,2,'antonio'),(108956,4,2,'antropocene'),(99415,4,2,'aquatinte'),(15623,4,2,'arche'),(109864,4,2,'archival'),(101888,4,2,'arlequin'),(98028,4,2,'art'),(109070,4,2,'artist'),(98038,4,2,'artiste'),(98336,4,2,'artistes'),(105418,4,2,'artists'),(98963,4,2,'artwood'),(102514,4,2,'atelier'),(103686,4,2,'austria'),(100602,4,2,'autoportait'),(103209,4,2,'autostop'),(104352,4,2,'autres'),(107123,4,2,'available'),(99634,4,2,'avec'),(103642,4,2,'avenue'),(109451,4,2,'back'),(98702,4,2,'bad'),(102963,4,2,'barcelona'),(15619,4,2,'barthelemy'),(99921,4,2,'bas'),(102057,4,2,'basto'),(15621,4,2,'bathelemy'),(102607,4,2,'batibouw'),(98242,4,2,'beatitude'),(97635,4,2,'bfk'),(99210,4,2,'bidder'),(100899,4,2,'bis'),(99273,4,2,'black'),(102710,4,2,'blanc'),(103805,4,2,'bleu'),(97721,4,2,'bleue'),(109971,4,2,'block'),(101252,4,2,'blood'),(101282,4,2,'blue'),(98961,4,2,'bois'),(102460,4,2,'bombe'),(100065,4,2,'bona'),(102494,4,2,'bonan'),(102490,4,2,'bonant'),(97914,4,2,'bonheur'),(102493,4,2,'bonnant'),(97687,4,2,'botti'),(100606,4,2,'bouchon'),(101749,4,2,'bowie'),(107963,4,2,'box'),(98703,4,2,'brain'),(102160,4,2,'brel'),(103847,4,2,'bridges'),(109450,4,2,'bring'),(99477,4,2,'brique'),(98244,4,2,'bronze'),(99353,4,2,'brothers'),(109970,4,2,'buidling'),(109999,4,2,'building'),(109449,4,2,'c215'),(102728,4,2,'caddy'),(100571,4,2,'caisse'),(108905,4,2,'calendrier'),(100531,4,2,'carton'),(99635,4,2,'catalogue'),(98547,4,2,'cent'),(102706,4,2,'centaure'),(100601,4,2,'cesar'),(98037,4,2,'chaque'),(98910,4,2,'cinnamon'),(97976,4,2,'cirque'),(101781,4,2,'citizen'),(103327,4,2,'citron'),(98665,4,2,'cleon'),(99064,4,2,'clochette'),(98035,4,2,'coffret'),(98331,4,2,'collaboration'),(99449,4,2,'collage'),(109863,4,2,'color'),(101964,4,2,'colossus'),(98036,4,2,'comprenant'),(103556,4,2,'conscience'),(99496,4,2,'contre'),(100525,4,2,'control'),(109191,4,2,'copie'),(103453,4,2,'copies'),(108666,4,2,'copy'),(101868,4,2,'corde'),(98668,4,2,'corruption'),(103458,4,2,'cotton'),(98031,4,2,'couleur'),(103775,4,2,'coupe'),(102203,4,2,'crawler'),(109825,4,2,'cream'),(98085,4,2,'cree'),(98999,4,2,'crisis'),(98485,4,2,'criteres'),(103385,4,2,'cube'),(100146,4,2,'damaged'),(99300,4,2,'danger'),(98080,4,2,'dans'),(98788,4,2,'date'),(98424,4,2,'dated'),(109510,4,2,'december'),(109596,4,2,'decembre'),(109905,4,2,'deception'),(101173,4,2,'dechue'),(109866,4,2,'deckled'),(99271,4,2,'decoding'),(100495,4,2,'dedicace'),(99446,4,2,'deep'),(98187,4,2,'demande'),(97876,4,2,'denning'),(102360,4,2,'dents'),(101081,4,2,'dernier'),(98044,4,2,'des'),(99272,4,2,'desinformation'),(98084,4,2,'desir'),(100493,4,2,'dessin'),(98384,4,2,'digigraphie'),(98388,4,2,'digital'),(100264,4,2,'diptyque'),(109906,4,2,'disorder'),(98191,4,2,'disponibles'),(100527,4,2,'disque'),(98936,4,2,'dos'),(98630,4,2,'dove'),(100488,4,2,'dran'),(109071,4,2,'droite'),(12138,4,2,'drop'),(100669,4,2,'duality'),(98998,4,2,'earth'),(103679,4,2,'eastriver'),(103238,4,2,'ecolier'),(109867,4,2,'edges'),(98486,4,2,'edite'),(103682,4,2,'edited'),(98427,4,2,'edition'),(98484,4,2,'editions'),(104418,4,2,'egalite'),(99520,4,2,'ego'),(101912,4,2,'elsa'),(101225,4,2,'embrace'),(98821,4,2,'encadree'),(98190,4,2,'encore'),(102422,4,2,'endless'),(102133,4,2,'enfance'),(103024,4,2,'england'),(109069,4,2,'enhanced'),(98184,4,2,'envoi'),(103267,4,2,'envol'),(103828,4,2,'epreuve'),(101782,4,2,'erased'),(98264,4,2,'espiegle'),(103829,4,2,'essai'),(97913,4,2,'est'),(98514,4,2,'estampe'),(105743,4,2,'estampes'),(98391,4,2,'etching'),(99175,4,2,'ete'),(109942,4,2,'etes'),(97912,4,2,'etonne'),(97911,4,2,'etre'),(101171,4,2,'evazesir'),(99174,4,2,'exemplaire'),(97641,4,2,'exemplaires'),(104354,4,2,'exemplairesimpr'),(99636,4,2,'exposition'),(100231,4,2,'eye'),(99860,4,2,'face'),(102385,4,2,'fade'),(98414,4,2,'fairey'),(99546,4,2,'fais'),(99178,4,2,'fait'),(99775,4,2,'fatal'),(108924,4,2,'faux'),(100300,4,2,'fear'),(99063,4,2,'fee'),(101142,4,2,'fertile'),(102180,4,2,'fete'),(101200,4,2,'fige'),(97657,4,2,'figure'),(97877,4,2,'figureid'),(109820,4,2,'fire'),(100805,4,2,'five'),(97750,4,2,'fkdl'),(100230,4,2,'flint'),(100455,4,2,'florist'),(109017,4,2,'flow'),(100574,4,2,'foret'),(98042,4,2,'format'),(102993,4,2,'france'),(99545,4,2,'frasques'),(104419,4,2,'fraternite'),(98629,4,2,'freedom'),(103056,4,2,'freidman'),(99547,4,2,'fresques'),(98909,4,2,'froquet'),(102240,4,2,'full'),(101428,4,2,'future'),(98025,4,2,'galerie'),(100567,4,2,'games'),(102626,4,2,'gamine'),(101339,4,2,'geometric'),(99628,4,2,'german'),(109452,4,2,'girls'),(100233,4,2,'globe'),(103125,4,2,'gogh'),(101310,4,2,'gold'),(101427,4,2,'golden'),(97813,4,2,'gottfried'),(101430,4,2,'grand'),(98181,4,2,'graphito'),(101687,4,2,'grave'),(98287,4,2,'gravure'),(99802,4,2,'green'),(104084,4,2,'greenstreet'),(97781,4,2,'gregos'),(100362,4,2,'guard'),(99238,4,2,'guard2'),(102757,4,2,'guerre'),(102032,4,2,'gulliver'),(97875,4,2,'guy'),(100642,4,2,'hahnemulhe'),(109865,4,2,'hand'),(99861,4,2,'haut'),(104207,4,2,'helicopter'),(98546,4,2,'herard'),(97719,4,2,'herve'),(102707,4,2,'hommage'),(101968,4,2,'hour'),(100568,4,2,'huile'),(100670,4,2,'humanity'),(101034,4,2,'hung'),(102384,4,2,'hush'),(101516,4,2,'ice'),(97941,4,2,'ici'),(109858,4,2,'ideal'),(69585,4,2,'imagination'),(98183,4,2,'impression'),(100641,4,2,'imprimee'),(98041,4,2,'imprimees'),(109823,4,2,'inches'),(101199,4,2,'instant'),(108282,4,2,'ivresse'),(97909,4,2,'jacques'),(100563,4,2,'jana'),(98082,4,2,'jardins'),(101910,4,2,'jef'),(97973,4,2,'jerome'),(102786,4,2,'jesus'),(102815,4,2,'joconde'),(98026,4,2,'joel'),(99094,4,2,'jonone'),(98114,4,2,'judith'),(100770,4,2,'juniper'),(101226,4,2,'justice'),(100701,4,2,'kai'),(98598,4,2,'keep'),(103057,4,2,'keith'),(98027,4,2,'knafo'),(107061,4,2,'lady'),(109859,4,2,'large'),(101967,4,2,'late'),(100425,4,2,'learn'),(98382,4,2,'legion'),(99352,4,2,'lehmann'),(100093,4,2,'lek'),(69588,4,2,'lequel'),(100737,4,2,'les'),(98733,4,2,'letterpress'),(97631,4,2,'levalet'),(103641,4,2,'lexington'),(104417,4,2,'liberte'),(101601,4,2,'lie'),(101654,4,2,'lies'),(101013,4,2,'lilac'),(97689,4,2,'lithgraphie'),(97816,4,2,'litho'),(109189,4,2,'lithograph'),(105415,4,2,'lithographes'),(97637,4,2,'lithographie'),(98034,4,2,'lithographies'),(98965,4,2,'lithoonline'),(99753,4,2,'livre'),(99521,4,2,'logo'),(100990,4,2,'love'),(103414,4,2,'lune'),(98186,4,2,'mail'),(69587,4,2,'mais'),(98415,4,2,'make'),(103921,4,2,'manhattan'),(109966,4,2,'marcher'),(105417,4,2,'media'),(99474,4,2,'melo'),(101963,4,2,'melvins'),(99544,4,2,'mes'),(97974,4,2,'mesnager'),(102684,4,2,'mickey'),(104271,4,2,'midtown'),(99891,4,2,'milieu'),(103296,4,2,'mime'),(101685,4,2,'misfits'),(109938,4,2,'miss'),(105416,4,2,'mix'),(98966,4,2,'mixed'),(98178,4,2,'mixte'),(98189,4,2,'mixtes'),(101869,4,2,'mon'),(101488,4,2,'money'),(100869,4,2,'monkey'),(109187,4,2,'monotype'),(102241,4,2,'moon'),(103058,4,2,'morris'),(99774,4,2,'mujer'),(98912,4,2,'multiple'),(102658,4,2,'munch'),(98390,4,2,'museum'),(100394,4,2,'natural'),(99033,4,2,'new'),(99031,4,2,'news'),(98285,4,2,'night'),(98029,4,2,'noir'),(98759,4,2,'noise'),(98333,4,2,'non'),(98081,4,2,'nos'),(102844,4,2,'nounours'),(103449,4,2,'nuit'),(98671,4,2,'num'),(109973,4,2,'number'),(109829,4,2,'numbered'),(103585,4,2,'nume'),(103896,4,2,'numeric'),(99704,4,2,'numerique'),(98482,4,2,'numerote'),(97660,4,2,'numerotee'),(98040,4,2,'numerotees'),(98418,4,2,'obey'),(98934,4,2,'occupation'),(99179,4,2,'oeuvre'),(109508,4,2,'official'),(103448,4,2,'offrandes'),(101253,4,2,'oil'),(109190,4,2,'one'),(98426,4,2,'open'),(109507,4,2,'order'),(100494,4,2,'original'),(98113,4,2,'ouvrier'),(105742,4,2,'pack'),(99637,4,2,'pages'),(101546,4,2,'pandore'),(97632,4,2,'pansees'),(102873,4,2,'pape'),(103456,4,2,'paper'),(97638,4,2,'papier'),(98185,4,2,'par'),(97940,4,2,'paradis'),(98446,4,2,'paradise'),(100331,4,2,'parents'),(99000,4,2,'paris'),(109946,4,2,'parpaing'),(11868,4,2,'part'),(98667,4,2,'pattern'),(99523,4,2,'pave'),(98628,4,2,'peace'),(102110,4,2,'periferia'),(99326,4,2,'perspective'),(98666,4,2,'peterson'),(98960,4,2,'petit'),(98545,4,2,'philippe'),(98289,4,2,'photeauforte'),(99450,4,2,'photo'),(98288,4,2,'photographie'),(102708,4,2,'picasso'),(102932,4,2,'pinocchio'),(101867,4,2,'plus'),(109945,4,2,'pochoir'),(100806,4,2,'points'),(102538,4,2,'portait'),(98330,4,2,'portfolio'),(100607,4,2,'portrait'),(98419,4,2,'poster'),(100530,4,2,'pouces'),(69586,4,2,'pouvoir'),(99209,4,2,'power'),(109506,4,2,'pre'),(100200,4,2,'presidential'),(103326,4,2,'presse'),(101998,4,2,'pressure'),(101750,4,2,'print'),(98389,4,2,'printing'),(103451,4,2,'prints'),(102902,4,2,'prix'),(100564,4,2,'profondeur'),(98760,4,2,'project'),(103356,4,2,'promoteur'),(100330,4,2,'proud'),(98704,4,2,'punk'),(97975,4,2,'quel'),(99177,4,2,'qui'),(102058,4,2,'r2d2'),(102221,4,2,'rayos'),(100735,4,2,'red'),(108802,4,2,'regularisation'),(99176,4,2,'rehausse'),(98820,4,2,'rehaussee'),(100639,4,2,'rehausses'),(109509,4,2,'release'),(97686,4,2,'rene'),(99380,4,2,'reve'),(109967,4,2,'reveurs'),(101969,4,2,'riot'),(98573,4,2,'rise'),(97634,4,2,'rives'),(98913,4,2,'rivoli'),(98908,4,2,'romain'),(97720,4,2,'rosa'),(103716,4,2,'rose'),(103586,4,2,'rote'),(103806,4,2,'rouge'),(100931,4,2,'royal'),(100900,4,2,'rue'),(103685,4,2,'saalfelden'),(103522,4,2,'sacree'),(109821,4,2,'sale'),(102539,4,2,'salon'),(97814,4,2,'salzmann'),(99095,4,2,'sans'),(101845,4,2,'sauf'),(109824,4,2,'screen'),(105691,4,2,'screenprint'),(98246,4,2,'sculpture'),(100201,4,2,'seal'),(98083,4,2,'secrets'),(102220,4,2,'segui'),(108925,4,2,'semblants'),(100565,4,2,'sentiments'),(100268,4,2,'seri'),(97656,4,2,'serie'),(98601,4,2,'serigr'),(98487,4,2,'serigraphie'),(101942,4,2,'set'),(98512,4,2,'sheep'),(98413,4,2,'shepard'),(98705,4,2,'showcase'),(101813,4,2,'shrine'),(98670,4,2,'sign'),(98420,4,2,'signe'),(109828,4,2,'signed'),(97659,4,2,'signee'),(98039,4,2,'signees'),(100299,4,2,'silence'),(103871,4,2,'silver'),(103454,4,2,'size'),(100838,4,2,'skin'),(101459,4,2,'skull'),(99301,4,2,'smoking'),(102222,4,2,'sol'),(102403,4,2,'solace'),(102159,4,2,'soleil'),(104353,4,2,'sont'),(109940,4,2,'souriez'),(102158,4,2,'sous'),(100962,4,2,'souvenirs'),(100868,4,2,'space'),(109826,4,2,'speckle'),(98180,4,2,'speedy'),(100395,4,2,'springs'),(100523,4,2,'state'),(109969,4,2,'stencil'),(100066,4,2,'steve'),(97844,4,2,'stoul'),(100771,4,2,'street'),(107062,4,2,'strength'),(101056,4,2,'stronger'),(101997,4,2,'suburban'),(102585,4,2,'suisse'),(98176,4,2,'suite'),(100702,4,2,'sunny'),(109768,4,2,'sur'),(100172,4,2,'sxsw'),(101082,4,2,'tango'),(98179,4,2,'technique'),(98188,4,2,'techniques'),(102134,4,2,'territoire'),(26007,4,2,'test'),(26032,4,2,'test2'),(99751,4,2,'tete'),(107063,4,2,'thought'),(99447,4,2,'throat'),(109939,4,2,'tic'),(100147,4,2,'times'),(102962,4,2,'tintin'),(98334,4,2,'tirage'),(103644,4,2,'tire'),(99096,4,2,'titre'),(98548,4,2,'titres'),(15620,4,2,'toguo'),(100569,4,2,'toile'),(109827,4,2,'tone'),(102491,4,2,'torse'),(103521,4,2,'tour'),(99497,4,2,'tous'),(101843,4,2,'tout'),(101458,4,2,'treatment'),(101913,4,2,'triolet'),(101578,4,2,'truth'),(101280,4,2,'tunnel'),(98447,4,2,'turns'),(98599,4,2,'underground'),(98030,4,2,'une'),(98177,4,2,'unetechnique'),(102111,4,2,'uniforme'),(99180,4,2,'unique'),(98032,4,2,'urbaine'),(98962,4,2,'urban'),(100575,4,2,'urbex'),(103124,4,2,'van'),(103826,4,2,'varick'),(15622,4,2,'velin'),(99633,4,2,'vendu'),(99473,4,2,'venus'),(100901,4,2,'verneuil'),(107964,4,2,'verre'),(98338,4,2,'version'),(99495,4,2,'verve'),(102113,4,2,'vhils'),(102088,4,2,'victory'),(99750,4,2,'vient'),(102109,4,2,'vihls'),(97910,4,2,'villegle'),(100529,4,2,'vinyl'),(98764,4,2,'vinyle'),(98762,4,2,'vinyles'),(100524,4,2,'violence'),(101281,4,2,'vision'),(100266,4,2,'visitors'),(100573,4,2,'visuel'),(102135,4,2,'vivants'),(109941,4,2,'vous'),(103485,4,2,'voyageur'),(98416,4,2,'war'),(99831,4,2,'wave'),(100265,4,2,'welcome'),(99413,4,2,'westside'),(101012,4,2,'white'),(100528,4,2,'xcm'),(100703,4,2,'yellow'),(99381,4,2,'york'),(100636,4,2,'zenoy'),(103153,4,2,'zoo'),(37420,5,2,'100'),(38329,5,2,'100x100cm'),(38785,5,2,'100x70cm'),(38176,5,2,'103'),(38175,5,2,'103x198cm'),(37847,5,2,'105'),(2074,5,2,'105x75'),(37846,5,2,'105x75cm'),(39660,5,2,'106x73cm'),(37867,5,2,'107'),(38501,5,2,'109'),(37579,5,2,'110'),(39609,5,2,'110x75cm'),(36969,5,2,'116'),(37398,5,2,'116x119cm'),(38723,5,2,'116x89cm'),(39497,5,2,'116x89m'),(37399,5,2,'119'),(37955,5,2,'120'),(6148,5,2,'120x140cm'),(6044,5,2,'120x160cm'),(37954,5,2,'120x80cm'),(38544,5,2,'122'),(37159,5,2,'129'),(37743,5,2,'130'),(4129,5,2,'130x122'),(38612,5,2,'130x195cm'),(2279,5,2,'130x97cm'),(40256,5,2,'138'),(38830,5,2,'140'),(6045,5,2,'160'),(39586,5,2,'165'),(39585,5,2,'165x85cm'),(38245,5,2,'16x16cm'),(37578,5,2,'180'),(39476,5,2,'180x180cm'),(38198,5,2,'180x94cm'),(38613,5,2,'195'),(38177,5,2,'198'),(4577,5,2,'1991'),(4548,5,2,'1993'),(36968,5,2,'2013'),(37039,5,2,'2014'),(37287,5,2,'2015'),(37421,5,2,'2016'),(37540,5,2,'2017'),(38521,5,2,'2018'),(36962,5,2,'2617'),(36980,5,2,'2619'),(36997,5,2,'2621'),(37014,5,2,'2624'),(37034,5,2,'2694'),(37057,5,2,'2695'),(37082,5,2,'2696'),(37103,5,2,'2697'),(37127,5,2,'2702'),(37157,5,2,'2706'),(37175,5,2,'2746'),(37187,5,2,'2747'),(37201,5,2,'2748'),(37215,5,2,'2749'),(37229,5,2,'2750'),(37246,5,2,'2753'),(37267,5,2,'2754'),(37286,5,2,'2756'),(37305,5,2,'2757'),(37325,5,2,'2758'),(37349,5,2,'2759'),(37369,5,2,'2760'),(2590,5,2,'27x107cm'),(37396,5,2,'2937'),(40104,5,2,'295'),(37417,5,2,'3052'),(37441,5,2,'3071'),(39340,5,2,'30x30cm'),(4547,5,2,'31x36cm'),(40103,5,2,'325'),(4572,5,2,'32x24cm'),(37038,5,2,'35x35cm'),(37468,5,2,'3818'),(37490,5,2,'3820'),(37508,5,2,'3836'),(37523,5,2,'3846'),(37539,5,2,'3955'),(37558,5,2,'3957'),(37577,5,2,'4026'),(37594,5,2,'4028'),(37617,5,2,'4030'),(37640,5,2,'4034'),(37663,5,2,'4039'),(37685,5,2,'4059'),(1251,5,2,'40x60cm'),(2263,5,2,'41x33cm'),(37700,5,2,'4214'),(2073,5,2,'4216'),(39726,5,2,'42x14cm'),(37724,5,2,'4487'),(37742,5,2,'4588'),(38500,5,2,'45x109cm'),(5960,5,2,'46x38m'),(37764,5,2,'4737'),(37786,5,2,'4739'),(37804,5,2,'4830'),(37824,5,2,'4832'),(37845,5,2,'4837'),(37866,5,2,'4843'),(37888,5,2,'4847'),(37906,5,2,'4851'),(37927,5,2,'4853'),(37952,5,2,'4890'),(37977,5,2,'4892'),(38005,5,2,'4896'),(38031,5,2,'4898'),(4108,5,2,'48x37'),(38055,5,2,'4910'),(38076,5,2,'4917'),(38098,5,2,'4919'),(38116,5,2,'4921'),(38133,5,2,'4923'),(38151,5,2,'4925'),(38174,5,2,'4927'),(38197,5,2,'4929'),(38220,5,2,'4931'),(38244,5,2,'4933'),(39925,5,2,'495'),(38263,5,2,'4959'),(38285,5,2,'4963'),(38308,5,2,'4979'),(37128,5,2,'50x25x10cm'),(2642,5,2,'50x36'),(38409,5,2,'50x50cm'),(38328,5,2,'5149'),(38348,5,2,'5151'),(38367,5,2,'5154'),(38387,5,2,'5155'),(37083,5,2,'51x41x6cm'),(40004,5,2,'525'),(38408,5,2,'5286'),(38424,5,2,'5299'),(2625,5,2,'52x30'),(38442,5,2,'5301'),(38461,5,2,'5302'),(38480,5,2,'5303'),(38499,5,2,'5432'),(38518,5,2,'5436'),(38543,5,2,'5440'),(38568,5,2,'5442'),(4544,5,2,'5520'),(4571,5,2,'5521'),(38591,5,2,'5578'),(38611,5,2,'5580'),(38635,5,2,'5582'),(38659,5,2,'5902'),(38681,5,2,'5903'),(38703,5,2,'5905'),(38722,5,2,'5909'),(38742,5,2,'5911'),(6043,5,2,'5943'),(38763,5,2,'5944'),(38784,5,2,'5945'),(38806,5,2,'5956'),(38829,5,2,'5975'),(38849,5,2,'5977'),(38869,5,2,'5980'),(38890,5,2,'5982'),(38911,5,2,'5983'),(38934,5,2,'5988'),(38954,5,2,'5993'),(38974,5,2,'5994'),(38996,5,2,'5995'),(39022,5,2,'6112'),(39040,5,2,'6113'),(39060,5,2,'6118'),(40005,5,2,'625'),(40179,5,2,'645'),(38765,5,2,'65x50cm'),(39949,5,2,'695'),(5915,5,2,'70x70cm'),(39544,5,2,'73x60cm'),(5998,5,2,'73x60m'),(37701,5,2,'78x60'),(38850,5,2,'80x120cm'),(39898,5,2,'80x61'),(39684,5,2,'80x80cm'),(39565,5,2,'92x73cm'),(37889,5,2,'94x85'),(36963,5,2,'acrylique'),(37400,5,2,'aerosol'),(38115,5,2,'age'),(38282,5,2,'aiguiser'),(38173,5,2,'ailleurs'),(39948,5,2,'alice'),(37785,5,2,'alone'),(39894,5,2,'amadeo'),(38541,5,2,'ame'),(37044,5,2,'americaine'),(36959,5,2,'annabelle'),(39721,5,2,'anonyme'),(39541,5,2,'another'),(37156,5,2,'art'),(38385,5,2,'artic'),(40287,5,2,'artiste'),(38520,5,2,'assemblage'),(37126,5,2,'athenes'),(38761,5,2,'atlantic'),(40001,5,2,'attente'),(37886,5,2,'avec'),(38995,5,2,'avenue'),(36996,5,2,'bain'),(38172,5,2,'baisers'),(38406,5,2,'bandes'),(40288,5,2,'bas'),(40255,5,2,'bis'),(37045,5,2,'blanc'),(37086,5,2,'bois'),(37414,5,2,'bona'),(38171,5,2,'bons'),(39543,5,2,'born'),(38262,5,2,'boss'),(38150,5,2,'bugs'),(37042,5,2,'cadre'),(37043,5,2,'caisse'),(38003,5,2,'cara'),(39896,5,2,'cardoso'),(37442,5,2,'carton'),(37439,5,2,'cent'),(38589,5,2,'certain'),(37506,5,2,'citizen'),(37925,5,2,'coeur'),(37419,5,2,'collage'),(37033,5,2,'commedia'),(37465,5,2,'comment'),(39039,5,2,'copy'),(37721,5,2,'corps'),(4575,5,2,'crayon'),(2641,5,2,'cur'),(39724,5,2,'dans'),(39542,5,2,'day'),(38219,5,2,'debat'),(37154,5,2,'del'),(38004,5,2,'delevingne'),(37266,5,2,'denerve'),(38782,5,2,'dernier'),(38240,5,2,'des'),(38117,5,2,'dessin'),(38221,5,2,'deux'),(40154,5,2,'diane'),(39723,5,2,'diptyque'),(37467,5,2,'dire'),(38243,5,2,'disponibles'),(38001,5,2,'doll'),(40830,5,2,'dos'),(40003,5,2,'doute'),(38910,5,2,'dreams'),(40289,5,2,'droite'),(39974,5,2,'echnique'),(38366,5,2,'elephant'),(38517,5,2,'elle'),(39661,5,2,'encadre'),(37418,5,2,'encre'),(37507,5,2,'erased'),(40002,5,2,'espoir'),(38566,5,2,'etais'),(38516,5,2,'etait'),(39634,5,2,'ethiopia'),(40077,5,2,'eugene'),(38515,5,2,'evazesir'),(38075,5,2,'explorer'),(40030,5,2,'fernand'),(37887,5,2,'feu'),(39720,5,2,'fige'),(38222,5,2,'figures'),(38932,5,2,'five'),(38028,5,2,'flame'),(37905,5,2,'floraison'),(37683,5,2,'forever'),(37037,5,2,'format'),(38029,5,2,'frieda'),(38701,5,2,'froquet'),(39682,5,2,'games'),(40178,5,2,'georges'),(37013,5,2,'gitane'),(38720,5,2,'golden'),(37080,5,2,'good'),(104460,5,2,'gottfried'),(6042,5,2,'graffiti'),(38218,5,2,'grand'),(37032,5,2,'gregos'),(37393,5,2,'grey'),(37348,5,2,'heart'),(37438,5,2,'herard'),(37951,5,2,'hill'),(39659,5,2,'honduras'),(39584,5,2,'hoturu'),(39683,5,2,'huile'),(38610,5,2,'iconicara'),(37976,5,2,'imany'),(4551,5,2,'ink'),(38702,5,2,'innocence'),(38152,5,2,'installation'),(39719,5,2,'instant'),(40254,5,2,'itineraire'),(37761,5,2,'jana'),(4542,5,2,'jean'),(39681,5,2,'jonone'),(37885,5,2,'jouer'),(37085,5,2,'journal'),(38953,5,2,'juniper'),(39608,5,2,'jute'),(37948,5,2,'killing'),(37595,5,2,'kraft'),(38721,5,2,'lady'),(38239,5,2,'langue'),(37950,5,2,'lauryn'),(37784,5,2,'leave'),(38405,5,2,'lek'),(39973,5,2,'leontine'),(38242,5,2,'lettres'),(37576,5,2,'levalet'),(37416,5,2,'life'),(37725,5,2,'lin'),(39475,5,2,'line'),(104464,5,2,'lithoonline'),(39923,5,2,'louise'),(40286,5,2,'love'),(39021,5,2,'map'),(36961,5,2,'mariee'),(38973,5,2,'mariposa'),(37596,5,2,'maroufle'),(38347,5,2,'mcqueen'),(38767,5,2,'mdf'),(38057,5,2,'media'),(38764,5,2,'medium'),(39862,5,2,'melancolie'),(38307,5,2,'melo'),(37723,5,2,'ment'),(38196,5,2,'mesure'),(37767,5,2,'metal'),(104462,5,2,'midtown'),(38054,5,2,'minded'),(4573,5,2,'mine'),(37463,5,2,'miss'),(38056,5,2,'mixed'),(37036,5,2,'mixte'),(37487,5,2,'moi'),(38386,5,2,'monkeys'),(38805,5,2,'monroe'),(39924,5,2,'montage'),(39828,5,2,'morceaux'),(37394,5,2,'multi'),(37783,5,2,'never'),(37081,5,2,'news'),(39697,5,2,'nocturama'),(38283,5,2,'nos'),(38539,5,2,'nostalgie'),(39020,5,2,'nyc'),(36966,5,2,'oeuvre'),(38567,5,2,'oiseau'),(38053,5,2,'open'),(38407,5,2,'organisees'),(5914,5,2,'original'),(4546,5,2,'originale'),(40285,5,2,'oru'),(37245,5,2,'owls'),(37953,5,2,'panneau'),(38058,5,2,'paper'),(37084,5,2,'papier'),(38002,5,2,'parts'),(37486,5,2,'passe'),(39496,5,2,'patriarch'),(38097,5,2,'peau'),(39897,5,2,'peint'),(39725,5,2,'peinte'),(37765,5,2,'peinture'),(38542,5,2,'perdue'),(38498,5,2,'phagotrophie'),(37437,5,2,'philippe'),(6041,5,2,'physical'),(38284,5,2,'pinceaux'),(38030,5,2,'pinto'),(37040,5,2,'platre'),(37041,5,2,'plexiglass'),(4574,5,2,'plomb'),(37766,5,2,'pochoir'),(38933,5,2,'points'),(38994,5,2,'ponce'),(38633,5,2,'pop'),(4549,5,2,'preparatoire'),(36978,5,2,'pussy'),(38565,5,2,'quand'),(39019,5,2,'quik'),(38804,5,2,'real'),(40203,5,2,'regard'),(37722,5,2,'regime'),(36979,5,2,'riot'),(38700,5,2,'romain'),(38590,5,2,'romance'),(37368,5,2,'roots'),(4576,5,2,'rouge'),(38741,5,2,'royal'),(4543,5,2,'rustin'),(39607,5,2,'sac'),(38326,5,2,'sad'),(104461,5,2,'salzmann'),(37055,5,2,'sans'),(37392,5,2,'seen'),(37488,5,2,'sel'),(39829,5,2,'serie'),(37926,5,2,'seve'),(37975,5,2,'shy'),(38241,5,2,'signes'),(38848,5,2,'skin'),(37949,5,2,'softly'),(40102,5,2,'souliers'),(38153,5,2,'sous'),(39895,5,2,'souza'),(39339,5,2,'sparkling'),(37397,5,2,'spray'),(38634,5,2,'star'),(38762,5,2,'station'),(38346,5,2,'steve'),(40284,5,2,'stoul'),(37155,5,2,'street'),(38766,5,2,'streetartstore'),(36964,5,2,'sur'),(40054,5,2,'suzanne'),(37395,5,2,'tag'),(37466,5,2,'taire'),(37763,5,2,'take'),(38783,5,2,'tango'),(36960,5,2,'tattu'),(37347,5,2,'tear'),(37158,5,2,'tech'),(37035,5,2,'technique'),(104463,5,2,'test'),(39564,5,2,'thing'),(37464,5,2,'tic'),(38828,5,2,'tiger'),(37056,5,2,'titre'),(37440,5,2,'titres'),(36965,5,2,'toile'),(37469,5,2,'tole'),(37285,5,2,'transition'),(38327,5,2,'true'),(38540,5,2,'une'),(36967,5,2,'unique'),(37522,5,2,'utero'),(4545,5,2,'uvre'),(38306,5,2,'venus'),(38519,5,2,'vernis'),(37489,5,2,'vie'),(39722,5,2,'vii'),(38027,5,2,'viola'),(38154,5,2,'vitrine'),(37415,5,2,'weight'),(39563,5,2,'wild'),(37762,5,2,'will'),(37684,5,2,'young');

--
-- Table structure for table `pre3303_sekeyword`
--

CREATE TABLE `pre3303_sekeyword` (
  `id_sekeyword` int(10) unsigned NOT NULL AUTO_INCREMENT,
  `id_shop` int(10) unsigned NOT NULL DEFAULT '1',
  `id_shop_group` int(10) unsigned NOT NULL DEFAULT '1',
  `keyword` varchar(256) NOT NULL,
  `date_add` datetime NOT NULL,
  PRIMARY KEY (`id_sekeyword`)
) ENGINE=InnoDB DEFAULT CHARSET=utf8;

--
-- Dumping data for table `pre3303_sekeyword`
--


--
-- Table structure for table `pre3303_sendcloud_service_points`
--

CREATE TABLE `pre3303_sendcloud_service_points` (
  `id_service_point` int(10) NOT NULL AUTO_INCREMENT,
  `id_cart` int(10) unsigned NOT NULL,
  `id_address_delivery` int(11) unsigned DEFAULT NULL,
  `details` text,
  `date_add` datetime NOT NULL,
  `date_upd` datetime DEFAULT NULL,
  PRIMARY KEY (`id_service_point`)
) ENGINE=InnoDB DEFAULT CHARSET=utf8;

--
-- Dumping data for table `pre3303_sendcloud_service_points`
--


--
-- Table structure for table `pre3303_sendin_newsletter`
--

CREATE TABLE `pre3303_sendin_newsletter` (
  `id` int(6) NOT NULL AUTO_INCREMENT,
  `id_shop` int(10) unsigned NOT NULL DEFAULT '1',
  `id_shop_group` int(10) unsigned NOT NULL DEFAULT '1',
  `email` varchar(255) NOT NULL,
  `newsletter_date_add` datetime DEFAULT NULL,
  `ip_registration_newsletter` varchar(15) NOT NULL,
  `http_referer` varchar(255) DEFAULT NULL,
  `active` tinyint(1) NOT NULL DEFAULT '1',
  PRIMARY KEY (`id`)
) ENGINE=InnoDB DEFAULT CHARSET=utf8;

--
-- Dumping data for table `pre3303_sendin_newsletter`
--


--
-- Table structure for table `pre3303_shop`
--

CREATE TABLE `pre3303_shop` (
  `id_shop` int(11) NOT NULL AUTO_INCREMENT,
  `id_shop_group` int(11) NOT NULL,
  `name` varchar(64) COLLATE utf8_unicode_ci NOT NULL,
  `id_category` int(11) NOT NULL,
  `theme_name` varchar(255) COLLATE utf8_unicode_ci NOT NULL,
  `active` tinyint(1) NOT NULL,
  `deleted` tinyint(1) NOT NULL,
  PRIMARY KEY (`id_shop`),
  KEY `IDX_CF01D0E1F5C9E40` (`id_shop_group`)
) ENGINE=InnoDB AUTO_INCREMENT=6 DEFAULT CHARSET=utf8 COLLATE=utf8_unicode_ci;

--
-- Dumping data for table `pre3303_shop`
--

INSERT INTO `pre3303_shop` VALUES (2,1,'JoelKnafo',56,'leo_fashion_store',1,0),(4,1,'LithoOnline',61,'leo_fashion_store',1,0),(5,1,'StreetArtStore',65,'leo_fashion_store',1,0);

--
-- Table structure for table `pre3303_shop_group`
--

CREATE TABLE `pre3303_shop_group` (
  `id_shop_group` int(11) NOT NULL AUTO_INCREMENT,
  `name` varchar(64) COLLATE utf8_unicode_ci NOT NULL,
  `share_customer` tinyint(1) NOT NULL,
  `share_order` tinyint(1) NOT NULL,
  `share_stock` tinyint(1) NOT NULL,
  `active` tinyint(1) NOT NULL,
  `deleted` tinyint(1) NOT NULL,
  PRIMARY KEY (`id_shop_group`)
) ENGINE=InnoDB AUTO_INCREMENT=2 DEFAULT CHARSET=utf8 COLLATE=utf8_unicode_ci;

--
-- Dumping data for table `pre3303_shop_group`
--

INSERT INTO `pre3303_shop_group` VALUES (1,'Default',0,0,1,1,0);

--
-- Table structure for table `pre3303_shop_url`
--

CREATE TABLE `pre3303_shop_url` (
  `id_shop_url` int(11) unsigned NOT NULL AUTO_INCREMENT,
  `id_shop` int(11) unsigned NOT NULL,
  `domain` varchar(150) NOT NULL,
  `domain_ssl` varchar(150) NOT NULL,
  `physical_uri` varchar(64) NOT NULL,
  `virtual_uri` varchar(64) NOT NULL,
  `main` tinyint(1) NOT NULL,
  `active` tinyint(1) NOT NULL,
  PRIMARY KEY (`id_shop_url`),
  UNIQUE KEY `full_shop_url` (`domain`,`physical_uri`,`virtual_uri`),
  UNIQUE KEY `full_shop_url_ssl` (`domain_ssl`,`physical_uri`,`virtual_uri`),
  KEY `id_shop` (`id_shop`,`main`)
) ENGINE=InnoDB AUTO_INCREMENT=7 DEFAULT CHARSET=utf8;

--
-- Dumping data for table `pre3303_shop_url`
--

INSERT INTO `pre3303_shop_url` VALUES (2,2,'storetest.joelknafo-art.com','storetest.joelknafo-art.com','/','',1,1),(4,4,'storetest2.joelknafo-art.com','storetest2.joelknafo-art.com','/','',1,1),(6,5,'streetart-store2.com','streetart-store2.com','/','',1,0);

--
-- Table structure for table `pre3303_smarty_cache`
--

CREATE TABLE `pre3303_smarty_cache` (
  `id_smarty_cache` char(40) NOT NULL,
  `name` char(40) NOT NULL,
  `cache_id` varchar(254) DEFAULT NULL,
  `modified` timestamp NOT NULL DEFAULT CURRENT_TIMESTAMP,
  `content` longtext NOT NULL,
  PRIMARY KEY (`id_smarty_cache`),
  KEY `name` (`name`),
  KEY `cache_id` (`cache_id`),
  KEY `modified` (`modified`)
) ENGINE=InnoDB DEFAULT CHARSET=utf8;

--
-- Dumping data for table `pre3303_smarty_cache`
--


--
-- Table structure for table `pre3303_smarty_last_flush`
--

CREATE TABLE `pre3303_smarty_last_flush` (
  `type` enum('compile','template') NOT NULL DEFAULT 'compile',
  `last_flush` datetime NOT NULL DEFAULT '0000-00-00 00:00:00',
  PRIMARY KEY (`type`)
) ENGINE=InnoDB DEFAULT CHARSET=utf8;

--
-- Dumping data for table `pre3303_smarty_last_flush`
--


--
-- Table structure for table `pre3303_smarty_lazy_cache`
--

CREATE TABLE `pre3303_smarty_lazy_cache` (
  `template_hash` varchar(32) NOT NULL DEFAULT '',
  `cache_id` varchar(255) NOT NULL DEFAULT '',
  `compile_id` varchar(32) NOT NULL DEFAULT '',
  `filepath` varchar(255) NOT NULL DEFAULT '',
  `last_update` datetime NOT NULL DEFAULT '0000-00-00 00:00:00',
  PRIMARY KEY (`template_hash`,`cache_id`,`compile_id`)
) ENGINE=InnoDB DEFAULT CHARSET=utf8;

--
-- Dumping data for table `pre3303_smarty_lazy_cache`
--


--
-- Table structure for table `pre3303_specific_price`
--

CREATE TABLE `pre3303_specific_price` (
  `id_specific_price` int(10) unsigned NOT NULL AUTO_INCREMENT,
  `id_specific_price_rule` int(11) unsigned NOT NULL,
  `id_cart` int(11) unsigned NOT NULL,
  `id_product` int(10) unsigned NOT NULL,
  `id_shop` int(11) unsigned NOT NULL DEFAULT '1',
  `id_shop_group` int(11) unsigned NOT NULL,
  `id_currency` int(10) unsigned NOT NULL,
  `id_country` int(10) unsigned NOT NULL,
  `id_group` int(10) unsigned NOT NULL,
  `id_customer` int(10) unsigned NOT NULL,
  `id_product_attribute` int(10) unsigned NOT NULL,
  `price` decimal(20,6) NOT NULL,
  `from_quantity` mediumint(8) unsigned NOT NULL,
  `reduction` decimal(20,6) NOT NULL,
  `reduction_tax` tinyint(1) NOT NULL DEFAULT '1',
  `reduction_type` enum('amount','percentage') NOT NULL,
  `from` datetime NOT NULL,
  `to` datetime NOT NULL,
  PRIMARY KEY (`id_specific_price`),
  UNIQUE KEY `id_product_2` (`id_product`,`id_product_attribute`,`id_customer`,`id_cart`,`from`,`to`,`id_shop`,`id_shop_group`,`id_currency`,`id_country`,`id_group`,`from_quantity`,`id_specific_price_rule`),
  KEY `id_product` (`id_product`,`id_shop`,`id_currency`,`id_country`,`id_group`,`id_customer`,`from_quantity`,`from`,`to`),
  KEY `from_quantity` (`from_quantity`),
  KEY `id_specific_price_rule` (`id_specific_price_rule`),
  KEY `id_cart` (`id_cart`),
  KEY `id_product_attribute` (`id_product_attribute`),
  KEY `id_shop` (`id_shop`),
  KEY `id_customer` (`id_customer`),
  KEY `from` (`from`),
  KEY `to` (`to`)
) ENGINE=InnoDB AUTO_INCREMENT=27 DEFAULT CHARSET=utf8;

--
-- Dumping data for table `pre3303_specific_price`
--

INSERT INTO `pre3303_specific_price` VALUES (4,0,0,2578,4,0,0,0,0,0,0,-1.000000,1,70.000000,1,'amount','0000-00-00 00:00:00','2018-11-25 00:00:00'),(5,0,0,2574,4,0,0,0,0,0,0,-1.000000,1,75.000000,1,'amount','0000-00-00 00:00:00','2018-11-25 00:00:00'),(6,0,0,2577,4,0,0,0,0,0,0,-1.000000,1,80.000000,1,'amount','0000-00-00 00:00:00','2018-11-25 00:00:00'),(7,0,0,2547,4,0,0,0,0,0,0,-1.000000,1,50.000000,1,'amount','0000-00-00 00:00:00','2018-11-25 00:00:00'),(8,0,0,2589,4,0,0,0,0,0,0,-1.000000,1,50.000000,1,'amount','0000-00-00 00:00:00','2018-11-25 00:00:00'),(10,0,0,5142,4,0,0,0,0,0,0,-1.000000,1,20.000000,1,'amount','0000-00-00 00:00:00','2018-11-25 00:00:00'),(11,0,0,5140,4,0,0,0,0,0,0,-1.000000,1,20.000000,1,'amount','0000-00-00 00:00:00','2018-11-25 00:00:00'),(12,0,0,2844,4,0,0,0,0,0,0,-1.000000,1,20.000000,1,'amount','0000-00-00 00:00:00','2019-01-31 00:00:00'),(13,0,0,5146,4,0,0,0,0,0,0,-1.000000,1,10.000000,1,'amount','0000-00-00 00:00:00','2018-12-31 00:00:00'),(14,0,0,5145,4,0,0,0,0,0,0,-1.000000,1,10.000000,1,'amount','0000-00-00 00:00:00','2018-12-31 00:00:00'),(15,0,0,5144,4,0,0,0,0,0,0,-1.000000,1,10.000000,1,'amount','0000-00-00 00:00:00','2018-12-31 00:00:00'),(17,0,0,4925,2,0,0,0,0,0,0,-1.000000,1,300.000000,1,'amount','0000-00-00 00:00:00','2018-11-27 00:00:00'),(20,0,270,4896,0,0,0,0,0,6249,0,2100.000000,1,0.000000,1,'amount','0000-00-00 00:00:00','0000-00-00 00:00:00'),(22,0,304,5744,0,0,0,0,0,6272,0,0.000000,1,0.000000,1,'amount','0000-00-00 00:00:00','0000-00-00 00:00:00'),(23,0,305,5744,0,0,0,0,0,6272,0,41.670000,1,0.000000,1,'amount','0000-00-00 00:00:00','0000-00-00 00:00:00'),(26,0,0,6422,4,0,0,0,0,0,0,-1.000000,1,20.000000,1,'amount','0000-00-00 00:00:00','2018-11-25 00:00:00');

--
-- Table structure for table `pre3303_specific_price_priority`
--

CREATE TABLE `pre3303_specific_price_priority` (
  `id_specific_price_priority` int(11) NOT NULL AUTO_INCREMENT,
  `id_product` int(11) NOT NULL,
  `priority` varchar(80) NOT NULL,
  PRIMARY KEY (`id_specific_price_priority`,`id_product`),
  UNIQUE KEY `id_product` (`id_product`)
) ENGINE=InnoDB AUTO_INCREMENT=2932 DEFAULT CHARSET=utf8;

--
-- Dumping data for table `pre3303_specific_price_priority`
--

INSERT INTO `pre3303_specific_price_priority` VALUES (1,3096,'id_shop;id_currency;id_country;id_group'),(7,2588,'id_shop;id_currency;id_country;id_group'),(8,4298,'id_shop;id_currency;id_country;id_group'),(9,5722,'id_shop;id_currency;id_country;id_group'),(10,6028,'id_shop;id_currency;id_country;id_group'),(12,5595,'id_shop;id_currency;id_country;id_group'),(14,6030,'id_shop;id_currency;id_country;id_group'),(17,6019,'id_shop;id_currency;id_country;id_group'),(19,6031,'id_shop;id_currency;id_country;id_group'),(35,5524,'id_shop;id_currency;id_country;id_group'),(39,6027,'id_shop;id_currency;id_country;id_group'),(40,5164,'id_shop;id_currency;id_country;id_group'),(41,4987,'id_shop;id_currency;id_country;id_group'),(44,5876,'id_shop;id_currency;id_country;id_group'),(45,4462,'id_shop;id_currency;id_country;id_group'),(51,6017,'id_shop;id_currency;id_country;id_group'),(59,4074,'id_shop;id_currency;id_country;id_group'),(62,4072,'id_shop;id_currency;id_country;id_group'),(65,4070,'id_shop;id_currency;id_country;id_group'),(67,5113,'id_shop;id_currency;id_country;id_group'),(69,4547,'id_shop;id_currency;id_country;id_group'),(72,4482,'id_shop;id_currency;id_country;id_group'),(76,3329,'id_shop;id_currency;id_country;id_group'),(78,3325,'id_shop;id_currency;id_country;id_group'),(80,3535,'id_shop;id_currency;id_country;id_group'),(82,3650,'id_shop;id_currency;id_country;id_group'),(84,4220,'id_shop;id_currency;id_country;id_group'),(86,6032,'id_shop;id_currency;id_country;id_group'),(93,2546,'id_shop;id_currency;id_country;id_group'),(94,5163,'id_shop;id_currency;id_country;id_group'),(96,5776,'id_shop;id_currency;id_country;id_group'),(98,5165,'id_shop;id_currency;id_country;id_group'),(113,6012,'id_shop;id_currency;id_country;id_group'),(114,5960,'id_shop;id_currency;id_country;id_group'),(116,5935,'id_shop;id_currency;id_country;id_group'),(117,5899,'id_shop;id_currency;id_country;id_group'),(118,5777,'id_shop;id_currency;id_country;id_group'),(119,5885,'id_shop;id_currency;id_country;id_group'),(120,5884,'id_shop;id_currency;id_country;id_group'),(121,5881,'id_shop;id_currency;id_country;id_group'),(122,5879,'id_shop;id_currency;id_country;id_group'),(123,5878,'id_shop;id_currency;id_country;id_group'),(124,5877,'id_shop;id_currency;id_country;id_group'),(126,5875,'id_shop;id_currency;id_country;id_group'),(127,5867,'id_shop;id_currency;id_country;id_group'),(128,5865,'id_shop;id_currency;id_country;id_group'),(129,5864,'id_shop;id_currency;id_country;id_group'),(130,5824,'id_shop;id_currency;id_country;id_group'),(132,5779,'id_shop;id_currency;id_country;id_group'),(134,5778,'id_shop;id_currency;id_country;id_group'),(142,5763,'id_shop;id_currency;id_country;id_group'),(143,5759,'id_shop;id_currency;id_country;id_group'),(144,5758,'id_shop;id_currency;id_country;id_group'),(145,5757,'id_shop;id_currency;id_country;id_group'),(147,5756,'id_shop;id_currency;id_country;id_group'),(148,5744,'id_shop;id_currency;id_country;id_group'),(149,5740,'id_shop;id_currency;id_country;id_group'),(153,5562,'id_shop;id_currency;id_country;id_group'),(155,5501,'id_shop;id_currency;id_country;id_group'),(157,5703,'id_shop;id_currency;id_country;id_group'),(158,5683,'id_shop;id_currency;id_country;id_group'),(161,2580,'id_shop;id_currency;id_country;id_group'),(162,5589,'id_shop;id_currency;id_country;id_group'),(163,5568,'id_shop;id_currency;id_country;id_group'),(165,5566,'id_shop;id_currency;id_country;id_group'),(166,5564,'id_shop;id_currency;id_country;id_group'),(167,5560,'id_shop;id_currency;id_country;id_group'),(168,5537,'id_shop;id_currency;id_country;id_group'),(170,5533,'id_shop;id_currency;id_country;id_group'),(173,5530,'id_shop;id_currency;id_country;id_group'),(174,5498,'id_shop;id_currency;id_country;id_group'),(176,5503,'id_shop;id_currency;id_country;id_group'),(177,5502,'id_shop;id_currency;id_country;id_group'),(179,5500,'id_shop;id_currency;id_country;id_group'),(180,5499,'id_shop;id_currency;id_country;id_group'),(181,5497,'id_shop;id_currency;id_country;id_group'),(182,5487,'id_shop;id_currency;id_country;id_group'),(184,5464,'id_shop;id_currency;id_country;id_group'),(185,5462,'id_shop;id_currency;id_country;id_group'),(186,5459,'id_shop;id_currency;id_country;id_group'),(187,5455,'id_shop;id_currency;id_country;id_group'),(188,5453,'id_shop;id_currency;id_country;id_group'),(189,5445,'id_shop;id_currency;id_country;id_group'),(190,5338,'id_shop;id_currency;id_country;id_group'),(194,5170,'id_shop;id_currency;id_country;id_group'),(196,5169,'id_shop;id_currency;id_country;id_group'),(197,5167,'id_shop;id_currency;id_country;id_group'),(198,5166,'id_shop;id_currency;id_country;id_group'),(205,5162,'id_shop;id_currency;id_country;id_group'),(207,5161,'id_shop;id_currency;id_country;id_group'),(208,5146,'id_shop;id_currency;id_country;id_group'),(210,5145,'id_shop;id_currency;id_country;id_group'),(211,5144,'id_shop;id_currency;id_country;id_group'),(213,5142,'id_shop;id_currency;id_country;id_group'),(214,5141,'id_shop;id_currency;id_country;id_group'),(216,5140,'id_shop;id_currency;id_country;id_group'),(220,4860,'id_shop;id_currency;id_country;id_group'),(221,4858,'id_shop;id_currency;id_country;id_group'),(223,4016,'id_shop;id_currency;id_country;id_group'),(225,4010,'id_shop;id_currency;id_country;id_group'),(227,4008,'id_shop;id_currency;id_country;id_group'),(228,4000,'id_shop;id_currency;id_country;id_group'),(229,3996,'id_shop;id_currency;id_country;id_group'),(230,3982,'id_shop;id_currency;id_country;id_group'),(232,3980,'id_shop;id_currency;id_country;id_group'),(233,3974,'id_shop;id_currency;id_country;id_group'),(234,3966,'id_shop;id_currency;id_country;id_group'),(235,3097,'id_shop;id_currency;id_country;id_group'),(243,5058,'id_shop;id_currency;id_country;id_group'),(245,5057,'id_shop;id_currency;id_country;id_group'),(246,5049,'id_shop;id_currency;id_country;id_group'),(250,3662,'id_shop;id_currency;id_country;id_group'),(254,4320,'id_shop;id_currency;id_country;id_group'),(255,3310,'id_shop;id_currency;id_country;id_group'),(257,2977,'id_shop;id_currency;id_country;id_group'),(258,2547,'id_shop;id_currency;id_country;id_group'),(260,5031,'id_shop;id_currency;id_country;id_group'),(262,4983,'id_shop;id_currency;id_country;id_group'),(263,4950,'id_shop;id_currency;id_country;id_group'),(264,4947,'id_shop;id_currency;id_country;id_group'),(265,4944,'id_shop;id_currency;id_country;id_group'),(266,4475,'id_shop;id_currency;id_country;id_group'),(268,4474,'id_shop;id_currency;id_country;id_group'),(273,4885,'id_shop;id_currency;id_country;id_group'),(274,4883,'id_shop;id_currency;id_country;id_group'),(276,4878,'id_shop;id_currency;id_country;id_group'),(277,4874,'id_shop;id_currency;id_country;id_group'),(278,4872,'id_shop;id_currency;id_country;id_group'),(279,2763,'id_shop;id_currency;id_country;id_group'),(280,2579,'id_shop;id_currency;id_country;id_group'),(281,2705,'id_shop;id_currency;id_country;id_group'),(282,2703,'id_shop;id_currency;id_country;id_group'),(283,2578,'id_shop;id_currency;id_country;id_group'),(284,4795,'id_shop;id_currency;id_country;id_group'),(285,4793,'id_shop;id_currency;id_country;id_group'),(286,4748,'id_shop;id_currency;id_country;id_group'),(287,4746,'id_shop;id_currency;id_country;id_group'),(288,4744,'id_shop;id_currency;id_country;id_group'),(289,4742,'id_shop;id_currency;id_country;id_group'),(290,4082,'id_shop;id_currency;id_country;id_group'),(291,4081,'id_shop;id_currency;id_country;id_group'),(294,3661,'id_shop;id_currency;id_country;id_group'),(295,2589,'id_shop;id_currency;id_country;id_group'),(297,2844,'id_shop;id_currency;id_country;id_group'),(303,2590,'id_shop;id_currency;id_country;id_group'),(306,2582,'id_shop;id_currency;id_country;id_group'),(307,2577,'id_shop;id_currency;id_country;id_group'),(308,2576,'id_shop;id_currency;id_country;id_group'),(310,2574,'id_shop;id_currency;id_country;id_group'),(311,2583,'id_shop;id_currency;id_country;id_group'),(318,5522,'id_shop;id_currency;id_country;id_group'),(329,5523,'id_shop;id_currency;id_country;id_group'),(332,6033,'id_shop;id_currency;id_country;id_group'),(343,2585,'id_shop;id_currency;id_country;id_group'),(344,2586,'id_shop;id_currency;id_country;id_group'),(345,2587,'id_shop;id_currency;id_country;id_group'),(346,6034,'id_shop;id_currency;id_country;id_group'),(351,6035,'id_shop;id_currency;id_country;id_group'),(356,6036,'id_shop;id_currency;id_country;id_group'),(359,6037,'id_shop;id_currency;id_country;id_group'),(360,6038,'id_shop;id_currency;id_country;id_group'),(365,6040,'id_shop;id_currency;id_country;id_group'),(368,6042,'id_shop;id_currency;id_country;id_group'),(371,6043,'id_shop;id_currency;id_country;id_group'),(384,5028,'id_shop;id_currency;id_country;id_group'),(385,5020,'id_shop;id_currency;id_country;id_group'),(386,5018,'id_shop;id_currency;id_country;id_group'),(387,5016,'id_shop;id_currency;id_country;id_group'),(393,6044,'id_shop;id_currency;id_country;id_group'),(395,6045,'id_shop;id_currency;id_country;id_group'),(400,6046,'id_shop;id_currency;id_country;id_group'),(401,6047,'id_shop;id_currency;id_country;id_group'),(405,6048,'id_shop;id_currency;id_country;id_group'),(410,6050,'id_shop;id_currency;id_country;id_group'),(412,6051,'id_shop;id_currency;id_country;id_group'),(418,6052,'id_shop;id_currency;id_country;id_group'),(421,6053,'id_shop;id_currency;id_country;id_group'),(430,6054,'id_shop;id_currency;id_country;id_group'),(442,6056,'id_shop;id_currency;id_country;id_group'),(445,6057,'id_shop;id_currency;id_country;id_group'),(447,6058,'id_shop;id_currency;id_country;id_group'),(459,5526,'id_shop;id_currency;id_country;id_group'),(461,6026,'id_shop;id_currency;id_country;id_group'),(462,6025,'id_shop;id_currency;id_country;id_group'),(463,6059,'id_shop;id_currency;id_country;id_group'),(464,6061,'id_shop;id_currency;id_country;id_group'),(500,4118,'id_shop;id_currency;id_country;id_group'),(503,4841,'id_shop;id_currency;id_country;id_group'),(504,4839,'id_shop;id_currency;id_country;id_group'),(505,3556,'id_shop;id_currency;id_country;id_group'),(506,4953,'id_shop;id_currency;id_country;id_group'),(507,4965,'id_shop;id_currency;id_country;id_group'),(509,3364,'id_shop;id_currency;id_country;id_group'),(510,5525,'id_shop;id_currency;id_country;id_group'),(511,5527,'id_shop;id_currency;id_country;id_group'),(514,6063,'id_shop;id_currency;id_country;id_group'),(521,6064,'id_shop;id_currency;id_country;id_group'),(525,6065,'id_shop;id_currency;id_country;id_group'),(528,6066,'id_shop;id_currency;id_country;id_group'),(531,6067,'id_shop;id_currency;id_country;id_group'),(533,6068,'id_shop;id_currency;id_country;id_group'),(536,6069,'id_shop;id_currency;id_country;id_group'),(537,6070,'id_shop;id_currency;id_country;id_group'),(539,6071,'id_shop;id_currency;id_country;id_group'),(541,6072,'id_shop;id_currency;id_country;id_group'),(545,6074,'id_shop;id_currency;id_country;id_group'),(583,6077,'id_shop;id_currency;id_country;id_group'),(617,6079,'id_shop;id_currency;id_country;id_group'),(618,6080,'id_shop;id_currency;id_country;id_group'),(627,6081,'id_shop;id_currency;id_country;id_group'),(631,6082,'id_shop;id_currency;id_country;id_group'),(639,6083,'id_shop;id_currency;id_country;id_group'),(654,6084,'id_shop;id_currency;id_country;id_group'),(655,6085,'id_shop;id_currency;id_country;id_group'),(662,6087,'id_shop;id_currency;id_country;id_group'),(664,6088,'id_shop;id_currency;id_country;id_group'),(670,6089,'id_shop;id_currency;id_country;id_group'),(671,6090,'id_shop;id_currency;id_country;id_group'),(672,6091,'id_shop;id_currency;id_country;id_group'),(679,6092,'id_shop;id_currency;id_country;id_group'),(682,6093,'id_shop;id_currency;id_country;id_group'),(711,6094,'id_shop;id_currency;id_country;id_group'),(712,6095,'id_shop;id_currency;id_country;id_group'),(720,6096,'id_shop;id_currency;id_country;id_group'),(722,6097,'id_shop;id_currency;id_country;id_group'),(725,6098,'id_shop;id_currency;id_country;id_group'),(728,6099,'id_shop;id_currency;id_country;id_group'),(731,6100,'id_shop;id_currency;id_country;id_group'),(735,6101,'id_shop;id_currency;id_country;id_group'),(736,6102,'id_shop;id_currency;id_country;id_group'),(737,6103,'id_shop;id_currency;id_country;id_group'),(738,6104,'id_shop;id_currency;id_country;id_group'),(746,6106,'id_shop;id_currency;id_country;id_group'),(761,6107,'id_shop;id_currency;id_country;id_group'),(770,6109,'id_shop;id_currency;id_country;id_group'),(771,6110,'id_shop;id_currency;id_country;id_group'),(807,6111,'id_shop;id_currency;id_country;id_group'),(818,6112,'id_shop;id_currency;id_country;id_group'),(819,6113,'id_shop;id_currency;id_country;id_group'),(821,6114,'id_shop;id_currency;id_country;id_group'),(822,6115,'id_shop;id_currency;id_country;id_group'),(823,6116,'id_shop;id_currency;id_country;id_group'),(829,6117,'id_shop;id_currency;id_country;id_group'),(835,6118,'id_shop;id_currency;id_country;id_group'),(840,6119,'id_shop;id_currency;id_country;id_group'),(841,6120,'id_shop;id_currency;id_country;id_group'),(844,6121,'id_shop;id_currency;id_country;id_group'),(845,6122,'id_shop;id_currency;id_country;id_group'),(846,6123,'id_shop;id_currency;id_country;id_group'),(847,6124,'id_shop;id_currency;id_country;id_group'),(849,6125,'id_shop;id_currency;id_country;id_group'),(851,6126,'id_shop;id_currency;id_country;id_group'),(853,6127,'id_shop;id_currency;id_country;id_group'),(860,5909,'id_shop;id_currency;id_country;id_group'),(863,5977,'id_shop;id_currency;id_country;id_group'),(864,2617,'id_shop;id_currency;id_country;id_group'),(865,2619,'id_shop;id_currency;id_country;id_group'),(866,2621,'id_shop;id_currency;id_country;id_group'),(868,2624,'id_shop;id_currency;id_country;id_group'),(869,2753,'id_shop;id_currency;id_country;id_group'),(870,2754,'id_shop;id_currency;id_country;id_group'),(871,2756,'id_shop;id_currency;id_country;id_group'),(872,2757,'id_shop;id_currency;id_country;id_group'),(874,2758,'id_shop;id_currency;id_country;id_group'),(875,2759,'id_shop;id_currency;id_country;id_group'),(876,2760,'id_shop;id_currency;id_country;id_group'),(877,4851,'id_shop;id_currency;id_country;id_group'),(878,5436,'id_shop;id_currency;id_country;id_group'),(879,5440,'id_shop;id_currency;id_country;id_group'),(880,5442,'id_shop;id_currency;id_country;id_group'),(881,2694,'id_shop;id_currency;id_country;id_group'),(882,2695,'id_shop;id_currency;id_country;id_group'),(883,2696,'id_shop;id_currency;id_country;id_group'),(884,2697,'id_shop;id_currency;id_country;id_group'),(885,2702,'id_shop;id_currency;id_country;id_group'),(886,2706,'id_shop;id_currency;id_country;id_group'),(887,2746,'id_shop;id_currency;id_country;id_group'),(888,2747,'id_shop;id_currency;id_country;id_group'),(889,2748,'id_shop;id_currency;id_country;id_group'),(890,2749,'id_shop;id_currency;id_country;id_group'),(891,2750,'id_shop;id_currency;id_country;id_group'),(892,4737,'id_shop;id_currency;id_country;id_group'),(893,4739,'id_shop;id_currency;id_country;id_group'),(894,3052,'id_shop;id_currency;id_country;id_group'),(895,4835,'id_shop;id_currency;id_country;id_group'),(896,4837,'id_shop;id_currency;id_country;id_group'),(897,4890,'id_shop;id_currency;id_country;id_group'),(898,4847,'id_shop;id_currency;id_country;id_group'),(899,4898,'id_shop;id_currency;id_country;id_group'),(900,5154,'id_shop;id_currency;id_country;id_group'),(901,5578,'id_shop;id_currency;id_country;id_group'),(902,5580,'id_shop;id_currency;id_country;id_group'),(903,3836,'id_shop;id_currency;id_country;id_group'),(904,3846,'id_shop;id_currency;id_country;id_group'),(905,4059,'id_shop;id_currency;id_country;id_group'),(906,4214,'id_shop;id_currency;id_country;id_group'),(907,4216,'id_shop;id_currency;id_country;id_group'),(908,4892,'id_shop;id_currency;id_country;id_group'),(909,5149,'id_shop;id_currency;id_country;id_group'),(910,5151,'id_shop;id_currency;id_country;id_group'),(911,4896,'id_shop;id_currency;id_country;id_group'),(912,5155,'id_shop;id_currency;id_country;id_group'),(913,5582,'id_shop;id_currency;id_country;id_group'),(914,5584,'id_shop;id_currency;id_country;id_group'),(915,5586,'id_shop;id_currency;id_country;id_group'),(916,5943,'id_shop;id_currency;id_country;id_group'),(917,5956,'id_shop;id_currency;id_country;id_group'),(918,5975,'id_shop;id_currency;id_country;id_group'),(919,5980,'id_shop;id_currency;id_country;id_group'),(920,5982,'id_shop;id_currency;id_country;id_group'),(921,5983,'id_shop;id_currency;id_country;id_group'),(922,5988,'id_shop;id_currency;id_country;id_group'),(923,5993,'id_shop;id_currency;id_country;id_group'),(924,5994,'id_shop;id_currency;id_country;id_group'),(925,5995,'id_shop;id_currency;id_country;id_group'),(926,2937,'id_shop;id_currency;id_country;id_group'),(927,5286,'id_shop;id_currency;id_country;id_group'),(928,5299,'id_shop;id_currency;id_country;id_group'),(929,5301,'id_shop;id_currency;id_country;id_group'),(930,5302,'id_shop;id_currency;id_country;id_group'),(931,5303,'id_shop;id_currency;id_country;id_group'),(932,4026,'id_shop;id_currency;id_country;id_group'),(934,4910,'id_shop;id_currency;id_country;id_group'),(935,4917,'id_shop;id_currency;id_country;id_group'),(936,4919,'id_shop;id_currency;id_country;id_group'),(937,4921,'id_shop;id_currency;id_country;id_group'),(938,4923,'id_shop;id_currency;id_country;id_group'),(939,4925,'id_shop;id_currency;id_country;id_group'),(940,4927,'id_shop;id_currency;id_country;id_group'),(941,4929,'id_shop;id_currency;id_country;id_group'),(942,4931,'id_shop;id_currency;id_country;id_group'),(943,4933,'id_shop;id_currency;id_country;id_group'),(944,5432,'id_shop;id_currency;id_country;id_group'),(945,5945,'id_shop;id_currency;id_country;id_group'),(946,4979,'id_shop;id_currency;id_country;id_group'),(948,4963,'id_shop;id_currency;id_country;id_group'),(949,4959,'id_shop;id_currency;id_country;id_group'),(950,4487,'id_shop;id_currency;id_country;id_group'),(951,3820,'id_shop;id_currency;id_country;id_group'),(952,3818,'id_shop;id_currency;id_country;id_group'),(953,5903,'id_shop;id_currency;id_country;id_group'),(954,5902,'id_shop;id_currency;id_country;id_group'),(955,4843,'id_shop;id_currency;id_country;id_group'),(956,4832,'id_shop;id_currency;id_country;id_group'),(957,4830,'id_shop;id_currency;id_country;id_group'),(958,4588,'id_shop;id_currency;id_country;id_group'),(959,4039,'id_shop;id_currency;id_country;id_group'),(960,4034,'id_shop;id_currency;id_country;id_group'),(961,4030,'id_shop;id_currency;id_country;id_group'),(962,4028,'id_shop;id_currency;id_country;id_group'),(963,3957,'id_shop;id_currency;id_country;id_group'),(964,3955,'id_shop;id_currency;id_country;id_group'),(965,3071,'id_shop;id_currency;id_country;id_group'),(969,5911,'id_shop;id_currency;id_country;id_group'),(970,5905,'id_shop;id_currency;id_country;id_group'),(971,4853,'id_shop;id_currency;id_country;id_group'),(972,5520,'id_shop;id_currency;id_country;id_group'),(974,5521,'id_shop;id_currency;id_country;id_group'),(1012,6128,'id_shop;id_currency;id_country;id_group'),(1015,6129,'id_shop;id_currency;id_country;id_group'),(1017,6130,'id_shop;id_currency;id_country;id_group'),(1019,6131,'id_shop;id_currency;id_country;id_group'),(1021,6132,'id_shop;id_currency;id_country;id_group'),(1042,6133,'id_shop;id_currency;id_country;id_group'),(1044,6134,'id_shop;id_currency;id_country;id_group'),(1046,6135,'id_shop;id_currency;id_country;id_group'),(1049,6136,'id_shop;id_currency;id_country;id_group'),(1050,6137,'id_shop;id_currency;id_country;id_group'),(1053,6138,'id_shop;id_currency;id_country;id_group'),(1055,6139,'id_shop;id_currency;id_country;id_group'),(1058,6140,'id_shop;id_currency;id_country;id_group'),(1069,5944,'id_shop;id_currency;id_country;id_group'),(1108,6141,'id_shop;id_currency;id_country;id_group'),(1114,6142,'id_shop;id_currency;id_country;id_group'),(1118,6143,'id_shop;id_currency;id_country;id_group'),(1121,6144,'id_shop;id_currency;id_country;id_group'),(1122,6145,'id_shop;id_currency;id_country;id_group'),(1125,6146,'id_shop;id_currency;id_country;id_group'),(1127,6147,'id_shop;id_currency;id_country;id_group'),(1130,6148,'id_shop;id_currency;id_country;id_group'),(1132,6149,'id_shop;id_currency;id_country;id_group'),(1135,6150,'id_shop;id_currency;id_country;id_group'),(1139,6151,'id_shop;id_currency;id_country;id_group'),(1143,6152,'id_shop;id_currency;id_country;id_group'),(1144,6153,'id_shop;id_currency;id_country;id_group'),(1146,6154,'id_shop;id_currency;id_country;id_group'),(1149,6155,'id_shop;id_currency;id_country;id_group'),(1155,6156,'id_shop;id_currency;id_country;id_group'),(1167,6157,'id_shop;id_currency;id_country;id_group'),(1175,6158,'id_shop;id_currency;id_country;id_group'),(1182,6159,'id_shop;id_currency;id_country;id_group'),(1184,6162,'id_shop;id_currency;id_country;id_group'),(1190,6163,'id_shop;id_currency;id_country;id_group'),(1196,6164,'id_shop;id_currency;id_country;id_group'),(1199,6165,'id_shop;id_currency;id_country;id_group'),(1201,6166,'id_shop;id_currency;id_country;id_group'),(1206,6167,'id_shop;id_currency;id_country;id_group'),(1212,6168,'id_shop;id_currency;id_country;id_group'),(1217,6169,'id_shop;id_currency;id_country;id_group'),(1221,6170,'id_shop;id_currency;id_country;id_group'),(1228,6171,'id_shop;id_currency;id_country;id_group'),(1231,6172,'id_shop;id_currency;id_country;id_group'),(1234,6173,'id_shop;id_currency;id_country;id_group'),(1239,6174,'id_shop;id_currency;id_country;id_group'),(1244,6175,'id_shop;id_currency;id_country;id_group'),(1249,6176,'id_shop;id_currency;id_country;id_group'),(1251,6177,'id_shop;id_currency;id_country;id_group'),(1258,6178,'id_shop;id_currency;id_country;id_group'),(1269,6179,'id_shop;id_currency;id_country;id_group'),(1274,6180,'id_shop;id_currency;id_country;id_group'),(1277,6181,'id_shop;id_currency;id_country;id_group'),(1286,6182,'id_shop;id_currency;id_country;id_group'),(1291,6183,'id_shop;id_currency;id_country;id_group'),(1294,6184,'id_shop;id_currency;id_country;id_group'),(1301,6185,'id_shop;id_currency;id_country;id_group'),(1309,6186,'id_shop;id_currency;id_country;id_group'),(1321,6187,'id_shop;id_currency;id_country;id_group'),(1330,6189,'id_shop;id_currency;id_country;id_group'),(1342,6190,'id_shop;id_currency;id_country;id_group'),(1345,6191,'id_shop;id_currency;id_country;id_group'),(1350,6192,'id_shop;id_currency;id_country;id_group'),(1364,6193,'id_shop;id_currency;id_country;id_group'),(1368,6194,'id_shop;id_currency;id_country;id_group'),(1372,6195,'id_shop;id_currency;id_country;id_group'),(1376,6196,'id_shop;id_currency;id_country;id_group'),(1380,6197,'id_shop;id_currency;id_country;id_group'),(1395,6198,'id_shop;id_currency;id_country;id_group'),(1400,6199,'id_shop;id_currency;id_country;id_group'),(1409,6200,'id_shop;id_currency;id_country;id_group'),(1412,6201,'id_shop;id_currency;id_country;id_group'),(1416,6202,'id_shop;id_currency;id_country;id_group'),(1438,6203,'id_shop;id_currency;id_country;id_group'),(1442,6204,'id_shop;id_currency;id_country;id_group'),(1445,6205,'id_shop;id_currency;id_country;id_group'),(1448,6206,'id_shop;id_currency;id_country;id_group'),(1452,6207,'id_shop;id_currency;id_country;id_group'),(1458,6208,'id_shop;id_currency;id_country;id_group'),(1461,6209,'id_shop;id_currency;id_country;id_group'),(1466,6210,'id_shop;id_currency;id_country;id_group'),(1472,6212,'id_shop;id_currency;id_country;id_group'),(1479,6213,'id_shop;id_currency;id_country;id_group'),(1485,6214,'id_shop;id_currency;id_country;id_group'),(1493,6215,'id_shop;id_currency;id_country;id_group'),(1499,6216,'id_shop;id_currency;id_country;id_group'),(1502,6218,'id_shop;id_currency;id_country;id_group'),(1510,6219,'id_shop;id_currency;id_country;id_group'),(1513,6220,'id_shop;id_currency;id_country;id_group'),(1516,6221,'id_shop;id_currency;id_country;id_group'),(1519,6222,'id_shop;id_currency;id_country;id_group'),(1523,6223,'id_shop;id_currency;id_country;id_group'),(1526,6224,'id_shop;id_currency;id_country;id_group'),(1529,6225,'id_shop;id_currency;id_country;id_group'),(1532,6226,'id_shop;id_currency;id_country;id_group'),(1536,6227,'id_shop;id_currency;id_country;id_group'),(1539,6228,'id_shop;id_currency;id_country;id_group'),(1542,6229,'id_shop;id_currency;id_country;id_group'),(1545,6230,'id_shop;id_currency;id_country;id_group'),(1549,6231,'id_shop;id_currency;id_country;id_group'),(1587,6232,'id_shop;id_currency;id_country;id_group'),(1591,6233,'id_shop;id_currency;id_country;id_group'),(1595,6234,'id_shop;id_currency;id_country;id_group'),(1598,6235,'id_shop;id_currency;id_country;id_group'),(1601,6236,'id_shop;id_currency;id_country;id_group'),(1604,6237,'id_shop;id_currency;id_country;id_group'),(1608,6238,'id_shop;id_currency;id_country;id_group'),(1612,6239,'id_shop;id_currency;id_country;id_group'),(1617,6241,'id_shop;id_currency;id_country;id_group'),(1620,6242,'id_shop;id_currency;id_country;id_group'),(1623,6243,'id_shop;id_currency;id_country;id_group'),(1625,6244,'id_shop;id_currency;id_country;id_group'),(1627,6245,'id_shop;id_currency;id_country;id_group'),(1630,6246,'id_shop;id_currency;id_country;id_group'),(1633,6248,'id_shop;id_currency;id_country;id_group'),(1636,6249,'id_shop;id_currency;id_country;id_group'),(1644,6250,'id_shop;id_currency;id_country;id_group'),(1649,6251,'id_shop;id_currency;id_country;id_group'),(1652,6252,'id_shop;id_currency;id_country;id_group'),(1655,6253,'id_shop;id_currency;id_country;id_group'),(1659,6254,'id_shop;id_currency;id_country;id_group'),(1664,6255,'id_shop;id_currency;id_country;id_group'),(1679,6256,'id_shop;id_currency;id_country;id_group'),(1680,6257,'id_shop;id_currency;id_country;id_group'),(1682,6258,'id_shop;id_currency;id_country;id_group'),(1686,6259,'id_shop;id_currency;id_country;id_group'),(1687,6260,'id_shop;id_currency;id_country;id_group'),(1724,6261,'id_shop;id_currency;id_country;id_group'),(1731,6262,'id_shop;id_currency;id_country;id_group'),(1735,6263,'id_shop;id_currency;id_country;id_group'),(1738,6264,'id_shop;id_currency;id_country;id_group'),(1740,6265,'id_shop;id_currency;id_country;id_group'),(1744,6266,'id_shop;id_currency;id_country;id_group'),(1752,6267,'id_shop;id_currency;id_country;id_group'),(1757,6268,'id_shop;id_currency;id_country;id_group'),(1759,6269,'id_shop;id_currency;id_country;id_group'),(1761,6270,'id_shop;id_currency;id_country;id_group'),(1763,6271,'id_shop;id_currency;id_country;id_group'),(1769,6272,'id_shop;id_currency;id_country;id_group'),(1771,6273,'id_shop;id_currency;id_country;id_group'),(1773,6274,'id_shop;id_currency;id_country;id_group'),(1779,6275,'id_shop;id_currency;id_country;id_group'),(1781,6276,'id_shop;id_currency;id_country;id_group'),(1783,6277,'id_shop;id_currency;id_country;id_group'),(1785,6278,'id_shop;id_currency;id_country;id_group'),(1787,6279,'id_shop;id_currency;id_country;id_group'),(1789,6280,'id_shop;id_currency;id_country;id_group'),(1791,6281,'id_shop;id_currency;id_country;id_group'),(1793,6282,'id_shop;id_currency;id_country;id_group'),(1795,6283,'id_shop;id_currency;id_country;id_group'),(1800,6284,'id_shop;id_currency;id_country;id_group'),(1970,6288,'id_shop;id_currency;id_country;id_group'),(1979,6289,'id_shop;id_currency;id_country;id_group'),(1982,6290,'id_shop;id_currency;id_country;id_group'),(1985,6291,'id_shop;id_currency;id_country;id_group'),(1988,6292,'id_shop;id_currency;id_country;id_group'),(1991,6293,'id_shop;id_currency;id_country;id_group'),(1994,6294,'id_shop;id_currency;id_country;id_group'),(1996,6295,'id_shop;id_currency;id_country;id_group'),(2000,6296,'id_shop;id_currency;id_country;id_group'),(2018,6297,'id_shop;id_currency;id_country;id_group'),(2021,6298,'id_shop;id_currency;id_country;id_group'),(2025,6299,'id_shop;id_currency;id_country;id_group'),(2032,6300,'id_shop;id_currency;id_country;id_group'),(2034,6301,'id_shop;id_currency;id_country;id_group'),(2040,6302,'id_shop;id_currency;id_country;id_group'),(2043,6303,'id_shop;id_currency;id_country;id_group'),(2054,6304,'id_shop;id_currency;id_country;id_group'),(2075,6305,'id_shop;id_currency;id_country;id_group'),(2098,6306,'id_shop;id_currency;id_country;id_group'),(2102,6307,'id_shop;id_currency;id_country;id_group'),(2105,6308,'id_shop;id_currency;id_country;id_group'),(2113,6309,'id_shop;id_currency;id_country;id_group'),(2122,6310,'id_shop;id_currency;id_country;id_group'),(2127,6311,'id_shop;id_currency;id_country;id_group'),(2134,6312,'id_shop;id_currency;id_country;id_group'),(2142,6315,'id_shop;id_currency;id_country;id_group'),(2149,6317,'id_shop;id_currency;id_country;id_group'),(2154,6318,'id_shop;id_currency;id_country;id_group'),(2157,6319,'id_shop;id_currency;id_country;id_group'),(2165,6320,'id_shop;id_currency;id_country;id_group'),(2166,6321,'id_shop;id_currency;id_country;id_group'),(2168,6322,'id_shop;id_currency;id_country;id_group'),(2170,6323,'id_shop;id_currency;id_country;id_group'),(2175,6324,'id_shop;id_currency;id_country;id_group'),(2178,6325,'id_shop;id_currency;id_country;id_group'),(2186,6326,'id_shop;id_currency;id_country;id_group'),(2190,6327,'id_shop;id_currency;id_country;id_group'),(2198,6328,'id_shop;id_currency;id_country;id_group'),(2205,6329,'id_shop;id_currency;id_country;id_group'),(2207,6330,'id_shop;id_currency;id_country;id_group'),(2209,6331,'id_shop;id_currency;id_country;id_group'),(2211,6332,'id_shop;id_currency;id_country;id_group'),(2243,6334,'id_shop;id_currency;id_country;id_group'),(2250,6335,'id_shop;id_currency;id_country;id_group'),(2251,6336,'id_shop;id_currency;id_country;id_group'),(2253,6337,'id_shop;id_currency;id_country;id_group'),(2255,6338,'id_shop;id_currency;id_country;id_group'),(2257,6339,'id_shop;id_currency;id_country;id_group'),(2271,6340,'id_shop;id_currency;id_country;id_group'),(2276,6341,'id_shop;id_currency;id_country;id_group'),(2278,6342,'id_shop;id_currency;id_country;id_group'),(2495,6344,'id_shop;id_currency;id_country;id_group'),(2510,6345,'id_shop;id_currency;id_country;id_group'),(2522,6348,'id_shop;id_currency;id_country;id_group'),(2529,6350,'id_shop;id_currency;id_country;id_group'),(2558,6353,'id_shop;id_currency;id_country;id_group'),(2577,6354,'id_shop;id_currency;id_country;id_group'),(2578,6355,'id_shop;id_currency;id_country;id_group'),(2580,6356,'id_shop;id_currency;id_country;id_group'),(2582,6357,'id_shop;id_currency;id_country;id_group'),(2587,6358,'id_shop;id_currency;id_country;id_group'),(2589,6359,'id_shop;id_currency;id_country;id_group'),(2590,6360,'id_shop;id_currency;id_country;id_group'),(2591,6361,'id_shop;id_currency;id_country;id_group'),(2599,6362,'id_shop;id_currency;id_country;id_group'),(2602,6363,'id_shop;id_currency;id_country;id_group'),(2604,6364,'id_shop;id_currency;id_country;id_group'),(2605,6365,'id_shop;id_currency;id_country;id_group'),(2607,6366,'id_shop;id_currency;id_country;id_group'),(2609,6367,'id_shop;id_currency;id_country;id_group'),(2610,6368,'id_shop;id_currency;id_country;id_group'),(2614,6369,'id_shop;id_currency;id_country;id_group'),(2615,6370,'id_shop;id_currency;id_country;id_group'),(2616,6371,'id_shop;id_currency;id_country;id_group'),(2617,6372,'id_shop;id_currency;id_country;id_group'),(2618,6373,'id_shop;id_currency;id_country;id_group'),(2619,6374,'id_shop;id_currency;id_country;id_group'),(2620,6375,'id_shop;id_currency;id_country;id_group'),(2621,6377,'id_shop;id_currency;id_country;id_group'),(2623,6378,'id_shop;id_currency;id_country;id_group'),(2624,6379,'id_shop;id_currency;id_country;id_group'),(2647,6380,'id_shop;id_currency;id_country;id_group'),(2651,6381,'id_shop;id_currency;id_country;id_group'),(2653,6382,'id_shop;id_currency;id_country;id_group'),(2673,6383,'id_shop;id_currency;id_country;id_group'),(2676,6385,'id_shop;id_currency;id_country;id_group'),(2678,6386,'id_shop;id_currency;id_country;id_group'),(2680,6387,'id_shop;id_currency;id_country;id_group'),(2685,6388,'id_shop;id_currency;id_country;id_group'),(2686,6389,'id_shop;id_currency;id_country;id_group'),(2689,6390,'id_shop;id_currency;id_country;id_group'),(2690,6391,'id_shop;id_currency;id_country;id_group'),(2710,6392,'id_shop;id_currency;id_country;id_group'),(2731,6393,'id_shop;id_currency;id_country;id_group'),(2732,6394,'id_shop;id_currency;id_country;id_group'),(2744,6395,'id_shop;id_currency;id_country;id_group'),(2746,6396,'id_shop;id_currency;id_country;id_group'),(2748,6398,'id_shop;id_currency;id_country;id_group'),(2750,6399,'id_shop;id_currency;id_country;id_group'),(2762,6400,'id_shop;id_currency;id_country;id_group'),(2767,6401,'id_shop;id_currency;id_country;id_group'),(2770,6402,'id_shop;id_currency;id_country;id_group'),(2780,6403,'id_shop;id_currency;id_country;id_group'),(2785,6405,'id_shop;id_currency;id_country;id_group'),(2790,6407,'id_shop;id_currency;id_country;id_group'),(2791,6409,'id_shop;id_currency;id_country;id_group'),(2795,6410,'id_shop;id_currency;id_country;id_group'),(2799,6411,'id_shop;id_currency;id_country;id_group'),(2812,6412,'id_shop;id_currency;id_country;id_group'),(2814,6413,'id_shop;id_currency;id_country;id_group'),(2817,6414,'id_shop;id_currency;id_country;id_group'),(2823,6415,'id_shop;id_currency;id_country;id_group'),(2841,6418,'id_shop;id_currency;id_country;id_group'),(2845,6416,'id_shop;id_currency;id_country;id_group'),(2846,6417,'id_shop;id_currency;id_country;id_group'),(2847,6419,'id_shop;id_currency;id_country;id_group'),(2848,6420,'id_shop;id_currency;id_country;id_group'),(2851,6421,'id_shop;id_currency;id_country;id_group'),(2852,6422,'id_shop;id_currency;id_country;id_group'),(2854,6423,'id_shop;id_currency;id_country;id_group'),(2855,6424,'id_shop;id_currency;id_country;id_group'),(2858,6425,'id_shop;id_currency;id_country;id_group'),(2906,6426,'id_shop;id_currency;id_country;id_group'),(2909,6427,'id_shop;id_currency;id_country;id_group'),(2931,6428,'id_shop;id_currency;id_country;id_group');

--
-- Table structure for table `pre3303_specific_price_rule`
--

CREATE TABLE `pre3303_specific_price_rule` (
  `id_specific_price_rule` int(10) unsigned NOT NULL AUTO_INCREMENT,
  `name` varchar(255) NOT NULL,
  `id_shop` int(11) unsigned NOT NULL DEFAULT '1',
  `id_currency` int(10) unsigned NOT NULL,
  `id_country` int(10) unsigned NOT NULL,
  `id_group` int(10) unsigned NOT NULL,
  `from_quantity` mediumint(8) unsigned NOT NULL,
  `price` decimal(20,6) DEFAULT NULL,
  `reduction` decimal(20,6) NOT NULL,
  `reduction_tax` tinyint(1) NOT NULL DEFAULT '1',
  `reduction_type` enum('amount','percentage') NOT NULL,
  `from` datetime NOT NULL,
  `to` datetime NOT NULL,
  PRIMARY KEY (`id_specific_price_rule`),
  KEY `id_product` (`id_shop`,`id_currency`,`id_country`,`id_group`,`from_quantity`,`from`,`to`)
) ENGINE=InnoDB DEFAULT CHARSET=utf8;

--
-- Dumping data for table `pre3303_specific_price_rule`
--


--
-- Table structure for table `pre3303_specific_price_rule_condition`
--

CREATE TABLE `pre3303_specific_price_rule_condition` (
  `id_specific_price_rule_condition` int(11) unsigned NOT NULL AUTO_INCREMENT,
  `id_specific_price_rule_condition_group` int(11) unsigned NOT NULL,
  `type` varchar(255) NOT NULL,
  `value` varchar(255) NOT NULL,
  PRIMARY KEY (`id_specific_price_rule_condition`),
  KEY `id_specific_price_rule_condition_group` (`id_specific_price_rule_condition_group`)
) ENGINE=InnoDB DEFAULT CHARSET=utf8;

--
-- Dumping data for table `pre3303_specific_price_rule_condition`
--


--
-- Table structure for table `pre3303_specific_price_rule_condition_group`
--

CREATE TABLE `pre3303_specific_price_rule_condition_group` (
  `id_specific_price_rule_condition_group` int(11) unsigned NOT NULL AUTO_INCREMENT,
  `id_specific_price_rule` int(11) unsigned NOT NULL,
  PRIMARY KEY (`id_specific_price_rule_condition_group`,`id_specific_price_rule`)
) ENGINE=InnoDB DEFAULT CHARSET=utf8;

--
-- Dumping data for table `pre3303_specific_price_rule_condition_group`
--


--
-- Table structure for table `pre3303_state`
--

CREATE TABLE `pre3303_state` (
  `id_state` int(10) unsigned NOT NULL AUTO_INCREMENT,
  `id_country` int(11) unsigned NOT NULL,
  `id_zone` int(11) unsigned NOT NULL,
  `name` varchar(64) NOT NULL,
  `iso_code` varchar(7) NOT NULL,
  `tax_behavior` smallint(1) NOT NULL DEFAULT '0',
  `active` tinyint(1) NOT NULL DEFAULT '0',
  PRIMARY KEY (`id_state`),
  KEY `id_country` (`id_country`),
  KEY `name` (`name`),
  KEY `id_zone` (`id_zone`)
) ENGINE=InnoDB AUTO_INCREMENT=325 DEFAULT CHARSET=utf8;

--
-- Dumping data for table `pre3303_state`
--

INSERT INTO `pre3303_state` VALUES (1,21,2,'AA','AA',0,1),(2,21,2,'AE','AE',0,1),(3,21,2,'AP','AP',0,1),(4,21,2,'Alabama','AL',0,1),(5,21,2,'Alaska','AK',0,1),(6,21,2,'Arizona','AZ',0,1),(7,21,2,'Arkansas','AR',0,1),(8,21,2,'California','CA',0,1),(9,21,2,'Colorado','CO',0,1),(10,21,2,'Connecticut','CT',0,1),(11,21,2,'Delaware','DE',0,1),(12,21,2,'Florida','FL',0,1),(13,21,2,'Georgia','GA',0,1),(14,21,2,'Hawaii','HI',0,1),(15,21,2,'Idaho','ID',0,1),(16,21,2,'Illinois','IL',0,1),(17,21,2,'Indiana','IN',0,1),(18,21,2,'Iowa','IA',0,1),(19,21,2,'Kansas','KS',0,1),(20,21,2,'Kentucky','KY',0,1),(21,21,2,'Louisiana','LA',0,1),(22,21,2,'Maine','ME',0,1),(23,21,2,'Maryland','MD',0,1),(24,21,2,'Massachusetts','MA',0,1),(25,21,2,'Michigan','MI',0,1),(26,21,2,'Minnesota','MN',0,1),(27,21,2,'Mississippi','MS',0,1),(28,21,2,'Missouri','MO',0,1),(29,21,2,'Montana','MT',0,1),(30,21,2,'Nebraska','NE',0,1),(31,21,2,'Nevada','NV',0,1),(32,21,2,'New Hampshire','NH',0,1),(33,21,2,'New Jersey','NJ',0,1),(34,21,2,'New Mexico','NM',0,1),(35,21,2,'New York','NY',0,1),(36,21,2,'North Carolina','NC',0,1),(37,21,2,'North Dakota','ND',0,1),(38,21,2,'Ohio','OH',0,1),(39,21,2,'Oklahoma','OK',0,1),(40,21,2,'Oregon','OR',0,1),(41,21,2,'Pennsylvania','PA',0,1),(42,21,2,'Rhode Island','RI',0,1),(43,21,2,'South Carolina','SC',0,1),(44,21,2,'South Dakota','SD',0,1),(45,21,2,'Tennessee','TN',0,1),(46,21,2,'Texas','TX',0,1),(47,21,2,'Utah','UT',0,1),(48,21,2,'Vermont','VT',0,1),(49,21,2,'Virginia','VA',0,1),(50,21,2,'Washington','WA',0,1),(51,21,2,'West Virginia','WV',0,1),(52,21,2,'Wisconsin','WI',0,1),(53,21,2,'Wyoming','WY',0,1),(54,21,2,'Puerto Rico','PR',0,1),(55,21,2,'US Virgin Islands','VI',0,1),(56,21,2,'District of Columbia','DC',0,1),(57,145,2,'Aguascalientes','AGS',0,1),(58,145,2,'Baja California','BCN',0,1),(59,145,2,'Baja California Sur','BCS',0,1),(60,145,2,'Campeche','CAM',0,1),(61,145,2,'Chiapas','CHP',0,1),(62,145,2,'Chihuahua','CHH',0,1),(63,145,2,'Coahuila','COA',0,1),(64,145,2,'Colima','COL',0,1),(65,145,2,'Distrito Federal','DIF',0,1),(66,145,2,'Durango','DUR',0,1),(67,145,2,'Guanajuato','GUA',0,1),(68,145,2,'Guerrero','GRO',0,1),(69,145,2,'Hidalgo','HID',0,1),(70,145,2,'Jalisco','JAL',0,1),(71,145,2,'Estado de México','MEX',0,1),(72,145,2,'Michoacán','MIC',0,1),(73,145,2,'Morelos','MOR',0,1),(74,145,2,'Nayarit','NAY',0,1),(75,145,2,'Nuevo León','NLE',0,1),(76,145,2,'Oaxaca','OAX',0,1),(77,145,2,'Puebla','PUE',0,1),(78,145,2,'Querétaro','QUE',0,1),(79,145,2,'Quintana Roo','ROO',0,1),(80,145,2,'San Luis Potosí','SLP',0,1),(81,145,2,'Sinaloa','SIN',0,1),(82,145,2,'Sonora','SON',0,1),(83,145,2,'Tabasco','TAB',0,1),(84,145,2,'Tamaulipas','TAM',0,1),(85,145,2,'Tlaxcala','TLA',0,1),(86,145,2,'Veracruz','VER',0,1),(87,145,2,'Yucatán','YUC',0,1),(88,145,2,'Zacatecas','ZAC',0,1),(89,4,2,'Ontario','ON',0,1),(90,4,2,'Quebec','QC',0,1),(91,4,2,'British Columbia','BC',0,1),(92,4,2,'Alberta','AB',0,1),(93,4,2,'Manitoba','MB',0,1),(94,4,2,'Saskatchewan','SK',0,1),(95,4,2,'Nova Scotia','NS',0,1),(96,4,2,'New Brunswick','NB',0,1),(97,4,2,'Newfoundland and Labrador','NL',0,1),(98,4,2,'Prince Edward Island','PE',0,1),(99,4,2,'Northwest Territories','NT',0,1),(100,4,2,'Yukon','YT',0,1),(101,4,2,'Nunavut','NU',0,1),(102,44,6,'Buenos Aires','B',0,1),(103,44,6,'Catamarca','K',0,1),(104,44,6,'Chaco','H',0,1),(105,44,6,'Chubut','U',0,1),(106,44,6,'Ciudad de Buenos Aires','C',0,1),(107,44,6,'Córdoba','X',0,1),(108,44,6,'Corrientes','W',0,1),(109,44,6,'Entre Ríos','E',0,1),(110,44,6,'Formosa','P',0,1),(111,44,6,'Jujuy','Y',0,1),(112,44,6,'La Pampa','L',0,1),(113,44,6,'La Rioja','F',0,1),(114,44,6,'Mendoza','M',0,1),(115,44,6,'Misiones','N',0,1),(116,44,6,'Neuquén','Q',0,1),(117,44,6,'Río Negro','R',0,1),(118,44,6,'Salta','A',0,1),(119,44,6,'San Juan','J',0,1),(120,44,6,'San Luis','D',0,1),(121,44,6,'Santa Cruz','Z',0,1),(122,44,6,'Santa Fe','S',0,1),(123,44,6,'Santiago del Estero','G',0,1),(124,44,6,'Tierra del Fuego','V',0,1),(125,44,6,'Tucumán','T',0,1),(126,10,1,'Agrigento','AG',0,1),(127,10,1,'Alessandria','AL',0,1),(128,10,1,'Ancona','AN',0,1),(129,10,1,'Aosta','AO',0,1),(130,10,1,'Arezzo','AR',0,1),(131,10,1,'Ascoli Piceno','AP',0,1),(132,10,1,'Asti','AT',0,1),(133,10,1,'Avellino','AV',0,1),(134,10,1,'Bari','BA',0,1),(135,10,1,'Barletta-Andria-Trani','BT',0,1),(136,10,1,'Belluno','BL',0,1),(137,10,1,'Benevento','BN',0,1),(138,10,1,'Bergamo','BG',0,1),(139,10,1,'Biella','BI',0,1),(140,10,1,'Bologna','BO',0,1),(141,10,1,'Bolzano','BZ',0,1),(142,10,1,'Brescia','BS',0,1),(143,10,1,'Brindisi','BR',0,1),(144,10,1,'Cagliari','CA',0,1),(145,10,1,'Caltanissetta','CL',0,1),(146,10,1,'Campobasso','CB',0,1),(147,10,1,'Carbonia-Iglesias','CI',0,1),(148,10,1,'Caserta','CE',0,1),(149,10,1,'Catania','CT',0,1),(150,10,1,'Catanzaro','CZ',0,1),(151,10,1,'Chieti','CH',0,1),(152,10,1,'Como','CO',0,1),(153,10,1,'Cosenza','CS',0,1),(154,10,1,'Cremona','CR',0,1),(155,10,1,'Crotone','KR',0,1),(156,10,1,'Cuneo','CN',0,1),(157,10,1,'Enna','EN',0,1),(158,10,1,'Fermo','FM',0,1),(159,10,1,'Ferrara','FE',0,1),(160,10,1,'Firenze','FI',0,1),(161,10,1,'Foggia','FG',0,1),(162,10,1,'Forlì-Cesena','FC',0,1),(163,10,1,'Frosinone','FR',0,1),(164,10,1,'Genova','GE',0,1),(165,10,1,'Gorizia','GO',0,1),(166,10,1,'Grosseto','GR',0,1),(167,10,1,'Imperia','IM',0,1),(168,10,1,'Isernia','IS',0,1),(169,10,1,'L\'Aquila','AQ',0,1),(170,10,1,'La Spezia','SP',0,1),(171,10,1,'Latina','LT',0,1),(172,10,1,'Lecce','LE',0,1),(173,10,1,'Lecco','LC',0,1),(174,10,1,'Livorno','LI',0,1),(175,10,1,'Lodi','LO',0,1),(176,10,1,'Lucca','LU',0,1),(177,10,1,'Macerata','MC',0,1),(178,10,1,'Mantova','MN',0,1),(179,10,1,'Massa','MS',0,1),(180,10,1,'Matera','MT',0,1),(181,10,1,'Medio Campidano','VS',0,1),(182,10,1,'Messina','ME',0,1),(183,10,1,'Milano','MI',0,1),(184,10,1,'Modena','MO',0,1),(185,10,1,'Monza e della Brianza','MB',0,1),(186,10,1,'Napoli','NA',0,1),(187,10,1,'Novara','NO',0,1),(188,10,1,'Nuoro','NU',0,1),(189,10,1,'Ogliastra','OG',0,1),(190,10,1,'Olbia-Tempio','OT',0,1),(191,10,1,'Oristano','OR',0,1),(192,10,1,'Padova','PD',0,1),(193,10,1,'Palermo','PA',0,1),(194,10,1,'Parma','PR',0,1),(195,10,1,'Pavia','PV',0,1),(196,10,1,'Perugia','PG',0,1),(197,10,1,'Pesaro-Urbino','PU',0,1),(198,10,1,'Pescara','PE',0,1),(199,10,1,'Piacenza','PC',0,1),(200,10,1,'Pisa','PI',0,1),(201,10,1,'Pistoia','PT',0,1),(202,10,1,'Pordenone','PN',0,1),(203,10,1,'Potenza','PZ',0,1),(204,10,1,'Prato','PO',0,1),(205,10,1,'Ragusa','RG',0,1),(206,10,1,'Ravenna','RA',0,1),(207,10,1,'Reggio Calabria','RC',0,1),(208,10,1,'Reggio Emilia','RE',0,1),(209,10,1,'Rieti','RI',0,1),(210,10,1,'Rimini','RN',0,1),(211,10,1,'Roma','RM',0,1),(212,10,1,'Rovigo','RO',0,1),(213,10,1,'Salerno','SA',0,1),(214,10,1,'Sassari','SS',0,1),(215,10,1,'Savona','SV',0,1),(216,10,1,'Siena','SI',0,1),(217,10,1,'Siracusa','SR',0,1),(218,10,1,'Sondrio','SO',0,1),(219,10,1,'Taranto','TA',0,1),(220,10,1,'Teramo','TE',0,1),(221,10,1,'Terni','TR',0,1),(222,10,1,'Torino','TO',0,1),(223,10,1,'Trapani','TP',0,1),(224,10,1,'Trento','TN',0,1),(225,10,1,'Treviso','TV',0,1),(226,10,1,'Trieste','TS',0,1),(227,10,1,'Udine','UD',0,1),(228,10,1,'Varese','VA',0,1),(229,10,1,'Venezia','VE',0,1),(230,10,1,'Verbano-Cusio-Ossola','VB',0,1),(231,10,1,'Vercelli','VC',0,1),(232,10,1,'Verona','VR',0,1),(233,10,1,'Vibo Valentia','VV',0,1),(234,10,1,'Vicenza','VI',0,1),(235,10,1,'Viterbo','VT',0,1),(236,111,3,'Aceh','ID-AC',0,1),(237,111,3,'Bali','ID-BA',0,1),(238,111,3,'Banten','ID-BT',0,1),(239,111,3,'Bengkulu','ID-BE',0,1),(240,111,3,'Gorontalo','ID-GO',0,1),(241,111,3,'Jakarta','ID-JK',0,1),(242,111,3,'Jambi','ID-JA',0,1),(243,111,3,'Jawa Barat','ID-JB',0,1),(244,111,3,'Jawa Tengah','ID-JT',0,1),(245,111,3,'Jawa Timur','ID-JI',0,1),(246,111,3,'Kalimantan Barat','ID-KB',0,1),(247,111,3,'Kalimantan Selatan','ID-KS',0,1),(248,111,3,'Kalimantan Tengah','ID-KT',0,1),(249,111,3,'Kalimantan Timur','ID-KI',0,1),(250,111,3,'Kalimantan Utara','ID-KU',0,1),(251,111,3,'Kepulauan Bangka Belitug','ID-BB',0,1),(252,111,3,'Kepulauan Riau','ID-KR',0,1),(253,111,3,'Lampung','ID-LA',0,1),(254,111,3,'Maluku','ID-MA',0,1),(255,111,3,'Maluku Utara','ID-MU',0,1),(256,111,3,'Nusa Tengara Barat','ID-NB',0,1),(257,111,3,'Nusa Tenggara Timur','ID-NT',0,1),(258,111,3,'Papua','ID-PA',0,1),(259,111,3,'Papua Barat','ID-PB',0,1),(260,111,3,'Riau','ID-RI',0,1),(261,111,3,'Sulawesi Barat','ID-SR',0,1),(262,111,3,'Sulawesi Selatan','ID-SN',0,1),(263,111,3,'Sulawesi Tengah','ID-ST',0,1),(264,111,3,'Sulawesi Tenggara','ID-SG',0,1),(265,111,3,'Sulawesi Utara','ID-SA',0,1),(266,111,3,'Sumatera Barat','ID-SB',0,1),(267,111,3,'Sumatera Selatan','ID-SS',0,1),(268,111,3,'Sumatera Utara','ID-SU',0,1),(269,111,3,'Yogyakarta','ID-YO',0,1),(270,11,3,'Aichi','23',0,1),(271,11,3,'Akita','05',0,1),(272,11,3,'Aomori','02',0,1),(273,11,3,'Chiba','12',0,1),(274,11,3,'Ehime','38',0,1),(275,11,3,'Fukui','18',0,1),(276,11,3,'Fukuoka','40',0,1),(277,11,3,'Fukushima','07',0,1),(278,11,3,'Gifu','21',0,1),(279,11,3,'Gunma','10',0,1),(280,11,3,'Hiroshima','34',0,1),(281,11,3,'Hokkaido','01',0,1),(282,11,3,'Hyogo','28',0,1),(283,11,3,'Ibaraki','08',0,1),(284,11,3,'Ishikawa','17',0,1),(285,11,3,'Iwate','03',0,1),(286,11,3,'Kagawa','37',0,1),(287,11,3,'Kagoshima','46',0,1),(288,11,3,'Kanagawa','14',0,1),(289,11,3,'Kochi','39',0,1),(290,11,3,'Kumamoto','43',0,1),(291,11,3,'Kyoto','26',0,1),(292,11,3,'Mie','24',0,1),(293,11,3,'Miyagi','04',0,1),(294,11,3,'Miyazaki','45',0,1),(295,11,3,'Nagano','20',0,1),(296,11,3,'Nagasaki','42',0,1),(297,11,3,'Nara','29',0,1),(298,11,3,'Niigata','15',0,1),(299,11,3,'Oita','44',0,1),(300,11,3,'Okayama','33',0,1),(301,11,3,'Okinawa','47',0,1),(302,11,3,'Osaka','27',0,1),(303,11,3,'Saga','41',0,1),(304,11,3,'Saitama','11',0,1),(305,11,3,'Shiga','25',0,1),(306,11,3,'Shimane','32',0,1),(307,11,3,'Shizuoka','22',0,1),(308,11,3,'Tochigi','09',0,1),(309,11,3,'Tokushima','36',0,1),(310,11,3,'Tokyo','13',0,1),(311,11,3,'Tottori','31',0,1),(312,11,3,'Toyama','16',0,1),(313,11,3,'Wakayama','30',0,1),(314,11,3,'Yamagata','06',0,1),(315,11,3,'Yamaguchi','35',0,1),(316,11,3,'Yamanashi','19',0,1),(317,24,5,'Australian Capital Territory','ACT',0,1),(318,24,5,'New South Wales','NSW',0,1),(319,24,5,'Northern Territory','NT',0,1),(320,24,5,'Queensland','QLD',0,1),(321,24,5,'South Australia','SA',0,1),(322,24,5,'Tasmania','TAS',0,1),(323,24,5,'Victoria','VIC',0,1),(324,24,5,'Western Australia','WA',0,1);

--
-- Table structure for table `pre3303_statssearch`
--

CREATE TABLE `pre3303_statssearch` (
  `id_statssearch` int(10) unsigned NOT NULL AUTO_INCREMENT,
  `id_shop` int(10) unsigned NOT NULL DEFAULT '1',
  `id_shop_group` int(10) unsigned NOT NULL DEFAULT '1',
  `keywords` varchar(255) NOT NULL,
  `results` int(6) NOT NULL DEFAULT '0',
  `date_add` datetime NOT NULL,
  PRIMARY KEY (`id_statssearch`)
) ENGINE=InnoDB DEFAULT CHARSET=utf8;

--
-- Dumping data for table `pre3303_statssearch`
--


--
-- Table structure for table `pre3303_stock`
--

CREATE TABLE `pre3303_stock` (
  `id_stock` int(11) unsigned NOT NULL AUTO_INCREMENT,
  `id_warehouse` int(11) unsigned NOT NULL,
  `id_product` int(11) unsigned NOT NULL,
  `id_product_attribute` int(11) unsigned NOT NULL,
  `reference` varchar(32) NOT NULL,
  `ean13` varchar(13) DEFAULT NULL,
  `isbn` varchar(32) DEFAULT NULL,
  `upc` varchar(12) DEFAULT NULL,
  `physical_quantity` int(11) unsigned NOT NULL,
  `usable_quantity` int(11) unsigned NOT NULL,
  `price_te` decimal(20,6) DEFAULT '0.000000',
  PRIMARY KEY (`id_stock`),
  KEY `id_warehouse` (`id_warehouse`),
  KEY `id_product` (`id_product`),
  KEY `id_product_attribute` (`id_product_attribute`)
) ENGINE=InnoDB DEFAULT CHARSET=utf8;

--
-- Dumping data for table `pre3303_stock`
--


--
-- Table structure for table `pre3303_stock_available`
--

CREATE TABLE `pre3303_stock_available` (
  `id_stock_available` int(11) unsigned NOT NULL AUTO_INCREMENT,
  `id_product` int(11) unsigned NOT NULL,
  `id_product_attribute` int(11) unsigned NOT NULL,
  `id_shop` int(11) unsigned NOT NULL,
  `id_shop_group` int(11) unsigned NOT NULL,
  `quantity` int(10) NOT NULL DEFAULT '0',
  `physical_quantity` int(11) NOT NULL DEFAULT '0',
  `reserved_quantity` int(11) NOT NULL DEFAULT '0',
  `depends_on_stock` tinyint(1) unsigned NOT NULL DEFAULT '0',
  `out_of_stock` tinyint(1) unsigned NOT NULL DEFAULT '0',
  PRIMARY KEY (`id_stock_available`),
  UNIQUE KEY `product_sqlstock` (`id_product`,`id_product_attribute`,`id_shop`,`id_shop_group`),
  KEY `id_shop` (`id_shop`),
  KEY `id_shop_group` (`id_shop_group`),
  KEY `id_product` (`id_product`),
  KEY `id_product_attribute` (`id_product_attribute`)
) ENGINE=InnoDB AUTO_INCREMENT=762 DEFAULT CHARSET=utf8;

--
-- Dumping data for table `pre3303_stock_available`
--

INSERT INTO `pre3303_stock_available` VALUES (1,2546,0,0,1,34,0,0,0,0),(2,2547,0,0,1,4,0,0,0,0),(3,2574,0,0,1,27,0,0,0,0),(4,2576,0,0,1,23,0,0,0,0),(5,2577,0,0,1,20,0,0,0,0),(6,2578,0,0,1,5,0,0,0,0),(7,2579,0,0,1,1,0,0,0,0),(8,2580,0,0,1,3,0,0,0,0),(9,2582,0,0,1,11,0,0,0,0),(10,2583,0,0,1,6,0,0,0,0),(11,2585,0,0,1,37,0,0,0,0),(12,2586,0,0,1,38,0,0,0,0),(13,2587,0,0,1,1,0,0,0,0),(14,2588,0,0,1,8,0,0,0,0),(15,2589,0,0,1,55,0,0,0,0),(16,2590,0,0,1,4,0,0,0,0),(17,2617,0,0,1,1,0,0,0,0),(18,2619,0,0,1,1,0,0,0,0),(19,2621,0,0,1,1,0,0,0,0),(20,2624,0,0,1,1,0,0,0,0),(21,2694,0,0,1,1,0,0,0,0),(22,2695,0,0,1,1,0,0,0,0),(23,2696,0,0,1,1,0,0,0,0),(24,2697,0,0,1,1,0,0,0,0),(25,2702,0,0,1,1,0,0,0,0),(26,2703,0,0,1,1,0,0,0,0),(27,2705,0,0,1,1,0,0,0,0),(28,2706,0,0,1,1,0,0,0,0),(29,2746,0,0,1,1,0,0,0,0),(30,2747,0,0,1,1,0,0,0,0),(31,2748,0,0,1,1,0,0,0,0),(32,2749,0,0,1,1,0,0,0,0),(33,2750,0,0,1,1,0,0,0,0),(34,2753,0,0,1,1,0,0,0,0),(35,2754,0,0,1,1,0,0,0,0),(36,2756,0,0,1,1,0,0,0,0),(37,2757,0,0,1,1,0,0,0,0),(38,2758,0,0,1,1,0,0,0,0),(39,2759,0,0,1,1,0,0,0,0),(40,2760,0,0,1,1,0,0,0,0),(41,2763,0,0,1,16,0,0,0,0),(42,2844,0,0,1,29,0,0,0,0),(43,2937,0,0,1,1,0,0,0,0),(44,2977,0,0,1,9,0,0,0,0),(45,3052,0,0,1,1,0,0,0,0),(46,3071,0,0,1,1,0,0,0,0),(47,3096,0,0,1,0,0,0,0,0),(48,3097,0,0,1,3,0,0,0,0),(49,3310,0,0,1,1,0,0,0,0),(50,3325,0,0,1,6,0,0,0,0),(51,3329,0,0,1,0,0,0,0,0),(52,3364,0,0,1,0,0,0,0,0),(53,3535,0,0,1,0,0,0,0,0),(54,3556,0,0,1,0,0,0,0,0),(55,3650,0,0,1,45,0,0,0,0),(56,3661,0,0,1,9,0,0,0,0),(57,3662,0,0,1,19,0,0,0,0),(58,3818,0,0,1,1,0,0,0,0),(59,3820,0,0,1,0,0,0,0,0),(60,3836,0,0,1,0,0,0,0,0),(61,3846,0,0,1,0,0,0,0,0),(62,3955,0,0,1,1,0,0,0,0),(63,3957,0,0,1,1,0,0,0,0),(64,3966,0,0,1,1,0,0,0,0),(65,3974,0,0,1,1,0,0,0,0),(66,3980,0,0,1,1,0,0,0,0),(67,3982,0,0,1,2,0,0,0,0),(68,3996,0,0,1,1,0,0,0,0),(69,4000,0,0,1,1,0,0,0,0),(70,4008,0,0,1,1,0,0,0,0),(71,4010,0,0,1,0,0,0,0,0),(72,4016,0,0,1,2,0,0,0,0),(73,4026,0,0,1,1,0,0,0,0),(74,4028,0,0,1,0,0,0,0,0),(75,4030,0,0,1,0,0,0,0,0),(76,4034,0,0,1,1,0,0,0,0),(77,4039,0,0,1,1,0,0,0,0),(78,4059,0,0,1,0,0,0,0,0),(79,4070,0,0,1,1,0,0,0,0),(80,4072,0,0,1,1,0,0,0,0),(81,4074,0,0,1,1,0,0,0,0),(82,4081,0,0,1,0,0,0,0,0),(83,4082,0,0,1,1,0,0,0,0),(84,4118,0,0,1,1,0,0,0,0),(85,4214,0,0,1,0,0,0,0,0),(86,4216,0,0,1,0,0,0,0,0),(87,4220,0,0,1,0,0,0,0,0),(88,4287,0,0,1,0,0,0,0,0),(89,4298,0,0,1,1,0,0,0,0),(90,4320,0,0,1,14,0,0,0,0),(92,4462,0,0,1,0,0,0,0,0),(93,4475,0,0,1,1,0,0,0,0),(94,4474,0,0,1,1,0,0,0,0),(95,4482,0,0,1,2,0,0,0,0),(96,4487,0,0,1,1,0,0,0,0),(97,4547,0,0,1,18,0,0,0,0),(98,4588,0,0,1,1,0,0,0,0),(99,4737,0,0,1,1,0,0,0,0),(100,4739,0,0,1,0,0,0,0,0),(101,4742,0,0,1,1,0,0,0,0),(102,4744,0,0,1,1,0,0,0,0),(103,4746,0,0,1,1,0,0,0,0),(104,4748,0,0,1,1,0,0,0,0),(105,4793,0,0,1,4,0,0,0,0),(106,4795,0,0,1,2,0,0,0,0),(107,4830,0,0,1,0,0,0,0,0),(108,4832,0,0,1,1,0,0,0,0),(110,4837,0,0,1,1,0,0,0,0),(111,4839,0,0,1,1,0,0,0,0),(112,4841,0,0,1,1,0,0,0,0),(113,4843,0,0,1,1,0,0,0,0),(114,4847,0,0,1,1,0,0,0,0),(115,4851,0,0,1,1,0,0,0,0),(116,4853,0,0,1,1,0,0,0,0),(117,4858,0,0,1,1,0,0,0,0),(118,4860,0,0,1,1,0,0,0,0),(119,4872,0,0,1,1,0,0,0,0),(120,4874,0,0,1,1,0,0,0,0),(121,4878,0,0,1,1,0,0,0,0),(122,4883,0,0,1,0,0,0,0,0),(123,4885,0,0,1,1,0,0,0,0),(124,4890,0,0,1,1,0,0,0,0),(125,4892,0,0,1,1,0,0,0,0),(126,4896,0,0,1,1,0,0,0,0),(127,4898,0,0,1,0,0,0,0,0),(128,4910,0,0,1,0,0,0,0,0),(129,4917,0,0,1,1,0,0,0,0),(130,4919,0,0,1,1,0,0,0,0),(131,4921,0,0,1,1,0,0,0,0),(132,4923,0,0,1,1,0,0,0,0),(133,4925,0,0,1,0,0,0,0,0),(134,4927,0,0,1,1,0,0,0,0),(135,4929,0,0,1,1,0,0,0,0),(136,4931,0,0,1,1,0,0,0,0),(137,4933,0,0,1,1,0,0,0,0),(138,4944,0,0,1,1,0,0,0,0),(139,4947,0,0,1,0,0,0,0,0),(140,4950,0,0,1,1,0,0,0,0),(141,4953,0,0,1,0,0,0,0,0),(142,4959,0,0,1,1,0,0,0,0),(143,4963,0,0,1,1,0,0,0,0),(144,4965,0,0,1,1,0,0,0,0),(145,4979,0,0,1,1,0,0,0,0),(146,4983,0,0,1,0,0,0,0,0),(147,4987,0,0,1,2,0,0,0,0),(148,5016,0,0,1,1,0,0,0,0),(149,5018,0,0,1,1,0,0,0,0),(150,5020,0,0,1,2,0,0,0,0),(151,5028,0,0,1,1,0,0,0,0),(152,5031,0,0,1,6,0,0,0,0),(153,5049,0,0,1,3,0,0,0,0),(154,5057,0,0,1,4,0,0,0,0),(155,5058,0,0,1,1,0,0,0,0),(157,5113,0,0,1,20,0,0,0,0),(158,5140,0,0,1,3,0,0,0,0),(159,5141,0,0,1,5,0,0,0,0),(160,5142,0,0,1,3,0,0,0,0),(161,5144,0,0,1,9,0,0,0,0),(162,5145,0,0,1,9,0,0,0,0),(163,5146,0,0,1,7,0,0,0,0),(164,5149,0,0,1,0,0,0,0,0),(165,5151,0,0,1,0,0,0,0,0),(166,5154,0,0,1,0,0,0,0,0),(167,5155,0,0,1,0,0,0,0,0),(169,5162,0,0,1,30,0,0,0,0),(170,5163,0,0,1,12,0,0,0,0),(171,5164,0,0,1,12,0,0,0,0),(172,5165,0,0,1,17,0,0,0,0),(173,5166,0,0,1,6,0,0,0,0),(175,5169,0,0,1,16,0,0,0,0),(176,5170,0,0,1,16,0,0,0,0),(177,5286,0,0,1,1,0,0,0,0),(178,5299,0,0,1,1,0,0,0,0),(179,5301,0,0,1,1,0,0,0,0),(180,5302,0,0,1,1,0,0,0,0),(181,5303,0,0,1,0,0,0,0,0),(182,5338,0,0,1,0,0,0,0,0),(183,5432,0,0,1,1,0,0,0,0),(184,5436,0,0,1,0,0,0,0,0),(185,5440,0,0,1,1,0,0,0,0),(186,5442,0,0,1,1,0,0,0,0),(187,5445,0,0,1,1,0,0,0,0),(188,5453,0,0,1,1,0,0,0,0),(189,5455,0,0,1,1,0,0,0,0),(190,5459,0,0,1,2,0,0,0,0),(191,5462,0,0,1,1,0,0,0,0),(192,5464,0,0,1,1,0,0,0,0),(193,5487,0,0,1,1,0,0,0,0),(194,5497,0,0,1,1,0,0,0,0),(195,5498,0,0,1,0,0,0,0,0),(196,5499,0,0,1,1,0,0,0,0),(197,5500,0,0,1,1,0,0,0,0),(198,5501,0,0,1,0,0,0,0,0),(199,5502,0,0,1,1,0,0,0,0),(200,5503,0,0,1,1,0,0,0,0),(201,5524,0,0,1,3,0,0,0,0),(202,5530,0,0,1,22,0,0,0,0),(205,5560,0,0,1,1,0,0,0,0),(206,5566,0,0,1,1,0,0,0,0),(207,5568,0,0,1,1,0,0,0,0),(208,5564,0,0,1,2,0,0,0,0),(209,5562,0,0,1,0,0,0,0,0),(210,5578,0,0,1,1,0,0,0,0),(211,5580,0,0,1,1,0,0,0,0),(212,5582,0,0,1,1,0,0,0,0),(215,5589,0,0,1,2,0,0,0,0),(216,5595,0,0,1,2,0,0,0,0),(217,5683,0,0,1,29,0,0,0,0),(218,5703,0,0,1,21,0,0,0,0),(219,5722,0,0,1,3,0,0,0,0),(220,5740,0,0,1,4,0,0,0,0),(221,5744,0,0,1,11,0,0,0,0),(222,5756,0,0,1,3,0,0,0,0),(223,5759,0,0,1,3,0,0,0,0),(224,5758,0,0,1,3,0,0,0,0),(225,5757,0,0,1,4,0,0,0,0),(226,5763,0,0,1,13,0,0,0,0),(227,5776,0,0,1,14,0,0,0,0),(228,5777,0,0,1,8,0,0,0,0),(229,5778,0,0,1,11,0,0,0,0),(230,5779,0,0,1,8,0,0,0,0),(231,5824,0,0,1,3,0,0,0,0),(232,5864,0,0,1,1,0,0,0,0),(233,5865,0,0,1,2,0,0,0,0),(234,5867,0,0,1,2,0,0,0,0),(235,5875,0,0,1,2,0,0,0,0),(236,5876,0,0,1,2,0,0,0,0),(237,5877,0,0,1,2,0,0,0,0),(238,5878,0,0,1,1,0,0,0,0),(239,5879,0,0,1,1,0,0,0,0),(240,5881,0,0,1,2,0,0,0,0),(241,5884,0,0,1,1,0,0,0,0),(242,5885,0,0,1,1,0,0,0,0),(243,5899,0,0,1,0,0,0,0,0),(244,5902,0,0,1,1,0,0,0,0),(245,5903,0,0,1,1,0,0,0,0),(246,5905,0,0,1,0,0,0,0,0),(247,5909,0,0,1,0,0,0,0,0),(248,5911,0,0,1,0,0,0,0,0),(249,5935,0,0,1,16,0,0,0,0),(250,5943,0,0,1,0,0,0,0,0),(251,5944,0,0,1,0,0,0,0,0),(252,5945,0,0,1,0,0,0,0,0),(253,5956,0,0,1,1,0,0,0,0),(254,5960,0,0,1,16,0,0,0,0),(255,5975,0,0,1,0,0,0,0,2),(256,5977,0,0,1,0,0,0,0,0),(257,5980,0,0,1,1,0,0,0,0),(258,5982,0,0,1,1,0,0,0,0),(259,5983,0,0,1,1,0,0,0,0),(260,5988,0,0,1,1,0,0,0,0),(261,5993,0,0,1,1,0,0,0,0),(262,5994,0,0,1,1,0,0,0,0),(263,5995,0,0,1,1,0,0,0,0),(264,6012,0,0,1,2,0,0,0,0),(265,6017,0,0,1,2,0,0,0,0),(266,6019,0,0,1,1,0,0,0,0),(270,6028,0,0,1,1,0,0,0,2),(272,6030,0,0,1,0,0,0,0,2),(273,6031,0,0,1,1,0,0,0,2),(276,5520,0,0,1,1,0,0,0,0),(277,5521,0,0,1,1,0,0,0,0),(278,5522,0,0,1,2,0,0,0,0),(279,5523,0,0,1,5,0,0,0,0),(280,5525,0,0,1,1,0,0,0,0),(281,5526,0,0,1,3,0,0,0,0),(282,5527,0,0,1,1,0,0,0,0),(283,6032,0,0,1,20,0,0,0,2),(284,6032,1,0,1,3,0,0,0,2),(285,6032,2,0,1,9,0,0,0,2),(286,6032,3,0,1,5,0,0,0,2),(287,6032,4,0,1,2,0,0,0,2),(288,6032,5,0,1,1,0,0,0,2),(289,5524,6,0,1,1,0,0,0,0),(290,5524,7,0,1,1,0,0,0,0),(291,5524,8,0,1,1,0,0,0,0),(292,5522,9,0,1,1,0,0,0,0),(293,5522,10,0,1,1,0,0,0,0),(294,6033,0,0,1,3,0,0,0,2),(295,6034,0,0,1,1,0,0,0,2),(296,6035,0,0,1,1,0,0,0,2),(297,6036,0,0,1,9,0,0,0,2),(298,6037,0,0,1,1,0,0,0,2),(299,6038,0,0,1,1,0,0,0,2),(301,6040,0,0,1,1,0,0,0,2),(303,6042,0,0,1,1,0,0,0,2),(304,6043,0,0,1,2,0,0,0,2),(305,6044,0,0,1,1,0,0,0,2),(306,6045,0,0,1,1,0,0,0,2),(307,6046,0,0,1,1,0,0,0,2),(308,6047,0,0,1,2,0,0,0,2),(309,6048,0,0,1,2,0,0,0,2),(310,6048,11,0,1,1,0,0,0,2),(311,6048,12,0,1,1,0,0,0,2),(313,6050,0,0,1,3,0,0,0,2),(314,6051,0,0,1,2,0,0,0,2),(317,6051,15,0,1,1,0,0,0,2),(318,6051,16,0,1,1,0,0,0,2),(319,6052,0,0,1,3,0,0,0,2),(322,6053,0,0,1,3,0,0,0,2),(323,6053,19,0,1,2,0,0,0,2),(324,6053,20,0,1,1,0,0,0,2),(325,6054,0,0,1,1,0,0,0,2),(327,6056,0,0,1,4,0,0,0,2),(328,6057,0,0,1,4,0,0,0,2),(329,6057,21,0,1,1,0,0,0,2),(330,6057,22,0,1,1,0,0,0,2),(331,6057,23,0,1,1,0,0,0,2),(332,6057,24,0,1,1,0,0,0,2),(333,6058,0,0,1,2,0,0,0,2),(338,6059,0,0,1,1,0,0,0,2),(340,6061,0,0,1,2,0,0,0,2),(341,6061,29,0,1,1,0,0,0,2),(342,6061,30,0,1,1,0,0,0,2),(343,6058,31,0,1,1,0,0,0,2),(344,6058,32,0,1,1,0,0,0,2),(346,6063,0,0,1,1,0,0,0,2),(347,6064,0,0,1,1,0,0,0,2),(348,6065,0,0,1,1,0,0,0,2),(349,6066,0,0,1,1,0,0,0,2),(350,6067,0,0,1,1,0,0,0,2),(351,6068,0,0,1,1,0,0,0,2),(352,6069,0,0,1,1,0,0,0,2),(353,6070,0,0,1,1,0,0,0,2),(354,6071,0,0,1,1,0,0,0,2),(355,6072,0,0,1,1,0,0,0,2),(357,6074,0,0,1,1,0,0,0,2),(360,6077,0,0,1,1,0,0,0,2),(362,5530,33,0,1,1,0,0,0,0),(363,5530,34,0,1,1,0,0,0,0),(364,5530,35,0,1,1,0,0,0,0),(365,5530,36,0,1,1,0,0,0,0),(366,5530,37,0,1,1,0,0,0,0),(367,5530,38,0,1,1,0,0,0,0),(368,5530,39,0,1,1,0,0,0,0),(369,5530,40,0,1,1,0,0,0,0),(370,5530,41,0,1,1,0,0,0,0),(371,5530,42,0,1,1,0,0,0,0),(372,5530,43,0,1,1,0,0,0,0),(373,5530,44,0,1,1,0,0,0,0),(374,5530,45,0,1,1,0,0,0,0),(375,5530,46,0,1,1,0,0,0,0),(376,5530,47,0,1,1,0,0,0,0),(377,5530,48,0,1,1,0,0,0,0),(378,5530,49,0,1,1,0,0,0,0),(379,5530,50,0,1,1,0,0,0,0),(380,5530,51,0,1,1,0,0,0,0),(381,5530,52,0,1,1,0,0,0,0),(382,5530,53,0,1,1,0,0,0,0),(383,5530,54,0,1,1,0,0,0,0),(384,6079,0,0,1,30,0,0,0,2),(385,6080,0,0,1,30,0,0,0,2),(386,6080,55,0,1,13,0,0,0,2),(387,6080,56,0,1,13,0,0,0,2),(388,6080,57,0,1,4,0,0,0,2),(389,6079,58,0,1,13,0,0,0,2),(390,6079,59,0,1,13,0,0,0,2),(391,6079,60,0,1,4,0,0,0,2),(392,6081,0,0,1,30,0,0,0,2),(394,6081,62,0,1,13,0,0,0,2),(395,6081,63,0,1,13,0,0,0,2),(396,6081,64,0,1,4,0,0,0,2),(397,6082,0,0,1,30,0,0,0,2),(398,6082,65,0,1,13,0,0,0,2),(399,6082,66,0,1,13,0,0,0,2),(400,6082,67,0,1,4,0,0,0,2),(401,6083,0,0,1,30,0,0,0,2),(405,6083,71,0,1,13,0,0,0,2),(406,6083,72,0,1,13,0,0,0,2),(407,6083,73,0,1,4,0,0,0,2),(408,6084,0,0,1,2,0,0,0,2),(415,6089,0,0,1,2,0,0,0,2),(416,6090,0,0,1,1,0,0,0,2),(418,6092,0,0,1,1,0,0,0,2),(419,6093,0,0,1,2,0,0,0,2),(420,6093,76,0,1,1,0,0,0,2),(421,6093,77,0,1,1,0,0,0,2),(422,6094,0,0,1,1,0,0,0,2),(423,6095,0,0,1,1,0,0,0,2),(424,6096,0,0,1,1,0,0,0,2),(425,6097,0,0,1,1,0,0,0,2),(426,6098,0,0,1,2,0,0,0,2),(427,6099,0,0,1,1,0,0,0,2),(428,6100,0,0,1,1,0,0,0,2),(429,6101,0,0,1,1,0,0,0,2),(430,6102,0,0,1,2,0,0,0,2),(431,6103,0,0,1,2,0,0,0,2),(432,6104,0,0,1,2,0,0,0,2),(434,6106,0,0,1,1,0,0,0,2),(435,6107,0,0,1,1,0,0,0,2),(437,6109,0,0,1,1,0,0,0,2),(438,6110,0,0,1,1,0,0,0,2),(439,6111,0,0,1,1,0,0,0,2),(440,6112,0,0,1,1,0,0,0,2),(441,6113,0,0,1,1,0,0,0,2),(442,6114,0,0,1,1,0,0,0,2),(443,6115,0,0,1,1,0,0,0,2),(444,6116,0,0,1,1,0,0,0,2),(445,6117,0,0,1,1,0,0,0,2),(446,6118,0,0,1,1,0,0,0,2),(447,6089,78,0,1,1,0,0,0,2),(448,6089,79,0,1,1,0,0,0,2),(449,6119,0,0,1,1,0,0,0,2),(450,6120,0,0,1,1,0,0,0,2),(451,6121,0,0,1,2,0,0,0,2),(453,6123,0,0,1,1,0,0,0,2),(454,6124,0,0,1,1,0,0,0,2),(455,6125,0,0,1,1,0,0,0,2),(456,6126,0,0,1,2,0,0,0,2),(457,6127,0,0,1,1,0,0,0,2),(458,6128,0,0,1,1,0,0,0,2),(459,6129,0,0,1,0,0,0,0,2),(460,6130,0,0,1,1,0,0,0,2),(461,6131,0,0,1,0,0,0,0,2),(462,6132,0,0,1,0,0,0,0,2),(463,6133,0,0,1,1,0,0,0,2),(464,6134,0,0,1,1,0,0,0,2),(465,6135,0,0,1,1,0,0,0,2),(466,6136,0,0,1,1,0,0,0,2),(467,6137,0,0,1,1,0,0,0,2),(468,6138,0,0,1,1,0,0,0,2),(469,6139,0,0,1,1,0,0,0,2),(470,6140,0,0,1,1,0,0,0,2),(471,6141,0,0,1,1,0,0,0,2),(472,6142,0,0,1,1,0,0,0,2),(473,6143,0,0,1,1,0,0,0,2),(474,6144,0,0,1,1,0,0,0,2),(475,6145,0,0,1,1,0,0,0,2),(476,6146,0,0,1,1,0,0,0,2),(477,6147,0,0,1,1,0,0,0,2),(478,6148,0,0,1,1,0,0,0,2),(479,6149,0,0,1,0,0,0,0,2),(480,6150,0,0,1,1,0,0,0,2),(481,6151,0,0,1,1,0,0,0,2),(482,6152,0,0,1,0,0,0,0,2),(483,6153,0,0,1,1,0,0,0,2),(484,6154,0,0,1,1,0,0,0,2),(485,6155,0,0,1,1,0,0,0,2),(486,6156,0,0,1,1,0,0,0,2),(487,6157,0,0,1,1,0,0,0,2),(488,6158,0,0,1,1,0,0,0,2),(492,6162,0,0,1,1,0,0,0,2),(493,6163,0,0,1,0,0,0,0,2),(494,6164,0,0,1,1,0,0,0,2),(495,6165,0,0,1,1,0,0,0,2),(496,6166,0,0,1,0,0,0,0,0),(497,6167,0,0,1,0,0,0,0,2),(498,6168,0,0,1,0,0,0,0,2),(499,6169,0,0,1,0,0,0,0,2),(500,6170,0,0,1,1,0,0,0,2),(501,6171,0,0,1,0,0,0,0,2),(502,6172,0,0,1,1,0,0,0,2),(503,6173,0,0,1,0,0,0,0,2),(504,6174,0,0,1,1,0,0,0,2),(505,6175,0,0,1,1,0,0,0,2),(506,6176,0,0,1,0,0,0,0,2),(507,6177,0,0,1,1,0,0,0,2),(508,6178,0,0,1,0,0,0,0,2),(509,6179,0,0,1,0,0,0,0,2),(510,6180,0,0,1,1,0,0,0,2),(511,6181,0,0,1,49,0,0,0,2),(512,6182,0,0,1,48,0,0,0,2),(513,6183,0,0,1,48,0,0,0,2),(514,6184,0,0,1,48,0,0,0,2),(517,6187,0,0,1,1,0,0,0,2),(519,6189,0,0,1,1,0,0,0,2),(520,6190,0,0,1,1,0,0,0,2),(521,6191,0,0,1,1,0,0,0,2),(522,6192,0,0,1,1,0,0,0,2),(523,6193,0,0,1,1,0,0,0,2),(524,6194,0,0,1,1,0,0,0,2),(525,6195,0,0,1,0,0,0,0,2),(526,6196,0,0,1,1,0,0,0,2),(527,6197,0,0,1,0,0,0,0,2),(529,6196,81,0,1,1,0,0,0,2),(530,6196,82,0,1,0,0,0,0,2),(531,6198,0,0,1,0,0,0,0,2),(532,6199,0,0,1,1,0,0,0,2),(533,6200,0,0,1,1,0,0,0,2),(534,6201,0,0,1,0,0,0,0,2),(535,6202,0,0,1,0,0,0,0,2),(536,6203,0,0,1,1,0,0,0,2),(537,6204,0,0,1,1,0,0,0,2),(538,6205,0,0,1,0,0,0,0,2),(539,6206,0,0,1,1,0,0,0,2),(540,6207,0,0,1,1,0,0,0,2),(541,6208,0,0,1,1,0,0,0,2),(542,6209,0,0,1,0,0,0,0,0),(543,6210,0,0,1,1,0,0,0,2),(546,6213,0,0,1,1,0,0,0,2),(547,6214,0,0,1,1,0,0,0,2),(548,6215,0,0,1,1,0,0,0,2),(549,6216,0,0,1,1,0,0,0,2),(551,6218,0,0,1,1,0,0,0,2),(552,6219,0,0,1,1,0,0,0,2),(553,6220,0,0,1,1,0,0,0,2),(554,6221,0,0,1,0,0,0,0,2),(555,6222,0,0,1,0,0,0,0,2),(556,6223,0,0,1,1,0,0,0,2),(557,6224,0,0,1,1,0,0,0,2),(558,6225,0,0,1,1,0,0,0,2),(559,6226,0,0,1,1,0,0,0,2),(560,6227,0,0,1,1,0,0,0,2),(561,6228,0,0,1,0,0,0,0,2),(562,6229,0,0,1,1,0,0,0,2),(563,6230,0,0,1,1,0,0,0,2),(564,6231,0,0,1,1,0,0,0,2),(565,6232,0,0,1,0,0,0,0,2),(566,6233,0,0,1,0,0,0,0,2),(567,6234,0,0,1,1,0,0,0,2),(568,6235,0,0,1,1,0,0,0,2),(569,6236,0,0,1,1,0,0,0,2),(570,6237,0,0,1,1,0,0,0,2),(571,6238,0,0,1,1,0,0,0,2),(572,6239,0,0,1,0,0,0,0,2),(574,6241,0,0,1,0,0,0,0,2),(575,6242,0,0,1,1,0,0,0,2),(576,6243,0,0,1,1,0,0,0,2),(577,6244,0,0,1,1,0,0,0,2),(578,6245,0,0,1,1,0,0,0,2),(579,6246,0,0,1,1,0,0,0,2),(581,6248,0,0,1,1,0,0,0,2),(582,6249,0,0,1,0,0,0,0,2),(583,6250,0,0,1,1,0,0,0,2),(584,6251,0,0,1,1,0,0,0,2),(585,6252,0,0,1,1,0,0,0,2),(586,6253,0,0,1,0,0,0,0,2),(587,6254,0,0,1,1,0,0,0,2),(588,6255,0,0,1,0,0,0,0,2),(589,6256,0,0,1,1,0,0,0,2),(590,6257,0,0,1,1,0,0,0,2),(591,6258,0,0,1,1,0,0,0,2),(592,6259,0,0,1,1,0,0,0,2),(593,6260,0,0,1,1,0,0,0,2),(594,6261,0,0,1,0,0,0,0,2),(595,6262,0,0,1,1,0,0,0,2),(596,6263,0,0,1,1,0,0,0,2),(597,6264,0,0,1,0,0,0,0,2),(598,6265,0,0,1,0,0,0,0,2),(599,6266,0,0,1,1,0,0,0,2),(600,6267,0,0,1,1,0,0,0,2),(601,6268,0,0,1,1,0,0,0,2),(602,6269,0,0,1,1,0,0,0,2),(603,6270,0,0,1,0,0,0,0,2),(604,6271,0,0,1,1,0,0,0,2),(605,6272,0,0,1,1,0,0,0,2),(606,6273,0,0,1,1,0,0,0,2),(607,6274,0,0,1,0,0,0,0,2),(608,6275,0,0,1,0,0,0,0,2),(609,6276,0,0,1,1,0,0,0,2),(610,6277,0,0,1,1,0,0,0,2),(611,6278,0,0,1,0,0,0,0,2),(612,6279,0,0,1,1,0,0,0,2),(613,6280,0,0,1,1,0,0,0,2),(614,6281,0,0,1,1,0,0,0,2),(615,6282,0,0,1,1,0,0,0,2),(616,6283,0,0,1,0,0,0,0,2),(617,6284,0,0,1,0,0,0,0,2),(621,6288,0,0,1,1,0,0,0,2),(622,6289,0,0,1,1,0,0,0,2),(623,6290,0,0,1,1,0,0,0,2),(624,6291,0,0,1,1,0,0,0,2),(625,6292,0,0,1,1,0,0,0,2),(626,6293,0,0,1,1,0,0,0,2),(627,6294,0,0,1,2,0,0,0,2),(628,6295,0,0,1,1,0,0,0,2),(629,6296,0,0,1,1,0,0,0,2),(630,6297,0,0,1,0,0,0,0,2),(631,6298,0,0,1,1,0,0,0,2),(632,6299,0,0,1,1,0,0,0,2),(633,6300,0,0,1,1,0,0,0,2),(634,6301,0,0,1,38,0,0,0,2),(635,6302,0,0,1,1,0,0,0,2),(636,6303,0,0,1,1,0,0,0,2),(637,6304,0,0,1,1,0,0,0,2),(638,6305,0,0,1,4,0,0,0,2),(639,6306,0,0,1,1,0,0,0,2),(640,6307,0,0,1,1,0,0,0,2),(641,6308,0,0,1,1,0,0,0,2),(642,6309,0,0,1,1,0,0,0,2),(643,6310,0,0,1,1,0,0,0,2),(644,6311,0,0,1,1,0,0,0,2),(645,6312,0,0,1,0,0,0,0,2),(648,6315,0,0,1,0,0,0,0,2),(650,6317,0,0,1,0,0,0,0,2),(651,6318,0,0,1,1,0,0,0,2),(652,6319,0,0,1,1,0,0,0,2),(653,6320,0,0,1,1,0,0,0,2),(654,6321,0,0,1,1,0,0,0,2),(655,6322,0,0,1,1,0,0,0,2),(656,6323,0,0,1,1,0,0,0,2),(657,6324,0,0,1,1,0,0,0,2),(658,6325,0,0,1,0,0,0,0,2),(659,6326,0,0,1,1,0,0,0,2),(660,6327,0,0,1,1,0,0,0,2),(661,6328,0,0,1,1,0,0,0,2),(662,6329,0,0,1,1,0,0,0,2),(663,6330,0,0,1,0,0,0,0,2),(664,6331,0,0,1,0,0,0,0,2),(665,6332,0,0,1,0,0,0,0,2),(667,6334,0,0,1,0,0,0,0,2),(668,6335,0,0,1,1,0,0,0,2),(669,6336,0,0,1,1,0,0,0,2),(670,6337,0,0,1,0,0,0,0,2),(671,6338,0,0,1,0,0,0,0,2),(672,6339,0,0,1,0,0,0,0,2),(673,6340,0,0,1,0,0,0,0,2),(674,6341,0,0,1,1,0,0,0,2),(675,6342,0,0,1,1,0,0,0,2),(677,6344,0,0,1,1,0,0,0,2),(683,6350,0,0,1,43,0,0,0,2),(686,6353,0,0,1,5,0,0,0,2),(687,6354,0,0,1,0,0,0,0,2),(689,6356,0,0,1,0,0,0,0,2),(690,6357,0,0,1,1,0,0,0,2),(691,6358,0,0,1,1,0,0,0,2),(692,6359,0,0,1,1,0,0,0,2),(693,6360,0,0,1,1,0,0,0,2),(694,6361,0,0,1,1,0,0,0,2),(695,6362,0,0,1,1,0,0,0,2),(696,6363,0,0,1,0,0,0,0,2),(697,6364,0,0,1,1,0,0,0,2),(698,6365,0,0,1,1,0,0,0,2),(699,6366,0,0,1,0,0,0,0,2),(700,6367,0,0,1,1,0,0,0,2),(701,6368,0,0,1,1,0,0,0,2),(702,6369,0,0,1,1,0,0,0,2),(703,6370,0,0,1,1,0,0,0,2),(704,6371,0,0,1,0,0,0,0,2),(705,6372,0,0,1,1,0,0,0,2),(706,6373,0,0,1,1,0,0,0,2),(707,6374,0,0,1,1,0,0,0,2),(708,6375,0,0,1,1,0,0,0,2),(710,6377,0,0,1,1,0,0,0,2),(711,6378,0,0,1,1,0,0,0,2),(712,6379,0,0,1,1,0,0,0,2),(713,6380,0,0,1,0,0,0,0,2),(714,6381,0,0,1,0,0,0,0,2),(715,6382,0,0,1,1,0,0,0,2),(716,6383,0,0,1,1,0,0,0,2),(718,6385,0,0,1,1,0,0,0,2),(719,6386,0,0,1,0,0,0,0,2),(720,6387,0,0,1,1,0,0,0,2),(721,6388,0,0,1,1,0,0,0,2),(722,6389,0,0,1,1,0,0,0,2),(723,6390,0,0,1,1,0,0,0,2),(724,6391,0,0,1,1,0,0,0,2),(725,6392,0,0,1,0,0,0,0,2),(726,6393,0,0,1,1,0,0,0,2),(727,6394,0,0,1,1,0,0,0,2),(728,6395,0,0,1,4,0,0,0,2),(729,6396,0,0,1,12,0,0,0,2),(731,6398,0,0,1,15,0,0,0,2),(732,6399,0,0,1,14,0,0,0,2),(733,6400,0,0,1,11,0,0,0,2),(734,6401,0,0,1,0,0,0,0,2),(735,6402,0,0,1,0,0,0,0,2),(736,6403,0,0,1,0,0,0,0,2),(738,6405,0,0,1,1,0,0,0,2),(740,6407,0,0,1,13,0,0,0,2),(742,6409,0,0,1,3,0,0,0,2),(743,6410,0,0,1,3,0,0,0,2),(744,6411,0,0,1,1,0,0,0,2),(745,6412,0,0,1,33,0,0,0,2),(746,6413,0,0,1,32,0,0,0,2),(747,6414,0,0,1,1,0,0,0,2),(748,6415,0,0,1,3,0,0,0,2),(749,6416,0,0,1,1,0,0,0,2),(750,6417,0,0,1,0,0,0,0,2),(752,6419,0,0,1,1,0,0,0,2),(753,6420,0,0,1,2,0,0,0,2),(754,6421,0,0,1,1,0,0,0,2),(755,6422,0,0,1,1,0,0,0,2),(756,6423,0,0,1,1,0,0,0,2),(757,6424,0,0,1,1,0,0,0,2),(758,6425,0,0,1,1,0,0,0,2),(759,6426,0,0,1,0,0,0,0,2),(760,6427,0,0,1,2,0,0,0,2),(761,6428,0,0,1,0,0,0,0,2);

--
-- Table structure for table `pre3303_stock_mvt`
--

CREATE TABLE `pre3303_stock_mvt` (
  `id_stock_mvt` bigint(20) NOT NULL AUTO_INCREMENT,
  `id_stock` int(11) NOT NULL,
  `id_order` int(11) DEFAULT NULL,
  `id_supply_order` int(11) DEFAULT NULL,
  `id_stock_mvt_reason` int(11) NOT NULL,
  `id_employee` int(11) NOT NULL,
  `employee_lastname` varchar(32) DEFAULT '',
  `employee_firstname` varchar(32) DEFAULT '',
  `physical_quantity` int(11) NOT NULL,
  `date_add` datetime NOT NULL,
  `sign` smallint(6) DEFAULT '1',
  `price_te` decimal(20,6) DEFAULT '0.000000',
  `last_wa` decimal(20,6) DEFAULT '0.000000',
  `current_wa` decimal(20,6) DEFAULT '0.000000',
  `referer` bigint(20) DEFAULT NULL,
  PRIMARY KEY (`id_stock_mvt`),
  KEY `id_stock` (`id_stock`),
  KEY `id_stock_mvt_reason` (`id_stock_mvt_reason`)
) ENGINE=InnoDB AUTO_INCREMENT=974 DEFAULT CHARSET=utf8;

--
-- Dumping data for table `pre3303_stock_mvt`
--

INSERT INTO `pre3303_stock_mvt` VALUES (330,346,NULL,NULL,11,1,'Knafo Joël','Joseph',1,'2018-07-28 16:11:25',1,0.000000,0.000000,0.000000,NULL),(331,347,NULL,NULL,11,1,'Knafo Joël','Joseph',1,'2018-07-28 16:21:59',1,0.000000,0.000000,0.000000,NULL),(332,348,NULL,NULL,11,1,'Knafo Joël','Joseph',1,'2018-07-28 18:50:19',1,0.000000,0.000000,0.000000,NULL),(333,349,NULL,NULL,11,1,'Knafo Joël','Joseph',1,'2018-07-28 18:51:51',1,0.000000,0.000000,0.000000,NULL),(334,350,NULL,NULL,11,1,'Knafo Joël','Joseph',1,'2018-07-28 18:55:47',1,0.000000,0.000000,0.000000,NULL),(335,351,NULL,NULL,11,1,'Knafo Joël','Joseph',1,'2018-07-28 18:58:44',1,0.000000,0.000000,0.000000,NULL),(336,352,NULL,NULL,11,1,'Knafo Joël','Joseph',1,'2018-07-28 19:04:46',1,0.000000,0.000000,0.000000,NULL),(337,353,NULL,NULL,11,1,'Knafo Joël','Joseph',1,'2018-07-28 19:07:54',1,0.000000,0.000000,0.000000,NULL),(338,354,NULL,NULL,11,1,'Knafo Joël','Joseph',1,'2018-07-28 19:13:27',1,0.000000,0.000000,0.000000,NULL),(339,355,NULL,NULL,11,1,'Knafo Joël','Joseph',1,'2018-07-28 19:19:00',1,0.000000,0.000000,0.000000,NULL),(340,357,NULL,NULL,11,1,'Knafo Joël','Joseph',1,'2018-07-28 19:22:48',1,0.000000,0.000000,0.000000,NULL),(341,1,NULL,NULL,11,1,'Knafo Joël','Joseph',8,'2018-08-01 15:34:49',-1,0.000000,0.000000,0.000000,NULL),(342,12,NULL,NULL,11,1,'Knafo Joël','Joseph',4,'2018-08-01 15:37:19',-1,0.000000,0.000000,0.000000,NULL),(343,171,NULL,NULL,11,1,'Knafo Joël','Joseph',9,'2018-08-01 15:43:11',-1,0.000000,0.000000,0.000000,NULL),(344,172,NULL,NULL,11,1,'Knafo Joël','Joseph',6,'2018-08-01 15:43:52',-1,0.000000,0.000000,0.000000,NULL),(345,170,NULL,NULL,11,1,'Knafo Joël','Joseph',6,'2018-08-01 15:44:45',-1,0.000000,0.000000,0.000000,NULL),(346,154,NULL,NULL,11,1,'Knafo Joël','Joseph',2,'2018-08-01 15:46:10',1,0.000000,0.000000,0.000000,NULL),(347,169,NULL,NULL,11,1,'Knafo Joël','Joseph',15,'2018-08-01 15:47:48',-1,0.000000,0.000000,0.000000,NULL),(348,169,NULL,NULL,11,1,'Knafo Joël','Joseph',14,'2018-08-01 15:51:00',1,0.000000,0.000000,0.000000,NULL),(349,254,NULL,NULL,11,1,'Knafo Joël','Joseph',7,'2018-08-01 15:54:13',-1,0.000000,0.000000,0.000000,NULL),(350,44,NULL,NULL,11,1,'Knafo Joël','Joseph',9,'2018-08-01 15:56:24',-1,0.000000,0.000000,0.000000,NULL),(351,56,NULL,NULL,11,1,'Knafo Joël','Joseph',10,'2018-08-01 15:57:21',-1,0.000000,0.000000,0.000000,NULL),(352,90,NULL,NULL,11,1,'Knafo Joël','Joseph',4,'2018-08-01 15:58:47',1,0.000000,0.000000,0.000000,NULL),(353,360,NULL,NULL,11,1,'Knafo Joël','Joseph',1,'2018-08-01 16:04:28',1,0.000000,0.000000,0.000000,NULL),(354,173,NULL,NULL,11,1,'Knafo Joël','Joseph',4,'2018-08-01 16:07:47',-1,0.000000,0.000000,0.000000,NULL),(355,249,NULL,NULL,11,1,'Knafo Joël','Joseph',1,'2018-08-01 16:09:39',1,0.000000,0.000000,0.000000,NULL),(356,173,NULL,NULL,11,1,'Knafo Joël','Joseph',3,'2018-08-01 16:11:44',1,0.000000,0.000000,0.000000,NULL),(357,217,NULL,NULL,11,1,'Knafo Joël','Joseph',6,'2018-08-01 16:13:00',-1,0.000000,0.000000,0.000000,NULL),(358,217,NULL,NULL,11,1,'Knafo Joël','Joseph',23,'2018-08-01 16:13:26',1,0.000000,0.000000,0.000000,NULL),(359,218,NULL,NULL,11,1,'Knafo Joël','Joseph',13,'2018-08-01 16:15:27',1,0.000000,0.000000,0.000000,NULL),(360,226,NULL,NULL,11,1,'Knafo Joël','Joseph',3,'2018-08-01 16:18:28',-1,0.000000,0.000000,0.000000,NULL),(361,227,NULL,NULL,11,1,'Knafo Joël','Joseph',2,'2018-08-01 16:20:13',1,0.000000,0.000000,0.000000,NULL),(362,153,NULL,NULL,11,1,'Knafo Joël','Joseph',1,'2018-08-01 16:22:27',1,0.000000,0.000000,0.000000,NULL),(363,175,NULL,NULL,11,1,'Knafo Joël','Joseph',1,'2018-08-01 16:28:29',-1,0.000000,0.000000,0.000000,NULL),(364,176,NULL,NULL,11,1,'Knafo Joël','Joseph',1,'2018-08-01 16:28:48',-1,0.000000,0.000000,0.000000,NULL),(365,362,NULL,NULL,11,1,'Knafo Joël','Joseph',1,'2018-08-01 16:41:15',1,0.000000,0.000000,0.000000,NULL),(366,363,NULL,NULL,11,1,'Knafo Joël','Joseph',1,'2018-08-01 16:41:15',1,0.000000,0.000000,0.000000,NULL),(367,364,NULL,NULL,11,1,'Knafo Joël','Joseph',1,'2018-08-01 16:41:15',1,0.000000,0.000000,0.000000,NULL),(368,365,NULL,NULL,11,1,'Knafo Joël','Joseph',1,'2018-08-01 16:41:16',1,0.000000,0.000000,0.000000,NULL),(369,366,NULL,NULL,11,1,'Knafo Joël','Joseph',1,'2018-08-01 16:41:16',1,0.000000,0.000000,0.000000,NULL),(370,367,NULL,NULL,11,1,'Knafo Joël','Joseph',1,'2018-08-01 16:41:16',1,0.000000,0.000000,0.000000,NULL),(371,368,NULL,NULL,11,1,'Knafo Joël','Joseph',1,'2018-08-01 16:41:16',1,0.000000,0.000000,0.000000,NULL),(372,369,NULL,NULL,11,1,'Knafo Joël','Joseph',1,'2018-08-01 16:41:16',1,0.000000,0.000000,0.000000,NULL),(373,370,NULL,NULL,11,1,'Knafo Joël','Joseph',1,'2018-08-01 16:41:16',1,0.000000,0.000000,0.000000,NULL),(374,371,NULL,NULL,11,1,'Knafo Joël','Joseph',1,'2018-08-01 16:41:16',1,0.000000,0.000000,0.000000,NULL),(375,372,NULL,NULL,11,1,'Knafo Joël','Joseph',1,'2018-08-01 16:41:16',1,0.000000,0.000000,0.000000,NULL),(376,373,NULL,NULL,11,1,'Knafo Joël','Joseph',1,'2018-08-01 16:41:16',1,0.000000,0.000000,0.000000,NULL),(377,374,NULL,NULL,11,1,'Knafo Joël','Joseph',1,'2018-08-01 16:41:16',1,0.000000,0.000000,0.000000,NULL),(378,375,NULL,NULL,11,1,'Knafo Joël','Joseph',1,'2018-08-01 16:41:16',1,0.000000,0.000000,0.000000,NULL),(379,376,NULL,NULL,11,1,'Knafo Joël','Joseph',1,'2018-08-01 16:41:16',1,0.000000,0.000000,0.000000,NULL),(380,377,NULL,NULL,11,1,'Knafo Joël','Joseph',1,'2018-08-01 16:41:16',1,0.000000,0.000000,0.000000,NULL),(381,378,NULL,NULL,11,1,'Knafo Joël','Joseph',1,'2018-08-01 16:41:16',1,0.000000,0.000000,0.000000,NULL),(382,379,NULL,NULL,11,1,'Knafo Joël','Joseph',1,'2018-08-01 16:41:16',1,0.000000,0.000000,0.000000,NULL),(383,380,NULL,NULL,11,1,'Knafo Joël','Joseph',1,'2018-08-01 16:41:16',1,0.000000,0.000000,0.000000,NULL),(384,381,NULL,NULL,11,1,'Knafo Joël','Joseph',1,'2018-08-01 16:41:16',1,0.000000,0.000000,0.000000,NULL),(385,382,NULL,NULL,11,1,'Knafo Joël','Joseph',1,'2018-08-01 16:41:16',1,0.000000,0.000000,0.000000,NULL),(386,383,NULL,NULL,11,1,'Knafo Joël','Joseph',1,'2018-08-01 16:41:16',1,0.000000,0.000000,0.000000,NULL),(387,386,NULL,NULL,11,1,'Knafo Joël','Joseph',13,'2018-08-01 17:36:05',1,0.000000,0.000000,0.000000,NULL),(388,387,NULL,NULL,11,1,'Knafo Joël','Joseph',13,'2018-08-01 17:36:05',1,0.000000,0.000000,0.000000,NULL),(389,388,NULL,NULL,11,1,'Knafo Joël','Joseph',4,'2018-08-01 17:36:05',1,0.000000,0.000000,0.000000,NULL),(390,389,NULL,NULL,11,1,'Knafo Joël','Joseph',13,'2018-08-01 17:38:56',1,0.000000,0.000000,0.000000,NULL),(391,390,NULL,NULL,11,1,'Knafo Joël','Joseph',13,'2018-08-01 17:38:57',1,0.000000,0.000000,0.000000,NULL),(392,391,NULL,NULL,11,1,'Knafo Joël','Joseph',4,'2018-08-01 17:38:57',1,0.000000,0.000000,0.000000,NULL),(393,394,NULL,NULL,11,1,'Knafo Joël','Joseph',13,'2018-08-01 17:40:30',1,0.000000,0.000000,0.000000,NULL),(394,395,NULL,NULL,11,1,'Knafo Joël','Joseph',13,'2018-08-01 17:40:30',1,0.000000,0.000000,0.000000,NULL),(395,396,NULL,NULL,11,1,'Knafo Joël','Joseph',4,'2018-08-01 17:40:30',1,0.000000,0.000000,0.000000,NULL),(396,398,NULL,NULL,11,1,'Knafo Joël','Joseph',13,'2018-08-01 17:43:09',1,0.000000,0.000000,0.000000,NULL),(397,399,NULL,NULL,11,1,'Knafo Joël','Joseph',13,'2018-08-01 17:43:09',1,0.000000,0.000000,0.000000,NULL),(398,400,NULL,NULL,11,1,'Knafo Joël','Joseph',4,'2018-08-01 17:43:09',1,0.000000,0.000000,0.000000,NULL),(399,405,NULL,NULL,11,1,'Knafo Joël','Joseph',13,'2018-08-01 17:46:04',1,0.000000,0.000000,0.000000,NULL),(400,406,NULL,NULL,11,1,'Knafo Joël','Joseph',13,'2018-08-01 17:46:04',1,0.000000,0.000000,0.000000,NULL),(401,407,NULL,NULL,11,1,'Knafo Joël','Joseph',4,'2018-08-01 17:46:04',1,0.000000,0.000000,0.000000,NULL),(402,159,NULL,NULL,11,1,'Knafo Joël','Joseph',3,'2018-08-01 18:03:01',1,0.000000,0.000000,0.000000,NULL),(403,47,NULL,NULL,11,1,'Knafo Joël','Joseph',5,'2018-08-01 18:04:22',-1,0.000000,0.000000,0.000000,NULL),(404,408,NULL,NULL,11,1,'Knafo Joël','Joseph',1,'2018-08-01 18:09:42',1,0.000000,0.000000,0.000000,NULL),(405,408,NULL,NULL,11,1,'Knafo Joël','Joseph',1,'2018-08-01 18:10:41',1,0.000000,0.000000,0.000000,NULL),(406,41,NULL,NULL,11,1,'Knafo Joël','Joseph',6,'2018-08-01 18:12:47',-1,0.000000,0.000000,0.000000,NULL),(407,57,NULL,NULL,11,1,'Knafo Joël','Joseph',9,'2018-08-01 18:13:50',-1,0.000000,0.000000,0.000000,NULL),(408,11,NULL,NULL,11,1,'Knafo Joël','Joseph',2,'2018-08-01 18:16:39',-1,0.000000,0.000000,0.000000,NULL),(409,411,NULL,NULL,11,1,'Knafo Joël','Joseph',1,'2018-08-01 18:36:53',1,0.000000,0.000000,0.000000,NULL),(410,414,NULL,NULL,11,1,'Knafo Joël','Joseph',1,'2018-08-01 18:38:40',1,0.000000,0.000000,0.000000,NULL),(411,415,NULL,NULL,11,1,'Knafo Joël','Joseph',1,'2018-08-01 18:41:09',1,0.000000,0.000000,0.000000,NULL),(412,416,NULL,NULL,11,1,'Knafo Joël','Joseph',1,'2018-08-01 18:43:20',1,0.000000,0.000000,0.000000,NULL),(413,417,NULL,NULL,11,1,'Knafo Joël','Joseph',1,'2018-08-01 18:43:55',1,0.000000,0.000000,0.000000,NULL),(414,418,NULL,NULL,11,1,'Knafo Joël','Joseph',1,'2018-08-01 19:07:34',1,0.000000,0.000000,0.000000,NULL),(415,419,NULL,NULL,11,1,'Knafo Joël','Joseph',1,'2018-08-01 19:16:44',1,0.000000,0.000000,0.000000,NULL),(416,420,NULL,NULL,11,1,'Knafo Joël','Joseph',1,'2018-08-01 19:18:26',1,0.000000,0.000000,0.000000,NULL),(417,421,NULL,NULL,11,1,'Knafo Joël','Joseph',1,'2018-08-01 19:18:26',1,0.000000,0.000000,0.000000,NULL),(418,422,NULL,NULL,11,1,'Knafo Joël','Joseph',1,'2018-08-02 15:15:53',1,0.000000,0.000000,0.000000,NULL),(419,423,NULL,NULL,11,1,'Knafo Joël','Joseph',1,'2018-08-02 15:17:30',1,0.000000,0.000000,0.000000,NULL),(420,424,NULL,NULL,11,1,'Knafo Joël','Joseph',1,'2018-08-02 15:52:59',1,0.000000,0.000000,0.000000,NULL),(421,426,NULL,NULL,11,1,'Knafo Joël','Joseph',2,'2018-08-02 15:57:55',1,0.000000,0.000000,0.000000,NULL),(422,425,NULL,NULL,11,1,'Knafo Joël','Joseph',1,'2018-08-02 15:59:08',1,0.000000,0.000000,0.000000,NULL),(423,427,NULL,NULL,11,1,'Knafo Joël','Joseph',1,'2018-08-02 16:00:38',1,0.000000,0.000000,0.000000,NULL),(424,428,NULL,NULL,11,1,'Knafo Joël','Joseph',1,'2018-08-02 16:01:45',1,0.000000,0.000000,0.000000,NULL),(425,429,NULL,NULL,11,1,'Knafo Joël','Joseph',1,'2018-08-02 16:04:11',1,0.000000,0.000000,0.000000,NULL),(426,430,NULL,NULL,11,1,'Knafo Joël','Joseph',2,'2018-08-02 16:04:56',1,0.000000,0.000000,0.000000,NULL),(427,432,NULL,NULL,11,1,'Knafo Joël','Joseph',2,'2018-08-02 16:06:56',1,0.000000,0.000000,0.000000,NULL),(428,254,NULL,NULL,11,1,'Knafo Joël','Joseph',1,'2018-08-02 16:09:08',1,0.000000,0.000000,0.000000,NULL),(429,217,NULL,NULL,11,1,'Knafo Joël','Joseph',1,'2018-08-02 16:12:43',1,0.000000,0.000000,0.000000,NULL),(430,170,NULL,NULL,11,1,'Knafo Joël','Joseph',5,'2018-08-02 16:13:20',1,0.000000,0.000000,0.000000,NULL),(431,172,NULL,NULL,11,1,'Knafo Joël','Joseph',5,'2018-08-02 16:14:40',1,0.000000,0.000000,0.000000,NULL),(432,171,NULL,NULL,11,1,'Knafo Joël','Joseph',5,'2018-08-02 16:15:58',1,0.000000,0.000000,0.000000,NULL),(433,10,NULL,NULL,11,1,'Knafo Joël','Joseph',1,'2018-08-02 16:16:18',1,0.000000,0.000000,0.000000,NULL),(434,9,NULL,NULL,11,1,'Knafo Joël','Joseph',3,'2018-08-02 16:16:38',1,0.000000,0.000000,0.000000,NULL),(435,4,NULL,NULL,11,1,'Knafo Joël','Joseph',3,'2018-08-02 16:19:00',1,0.000000,0.000000,0.000000,NULL),(436,2,NULL,NULL,12,1,'Knafo Joël','Joseph',15,'2018-08-02 16:22:02',-1,0.000000,0.000000,0.000000,NULL),(437,90,NULL,NULL,11,1,'Knafo Joël','Joseph',5,'2018-08-02 16:22:34',1,0.000000,0.000000,0.000000,NULL),(438,44,NULL,NULL,11,1,'Knafo Joël','Joseph',3,'2018-08-02 16:22:45',1,0.000000,0.000000,0.000000,NULL),(439,226,NULL,NULL,11,1,'Knafo Joël','Joseph',1,'2018-08-02 16:22:58',1,0.000000,0.000000,0.000000,NULL),(440,41,NULL,NULL,11,1,'Knafo Joël','Joseph',4,'2018-08-02 16:23:42',1,0.000000,0.000000,0.000000,NULL),(441,357,NULL,NULL,11,1,'Knafo Joël','Joseph',1,'2018-08-02 16:27:06',1,0.000000,0.000000,0.000000,NULL),(442,304,NULL,NULL,11,1,'Knafo Joël','Joseph',1,'2018-08-02 16:38:09',1,0.000000,0.000000,0.000000,NULL),(443,264,NULL,NULL,11,1,'Knafo Joël','Joseph',1,'2018-08-02 16:41:19',1,0.000000,0.000000,0.000000,NULL),(444,266,NULL,NULL,11,1,'Knafo Joël','Joseph',1,'2018-08-02 16:43:04',-1,0.000000,0.000000,0.000000,NULL),(445,208,NULL,NULL,11,1,'Knafo Joël','Joseph',1,'2018-08-02 16:43:29',1,0.000000,0.000000,0.000000,NULL),(446,265,NULL,NULL,11,1,'Knafo Joël','Joseph',1,'2018-08-02 16:44:07',-1,0.000000,0.000000,0.000000,NULL),(447,434,NULL,NULL,11,1,'Knafo Joël','Joseph',1,'2018-08-02 16:47:08',1,0.000000,0.000000,0.000000,NULL),(448,234,NULL,NULL,11,1,'Knafo Joël','Joseph',1,'2018-08-02 16:47:17',1,0.000000,0.000000,0.000000,NULL),(449,235,NULL,NULL,11,1,'Knafo Joël','Joseph',1,'2018-08-02 16:48:18',1,0.000000,0.000000,0.000000,NULL),(450,357,NULL,NULL,11,1,'Knafo Joël','Joseph',1,'2018-08-02 16:50:48',-1,0.000000,0.000000,0.000000,NULL),(451,190,NULL,NULL,11,1,'Knafo Joël','Joseph',1,'2018-08-02 16:57:21',1,0.000000,0.000000,0.000000,NULL),(452,435,NULL,NULL,11,1,'Knafo Joël','Joseph',1,'2018-08-02 16:57:41',1,0.000000,0.000000,0.000000,NULL),(453,162,NULL,NULL,11,1,'Knafo Joël','Joseph',5,'2018-08-02 17:00:00',1,0.000000,0.000000,0.000000,NULL),(454,163,NULL,NULL,11,1,'Knafo Joël','Joseph',3,'2018-08-02 17:01:24',1,0.000000,0.000000,0.000000,NULL),(455,161,NULL,NULL,11,1,'Knafo Joël','Joseph',4,'2018-08-02 17:02:08',1,0.000000,0.000000,0.000000,NULL),(456,437,NULL,NULL,11,2,'PEDEN','Thierry',1,'2018-08-02 17:09:37',1,0.000000,0.000000,0.000000,NULL),(457,438,NULL,NULL,11,2,'PEDEN','Thierry',1,'2018-08-02 17:10:41',1,0.000000,0.000000,0.000000,NULL),(458,431,NULL,NULL,11,2,'PEDEN','Thierry',2,'2018-08-02 17:11:13',1,0.000000,0.000000,0.000000,NULL),(459,147,NULL,NULL,11,1,'Knafo Joël','Joseph',1,'2018-08-02 17:21:40',1,0.000000,0.000000,0.000000,NULL),(460,84,NULL,NULL,11,1,'Knafo Joël','Joseph',1,'2018-08-02 17:32:16',1,0.000000,0.000000,0.000000,NULL),(461,439,NULL,NULL,11,1,'Knafo Joël','Joseph',1,'2018-08-02 17:43:08',1,0.000000,0.000000,0.000000,NULL),(462,440,NULL,NULL,11,2,'PEDEN','Thierry',1,'2018-08-02 18:21:58',1,0.000000,0.000000,0.000000,NULL),(463,441,NULL,NULL,11,2,'PEDEN','Thierry',1,'2018-08-02 18:22:59',1,0.000000,0.000000,0.000000,NULL),(464,442,NULL,NULL,11,1,'Knafo Joël','Joseph',1,'2018-08-03 17:05:49',1,0.000000,0.000000,0.000000,NULL),(465,443,NULL,NULL,11,1,'Knafo Joël','Joseph',1,'2018-08-03 17:08:00',1,0.000000,0.000000,0.000000,NULL),(466,444,NULL,NULL,11,1,'Knafo Joël','Joseph',1,'2018-08-03 17:10:45',1,0.000000,0.000000,0.000000,NULL),(467,445,NULL,NULL,11,1,'Knafo Joël','Joseph',1,'2018-08-03 17:19:25',1,0.000000,0.000000,0.000000,NULL),(468,446,NULL,NULL,11,1,'Knafo Joël','Joseph',1,'2018-08-03 17:40:46',1,0.000000,0.000000,0.000000,NULL),(469,447,NULL,NULL,11,1,'Knafo Joël','Joseph',1,'2018-08-03 17:52:54',1,0.000000,0.000000,0.000000,NULL),(470,448,NULL,NULL,11,1,'Knafo Joël','Joseph',1,'2018-08-03 17:52:55',1,0.000000,0.000000,0.000000,NULL),(471,449,NULL,NULL,11,1,'Knafo Joël','Joseph',1,'2018-08-03 18:07:57',1,0.000000,0.000000,0.000000,NULL),(472,450,NULL,NULL,11,1,'Knafo Joël','Joseph',1,'2018-08-03 18:10:11',1,0.000000,0.000000,0.000000,NULL),(473,451,NULL,NULL,11,1,'Knafo Joël','Joseph',2,'2018-08-03 18:31:12',1,0.000000,0.000000,0.000000,NULL),(474,452,NULL,NULL,11,1,'Knafo Joël','Joseph',1,'2018-08-03 18:32:18',1,0.000000,0.000000,0.000000,NULL),(475,453,NULL,NULL,11,1,'Knafo Joël','Joseph',1,'2018-08-03 18:34:36',1,0.000000,0.000000,0.000000,NULL),(476,454,NULL,NULL,11,1,'Knafo Joël','Joseph',1,'2018-08-03 18:38:40',1,0.000000,0.000000,0.000000,NULL),(477,455,NULL,NULL,11,1,'Knafo Joël','Joseph',1,'2018-08-03 18:41:57',1,0.000000,0.000000,0.000000,NULL),(478,456,NULL,NULL,11,1,'Knafo Joël','Joseph',2,'2018-08-03 18:44:07',1,0.000000,0.000000,0.000000,NULL),(479,457,NULL,NULL,11,1,'Knafo Joël','Joseph',1,'2018-08-03 18:59:31',1,0.000000,0.000000,0.000000,NULL),(480,232,NULL,NULL,11,1,'Knafo Joël','Joseph',1,'2018-08-24 14:49:29',-1,0.000000,0.000000,0.000000,NULL),(481,98,NULL,NULL,11,1,'Knafo Joël','Joseph',1,'2018-08-24 16:39:56',1,0.000000,0.000000,0.000000,NULL),(482,458,NULL,NULL,11,1,'Knafo Joël','Joseph',1,'2018-08-24 16:47:50',1,0.000000,0.000000,0.000000,NULL),(483,459,NULL,NULL,11,1,'Knafo Joël','Joseph',1,'2018-08-24 16:49:56',1,0.000000,0.000000,0.000000,NULL),(484,460,NULL,NULL,11,1,'Knafo Joël','Joseph',1,'2018-08-24 16:51:58',1,0.000000,0.000000,0.000000,NULL),(485,461,NULL,NULL,11,1,'Knafo Joël','Joseph',1,'2018-08-24 16:55:02',1,0.000000,0.000000,0.000000,NULL),(486,462,NULL,NULL,11,1,'Knafo Joël','Joseph',1,'2018-08-24 16:57:52',1,0.000000,0.000000,0.000000,NULL),(487,59,NULL,NULL,11,1,'Knafo Joël','Joseph',1,'2018-08-24 17:05:48',-1,0.000000,0.000000,0.000000,NULL),(488,463,NULL,NULL,11,1,'Knafo Joël','Joseph',1,'2018-08-24 17:19:23',1,0.000000,0.000000,0.000000,NULL),(489,464,NULL,NULL,11,1,'Knafo Joël','Joseph',1,'2018-08-24 17:22:06',1,0.000000,0.000000,0.000000,NULL),(490,465,NULL,NULL,11,1,'Knafo Joël','Joseph',1,'2018-08-24 17:24:13',1,0.000000,0.000000,0.000000,NULL),(491,466,NULL,NULL,11,1,'Knafo Joël','Joseph',1,'2018-08-24 17:25:42',1,0.000000,0.000000,0.000000,NULL),(492,467,NULL,NULL,11,1,'Knafo Joël','Joseph',1,'2018-08-24 17:27:16',1,0.000000,0.000000,0.000000,NULL),(493,468,NULL,NULL,11,1,'Knafo Joël','Joseph',1,'2018-08-24 17:28:30',1,0.000000,0.000000,0.000000,NULL),(494,469,NULL,NULL,11,1,'Knafo Joël','Joseph',1,'2018-08-24 17:31:14',1,0.000000,0.000000,0.000000,NULL),(495,470,NULL,NULL,11,1,'Knafo Joël','Joseph',1,'2018-08-24 17:32:31',1,0.000000,0.000000,0.000000,NULL),(496,471,NULL,NULL,11,1,'Knafo Joël','Joseph',1,'2018-08-28 16:05:58',1,0.000000,0.000000,0.000000,NULL),(497,472,NULL,NULL,11,1,'Knafo Joël','Joseph',1,'2018-08-28 16:08:45',1,0.000000,0.000000,0.000000,NULL),(498,473,NULL,NULL,11,1,'Knafo Joël','Joseph',1,'2018-08-28 16:11:23',1,0.000000,0.000000,0.000000,NULL),(499,474,NULL,NULL,11,1,'Knafo Joël','Joseph',1,'2018-08-28 16:14:01',1,0.000000,0.000000,0.000000,NULL),(500,475,NULL,NULL,11,1,'Knafo Joël','Joseph',1,'2018-08-28 16:15:26',1,0.000000,0.000000,0.000000,NULL),(501,476,NULL,NULL,11,1,'Knafo Joël','Joseph',1,'2018-08-28 16:17:41',1,0.000000,0.000000,0.000000,NULL),(502,477,NULL,NULL,11,1,'Knafo Joël','Joseph',1,'2018-08-28 16:19:18',1,0.000000,0.000000,0.000000,NULL),(503,478,NULL,NULL,11,1,'Knafo Joël','Joseph',1,'2018-08-28 16:25:07',1,0.000000,0.000000,0.000000,NULL),(504,479,NULL,NULL,11,1,'Knafo Joël','Joseph',1,'2018-08-28 16:27:32',1,0.000000,0.000000,0.000000,NULL),(505,480,NULL,NULL,11,1,'Knafo Joël','Joseph',1,'2018-08-28 16:34:10',1,0.000000,0.000000,0.000000,NULL),(506,481,NULL,NULL,11,1,'Knafo Joël','Joseph',1,'2018-08-28 16:38:18',1,0.000000,0.000000,0.000000,NULL),(507,482,NULL,NULL,11,1,'Knafo Joël','Joseph',1,'2018-08-28 16:43:59',1,0.000000,0.000000,0.000000,NULL),(508,483,NULL,NULL,11,1,'Knafo Joël','Joseph',1,'2018-08-28 16:51:57',1,0.000000,0.000000,0.000000,NULL),(509,484,NULL,NULL,11,1,'Knafo Joël','Joseph',1,'2018-08-28 16:56:03',1,0.000000,0.000000,0.000000,NULL),(510,485,NULL,NULL,11,1,'Knafo Joël','Joseph',1,'2018-08-28 17:02:24',1,0.000000,0.000000,0.000000,NULL),(511,486,NULL,NULL,11,1,'Knafo Joël','Joseph',1,'2018-08-28 17:17:19',1,0.000000,0.000000,0.000000,NULL),(512,487,NULL,NULL,11,1,'Knafo Joël','Joseph',1,'2018-08-28 17:46:40',1,0.000000,0.000000,0.000000,NULL),(513,488,NULL,NULL,11,1,'Knafo Joël','Joseph',1,'2018-08-28 18:08:19',1,0.000000,0.000000,0.000000,NULL),(514,492,NULL,NULL,11,1,'Knafo Joël','Joseph',1,'2018-08-28 18:25:02',1,0.000000,0.000000,0.000000,NULL),(515,493,NULL,NULL,11,1,'Knafo Joël','Joseph',1,'2018-08-28 18:43:02',1,0.000000,0.000000,0.000000,NULL),(516,494,NULL,NULL,11,1,'Knafo Joël','Joseph',1,'2018-08-28 18:48:05',1,0.000000,0.000000,0.000000,NULL),(517,495,NULL,NULL,11,1,'Knafo Joël','Joseph',1,'2018-08-28 18:51:47',1,0.000000,0.000000,0.000000,NULL),(518,496,NULL,NULL,11,1,'Knafo Joël','Joseph',1,'2018-08-28 18:54:20',1,0.000000,0.000000,0.000000,NULL),(519,497,NULL,NULL,11,1,'Knafo Joël','Joseph',1,'2018-08-28 19:00:24',1,0.000000,0.000000,0.000000,NULL),(520,498,NULL,NULL,11,1,'Knafo Joël','Joseph',1,'2018-09-05 16:01:14',1,0.000000,0.000000,0.000000,NULL),(521,500,NULL,NULL,11,1,'Knafo Joël','Joseph',1,'2018-09-05 16:07:25',1,0.000000,0.000000,0.000000,NULL),(522,499,NULL,NULL,11,1,'Knafo Joël','Joseph',1,'2018-09-05 16:09:02',1,0.000000,0.000000,0.000000,NULL),(523,501,NULL,NULL,11,1,'Knafo Joël','Joseph',1,'2018-09-05 16:13:17',1,0.000000,0.000000,0.000000,NULL),(524,502,NULL,NULL,11,1,'Knafo Joël','Joseph',1,'2018-09-05 16:21:44',1,0.000000,0.000000,0.000000,NULL),(525,503,NULL,NULL,11,1,'Knafo Joël','Joseph',1,'2018-09-05 16:23:53',1,0.000000,0.000000,0.000000,NULL),(526,504,NULL,NULL,11,1,'Knafo Joël','Joseph',1,'2018-09-05 16:26:43',1,0.000000,0.000000,0.000000,NULL),(527,505,NULL,NULL,11,1,'Knafo Joël','Joseph',1,'2018-09-05 19:15:50',1,0.000000,0.000000,0.000000,NULL),(528,506,NULL,NULL,11,1,'Knafo Joël','Joseph',1,'2018-09-05 19:20:03',1,0.000000,0.000000,0.000000,NULL),(529,507,NULL,NULL,11,1,'Knafo Joël','Joseph',1,'2018-09-05 19:27:21',1,0.000000,0.000000,0.000000,NULL),(530,508,NULL,NULL,11,1,'Knafo Joël','Joseph',1,'2018-09-06 14:11:23',1,0.000000,0.000000,0.000000,NULL),(531,509,NULL,NULL,11,1,'Knafo Joël','Joseph',1,'2018-09-06 14:18:10',1,0.000000,0.000000,0.000000,NULL),(532,510,NULL,NULL,11,1,'Knafo Joël','Joseph',1,'2018-09-06 14:25:30',1,0.000000,0.000000,0.000000,NULL),(533,511,NULL,NULL,11,1,'Knafo Joël','Joseph',50,'2018-09-06 18:37:14',1,0.000000,0.000000,0.000000,NULL),(534,512,NULL,NULL,11,1,'Knafo Joël','Joseph',50,'2018-09-06 18:47:50',1,0.000000,0.000000,0.000000,NULL),(535,513,NULL,NULL,11,1,'Knafo Joël','Joseph',50,'2018-09-06 18:51:22',1,0.000000,0.000000,0.000000,NULL),(536,514,NULL,NULL,11,1,'Knafo Joël','Joseph',50,'2018-09-06 18:54:10',1,0.000000,0.000000,0.000000,NULL),(537,515,NULL,NULL,11,1,'Knafo Joël','Joseph',1,'2018-09-07 16:39:40',1,0.000000,0.000000,0.000000,NULL),(538,516,NULL,NULL,11,2,'PEDEN','Thierry',1,'2018-09-08 11:41:09',1,0.000000,0.000000,0.000000,NULL),(539,517,NULL,NULL,11,2,'PEDEN','Thierry',1,'2018-09-08 15:35:24',1,0.000000,0.000000,0.000000,NULL),(540,505,NULL,NULL,11,2,'PEDEN','Thierry',1,'2018-09-08 17:24:39',-1,0.000000,0.000000,0.000000,NULL),(541,509,NULL,NULL,11,2,'PEDEN','Thierry',1,'2018-09-08 17:25:03',-1,0.000000,0.000000,0.000000,NULL),(542,519,NULL,NULL,11,1,'Knafo Joël','Joseph',1,'2018-09-13 19:11:45',1,0.000000,0.000000,0.000000,NULL),(543,520,NULL,NULL,11,1,'Knafo Joël','Joseph',1,'2018-09-14 14:10:10',1,0.000000,0.000000,0.000000,NULL),(544,521,NULL,NULL,11,1,'Knafo Joël','Joseph',1,'2018-09-14 14:14:02',1,0.000000,0.000000,0.000000,NULL),(545,522,NULL,NULL,11,1,'Knafo Joël','Joseph',1,'2018-09-14 14:18:14',1,0.000000,0.000000,0.000000,NULL),(546,523,NULL,NULL,11,1,'Knafo Joël','Joseph',1,'2018-09-14 14:28:38',1,0.000000,0.000000,0.000000,NULL),(547,524,NULL,NULL,11,1,'Knafo Joël','Joseph',1,'2018-09-14 14:31:37',1,0.000000,0.000000,0.000000,NULL),(548,525,NULL,NULL,11,1,'Knafo Joël','Joseph',1,'2018-09-14 14:35:33',1,0.000000,0.000000,0.000000,NULL),(549,526,NULL,NULL,11,1,'Knafo Joël','Joseph',2,'2018-09-14 15:03:28',1,0.000000,0.000000,0.000000,NULL),(550,527,NULL,NULL,11,1,'Knafo Joël','Joseph',1,'2018-09-14 15:10:10',1,0.000000,0.000000,0.000000,NULL),(551,529,NULL,NULL,11,1,'Knafo Joël','Joseph',1,'2018-09-14 15:15:36',1,0.000000,0.000000,0.000000,NULL),(552,530,NULL,NULL,11,1,'Knafo Joël','Joseph',1,'2018-09-14 15:15:36',1,0.000000,0.000000,0.000000,NULL),(553,531,NULL,NULL,11,1,'Knafo Joël','Joseph',1,'2018-09-14 15:21:03',1,0.000000,0.000000,0.000000,NULL),(554,532,NULL,NULL,11,1,'Knafo Joël','Joseph',1,'2018-09-14 15:26:29',1,0.000000,0.000000,0.000000,NULL),(555,533,NULL,NULL,11,2,'PEDEN','Thierry',1,'2018-09-20 17:39:20',1,0.000000,0.000000,0.000000,NULL),(556,534,NULL,NULL,11,2,'PEDEN','Thierry',1,'2018-09-20 19:12:18',1,0.000000,0.000000,0.000000,NULL),(557,533,4,NULL,10,1,'Knafo Joël','Joseph',1,'2018-09-20 19:28:54',1,0.000000,0.000000,0.000000,NULL),(558,535,NULL,NULL,11,1,'Knafo Joël','Joseph',1,'2018-09-21 16:46:12',1,0.000000,0.000000,0.000000,NULL),(559,535,NULL,NULL,11,1,'Knafo Joël','Joseph',1,'2018-09-21 17:17:56',1,0.000000,0.000000,0.000000,NULL),(560,536,NULL,NULL,11,1,'Knafo Joël','Joseph',1,'2018-09-26 14:20:05',1,0.000000,0.000000,0.000000,NULL),(561,537,NULL,NULL,11,1,'Knafo Joël','Joseph',1,'2018-09-26 14:39:48',1,0.000000,0.000000,0.000000,NULL),(562,538,NULL,NULL,11,1,'Knafo Joël','Joseph',1,'2018-09-26 14:56:47',1,0.000000,0.000000,0.000000,NULL),(563,539,NULL,NULL,11,1,'Knafo Joël','Joseph',1,'2018-09-26 15:00:59',1,0.000000,0.000000,0.000000,NULL),(564,540,NULL,NULL,11,1,'Knafo Joël','Joseph',1,'2018-09-26 15:06:00',1,0.000000,0.000000,0.000000,NULL),(565,541,NULL,NULL,11,1,'Knafo Joël','Joseph',1,'2018-09-26 15:11:02',1,0.000000,0.000000,0.000000,NULL),(566,542,NULL,NULL,11,1,'Knafo Joël','Joseph',1,'2018-09-26 15:15:26',1,0.000000,0.000000,0.000000,NULL),(567,543,NULL,NULL,11,1,'Knafo Joël','Joseph',1,'2018-09-26 15:21:03',1,0.000000,0.000000,0.000000,NULL),(568,545,NULL,NULL,11,2,'PEDEN','Thierry',1,'2018-09-26 18:23:41',1,0.000000,0.000000,0.000000,NULL),(569,546,NULL,NULL,11,1,'Knafo Joël','Joseph',1,'2018-09-27 14:07:08',1,0.000000,0.000000,0.000000,NULL),(570,547,NULL,NULL,11,1,'Knafo Joël','Joseph',1,'2018-09-27 14:11:38',1,0.000000,0.000000,0.000000,NULL),(571,548,NULL,NULL,11,1,'Knafo Joël','Joseph',1,'2018-09-27 14:13:49',1,0.000000,0.000000,0.000000,NULL),(572,549,NULL,NULL,11,1,'Knafo Joël','Joseph',1,'2018-09-27 14:31:29',1,0.000000,0.000000,0.000000,NULL),(573,551,NULL,NULL,11,1,'Knafo Joël','Joseph',1,'2018-09-27 14:48:59',1,0.000000,0.000000,0.000000,NULL),(574,552,NULL,NULL,11,1,'Knafo Joël','Joseph',1,'2018-09-27 15:09:31',1,0.000000,0.000000,0.000000,NULL),(575,553,NULL,NULL,11,1,'Knafo Joël','Joseph',1,'2018-09-27 15:10:45',1,0.000000,0.000000,0.000000,NULL),(576,554,NULL,NULL,11,1,'Knafo Joël','Joseph',1,'2018-09-27 15:11:52',1,0.000000,0.000000,0.000000,NULL),(577,555,NULL,NULL,11,1,'Knafo Joël','Joseph',1,'2018-09-27 15:12:44',1,0.000000,0.000000,0.000000,NULL),(578,556,NULL,NULL,11,1,'Knafo Joël','Joseph',1,'2018-09-27 15:13:49',1,0.000000,0.000000,0.000000,NULL),(579,557,NULL,NULL,11,1,'Knafo Joël','Joseph',1,'2018-09-27 15:14:48',1,0.000000,0.000000,0.000000,NULL),(580,558,NULL,NULL,11,1,'Knafo Joël','Joseph',1,'2018-09-27 15:16:09',1,0.000000,0.000000,0.000000,NULL),(581,559,NULL,NULL,11,1,'Knafo Joël','Joseph',1,'2018-09-27 15:16:45',1,0.000000,0.000000,0.000000,NULL),(582,560,NULL,NULL,11,1,'Knafo Joël','Joseph',1,'2018-09-27 15:17:54',1,0.000000,0.000000,0.000000,NULL),(583,561,NULL,NULL,11,1,'Knafo Joël','Joseph',1,'2018-09-27 15:18:36',1,0.000000,0.000000,0.000000,NULL),(584,562,NULL,NULL,11,1,'Knafo Joël','Joseph',1,'2018-09-27 15:19:23',1,0.000000,0.000000,0.000000,NULL),(585,563,NULL,NULL,11,1,'Knafo Joël','Joseph',1,'2018-09-27 15:20:47',1,0.000000,0.000000,0.000000,NULL),(586,564,NULL,NULL,11,1,'Knafo Joël','Joseph',1,'2018-09-27 15:21:59',1,0.000000,0.000000,0.000000,NULL),(587,497,NULL,NULL,11,2,'PEDEN','Thierry',1,'2018-09-27 16:45:34',-1,0.000000,0.000000,0.000000,NULL),(588,499,NULL,NULL,11,2,'PEDEN','Thierry',1,'2018-09-27 16:46:21',-1,0.000000,0.000000,0.000000,NULL),(589,493,NULL,NULL,11,2,'PEDEN','Thierry',1,'2018-09-27 16:47:25',-1,0.000000,0.000000,0.000000,NULL),(590,496,NULL,NULL,11,2,'PEDEN','Thierry',1,'2018-09-27 16:48:17',-1,0.000000,0.000000,0.000000,NULL),(591,255,NULL,NULL,11,2,'PEDEN','Thierry',1,'2018-09-27 16:52:51',-1,0.000000,0.000000,0.000000,NULL),(592,565,NULL,NULL,11,1,'Knafo Joël','Joseph',1,'2018-09-27 17:15:08',1,0.000000,0.000000,0.000000,NULL),(593,566,NULL,NULL,11,1,'Knafo Joël','Joseph',1,'2018-09-27 17:19:01',1,0.000000,0.000000,0.000000,NULL),(594,567,NULL,NULL,11,1,'Knafo Joël','Joseph',1,'2018-09-27 17:28:27',1,0.000000,0.000000,0.000000,NULL),(595,568,NULL,NULL,11,1,'Knafo Joël','Joseph',1,'2018-09-27 17:31:01',1,0.000000,0.000000,0.000000,NULL),(596,569,NULL,NULL,11,1,'Knafo Joël','Joseph',1,'2018-09-27 17:33:30',1,0.000000,0.000000,0.000000,NULL),(597,570,NULL,NULL,11,1,'Knafo Joël','Joseph',1,'2018-09-27 17:35:45',1,0.000000,0.000000,0.000000,NULL),(598,571,NULL,NULL,11,1,'Knafo Joël','Joseph',1,'2018-09-27 17:38:38',1,0.000000,0.000000,0.000000,NULL),(599,572,NULL,NULL,11,1,'Knafo Joël','Joseph',1,'2018-09-27 17:41:42',1,0.000000,0.000000,0.000000,NULL),(600,535,NULL,NULL,11,2,'PEDEN','Thierry',1,'2018-09-27 17:53:22',-1,0.000000,0.000000,0.000000,NULL),(601,574,NULL,NULL,11,1,'Knafo Joël','Joseph',1,'2018-09-28 15:41:56',1,0.000000,0.000000,0.000000,NULL),(602,575,NULL,NULL,11,1,'Knafo Joël','Joseph',1,'2018-09-28 15:44:25',1,0.000000,0.000000,0.000000,NULL),(603,576,NULL,NULL,11,1,'Knafo Joël','Joseph',1,'2018-09-28 15:46:31',1,0.000000,0.000000,0.000000,NULL),(604,577,NULL,NULL,11,1,'Knafo Joël','Joseph',1,'2018-09-28 15:48:51',1,0.000000,0.000000,0.000000,NULL),(605,578,NULL,NULL,11,1,'Knafo Joël','Joseph',1,'2018-09-28 15:51:05',1,0.000000,0.000000,0.000000,NULL),(606,579,NULL,NULL,11,1,'Knafo Joël','Joseph',1,'2018-09-28 15:55:19',1,0.000000,0.000000,0.000000,NULL),(607,581,NULL,NULL,11,1,'Knafo Joël','Joseph',1,'2018-09-29 13:24:25',1,0.000000,0.000000,0.000000,NULL),(608,582,NULL,NULL,11,1,'Knafo Joël','Joseph',1,'2018-09-29 13:27:48',1,0.000000,0.000000,0.000000,NULL),(609,583,NULL,NULL,11,1,'Knafo Joël','Joseph',1,'2018-09-29 13:34:14',1,0.000000,0.000000,0.000000,NULL),(610,584,NULL,NULL,11,1,'Knafo Joël','Joseph',1,'2018-09-29 13:37:42',1,0.000000,0.000000,0.000000,NULL),(611,585,NULL,NULL,11,1,'Knafo Joël','Joseph',1,'2018-09-29 13:40:45',1,0.000000,0.000000,0.000000,NULL),(612,586,NULL,NULL,11,1,'Knafo Joël','Joseph',1,'2018-09-29 13:42:54',1,0.000000,0.000000,0.000000,NULL),(613,587,NULL,NULL,11,1,'Knafo Joël','Joseph',1,'2018-09-29 13:45:09',1,0.000000,0.000000,0.000000,NULL),(614,588,NULL,NULL,11,1,'Knafo Joël','Joseph',1,'2018-09-29 13:49:43',1,0.000000,0.000000,0.000000,NULL),(615,589,NULL,NULL,11,1,'Knafo Joël','Joseph',1,'2018-10-01 19:18:04',1,0.000000,0.000000,0.000000,NULL),(616,590,NULL,NULL,11,1,'Knafo Joël','Joseph',1,'2018-10-01 19:29:54',1,0.000000,0.000000,0.000000,NULL),(617,591,NULL,NULL,11,1,'Knafo Joël','Joseph',1,'2018-10-01 19:31:54',1,0.000000,0.000000,0.000000,NULL),(618,592,NULL,NULL,11,1,'Knafo Joël','Joseph',1,'2018-10-01 19:49:21',1,0.000000,0.000000,0.000000,NULL),(619,593,NULL,NULL,11,1,'Knafo Joël','Joseph',1,'2018-10-01 19:52:30',1,0.000000,0.000000,0.000000,NULL),(620,594,NULL,NULL,11,1,'Knafo Joël','Joseph',1,'2018-10-02 16:54:14',1,0.000000,0.000000,0.000000,NULL),(621,595,NULL,NULL,11,1,'Knafo Joël','Joseph',1,'2018-10-02 17:06:47',1,0.000000,0.000000,0.000000,NULL),(622,596,NULL,NULL,11,1,'Knafo Joël','Joseph',1,'2018-10-02 17:08:16',1,0.000000,0.000000,0.000000,NULL),(623,597,NULL,NULL,11,1,'Knafo Joël','Joseph',1,'2018-10-02 17:09:20',1,0.000000,0.000000,0.000000,NULL),(624,598,NULL,NULL,11,1,'Knafo Joël','Joseph',1,'2018-10-02 17:12:05',1,0.000000,0.000000,0.000000,NULL),(625,599,NULL,NULL,11,1,'Knafo Joël','Joseph',1,'2018-10-02 17:15:53',1,0.000000,0.000000,0.000000,NULL),(626,600,NULL,NULL,11,1,'Knafo Joël','Joseph',1,'2018-10-02 17:19:13',1,0.000000,0.000000,0.000000,NULL),(627,601,NULL,NULL,11,1,'Knafo Joël','Joseph',1,'2018-10-02 17:34:00',1,0.000000,0.000000,0.000000,NULL),(628,602,NULL,NULL,11,1,'Knafo Joël','Joseph',1,'2018-10-02 17:35:10',1,0.000000,0.000000,0.000000,NULL),(629,603,NULL,NULL,11,1,'Knafo Joël','Joseph',1,'2018-10-02 17:36:18',1,0.000000,0.000000,0.000000,NULL),(630,604,NULL,NULL,11,1,'Knafo Joël','Joseph',1,'2018-10-02 17:51:24',1,0.000000,0.000000,0.000000,NULL),(631,605,NULL,NULL,11,1,'Knafo Joël','Joseph',1,'2018-10-02 18:10:31',1,0.000000,0.000000,0.000000,NULL),(632,606,NULL,NULL,11,1,'Knafo Joël','Joseph',1,'2018-10-02 18:11:35',1,0.000000,0.000000,0.000000,NULL),(633,607,NULL,NULL,11,1,'Knafo Joël','Joseph',1,'2018-10-02 18:16:26',1,0.000000,0.000000,0.000000,NULL),(634,608,NULL,NULL,11,1,'Knafo Joël','Joseph',1,'2018-10-02 18:20:36',1,0.000000,0.000000,0.000000,NULL),(635,609,NULL,NULL,11,1,'Knafo Joël','Joseph',1,'2018-10-02 18:21:33',1,0.000000,0.000000,0.000000,NULL),(636,610,NULL,NULL,11,1,'Knafo Joël','Joseph',1,'2018-10-02 18:22:28',1,0.000000,0.000000,0.000000,NULL),(637,611,NULL,NULL,11,1,'Knafo Joël','Joseph',1,'2018-10-02 18:23:27',1,0.000000,0.000000,0.000000,NULL),(638,612,NULL,NULL,11,1,'Knafo Joël','Joseph',1,'2018-10-02 18:24:29',1,0.000000,0.000000,0.000000,NULL),(639,613,NULL,NULL,11,1,'Knafo Joël','Joseph',1,'2018-10-02 18:25:27',1,0.000000,0.000000,0.000000,NULL),(640,614,NULL,NULL,11,1,'Knafo Joël','Joseph',1,'2018-10-02 18:27:33',1,0.000000,0.000000,0.000000,NULL),(641,615,NULL,NULL,11,1,'Knafo Joël','Joseph',1,'2018-10-02 18:29:41',1,0.000000,0.000000,0.000000,NULL),(642,616,NULL,NULL,11,1,'Knafo Joël','Joseph',1,'2018-10-02 18:33:17',1,0.000000,0.000000,0.000000,NULL),(643,617,NULL,NULL,11,1,'Knafo Joël','Joseph',1,'2018-10-02 18:36:42',1,0.000000,0.000000,0.000000,NULL),(644,555,7,NULL,3,1,'Knafo Joël','Joseph',1,'2018-10-04 16:47:06',-1,0.000000,0.000000,0.000000,NULL),(645,505,NULL,NULL,11,1,'Knafo Joël','Joseph',1,'2018-10-05 14:21:38',1,0.000000,0.000000,0.000000,NULL),(646,506,NULL,NULL,11,1,'Knafo Joël','Joseph',1,'2018-10-05 14:21:59',-1,0.000000,0.000000,0.000000,NULL),(647,505,8,NULL,3,1,'Knafo Joël','Joseph',1,'2018-10-05 15:08:51',-1,0.000000,0.000000,0.000000,NULL),(648,503,NULL,NULL,11,2,'PEDEN','Thierry',1,'2018-10-06 12:40:48',1,0.000000,0.000000,0.000000,NULL),(649,621,NULL,NULL,11,1,'Knafo Joël','Joseph',1,'2018-10-09 15:22:14',1,0.000000,0.000000,0.000000,NULL),(650,622,NULL,NULL,11,1,'Knafo Joël','Joseph',1,'2018-10-09 16:23:09',1,0.000000,0.000000,0.000000,NULL),(651,623,NULL,NULL,11,1,'Knafo Joël','Joseph',1,'2018-10-09 16:25:57',1,0.000000,0.000000,0.000000,NULL),(652,624,NULL,NULL,11,1,'Knafo Joël','Joseph',1,'2018-10-09 16:28:36',1,0.000000,0.000000,0.000000,NULL),(653,625,NULL,NULL,11,1,'Knafo Joël','Joseph',1,'2018-10-09 16:30:04',1,0.000000,0.000000,0.000000,NULL),(654,626,NULL,NULL,11,1,'Knafo Joël','Joseph',1,'2018-10-09 16:31:18',1,0.000000,0.000000,0.000000,NULL),(655,627,NULL,NULL,11,1,'Knafo Joël','Joseph',1,'2018-10-09 16:33:30',1,0.000000,0.000000,0.000000,NULL),(656,628,NULL,NULL,11,1,'Knafo Joël','Joseph',1,'2018-10-09 16:35:45',1,0.000000,0.000000,0.000000,NULL),(657,629,NULL,NULL,11,1,'Knafo Joël','Joseph',1,'2018-10-09 17:19:26',1,0.000000,0.000000,0.000000,NULL),(658,630,NULL,NULL,11,1,'Knafo Joël','Joseph',1,'2018-10-09 18:57:06',1,0.000000,0.000000,0.000000,NULL),(659,631,NULL,NULL,11,1,'Knafo Joël','Joseph',1,'2018-10-09 19:01:52',1,0.000000,0.000000,0.000000,NULL),(660,632,NULL,NULL,11,1,'Knafo Joël','Joseph',1,'2018-10-09 19:04:39',1,0.000000,0.000000,0.000000,NULL),(661,633,NULL,NULL,11,1,'Knafo Joël','Joseph',1,'2018-10-09 19:18:42',1,0.000000,0.000000,0.000000,NULL),(662,634,NULL,NULL,11,1,'Knafo Joël','Joseph',1,'2018-10-09 19:34:18',1,0.000000,0.000000,0.000000,NULL),(663,634,NULL,NULL,11,1,'Knafo Joël','Joseph',49,'2018-10-09 19:39:50',1,0.000000,0.000000,0.000000,NULL),(664,635,NULL,NULL,11,1,'Knafo Joël','Joseph',1,'2018-10-09 19:43:57',1,0.000000,0.000000,0.000000,NULL),(665,636,NULL,NULL,11,1,'Knafo Joël','Joseph',1,'2018-10-09 19:47:03',1,0.000000,0.000000,0.000000,NULL),(666,637,NULL,NULL,11,1,'Knafo Joël','Joseph',1,'2018-10-09 20:09:44',1,0.000000,0.000000,0.000000,NULL),(667,638,NULL,NULL,11,1,'Knafo Joël','Joseph',4,'2018-10-10 14:54:22',1,0.000000,0.000000,0.000000,NULL),(668,574,NULL,NULL,11,1,'Knafo Joël','Joseph',1,'2018-10-12 14:39:46',-1,0.000000,0.000000,0.000000,NULL),(669,572,NULL,NULL,11,1,'Knafo Joël','Joseph',1,'2018-10-12 16:14:33',-1,0.000000,0.000000,0.000000,NULL),(670,582,NULL,NULL,11,1,'Knafo Joël','Joseph',1,'2018-10-12 16:15:44',-1,0.000000,0.000000,0.000000,NULL),(671,542,NULL,NULL,11,1,'Knafo Joël','Joseph',1,'2018-10-12 17:22:45',-1,0.000000,0.000000,0.000000,NULL),(672,587,NULL,NULL,11,1,'Knafo Joël','Joseph',1,'2018-10-12 17:23:22',-1,0.000000,0.000000,0.000000,NULL),(673,566,NULL,NULL,11,1,'Knafo Joël','Joseph',1,'2018-10-12 17:24:17',-1,0.000000,0.000000,0.000000,NULL),(674,639,NULL,NULL,11,1,'Knafo Joël','Joseph',1,'2018-10-12 18:09:12',1,0.000000,0.000000,0.000000,NULL),(675,640,NULL,NULL,11,1,'Knafo Joël','Joseph',1,'2018-10-12 18:12:27',1,0.000000,0.000000,0.000000,NULL),(676,641,NULL,NULL,11,1,'Knafo Joël','Joseph',1,'2018-10-12 18:14:51',1,0.000000,0.000000,0.000000,NULL),(677,642,NULL,NULL,11,1,'Knafo Joël','Joseph',1,'2018-10-12 18:55:53',1,0.000000,0.000000,0.000000,NULL),(678,572,NULL,NULL,11,1,'Knafo Joël','Joseph',1,'2018-10-12 19:02:33',1,0.000000,0.000000,0.000000,NULL),(679,574,NULL,NULL,11,1,'Knafo Joël','Joseph',1,'2018-10-12 19:02:49',1,0.000000,0.000000,0.000000,NULL),(680,582,NULL,NULL,11,1,'Knafo Joël','Joseph',1,'2018-10-12 19:03:09',1,0.000000,0.000000,0.000000,NULL),(681,643,NULL,NULL,11,2,'PEDEN','Thierry',1,'2018-10-13 13:16:01',1,0.000000,0.000000,0.000000,NULL),(682,644,NULL,NULL,11,2,'PEDEN','Thierry',1,'2018-10-13 13:34:19',1,0.000000,0.000000,0.000000,NULL),(683,645,NULL,NULL,11,2,'PEDEN','Thierry',1,'2018-10-13 13:39:24',1,0.000000,0.000000,0.000000,NULL),(684,648,NULL,NULL,11,2,'PEDEN','Thierry',1,'2018-10-13 14:20:21',1,0.000000,0.000000,0.000000,NULL),(685,650,NULL,NULL,11,2,'PEDEN','Thierry',1,'2018-10-13 15:37:06',1,0.000000,0.000000,0.000000,NULL),(686,651,NULL,NULL,11,2,'PEDEN','Thierry',1,'2018-10-13 15:39:18',1,0.000000,0.000000,0.000000,NULL),(687,652,NULL,NULL,11,2,'PEDEN','Thierry',1,'2018-10-13 15:42:11',1,0.000000,0.000000,0.000000,NULL),(688,653,NULL,NULL,11,2,'PEDEN','Thierry',1,'2018-10-13 15:45:16',1,0.000000,0.000000,0.000000,NULL),(689,654,NULL,NULL,11,2,'PEDEN','Thierry',1,'2018-10-13 15:46:09',1,0.000000,0.000000,0.000000,NULL),(690,655,NULL,NULL,11,2,'PEDEN','Thierry',1,'2018-10-13 15:46:59',1,0.000000,0.000000,0.000000,NULL),(691,656,NULL,NULL,11,2,'PEDEN','Thierry',1,'2018-10-13 15:48:06',1,0.000000,0.000000,0.000000,NULL),(692,657,NULL,NULL,11,2,'PEDEN','Thierry',1,'2018-10-13 16:02:26',1,0.000000,0.000000,0.000000,NULL),(693,658,NULL,NULL,11,2,'PEDEN','Thierry',1,'2018-10-13 16:07:40',1,0.000000,0.000000,0.000000,NULL),(694,659,NULL,NULL,11,2,'PEDEN','Thierry',1,'2018-10-13 16:11:06',1,0.000000,0.000000,0.000000,NULL),(695,660,NULL,NULL,11,2,'PEDEN','Thierry',1,'2018-10-13 16:13:32',1,0.000000,0.000000,0.000000,NULL),(696,661,NULL,NULL,11,2,'PEDEN','Thierry',1,'2018-10-13 16:30:00',1,0.000000,0.000000,0.000000,NULL),(697,662,NULL,NULL,11,2,'PEDEN','Thierry',1,'2018-10-13 16:39:08',1,0.000000,0.000000,0.000000,NULL),(698,663,NULL,NULL,11,2,'PEDEN','Thierry',1,'2018-10-13 16:39:51',1,0.000000,0.000000,0.000000,NULL),(699,664,NULL,NULL,11,2,'PEDEN','Thierry',1,'2018-10-13 16:40:59',1,0.000000,0.000000,0.000000,NULL),(700,665,NULL,NULL,11,2,'PEDEN','Thierry',1,'2018-10-13 16:41:45',1,0.000000,0.000000,0.000000,NULL),(701,667,NULL,NULL,11,2,'PEDEN','Thierry',1,'2018-10-13 17:20:16',1,0.000000,0.000000,0.000000,NULL),(702,668,NULL,NULL,11,2,'PEDEN','Thierry',1,'2018-10-13 17:23:58',1,0.000000,0.000000,0.000000,NULL),(703,669,NULL,NULL,11,1,'Knafo Joël','Joseph',1,'2018-10-15 22:13:32',1,0.000000,0.000000,0.000000,NULL),(704,670,NULL,NULL,11,1,'Knafo Joël','Joseph',1,'2018-10-15 22:17:04',1,0.000000,0.000000,0.000000,NULL),(705,671,NULL,NULL,11,1,'Knafo Joël','Joseph',1,'2018-10-15 22:18:57',1,0.000000,0.000000,0.000000,NULL),(706,672,NULL,NULL,11,1,'Knafo Joël','Joseph',1,'2018-10-15 22:28:48',1,0.000000,0.000000,0.000000,NULL),(707,673,NULL,NULL,11,1,'Knafo Joël','Joseph',1,'2018-10-16 16:15:39',1,0.000000,0.000000,0.000000,NULL),(708,674,NULL,NULL,11,1,'Knafo Joël','Joseph',1,'2018-10-16 22:06:25',1,0.000000,0.000000,0.000000,NULL),(709,675,NULL,NULL,11,1,'Knafo Joël','Joseph',1,'2018-10-16 22:09:03',1,0.000000,0.000000,0.000000,NULL),(710,603,NULL,NULL,11,2,'PEDEN','Thierry',2,'2018-10-24 14:02:29',1,0.000000,0.000000,0.000000,NULL),(711,598,NULL,NULL,11,2,'PEDEN','Thierry',2,'2018-10-24 14:03:00',1,0.000000,0.000000,0.000000,NULL),(712,105,3,NULL,10,2,'PEDEN','Thierry',3,'2018-10-24 15:27:31',1,0.000000,0.000000,0.000000,NULL),(713,155,3,NULL,10,2,'PEDEN','Thierry',3,'2018-10-24 15:43:37',1,0.000000,0.000000,0.000000,NULL),(714,47,3,NULL,10,2,'PEDEN','Thierry',9,'2018-10-24 15:43:43',1,0.000000,0.000000,0.000000,NULL),(715,106,3,NULL,10,2,'PEDEN','Thierry',1,'2018-10-24 15:43:48',1,0.000000,0.000000,0.000000,NULL),(716,598,NULL,NULL,11,2,'PEDEN','Thierry',1,'2018-10-24 16:43:12',-1,0.000000,0.000000,0.000000,NULL),(717,603,NULL,NULL,11,2,'PEDEN','Thierry',1,'2018-10-24 16:43:39',-1,0.000000,0.000000,0.000000,NULL),(718,106,NULL,NULL,11,2,'PEDEN','Thierry',1,'2018-10-24 17:23:29',1,0.000000,0.000000,0.000000,NULL),(719,613,NULL,NULL,11,2,'PEDEN','Thierry',1,'2018-10-26 15:29:12',-1,0.000000,0.000000,0.000000,NULL),(720,607,NULL,NULL,11,2,'PEDEN','Thierry',1,'2018-10-26 15:29:59',-1,0.000000,0.000000,0.000000,NULL),(721,247,NULL,NULL,11,2,'PEDEN','Thierry',1,'2018-10-26 15:31:05',-1,0.000000,0.000000,0.000000,NULL),(722,461,NULL,NULL,11,2,'PEDEN','Thierry',1,'2018-10-26 17:27:34',-1,0.000000,0.000000,0.000000,NULL),(723,127,NULL,NULL,11,2,'PEDEN','Thierry',1,'2018-10-26 19:07:33',-1,0.000000,0.000000,0.000000,NULL),(724,598,21,NULL,3,2,'PEDEN','Thierry',1,'2018-10-27 18:34:33',-1,0.000000,0.000000,0.000000,NULL),(725,603,21,NULL,3,2,'PEDEN','Thierry',1,'2018-10-27 18:34:33',-1,0.000000,0.000000,0.000000,NULL),(726,644,NULL,NULL,11,1,'Knafo Joël','Joseph',1,'2018-10-29 19:33:37',-1,0.000000,0.000000,0.000000,NULL),(727,667,NULL,NULL,11,1,'Knafo Joël','Joseph',1,'2018-10-29 19:35:38',-1,0.000000,0.000000,0.000000,NULL),(728,670,NULL,NULL,11,1,'Knafo Joël','Joseph',1,'2018-10-29 19:36:09',-1,0.000000,0.000000,0.000000,NULL),(729,671,NULL,NULL,11,1,'Knafo Joël','Joseph',1,'2018-10-29 19:36:24',-1,0.000000,0.000000,0.000000,NULL),(730,503,NULL,NULL,11,1,'Knafo Joël','Joseph',1,'2018-10-29 20:03:44',-1,0.000000,0.000000,0.000000,NULL),(731,586,NULL,NULL,11,1,'Knafo Joël','Joseph',1,'2018-10-29 20:06:47',-1,0.000000,0.000000,0.000000,NULL),(732,459,NULL,NULL,11,1,'Knafo Joël','Joseph',1,'2018-10-29 20:28:22',-1,0.000000,0.000000,0.000000,NULL),(733,658,NULL,NULL,11,1,'Knafo Joël','Joseph',1,'2018-10-29 20:29:17',-1,0.000000,0.000000,0.000000,NULL),(734,650,NULL,NULL,11,1,'Knafo Joël','Joseph',1,'2018-10-29 20:30:08',-1,0.000000,0.000000,0.000000,NULL),(735,663,NULL,NULL,11,1,'Knafo Joël','Joseph',1,'2018-10-29 20:30:53',-1,0.000000,0.000000,0.000000,NULL),(736,505,NULL,NULL,11,1,'Knafo Joël','Joseph',1,'2018-10-30 13:46:43',1,0.000000,0.000000,0.000000,NULL),(737,47,NULL,NULL,11,2,'PEDEN','Thierry',9,'2018-10-30 18:56:19',1,0.000000,0.000000,0.000000,NULL),(738,105,NULL,NULL,11,2,'PEDEN','Thierry',2,'2018-10-30 18:56:53',1,0.000000,0.000000,0.000000,NULL),(739,155,NULL,NULL,11,2,'PEDEN','Thierry',3,'2018-10-30 18:59:09',1,0.000000,0.000000,0.000000,NULL),(740,677,NULL,NULL,11,1,'Knafo Joël','Joseph',10,'2018-11-01 10:32:01',1,0.000000,0.000000,0.000000,NULL),(741,678,NULL,NULL,11,1,'Knafo Joël','Joseph',1,'2018-11-02 14:27:22',1,0.000000,0.000000,0.000000,NULL),(742,459,NULL,NULL,11,1,'Knafo Joël','Joseph',1,'2018-11-02 14:35:37',1,0.000000,0.000000,0.000000,NULL),(743,670,NULL,NULL,11,1,'Knafo Joël','Joseph',1,'2018-11-02 15:03:19',1,0.000000,0.000000,0.000000,NULL),(744,671,NULL,NULL,11,1,'Knafo Joël','Joseph',1,'2018-11-02 17:50:30',1,0.000000,0.000000,0.000000,NULL),(745,608,NULL,NULL,11,1,'Knafo Joël','Joseph',1,'2018-11-04 14:31:06',-1,0.000000,0.000000,0.000000,NULL),(746,683,NULL,NULL,11,1,'Knafo Joël','Joseph',44,'2018-11-06 18:14:03',1,0.000000,0.000000,0.000000,NULL),(747,8,NULL,NULL,11,1,'Knafo Joël','Joseph',3,'2018-11-07 11:37:48',1,0.000000,0.000000,0.000000,NULL),(748,686,NULL,NULL,11,2,'PEDEN','Thierry',1,'2018-11-07 14:46:54',1,0.000000,0.000000,0.000000,NULL),(749,686,NULL,NULL,11,1,'Knafo Joël','Joseph',4,'2018-11-07 15:30:40',1,0.000000,0.000000,0.000000,NULL),(750,675,NULL,NULL,11,1,'Knafo Joël','Joseph',5,'2018-11-07 16:09:38',1,0.000000,0.000000,0.000000,NULL),(751,658,NULL,NULL,11,1,'Knafo Joël','Joseph',1,'2018-11-07 18:12:54',1,0.000000,0.000000,0.000000,NULL),(752,613,NULL,NULL,11,1,'Knafo Joël','Joseph',1,'2018-11-07 18:31:44',1,0.000000,0.000000,0.000000,NULL),(753,139,38,NULL,3,6,'Mazac','Pascaline',1,'2018-11-09 15:22:18',-1,0.000000,0.000000,0.000000,NULL),(754,687,NULL,NULL,11,1,'Knafo Joël','Joseph',2,'2018-11-09 17:01:08',1,0.000000,0.000000,0.000000,NULL),(755,688,NULL,NULL,11,6,'Mazac','Pascaline',1,'2018-11-10 18:11:04',1,0.000000,0.000000,0.000000,NULL),(756,689,NULL,NULL,11,6,'Mazac','Pascaline',1,'2018-11-10 18:31:01',1,0.000000,0.000000,0.000000,NULL),(757,690,NULL,NULL,11,1,'Knafo Joël','Joseph',1,'2018-11-14 19:19:39',1,0.000000,0.000000,0.000000,NULL),(758,691,NULL,NULL,11,1,'Knafo Joël','Joseph',1,'2018-11-14 20:05:14',1,0.000000,0.000000,0.000000,NULL),(759,692,NULL,NULL,11,1,'Knafo Joël','Joseph',1,'2018-11-14 20:07:37',1,0.000000,0.000000,0.000000,NULL),(760,693,NULL,NULL,11,1,'Knafo Joël','Joseph',1,'2018-11-14 20:08:45',1,0.000000,0.000000,0.000000,NULL),(761,694,NULL,NULL,11,1,'Knafo Joël','Joseph',1,'2018-11-14 20:14:43',1,0.000000,0.000000,0.000000,NULL),(762,695,NULL,NULL,11,1,'Knafo Joël','Joseph',1,'2018-11-14 20:20:11',1,0.000000,0.000000,0.000000,NULL),(763,696,NULL,NULL,11,1,'Knafo Joël','Joseph',1,'2018-11-14 20:32:10',1,0.000000,0.000000,0.000000,NULL),(764,698,NULL,NULL,11,1,'Knafo Joël','Joseph',1,'2018-11-14 20:39:41',1,0.000000,0.000000,0.000000,NULL),(765,697,NULL,NULL,11,1,'Knafo Joël','Joseph',1,'2018-11-14 20:40:21',1,0.000000,0.000000,0.000000,NULL),(766,699,NULL,NULL,11,1,'Knafo Joël','Joseph',1,'2018-11-14 20:48:44',1,0.000000,0.000000,0.000000,NULL),(767,700,NULL,NULL,11,1,'Knafo Joël','Joseph',1,'2018-11-14 21:54:14',1,0.000000,0.000000,0.000000,NULL),(768,701,NULL,NULL,11,1,'Knafo Joël','Joseph',1,'2018-11-14 21:55:17',1,0.000000,0.000000,0.000000,NULL),(769,702,NULL,NULL,11,1,'Knafo Joël','Joseph',1,'2018-11-14 21:57:34',1,0.000000,0.000000,0.000000,NULL),(770,703,NULL,NULL,11,1,'Knafo Joël','Joseph',1,'2018-11-14 21:58:35',1,0.000000,0.000000,0.000000,NULL),(771,704,NULL,NULL,11,1,'Knafo Joël','Joseph',1,'2018-11-14 21:59:27',1,0.000000,0.000000,0.000000,NULL),(772,705,NULL,NULL,11,1,'Knafo Joël','Joseph',1,'2018-11-14 22:00:20',1,0.000000,0.000000,0.000000,NULL),(773,706,NULL,NULL,11,1,'Knafo Joël','Joseph',1,'2018-11-14 22:01:04',1,0.000000,0.000000,0.000000,NULL),(774,707,NULL,NULL,11,1,'Knafo Joël','Joseph',1,'2018-11-14 22:01:55',1,0.000000,0.000000,0.000000,NULL),(775,708,NULL,NULL,11,1,'Knafo Joël','Joseph',1,'2018-11-14 22:03:15',1,0.000000,0.000000,0.000000,NULL),(776,710,NULL,NULL,11,1,'Knafo Joël','Joseph',1,'2018-11-14 23:03:39',1,0.000000,0.000000,0.000000,NULL),(777,711,NULL,NULL,11,1,'Knafo Joël','Joseph',1,'2018-11-14 23:05:52',1,0.000000,0.000000,0.000000,NULL),(778,712,NULL,NULL,11,1,'Knafo Joël','Joseph',1,'2018-11-14 23:06:51',1,0.000000,0.000000,0.000000,NULL),(779,713,NULL,NULL,11,1,'Knafo Joël','Joseph',1,'2018-11-14 23:21:36',1,0.000000,0.000000,0.000000,NULL),(780,714,NULL,NULL,11,1,'Knafo Joël','Joseph',1,'2018-11-14 23:24:44',1,0.000000,0.000000,0.000000,NULL),(781,715,NULL,NULL,11,1,'Knafo Joël','Joseph',1,'2018-11-14 23:26:22',1,0.000000,0.000000,0.000000,NULL),(782,716,NULL,NULL,11,1,'Knafo Joël','Joseph',1,'2018-11-14 23:45:33',1,0.000000,0.000000,0.000000,NULL),(783,718,NULL,NULL,11,1,'Knafo Joël','Joseph',2,'2018-11-15 00:01:58',1,0.000000,0.000000,0.000000,NULL),(784,76,NULL,NULL,11,1,'Knafo Joël','Joseph',1,'2018-11-15 00:59:55',1,0.000000,0.000000,0.000000,NULL),(785,713,NULL,NULL,11,1,'Knafo Joël','Joseph',1,'2018-11-15 01:06:23',-1,0.000000,0.000000,0.000000,NULL),(786,715,NULL,NULL,11,1,'Knafo Joël','Joseph',1,'2018-11-15 01:07:04',-1,0.000000,0.000000,0.000000,NULL),(787,503,NULL,NULL,11,1,'Knafo Joël','Joseph',1,'2018-11-17 18:06:34',1,0.000000,0.000000,0.000000,NULL),(788,503,NULL,NULL,11,1,'Knafo Joël','Joseph',1,'2018-11-17 18:12:07',1,0.000000,0.000000,0.000000,NULL),(789,503,NULL,NULL,11,1,'Knafo Joël','Joseph',1,'2018-11-17 18:12:23',-1,0.000000,0.000000,0.000000,NULL),(790,667,NULL,NULL,11,1,'Knafo Joël','Joseph',1,'2018-11-17 18:16:19',1,0.000000,0.000000,0.000000,NULL),(791,665,NULL,NULL,11,1,'Knafo Joël','Joseph',1,'2018-11-17 19:03:22',1,0.000000,0.000000,0.000000,NULL),(792,644,NULL,NULL,11,1,'Knafo Joël','Joseph',1,'2018-11-20 14:45:19',1,0.000000,0.000000,0.000000,NULL),(793,719,NULL,NULL,11,1,'Knafo Joël','Joseph',1,'2018-11-20 15:36:57',1,0.000000,0.000000,0.000000,NULL),(794,720,NULL,NULL,11,1,'Knafo Joël','Joseph',1,'2018-11-20 15:38:42',1,0.000000,0.000000,0.000000,NULL),(795,721,NULL,NULL,11,1,'Knafo Joël','Joseph',1,'2018-11-20 15:43:02',1,0.000000,0.000000,0.000000,NULL),(796,722,NULL,NULL,11,1,'Knafo Joël','Joseph',1,'2018-11-20 16:02:29',1,0.000000,0.000000,0.000000,NULL),(797,723,NULL,NULL,11,1,'Knafo Joël','Joseph',1,'2018-11-20 16:05:51',1,0.000000,0.000000,0.000000,NULL),(798,724,NULL,NULL,11,1,'Knafo Joël','Joseph',1,'2018-11-20 16:08:07',1,0.000000,0.000000,0.000000,NULL),(799,650,NULL,NULL,11,1,'Knafo Joël','Joseph',1,'2018-11-21 13:19:35',1,0.000000,0.000000,0.000000,NULL),(800,644,NULL,NULL,11,1,'Knafo Joël','Joseph',1,'2018-11-21 14:02:43',1,0.000000,0.000000,0.000000,NULL),(801,247,NULL,NULL,11,1,'Knafo Joël','Joseph',1,'2018-11-21 14:25:08',1,0.000000,0.000000,0.000000,NULL),(802,587,NULL,NULL,11,1,'Knafo Joël','Joseph',1,'2018-11-21 15:06:29',1,0.000000,0.000000,0.000000,NULL),(803,542,NULL,NULL,11,1,'Knafo Joël','Joseph',1,'2018-11-21 15:49:57',1,0.000000,0.000000,0.000000,NULL),(804,566,NULL,NULL,11,1,'Knafo Joël','Joseph',1,'2018-11-21 16:03:31',1,0.000000,0.000000,0.000000,NULL),(805,586,NULL,NULL,11,1,'Knafo Joël','Joseph',1,'2018-11-21 16:15:58',1,0.000000,0.000000,0.000000,NULL),(806,713,NULL,NULL,11,1,'Knafo Joël','Joseph',1,'2018-11-21 16:45:33',1,0.000000,0.000000,0.000000,NULL),(807,725,NULL,NULL,11,6,'Mazac','Pascaline',1,'2018-11-22 16:49:25',1,0.000000,0.000000,0.000000,NULL),(808,627,NULL,NULL,11,1,'Knafo Joël','Joseph',3,'2018-11-23 12:54:45',1,0.000000,0.000000,0.000000,NULL),(809,726,NULL,NULL,11,1,'Knafo Joël','Joseph',1,'2018-11-23 18:39:57',1,0.000000,0.000000,0.000000,NULL),(810,727,NULL,NULL,11,1,'Knafo Joël','Joseph',1,'2018-11-23 18:40:55',1,0.000000,0.000000,0.000000,NULL),(811,629,NULL,NULL,11,1,'Knafo Joël','Joseph',1,'2018-11-24 15:54:54',1,0.000000,0.000000,0.000000,NULL),(812,728,NULL,NULL,11,6,'Mazac','Pascaline',5,'2018-11-24 17:30:20',1,0.000000,0.000000,0.000000,NULL),(813,729,NULL,NULL,11,1,'Knafo Joël','Joseph',20,'2018-11-24 18:02:14',1,0.000000,0.000000,0.000000,NULL),(814,123,NULL,NULL,11,1,'Knafo Joël','Joseph',1,'2018-11-24 18:29:19',1,0.000000,0.000000,0.000000,NULL),(815,731,NULL,NULL,11,1,'Knafo Joël','Joseph',20,'2018-11-26 14:55:56',1,0.000000,0.000000,0.000000,NULL),(816,732,NULL,NULL,11,1,'Knafo Joël','Joseph',20,'2018-11-26 15:13:50',1,0.000000,0.000000,0.000000,NULL),(817,243,NULL,NULL,11,1,'Knafo Joël','Joseph',1,'2018-11-26 16:48:40',-1,0.000000,0.000000,0.000000,NULL),(818,733,NULL,NULL,11,1,'Knafo Joël','Joseph',15,'2018-11-27 18:13:44',1,0.000000,0.000000,0.000000,NULL),(819,734,NULL,NULL,11,1,'Knafo Joël','Joseph',1,'2018-11-27 19:46:00',1,0.000000,0.000000,0.000000,NULL),(820,735,NULL,NULL,11,1,'Knafo Joël','Joseph',1,'2018-11-27 19:54:33',1,0.000000,0.000000,0.000000,NULL),(821,736,NULL,NULL,11,1,'Knafo Joël','Joseph',1,'2018-11-28 14:35:36',1,0.000000,0.000000,0.000000,NULL),(822,634,93,NULL,9,1,'Knafo Joël','Joseph',1,'2018-11-29 13:47:53',1,0.000000,0.000000,0.000000,NULL),(823,738,NULL,NULL,11,6,'Mazac','Pascaline',5,'2018-11-29 16:05:04',1,0.000000,0.000000,0.000000,NULL),(824,47,NULL,NULL,11,6,'Mazac','Pascaline',3,'2018-11-29 18:43:35',1,0.000000,0.000000,0.000000,NULL),(825,740,NULL,NULL,11,1,'Knafo Joël','Joseph',20,'2018-11-30 15:11:58',1,0.000000,0.000000,0.000000,NULL),(826,742,NULL,NULL,11,6,'Mazac','Pascaline',3,'2018-12-03 17:31:14',1,0.000000,0.000000,0.000000,NULL),(827,743,NULL,NULL,11,6,'Mazac','Pascaline',1,'2018-12-03 17:39:55',1,0.000000,0.000000,0.000000,NULL),(828,744,NULL,NULL,11,6,'Mazac','Pascaline',1,'2018-12-03 18:08:30',1,0.000000,0.000000,0.000000,NULL),(829,78,NULL,NULL,11,1,'Knafo Joël','Joseph',1,'2018-12-03 23:37:12',1,0.000000,0.000000,0.000000,NULL),(830,508,104,NULL,3,1,'Knafo Joël','Joseph',1,'2018-12-04 14:10:28',-1,0.000000,0.000000,0.000000,NULL),(831,479,114,NULL,3,1,'Knafo Joël','Joseph',1,'2018-12-04 15:10:50',-1,0.000000,0.000000,0.000000,NULL),(832,627,128,NULL,3,1,'Knafo Joël','Joseph',1,'2018-12-04 15:28:53',-1,0.000000,0.000000,0.000000,NULL),(833,732,118,NULL,3,1,'Knafo Joël','Joseph',1,'2018-12-04 16:03:35',-1,0.000000,0.000000,0.000000,NULL),(834,738,117,NULL,3,1,'Knafo Joël','Joseph',1,'2018-12-04 16:04:09',-1,0.000000,0.000000,0.000000,NULL),(835,629,79,NULL,3,1,'Knafo Joël','Joseph',1,'2018-12-04 16:08:15',-1,0.000000,0.000000,0.000000,NULL),(836,627,79,NULL,3,1,'Knafo Joël','Joseph',1,'2018-12-04 16:08:15',-1,0.000000,0.000000,0.000000,NULL),(837,630,80,NULL,3,1,'Knafo Joël','Joseph',1,'2018-12-04 16:09:11',-1,0.000000,0.000000,0.000000,NULL),(838,525,81,NULL,3,1,'Knafo Joël','Joseph',1,'2018-12-04 16:09:56',-1,0.000000,0.000000,0.000000,NULL),(839,634,81,NULL,3,1,'Knafo Joël','Joseph',1,'2018-12-04 16:09:56',-1,0.000000,0.000000,0.000000,NULL),(840,634,82,NULL,3,1,'Knafo Joël','Joseph',1,'2018-12-04 16:10:22',-1,0.000000,0.000000,0.000000,NULL),(841,122,83,NULL,3,1,'Knafo Joël','Joseph',1,'2018-12-04 16:11:01',-1,0.000000,0.000000,0.000000,NULL),(842,527,83,NULL,3,1,'Knafo Joël','Joseph',1,'2018-12-04 16:11:01',-1,0.000000,0.000000,0.000000,NULL),(843,123,84,NULL,3,1,'Knafo Joël','Joseph',1,'2018-12-04 16:11:42',-1,0.000000,0.000000,0.000000,NULL),(844,7,85,NULL,3,1,'Knafo Joël','Joseph',1,'2018-12-04 16:12:17',-1,0.000000,0.000000,0.000000,NULL),(845,531,85,NULL,3,1,'Knafo Joël','Joseph',1,'2018-12-04 16:12:18',-1,0.000000,0.000000,0.000000,NULL),(846,634,88,NULL,3,1,'Knafo Joël','Joseph',1,'2018-12-04 16:14:37',-1,0.000000,0.000000,0.000000,NULL),(847,729,89,NULL,3,1,'Knafo Joël','Joseph',1,'2018-12-04 16:15:04',-1,0.000000,0.000000,0.000000,NULL),(848,7,89,NULL,3,1,'Knafo Joël','Joseph',1,'2018-12-04 16:15:04',-1,0.000000,0.000000,0.000000,NULL),(849,530,90,NULL,3,1,'Knafo Joël','Joseph',1,'2018-12-04 16:15:42',-1,0.000000,0.000000,0.000000,NULL),(850,56,55,NULL,3,1,'Knafo Joël','Joseph',1,'2018-12-04 16:17:35',-1,0.000000,0.000000,0.000000,NULL),(851,689,55,NULL,3,1,'Knafo Joël','Joseph',1,'2018-12-04 16:17:36',-1,0.000000,0.000000,0.000000,NULL),(852,123,91,NULL,3,1,'Knafo Joël','Joseph',1,'2018-12-04 16:26:46',-1,0.000000,0.000000,0.000000,NULL),(853,71,92,NULL,3,1,'Knafo Joël','Joseph',1,'2018-12-04 16:27:14',-1,0.000000,0.000000,0.000000,NULL),(854,683,106,NULL,3,1,'Knafo Joël','Joseph',1,'2018-12-04 16:28:01',-1,0.000000,0.000000,0.000000,NULL),(855,634,107,NULL,3,1,'Knafo Joël','Joseph',1,'2018-12-04 16:29:58',-1,0.000000,0.000000,0.000000,NULL),(856,634,108,NULL,3,1,'Knafo Joël','Joseph',1,'2018-12-04 16:30:17',-1,0.000000,0.000000,0.000000,NULL),(857,634,109,NULL,3,1,'Knafo Joël','Joseph',1,'2018-12-04 16:30:35',-1,0.000000,0.000000,0.000000,NULL),(858,634,110,NULL,3,1,'Knafo Joël','Joseph',1,'2018-12-04 16:31:57',-1,0.000000,0.000000,0.000000,NULL),(859,634,112,NULL,3,1,'Knafo Joël','Joseph',1,'2018-12-04 16:32:28',-1,0.000000,0.000000,0.000000,NULL),(860,687,54,NULL,3,1,'Knafo Joël','Joseph',1,'2018-12-04 16:39:17',-1,0.000000,0.000000,0.000000,NULL),(861,740,NULL,NULL,11,1,'Knafo Joël','Joseph',5,'2018-12-04 17:01:19',-1,0.000000,0.000000,0.000000,NULL),(862,743,NULL,NULL,11,1,'Knafo Joël','Joseph',2,'2018-12-04 17:15:37',1,0.000000,0.000000,0.000000,NULL),(863,745,NULL,NULL,11,1,'Knafo Joël','Joseph',50,'2018-12-04 17:43:22',1,0.000000,0.000000,0.000000,NULL),(864,746,NULL,NULL,11,1,'Knafo Joël','Joseph',50,'2018-12-04 17:52:34',1,0.000000,0.000000,0.000000,NULL),(865,747,NULL,NULL,11,1,'Knafo Joël','Joseph',10,'2018-12-04 17:58:33',1,0.000000,0.000000,0.000000,NULL),(866,747,NULL,NULL,11,1,'Knafo Joël','Joseph',5,'2018-12-04 18:12:35',-1,0.000000,0.000000,0.000000,NULL),(867,748,NULL,NULL,11,1,'Knafo Joël','Joseph',3,'2018-12-04 19:06:13',1,0.000000,0.000000,0.000000,NULL),(868,80,76,NULL,10,1,'Knafo Joël','Joseph',1,'2018-12-05 11:29:00',1,0.000000,0.000000,0.000000,NULL),(869,80,76,NULL,10,1,'Knafo Joël','Joseph',1,'2018-12-05 11:31:27',1,0.000000,0.000000,0.000000,NULL),(870,79,76,NULL,10,1,'Knafo Joël','Joseph',1,'2018-12-05 11:32:09',1,0.000000,0.000000,0.000000,NULL),(871,79,76,NULL,10,1,'Knafo Joël','Joseph',1,'2018-12-05 11:32:26',1,0.000000,0.000000,0.000000,NULL),(872,80,76,NULL,10,1,'Knafo Joël','Joseph',1,'2018-12-05 11:33:01',1,0.000000,0.000000,0.000000,NULL),(873,227,76,NULL,10,1,'Knafo Joël','Joseph',1,'2018-12-05 11:34:09',1,0.000000,0.000000,0.000000,NULL),(874,665,16,NULL,3,1,'Knafo Joël','Joseph',1,'2018-12-05 15:06:50',-1,0.000000,0.000000,0.000000,NULL),(875,50,NULL,NULL,11,6,'Mazac','Pascaline',8,'2018-12-06 16:31:23',1,0.000000,0.000000,0.000000,NULL),(876,57,76,NULL,3,6,'Mazac','Pascaline',1,'2018-12-06 16:47:10',-1,0.000000,0.000000,0.000000,NULL),(877,728,87,NULL,3,6,'Mazac','Pascaline',1,'2018-12-06 16:49:17',-1,0.000000,0.000000,0.000000,NULL),(878,162,86,NULL,3,6,'Mazac','Pascaline',1,'2018-12-08 15:18:11',-1,0.000000,0.000000,0.000000,NULL),(879,751,NULL,NULL,11,6,'Mazac','Pascaline',1,'2018-12-08 17:22:35',1,0.000000,0.000000,0.000000,NULL),(880,144,NULL,NULL,11,6,'Mazac','Pascaline',1,'2018-12-08 17:55:32',1,0.000000,0.000000,0.000000,NULL),(881,749,NULL,NULL,11,6,'Mazac','Pascaline',1,'2018-12-08 18:00:32',1,0.000000,0.000000,0.000000,NULL),(882,750,NULL,NULL,11,6,'Mazac','Pascaline',1,'2018-12-08 18:07:21',1,0.000000,0.000000,0.000000,NULL),(883,752,NULL,NULL,11,6,'Mazac','Pascaline',1,'2018-12-08 18:12:46',1,0.000000,0.000000,0.000000,NULL),(884,753,NULL,NULL,11,6,'Mazac','Pascaline',2,'2018-12-08 18:37:19',1,0.000000,0.000000,0.000000,NULL),(885,232,NULL,NULL,11,6,'Mazac','Pascaline',1,'2018-12-08 18:39:16',1,0.000000,0.000000,0.000000,NULL),(886,233,NULL,NULL,11,6,'Mazac','Pascaline',1,'2018-12-08 18:40:12',1,0.000000,0.000000,0.000000,NULL),(887,754,NULL,NULL,11,6,'Mazac','Pascaline',1,'2018-12-08 18:50:01',1,0.000000,0.000000,0.000000,NULL),(888,755,NULL,NULL,11,6,'Mazac','Pascaline',1,'2018-12-08 19:02:48',1,0.000000,0.000000,0.000000,NULL),(889,231,NULL,NULL,11,6,'Mazac','Pascaline',1,'2018-12-08 19:27:05',1,0.000000,0.000000,0.000000,NULL),(890,758,NULL,NULL,11,6,'Mazac','Pascaline',1,'2018-12-08 19:39:13',1,0.000000,0.000000,0.000000,NULL),(891,757,NULL,NULL,11,1,'Knafo Joël','Joseph',1,'2018-12-11 17:05:37',1,0.000000,0.000000,0.000000,NULL),(892,756,NULL,NULL,11,1,'Knafo Joël','Joseph',1,'2018-12-11 17:12:27',1,0.000000,0.000000,0.000000,NULL),(893,123,NULL,NULL,11,1,'Knafo Joël','Joseph',1,'2018-12-12 00:08:49',1,0.000000,0.000000,0.000000,NULL),(894,538,121,NULL,3,1,'Knafo Joël','Joseph',1,'2018-12-13 01:11:24',-1,0.000000,0.000000,0.000000,NULL),(895,747,NULL,NULL,11,1,'Knafo Joël','Joseph',5,'2018-12-13 01:41:44',1,0.000000,0.000000,0.000000,NULL),(896,588,71,NULL,3,1,'Knafo Joël','Joseph',1,'2018-12-13 10:38:51',-1,0.000000,0.000000,0.000000,NULL),(897,714,61,NULL,3,1,'Knafo Joël','Joseph',1,'2018-12-13 10:41:03',-1,0.000000,0.000000,0.000000,NULL),(898,611,61,NULL,3,1,'Knafo Joël','Joseph',1,'2018-12-13 10:41:03',-1,0.000000,0.000000,0.000000,NULL),(899,644,62,NULL,3,1,'Knafo Joël','Joseph',1,'2018-12-13 10:41:25',-1,0.000000,0.000000,0.000000,NULL),(900,650,63,NULL,3,1,'Knafo Joël','Joseph',1,'2018-12-13 10:41:48',-1,0.000000,0.000000,0.000000,NULL),(901,586,70,NULL,3,1,'Knafo Joël','Joseph',1,'2018-12-13 10:42:18',-1,0.000000,0.000000,0.000000,NULL),(902,696,77,NULL,3,1,'Knafo Joël','Joseph',1,'2018-12-13 10:42:41',-1,0.000000,0.000000,0.000000,NULL),(903,731,115,NULL,3,1,'Knafo Joël','Joseph',1,'2018-12-13 10:43:53',-1,0.000000,0.000000,0.000000,NULL),(904,699,111,NULL,3,1,'Knafo Joël','Joseph',1,'2018-12-13 10:44:25',-1,0.000000,0.000000,0.000000,NULL),(905,133,102,NULL,3,1,'Knafo Joël','Joseph',1,'2018-12-13 10:45:48',-1,0.000000,0.000000,0.000000,NULL),(906,719,102,NULL,3,1,'Knafo Joël','Joseph',1,'2018-12-13 10:45:48',-1,0.000000,0.000000,0.000000,NULL),(907,594,73,NULL,3,1,'Knafo Joël','Joseph',1,'2018-12-13 10:49:14',-1,0.000000,0.000000,0.000000,NULL),(908,597,73,NULL,3,1,'Knafo Joël','Joseph',1,'2018-12-13 10:49:14',-1,0.000000,0.000000,0.000000,NULL),(909,565,66,NULL,3,1,'Knafo Joël','Joseph',1,'2018-12-13 10:50:16',-1,0.000000,0.000000,0.000000,NULL),(910,665,60,NULL,3,1,'Knafo Joël','Joseph',1,'2018-12-13 10:50:45',-1,0.000000,0.000000,0.000000,NULL),(911,675,59,NULL,3,1,'Knafo Joël','Joseph',2,'2018-12-13 10:51:03',-1,0.000000,0.000000,0.000000,NULL),(912,503,58,NULL,3,1,'Knafo Joël','Joseph',1,'2018-12-13 10:51:22',-1,0.000000,0.000000,0.000000,NULL),(913,667,57,NULL,3,1,'Knafo Joël','Joseph',1,'2018-12-13 10:51:46',-1,0.000000,0.000000,0.000000,NULL),(914,672,56,NULL,3,1,'Knafo Joël','Joseph',1,'2018-12-13 10:52:09',-1,0.000000,0.000000,0.000000,NULL),(915,675,50,NULL,3,1,'Knafo Joël','Joseph',1,'2018-12-13 10:52:29',-1,0.000000,0.000000,0.000000,NULL),(916,613,49,NULL,3,1,'Knafo Joël','Joseph',1,'2018-12-13 10:53:12',-1,0.000000,0.000000,0.000000,NULL),(917,658,48,NULL,3,1,'Knafo Joël','Joseph',1,'2018-12-13 10:53:34',-1,0.000000,0.000000,0.000000,NULL),(918,561,46,NULL,3,1,'Knafo Joël','Joseph',1,'2018-12-13 10:54:03',-1,0.000000,0.000000,0.000000,NULL),(919,554,46,NULL,3,1,'Knafo Joël','Joseph',1,'2018-12-13 10:54:03',-1,0.000000,0.000000,0.000000,NULL),(920,675,45,NULL,3,1,'Knafo Joël','Joseph',1,'2018-12-13 10:54:28',-1,0.000000,0.000000,0.000000,NULL),(921,671,41,NULL,3,1,'Knafo Joël','Joseph',1,'2018-12-13 10:55:52',-1,0.000000,0.000000,0.000000,NULL),(922,670,40,NULL,3,1,'Knafo Joël','Joseph',1,'2018-12-13 10:56:25',-1,0.000000,0.000000,0.000000,NULL),(923,459,39,NULL,3,1,'Knafo Joël','Joseph',1,'2018-12-13 10:56:45',-1,0.000000,0.000000,0.000000,NULL),(924,462,19,NULL,3,1,'Knafo Joël','Joseph',1,'2018-12-13 10:57:13',-1,0.000000,0.000000,0.000000,NULL),(925,617,18,NULL,3,1,'Knafo Joël','Joseph',1,'2018-12-13 10:57:33',-1,0.000000,0.000000,0.000000,NULL),(926,664,17,NULL,3,1,'Knafo Joël','Joseph',1,'2018-12-13 10:57:53',-1,0.000000,0.000000,0.000000,NULL),(927,603,20,NULL,3,1,'Knafo Joël','Joseph',1,'2018-12-13 10:59:04',-1,0.000000,0.000000,0.000000,NULL),(928,598,20,NULL,3,1,'Knafo Joël','Joseph',1,'2018-12-13 10:59:04',-1,0.000000,0.000000,0.000000,NULL),(929,166,99,NULL,3,1,'Knafo Joël','Joseph',1,'2018-12-13 10:59:44',-1,0.000000,0.000000,0.000000,NULL),(930,704,74,NULL,3,1,'Knafo Joël','Joseph',1,'2018-12-13 11:00:16',-1,0.000000,0.000000,0.000000,NULL),(931,247,65,NULL,3,1,'Knafo Joël','Joseph',1,'2018-12-13 11:00:48',-1,0.000000,0.000000,0.000000,NULL),(932,675,64,NULL,3,1,'Knafo Joël','Joseph',1,'2018-12-13 11:01:09',-1,0.000000,0.000000,0.000000,NULL),(933,736,122,NULL,3,1,'Knafo Joël','Joseph',1,'2018-12-13 11:01:40',-1,0.000000,0.000000,0.000000,NULL),(934,715,NULL,NULL,11,1,'Knafo Joël','Joseph',1,'2018-12-13 11:23:33',1,0.000000,0.000000,0.000000,NULL),(935,759,NULL,NULL,11,6,'Mazac','Pascaline',1,'2018-12-13 13:47:35',1,0.000000,0.000000,0.000000,NULL),(936,759,NULL,NULL,11,6,'Mazac','Pascaline',1,'2018-12-13 13:59:17',1,0.000000,0.000000,0.000000,NULL),(937,746,147,NULL,3,6,'Mazac','Pascaline',1,'2018-12-14 16:29:52',-1,0.000000,0.000000,0.000000,NULL),(938,14,130,NULL,3,6,'Mazac','Pascaline',1,'2018-12-14 16:50:33',-1,0.000000,0.000000,0.000000,NULL),(939,760,NULL,NULL,11,6,'Mazac','Pascaline',8,'2018-12-14 18:51:27',1,0.000000,0.000000,0.000000,NULL),(940,750,151,NULL,3,6,'Mazac','Pascaline',1,'2018-12-15 14:35:12',-1,0.000000,0.000000,0.000000,NULL),(941,725,NULL,NULL,11,6,'Mazac','Pascaline',1,'2018-12-15 15:10:56',1,0.000000,0.000000,0.000000,NULL),(942,747,143,NULL,3,6,'Mazac','Pascaline',1,'2018-12-15 15:41:19',-1,0.000000,0.000000,0.000000,NULL),(943,725,NULL,NULL,11,6,'Mazac','Pascaline',1,'2018-12-15 18:18:46',1,0.000000,0.000000,0.000000,NULL),(944,747,NULL,NULL,11,1,'Knafo Joël','Joseph',7,'2018-12-17 11:06:09',1,0.000000,0.000000,0.000000,NULL),(945,725,NULL,NULL,11,1,'Knafo Joël','Joseph',5,'2018-12-17 14:53:15',1,0.000000,0.000000,0.000000,NULL),(946,566,69,NULL,3,1,'Knafo Joël','Joseph',1,'2018-12-17 19:21:59',-1,0.000000,0.000000,0.000000,NULL),(947,514,168,NULL,3,1,'Knafo Joël','Joseph',1,'2018-12-18 17:37:34',-1,0.000000,0.000000,0.000000,NULL),(948,513,168,NULL,3,1,'Knafo Joël','Joseph',1,'2018-12-18 17:37:34',-1,0.000000,0.000000,0.000000,NULL),(949,634,14,NULL,3,1,'Knafo Joël','Joseph',1,'2018-12-18 18:03:50',-1,0.000000,0.000000,0.000000,NULL),(950,634,15,NULL,3,1,'Knafo Joël','Joseph',1,'2018-12-18 18:04:14',-1,0.000000,0.000000,0.000000,NULL),(951,634,169,NULL,3,1,'Knafo Joël','Joseph',2,'2018-12-18 18:08:13',-1,0.000000,0.000000,0.000000,NULL),(952,241,170,NULL,3,1,'Knafo Joël','Joseph',1,'2018-12-18 18:33:52',-1,0.000000,0.000000,0.000000,NULL),(953,608,NULL,NULL,11,1,'Knafo Joël','Joseph',1,'2018-12-18 18:39:21',1,0.000000,0.000000,0.000000,NULL),(954,608,171,NULL,3,1,'Knafo Joël','Joseph',1,'2018-12-18 18:42:12',-1,0.000000,0.000000,0.000000,NULL),(955,673,105,NULL,3,1,'Knafo Joël','Joseph',1,'2018-12-20 12:23:46',-1,0.000000,0.000000,0.000000,NULL),(956,616,139,NULL,3,1,'Knafo Joël','Joseph',1,'2018-12-20 12:35:20',-1,0.000000,0.000000,0.000000,NULL),(957,761,NULL,NULL,11,6,'Mazac','Pascaline',3,'2018-12-20 18:02:27',1,0.000000,0.000000,0.000000,NULL),(958,247,65,NULL,9,1,'Knafo Joël','Joseph',1,'2018-12-20 19:26:59',1,0.000000,0.000000,0.000000,NULL),(959,247,65,NULL,3,1,'Knafo Joël','Joseph',1,'2018-12-20 19:29:48',-1,0.000000,0.000000,0.000000,NULL),(960,731,96,NULL,3,1,'Knafo Joël','Joseph',1,'2018-12-21 13:21:26',-1,0.000000,0.000000,0.000000,NULL),(961,731,103,NULL,3,1,'Knafo Joël','Joseph',1,'2018-12-21 13:24:22',-1,0.000000,0.000000,0.000000,NULL),(962,648,178,NULL,3,1,'Knafo Joël','Joseph',1,'2018-12-21 13:52:35',-1,0.000000,0.000000,0.000000,NULL),(963,247,65,NULL,9,1,'Knafo Joël','Joseph',1,'2018-12-21 16:09:03',1,0.000000,0.000000,0.000000,NULL),(964,247,65,NULL,3,1,'Knafo Joël','Joseph',1,'2018-12-21 17:14:37',-1,0.000000,0.000000,0.000000,NULL),(965,613,NULL,NULL,11,1,'Knafo Joël','Joseph',1,'2018-12-21 17:41:09',1,0.000000,0.000000,0.000000,NULL),(966,607,NULL,NULL,11,1,'Knafo Joël','Joseph',1,'2018-12-21 17:43:25',1,0.000000,0.000000,0.000000,NULL),(967,607,181,NULL,3,1,'Knafo Joël','Joseph',1,'2018-12-21 17:44:54',-1,0.000000,0.000000,0.000000,NULL),(968,512,180,NULL,3,6,'Mazac','Pascaline',1,'2019-01-04 16:38:38',-1,0.000000,0.000000,0.000000,NULL),(969,511,179,NULL,3,6,'Mazac','Pascaline',1,'2019-01-04 16:39:29',-1,0.000000,0.000000,0.000000,NULL),(970,78,126,NULL,3,1,'Knafo Joël','Joseph',1,'2019-01-12 18:12:51',-1,0.000000,0.000000,0.000000,NULL),(971,256,127,NULL,3,1,'Knafo Joël','Joseph',1,'2019-01-12 18:19:07',-1,0.000000,0.000000,0.000000,NULL),(972,760,NULL,NULL,11,1,'Knafo Joël','Joseph',2,'2019-01-18 18:09:20',1,0.000000,0.000000,0.000000,NULL),(973,747,144,NULL,3,6,'Mazac','Pascaline',1,'2019-01-31 18:28:45',-1,0.000000,0.000000,0.000000,NULL);

--
-- Table structure for table `pre3303_stock_mvt_reason`
--

CREATE TABLE `pre3303_stock_mvt_reason` (
  `id_stock_mvt_reason` int(11) unsigned NOT NULL AUTO_INCREMENT,
  `sign` tinyint(1) NOT NULL DEFAULT '1',
  `date_add` datetime NOT NULL,
  `date_upd` datetime NOT NULL,
  `deleted` tinyint(1) unsigned NOT NULL DEFAULT '0',
  PRIMARY KEY (`id_stock_mvt_reason`)
) ENGINE=InnoDB AUTO_INCREMENT=13 DEFAULT CHARSET=utf8;

--
-- Dumping data for table `pre3303_stock_mvt_reason`
--

INSERT INTO `pre3303_stock_mvt_reason` VALUES (1,1,'2018-05-23 18:48:11','2018-05-23 18:48:11',0),(2,-1,'2018-05-23 18:48:11','2018-05-23 18:48:11',0),(3,-1,'2018-05-23 18:48:11','2018-05-23 18:48:11',0),(4,-1,'2018-05-23 18:48:11','2018-05-23 18:48:11',0),(5,1,'2018-05-23 18:48:11','2018-05-23 18:48:11',0),(6,-1,'2018-05-23 18:48:11','2018-05-23 18:48:11',0),(7,1,'2018-05-23 18:48:11','2018-05-23 18:48:11',0),(8,1,'2018-05-23 18:48:11','2018-05-23 18:48:11',0),(9,1,'2018-07-09 18:39:26','2018-07-09 18:39:26',0),(10,1,'2018-07-09 18:39:26','2018-07-09 18:39:26',0),(11,1,'2018-07-09 18:39:26','2018-07-09 18:39:26',0),(12,-1,'2018-07-09 18:39:26','2018-07-09 18:39:26',0);

--
-- Table structure for table `pre3303_stock_mvt_reason_lang`
--

CREATE TABLE `pre3303_stock_mvt_reason_lang` (
  `id_stock_mvt_reason` int(11) unsigned NOT NULL,
  `id_lang` int(11) unsigned NOT NULL,
  `name` varchar(255) NOT NULL,
  PRIMARY KEY (`id_stock_mvt_reason`,`id_lang`)
) ENGINE=InnoDB DEFAULT CHARSET=utf8;

--
-- Dumping data for table `pre3303_stock_mvt_reason_lang`
--

INSERT INTO `pre3303_stock_mvt_reason_lang` VALUES (1,1,'Augmentation'),(1,2,'Increase'),(2,1,'Baisse'),(2,2,'Baisse'),(3,1,'Commande client'),(3,2,'Customer Order'),(4,1,'Régularisation suite à inventaire'),(4,2,'Adjustment following an inventory of stock'),(5,1,'Régularisation suite à inventaire'),(5,2,'Adjustment following an inventory of stock'),(6,1,'Transfert vers un autre entrepôt'),(6,2,'Transfer to another warehouse'),(7,1,'Transfert depuis un autre entrepôt'),(7,2,'Transfer from another warehouse'),(8,1,'Commande fournisseur'),(8,2,'Supply Order'),(9,1,'Commande client'),(9,2,'Customer Order'),(10,1,'Retour produit'),(10,2,'Product return'),(11,1,'Employee Edition'),(11,2,'Employee Edition'),(12,1,'Employee Edition'),(12,2,'Employee Edition');

--
-- Table structure for table `pre3303_store`
--

CREATE TABLE `pre3303_store` (
  `id_store` int(10) unsigned NOT NULL AUTO_INCREMENT,
  `id_country` int(10) unsigned NOT NULL,
  `id_state` int(10) unsigned DEFAULT NULL,
  `city` varchar(64) NOT NULL,
  `postcode` varchar(12) NOT NULL,
  `latitude` decimal(13,8) DEFAULT NULL,
  `longitude` decimal(13,8) DEFAULT NULL,
  `phone` varchar(16) DEFAULT NULL,
  `fax` varchar(16) DEFAULT NULL,
  `email` varchar(128) DEFAULT NULL,
  `active` tinyint(1) unsigned NOT NULL DEFAULT '0',
  `date_add` datetime NOT NULL,
  `date_upd` datetime NOT NULL,
  PRIMARY KEY (`id_store`)
) ENGINE=InnoDB AUTO_INCREMENT=9 DEFAULT CHARSET=utf8;

--
-- Dumping data for table `pre3303_store`
--

INSERT INTO `pre3303_store` VALUES (6,8,0,'Paris','75018',48.88482140,2.33551570,'+33 (0)781612157','','galerie@litho.online',1,'2018-07-11 16:31:35','2018-09-06 14:51:15'),(7,8,0,'Paris','75018',48.88482140,2.33551570,'+33 (0)781612157','','galerie@streetart-store.com',1,'2018-07-11 16:35:39','2018-09-21 16:38:23'),(8,8,0,'Paris','75008',48.86272500,2.28759200,'+33 (0)781612157','','',1,'2018-07-16 12:41:28','2018-09-27 13:53:33');

--
-- Table structure for table `pre3303_store_lang`
--

CREATE TABLE `pre3303_store_lang` (
  `id_store` int(11) unsigned NOT NULL,
  `id_lang` int(11) unsigned NOT NULL,
  `name` varchar(255) NOT NULL,
  `address1` varchar(255) NOT NULL,
  `address2` varchar(255) DEFAULT NULL,
  `hours` text,
  `note` text,
  PRIMARY KEY (`id_store`,`id_lang`)
) ENGINE=InnoDB DEFAULT CHARSET=utf8;

--
-- Dumping data for table `pre3303_store_lang`
--

INSERT INTO `pre3303_store_lang` VALUES (6,1,'Litho.Online','21 rue Véron','','[[\"Ferm\\u00e9\"],[\"14:00-19:30\"],[\"14:00-19:30\"],[\"14:00-19:30\"],[\"14:00-19:30\"],[\"11:00-20:00\"],[\"Ferm\\u00e9\"]]',''),(6,2,'Litho.Online','21 rue Véron','','[[\"Closed\"],[\"14:00-19:30\"],[\"14:00-19:30\"],[\"14:00-19:30\"],[\"14:00-19:30\"],[\"11:00-20:00\"],[\"Closed\"]]',''),(7,1,'Streetart-store.com','21 rue Véron','','[[\"Ferm\\u00e9\"],[\"14:00-19:30\"],[\"14:00-19:30\"],[\"14:00-19:30\"],[\"14:00-19:30\"],[\"11:00-20:00\"],[\"Ferm\\u00e9\"]]',''),(7,2,'Streetart-store.com','21 rue Véron','','[[\"Closed\"],[\"14:00-19:30\"],[\"14:00-19:30\"],[\"14:00-19:30\"],[\"14:00-19:30\"],[\"11:00-20:00\"],[\"Closed\"]]',''),(8,1,'Galerie Joël Knafo','182 rue du Faubourg Saint-Honoré','','[[\"sur rendez-vous\"],[\"14:00-19:30\"],[\"14:00-19:30\"],[\"14:00-19:30\"],[\"14:00-19:30\"],[\"11:00-20:00\"],[\"sur rendez-vous\"]]',''),(8,2,'Galerie Joël Knafo','182 rue du Faubourg Saint-Honoré','','[[\"with appointment\"],[\"11:00-19:00\"],[\"11:00-19:00\"],[\"11:00-19:00\"],[\"11:00-19:00\"],[\"11:00-19:00\"],[\"with appointment\"]]','');

--
-- Table structure for table `pre3303_store_shop`
--

CREATE TABLE `pre3303_store_shop` (
  `id_store` int(11) unsigned NOT NULL,
  `id_shop` int(11) unsigned NOT NULL,
  PRIMARY KEY (`id_store`,`id_shop`),
  KEY `id_shop` (`id_shop`)
) ENGINE=InnoDB DEFAULT CHARSET=utf8;

--
-- Dumping data for table `pre3303_store_shop`
--

INSERT INTO `pre3303_store_shop` VALUES (8,2),(6,4),(7,5);

--
-- Table structure for table `pre3303_supplier`
--

CREATE TABLE `pre3303_supplier` (
  `id_supplier` int(10) unsigned NOT NULL AUTO_INCREMENT,
  `name` varchar(64) NOT NULL,
  `date_add` datetime NOT NULL,
  `date_upd` datetime NOT NULL,
  `active` tinyint(1) NOT NULL DEFAULT '0',
  PRIMARY KEY (`id_supplier`)
) ENGINE=InnoDB AUTO_INCREMENT=39 DEFAULT CHARSET=utf8;

--
-- Dumping data for table `pre3303_supplier`
--

INSERT INTO `pre3303_supplier` VALUES (4,'Miss Tic','2018-07-12 00:49:14','2018-07-12 00:49:14',1),(5,'Jo Di Bona','2018-07-12 00:49:14','2018-07-12 00:49:14',1),(6,'Philippe Hérard','2018-07-12 00:49:14','2018-07-12 00:49:14',1),(7,'Hush','2018-07-12 00:49:14','2018-07-12 00:49:14',1),(8,'Stoul','2018-07-12 00:49:14','2018-07-12 00:49:14',1),(9,'Jérôme Mesnager','2018-07-12 00:49:14','2018-07-12 00:49:14',1),(11,'Gottfried Salzmann','2018-07-12 00:49:14','2018-07-12 00:49:14',1),(12,'Levalet','2018-07-12 00:49:14','2018-07-12 00:49:14',1),(13,'Romain Froquet','2018-07-12 00:49:14','2018-07-12 00:49:14',1),(14,'Lek','2018-07-12 00:49:14','2018-07-12 00:49:14',1),(15,'EvazéSir','2018-07-12 00:49:15','2018-07-12 00:49:15',1),(16,'Jana & JS','2018-07-12 00:49:15','2018-07-12 00:49:15',1),(17,'Speedy Graphito','2018-07-12 00:49:15','2018-07-12 00:49:15',1),(18,'Guy Denning','2018-07-12 00:49:15','2018-07-12 00:49:15',1),(19,'Jacques Villeglé','2018-07-12 00:49:15','2018-07-12 00:49:15',1),(20,'Annabelle Tattu','2018-07-12 00:49:15','2018-07-12 00:49:15',1),(21,'Zenoy','2018-07-12 00:49:15','2018-07-12 00:49:15',1),(22,'René Botti','2018-07-12 00:49:15','2018-07-12 00:49:15',1),(23,'Gregos','2018-07-12 00:49:15','2018-07-12 00:49:15',1),(24,'JonOne','2018-07-12 00:49:15','2018-07-12 00:49:15',1),(25,'Hervé Di Rosa','2018-07-12 00:49:15','2018-07-12 00:49:15',1),(26,'Bault','2018-07-12 00:49:15','2018-07-12 00:49:15',1),(27,'FKDL','2018-07-12 01:54:39','2018-07-12 01:54:39',1),(28,'Galerie Joel Knafo Art','2018-07-12 01:54:44','2018-07-12 01:54:44',1),(29,'Artiste Ouvrier','2018-07-12 01:54:46','2018-07-12 01:54:46',1),(30,'Collaboration','2018-07-12 01:55:00','2018-07-12 01:55:00',1),(31,'Seen','2018-07-12 01:55:02','2018-07-12 01:55:02',1),(32,'Cleon Peterson','2018-07-12 01:55:28','2018-07-12 01:55:28',1),(33,'C215','2018-07-12 01:55:43','2018-07-12 01:55:43',1),(34,'Shepard Fairey','2018-07-12 19:34:25','2018-07-12 19:34:25',1),(35,'Cornette de Saint Cyr','2018-07-18 12:37:49','2018-07-18 12:37:49',0),(36,'Galeries autres','2018-07-18 12:57:23','2018-07-18 12:57:23',1),(37,'César','2018-07-18 12:57:25','2018-07-18 12:57:25',1),(38,'Barthelemy Toguo','2018-07-28 16:05:22','2018-07-28 16:05:22',0);

--
-- Table structure for table `pre3303_supplier_lang`
--

CREATE TABLE `pre3303_supplier_lang` (
  `id_supplier` int(10) unsigned NOT NULL,
  `id_lang` int(10) unsigned NOT NULL,
  `description` text,
  `meta_title` varchar(128) DEFAULT NULL,
  `meta_keywords` varchar(255) DEFAULT NULL,
  `meta_description` varchar(255) DEFAULT NULL,
  PRIMARY KEY (`id_supplier`,`id_lang`)
) ENGINE=InnoDB DEFAULT CHARSET=utf8;

--
-- Dumping data for table `pre3303_supplier_lang`
--

INSERT INTO `pre3303_supplier_lang` VALUES (4,1,'','Miss Tic','Miss Tic, uvres originales, Multiples','Miss Tic'),(4,2,'','Miss Tic','Miss Tic, uvres originales, Multiples','Miss Tic'),(5,1,'','Jo Di Bona','Jo Di Bona, uvres originales, Multiples','Jo Di Bona'),(5,2,'','Jo Di Bona','Jo Di Bona, uvres originales, Multiples','Jo Di Bona'),(6,1,'Poésies Urbaines\nUne rencontre avec Philippe Hérard provoque toujours une émotion forte, de leffet de surprise à la jubilation.\nDevant ses personnages au regard effacé, le flâneur sarrête pour observer lhistoire qui se joue devant lui. Un rictus le gagne en même temps que des interrogations sur la nature humaine. Souvent simples. Parfois existentielles.\nLe travail de Philippe Hérard est tout en contraste, à limage dun artiste qui livre beaucoup de lui et un peu de nous aussi. Il est de ceux qui puisent leur énergie de vie dans la création, celle qui vient des profondeurs de soi, qui na pas besoin dêtre commentée car tout est déjà dit.\nSes uvres touchent par leur sensibilité, leur humour, leur poésie et la justesse de situations qui pointent les nombreux paradoxes dun Homme en perpétuel questionnement. . Tantôt minimaliste, tantôt saturé par des accumulations improbables, entre équilibre et instabilité, liberté et enfermement, douceur et angoisse, dérision et profondeur, luvre de Philippe Hérard nous promène dans son univers au gré dintentions spontanées.','Philippe Hérard','Philippe Hérard, uvres originales, Multiples','Philippe Hérard'),(6,2,'Poésies Urbaines\nUne rencontre avec Philippe Hérard provoque toujours une émotion forte, de leffet de surprise à la jubilation.\nDevant ses personnages au regard effacé, le flâneur sarrête pour observer lhistoire qui se joue devant lui. Un rictus le gagne en même temps que des interrogations sur la nature humaine. Souvent simples. Parfois existentielles.\nLe travail de Philippe Hérard est tout en contraste, à limage dun artiste qui livre beaucoup de lui et un peu de nous aussi. Il est de ceux qui puisent leur énergie de vie dans la création, celle qui vient des profondeurs de soi, qui na pas besoin dêtre commentée car tout est déjà dit.\nSes uvres touchent par leur sensibilité, leur humour, leur poésie et la justesse de situations qui pointent les nombreux paradoxes dun Homme en perpétuel questionnement. . Tantôt minimaliste, tantôt saturé par des accumulations improbables, entre équilibre et instabilité, liberté et enfermement, douceur et angoisse, dérision et profondeur, luvre de Philippe Hérard nous promène dans son univers au gré dintentions spontanées.','Philippe Hérard','Philippe Hérard, uvres originales, Multiples','Philippe Hérard'),(7,1,'','Hush','Hush, uvres originales, Multiples','Hush'),(7,2,'','Hush','Hush, uvres originales, Multiples','Hush'),(8,1,'','Stoul','Stoul, uvres originales, Multiples','Stoul'),(8,2,'','Stoul','Stoul, uvres originales, Multiples','Stoul'),(9,1,'','Jérôme Mesnager','Jérôme Mesnager, uvres originales, Multiples','Jérôme Mesnager'),(9,2,'','Jérôme Mesnager','Jérôme Mesnager, uvres originales, Multiples','Jérôme Mesnager'),(11,1,'Gottfried Salzmann est un plasticien autrichien qui associe la peinture à la photo et au collage. Depuis son atelier parisien, il développe un univers artistique où laquarelle apporte élégance et fluidité à son uvre.\nNe connaissant aucune limite, ni esthétique ni technologique, son regard photographique traduit des émotions avec une grande intelligence esthétique.\nEn se concentrant actuellement sur des vues urbaines, Salzmann redéfinit lespace et fait surgir des perspectives verticales qui dominent son uvre.\nIl transforme ainsi le papier vierge en un support expressif aussi important que la couleur et devient un élément stabilisateur des compositions. Les éclaboussures deau et de couleurs sont à la fois délicatesse et agressivité venant perturber léquilibre des uvres.\nGottfried Salzmann est un des rares virtuoses de laquarelle de notre temps.','Gottfried Salzmann','Gottfried Salzmann, uvres originales, Multiples','Gottfried Salzmann'),(11,2,'Gottfried Salzmann est un plasticien autrichien qui associe la peinture à la photo et au collage. Depuis son atelier parisien, il développe un univers artistique où laquarelle apporte élégance et fluidité à son uvre.\nNe connaissant aucune limite, ni esthétique ni technologique, son regard photographique traduit des émotions avec une grande intelligence esthétique.\nEn se concentrant actuellement sur des vues urbaines, Salzmann redéfinit lespace et fait surgir des perspectives verticales qui dominent son uvre.\nIl transforme ainsi le papier vierge en un support expressif aussi important que la couleur et devient un élément stabilisateur des compositions. Les éclaboussures deau et de couleurs sont à la fois délicatesse et agressivité venant perturber léquilibre des uvres.\nGottfried Salzmann est un des rares virtuoses de laquarelle de notre temps.','Gottfried Salzmann','Gottfried Salzmann, uvres originales, Multiples','Gottfried Salzmann'),(12,1,'','Levalet','Levalet, uvres originales, Multiples','Levalet'),(12,2,'','Levalet','Levalet, uvres originales, Multiples','Levalet'),(13,1,'','Romain Froquet','Romain Froquet, uvres originales, Multiples','Romain Froquet'),(13,2,'','Romain Froquet','Romain Froquet, uvres originales, Multiples','Romain Froquet'),(14,1,'','Lek','Lek, uvres originales, Multiples','Lek'),(14,2,'','Lek','Lek, uvres originales, Multiples','Lek'),(15,1,'','EvazéSir','EvazéSir, uvres originales, Multiples','EvazéSir'),(15,2,'','EvazéSir','EvazéSir, uvres originales, Multiples','EvazéSir'),(16,1,'','Jana & JS','Jana & JS, uvres originales, Multiples','Jana & JS'),(16,2,'','Jana & JS','Jana & JS, uvres originales, Multiples','Jana & JS'),(17,1,'','Speedy Graphito','Speedy Graphito, uvres originales, Multiples','Speedy Graphito'),(17,2,'','Speedy Graphito','Speedy Graphito, uvres originales, Multiples','Speedy Graphito'),(18,1,'','Guy Denning','Guy Denning, uvres originales, Multiples','Guy Denning'),(18,2,'','Guy Denning','Guy Denning, uvres originales, Multiples','Guy Denning'),(19,1,'','Jacques Villeglé','Jacques Villeglé, uvres originales, Multiples','Jacques Villeglé'),(19,2,'','Jacques Villeglé','Jacques Villeglé, uvres originales, Multiples','Jacques Villeglé'),(20,1,'','Annabelle Tattu','Annabelle Tattu, uvres originales, Multiples','Annabelle Tattu'),(20,2,'','Annabelle Tattu','Annabelle Tattu, uvres originales, Multiples','Annabelle Tattu'),(21,1,'','Zenoy','Zenoy, uvres originales, Multiples','Zenoy'),(21,2,'','Zenoy','Zenoy, uvres originales, Multiples','Zenoy'),(22,1,'','René Botti','René Botti, uvres originales, Multiples','René Botti'),(22,2,'','René Botti','René Botti, uvres originales, Multiples','René Botti'),(23,1,'','Gregos','Gregos, uvres originales, Multiples','Gregos'),(23,2,'','Gregos','Gregos, uvres originales, Multiples','Gregos'),(24,1,'','JonOne','JonOne, uvres originales, Multiples','JonOne'),(24,2,'','JonOne','JonOne, uvres originales, Multiples','JonOne'),(25,1,'','Hervé Di Rosa','Hervé Di Rosa, uvres originales, Multiples','Hervé Di Rosa'),(25,2,'','Hervé Di Rosa','Hervé Di Rosa, uvres originales, Multiples','Hervé Di Rosa'),(26,1,'','Bault','Bault, uvres originales, Multiples','Bault'),(26,2,'','Bault','Bault, uvres originales, Multiples','Bault'),(27,1,'','','',''),(27,2,'','','',''),(28,1,'','','',''),(28,2,'','','',''),(29,1,'','','',''),(29,2,'','','',''),(30,1,'','','',''),(30,2,'','','',''),(31,1,'','','',''),(31,2,'','','',''),(32,1,'','','',''),(32,2,'','','',''),(33,1,'','','',''),(33,2,'','','',''),(34,1,'','','',''),(34,2,'','','',''),(35,1,'<p>Maisons de vente</p>\n<p><span class=\"footertexteCp\">Agrément 2002-379 / 2002-364 <br /> Tél : 33 (0)1 47 27 11 24<br /><a href=\"mailto:info@cornette-saintcyr.com\">info@cornette-saintcyr.com</a></span></p>','','',''),(35,2,'','','',''),(36,1,'','','',''),(36,2,'','','',''),(37,1,'','','',''),(37,2,'','','',''),(38,1,'','','',''),(38,2,'','','','');

--
